000
CDUS44 KSHV 020750
CLIELD


CLIMATE REPORT
NATIONAL WEATHER SERVICE SHREVEPORT, LA
239 AM CDT THU OCT 2 2014


...................................

...THE EL DORADO CLIMATE SUMMARY FOR OCTOBER 1 2014...

CLIMATE NORMAL PERIOD 1981 TO 2010
CLIMATE RECORD PERIOD 1907 TO 2014


WEATHER ITEM   OBSERVED TIME   RECORD YEAR NORMAL DEPARTURE LAST
                VALUE   (LST)  VALUE       VALUE  FROM      YEAR
                                                  NORMAL
..................................................................
TEMPERATURE (F)
 YESTERDAY
  MAXIMUM         90    242 PM  98    1938  81      9       84
  MINIMUM         71    600 AM  39    1916  57     14       69
  AVERAGE         81                        69     12       77

PRECIPITATION (IN)
  YESTERDAY        0.00          4.09 1961   0.14  -0.14     0.08
  MONTH TO DATE    0.00                      0.14  -0.14     0.08
  SINCE DEC 1     37.45                     42.98  -5.53    36.08
  SINCE JAN 1     30.89                     37.80  -6.91    30.02

SNOWFALL (IN)
  YESTERDAY        0.0
  MONTH TO DATE    0.0
  SINCE SEP 1      0.0
  SINCE JUL 1      0.0
  SNOW DEPTH       0

DEGREE DAYS
 HEATING
  YESTERDAY        0                         1     -1        0
  MONTH TO DATE    0                         1     -1        0
  SINCE SEP 1      3                        13    -10        0
  SINCE JUL 1      3                        13    -10        0

 COOLING
  YESTERDAY       16                         5     11       12
  MONTH TO DATE   16                         5     11       12
  SINCE SEP 1    346                       305     41      412
  SINCE JAN 1   1794                      2032   -238     2080
..................................................................


WIND (MPH)
  HIGHEST WIND SPEED    17   HIGHEST WIND DIRECTION    SE (150)
  HIGHEST GUST SPEED    21   HIGHEST GUST DIRECTION     S (160)
  AVERAGE WIND SPEED     6.8


SKY COVER
  POSSIBLE SUNSHINE  MM
  AVERAGE SKY COVER 0.3


WEATHER CONDITIONS
 THE FOLLOWING WEATHER WAS RECORDED YESTERDAY.
  NO SIGNIFICANT WEATHER WAS OBSERVED.


RELATIVE HUMIDITY (PERCENT)
 HIGHEST    90           600 AM
 LOWEST     52           200 PM
 AVERAGE    71

..........................................................


THE EL DORADO CLIMATE NORMALS FOR TODAY
                         NORMAL    RECORD    YEAR
 MAXIMUM TEMPERATURE (F)   81        95      1954
 MINIMUM TEMPERATURE (F)   56        38      2011


SUNRISE AND SUNSET
OCTOBER  2 2014.......SUNRISE   706 AM CDT   SUNSET   654 PM CDT
OCTOBER  3 2014.......SUNRISE   707 AM CDT   SUNSET   653 PM CDT


-  INDICATES NEGATIVE NUMBERS.
R  INDICATES RECORD WAS SET OR TIED.
MM INDICATES DATA IS MISSING.
T  INDICATES TRACE AMOUNT.




$$
