000
CDUS44 KSHV 010858
CLIELD


CLIMATE REPORT
NATIONAL WEATHER SERVICE SHREVEPORT, LA
248 AM CST WED MAR 1 2017


...................................

...THE EL DORADO CLIMATE SUMMARY FOR FEBRUARY 28 2017...

CLIMATE NORMAL PERIOD 1981 TO 2010
CLIMATE RECORD PERIOD 1907 TO 2017


WEATHER ITEM   OBSERVED TIME   RECORD YEAR NORMAL DEPARTURE LAST
                VALUE   (LST)  VALUE       VALUE  FROM      YEAR
                                                  NORMAL
..................................................................
TEMPERATURE (F)
 YESTERDAY
  MAXIMUM         81    325 PM  84    1940  63     18       73
  MINIMUM         61   1206 AM  17    2002  40     21       44
  AVERAGE         71                        51     20       59

PRECIPITATION (IN)
  YESTERDAY        0.00          1.42 1987   0.17  -0.17     0.00
  MONTH TO DATE    4.22                      4.79  -0.57     4.85
  SINCE DEC 1     14.70                     14.27   0.43    15.66
  SINCE JAN 1      8.41                      9.09  -0.68     7.60

SNOWFALL (IN)
  YESTERDAY        0.0
  MONTH TO DATE    0.0
  SINCE DEC 1      T
  SINCE JUL 1      T
  SNOW DEPTH       0

DEGREE DAYS
 HEATING
  YESTERDAY        0                        14    -14        6
  MONTH TO DATE  261                       486   -225      399
  SINCE DEC 1   1179                      1749   -570     1441
  SINCE JUL 1   1452                      2228   -776     1735

 COOLING
  YESTERDAY        6                         0      6        0
  MONTH TO DATE   18                         4     14        2
  SINCE DEC 1     41                        10     31       21
  SINCE JAN 1     27                         6     21        6
..................................................................


WIND (MPH)
  HIGHEST WIND SPEED    23   HIGHEST WIND DIRECTION     S (170)
  HIGHEST GUST SPEED    31   HIGHEST GUST DIRECTION     S (180)
  AVERAGE WIND SPEED    10.6


SKY COVER
  POSSIBLE SUNSHINE  MM
  AVERAGE SKY COVER 0.8


WEATHER CONDITIONS
 THE FOLLOWING WEATHER WAS RECORDED YESTERDAY.
  FOG


RELATIVE HUMIDITY (PERCENT)
 HIGHEST   100           400 AM
 LOWEST     58           200 PM
 AVERAGE    79

..........................................................


THE EL DORADO CLIMATE NORMALS FOR TODAY
                         NORMAL    RECORD    YEAR
 MAXIMUM TEMPERATURE (F)   63        83      1932
 MINIMUM TEMPERATURE (F)   40        18      1968


SUNRISE AND SUNSET
MARCH  1 2017.........SUNRISE   639 AM CST   SUNSET   608 PM CST
MARCH  2 2017.........SUNRISE   638 AM CST   SUNSET   609 PM CST


-  INDICATES NEGATIVE NUMBERS.
R  INDICATES RECORD WAS SET OR TIED.
MM INDICATES DATA IS MISSING.
T  INDICATES TRACE AMOUNT.




$$
