000
CDUS44 KSHV 280755
CLIELD


CLIMATE REPORT
NATIONAL WEATHER SERVICE SHREVEPORT, LA
254 AM CDT TUE JUL 28 2015


...................................

...THE EL DORADO CLIMATE SUMMARY FOR JULY 27 2015...

CLIMATE NORMAL PERIOD 1981 TO 2010
CLIMATE RECORD PERIOD 1907 TO 2015


WEATHER ITEM   OBSERVED TIME   RECORD YEAR NORMAL DEPARTURE LAST
                VALUE   (LST)  VALUE       VALUE  FROM      YEAR
                                                  NORMAL
..................................................................
TEMPERATURE (F)
 YESTERDAY
  MAXIMUM         98    343 PM 104    1948  93      5       94
  MINIMUM         72    522 AM  62    2004  71      1       75
  AVERAGE         85                        82      3       85

PRECIPITATION (IN)
  YESTERDAY        0.00          2.00 1935   0.10  -0.10     0.00
  MONTH TO DATE    2.01                      3.13  -1.12     2.78
  SINCE DEC 1     34.48                     36.19  -1.71    34.24
  SINCE JAN 1     31.15                     31.01   0.14    27.68

SNOWFALL (IN)
  YESTERDAY        0.0
  MONTH TO DATE    0.0
  SINCE JUN 1      0.0
  SINCE JUL 1      0.0
  SNOW DEPTH       0

DEGREE DAYS
 HEATING
  YESTERDAY        0                         0      0        0
  MONTH TO DATE    0                         0      0        0
  SINCE JUN 1      0                         0      0        0
  SINCE JUL 1      0                         0      0        0

 COOLING
  YESTERDAY       20                        17      3       20
  MONTH TO DATE  498                       450     48      351
  SINCE JUN 1    928                       846     82      768
  SINCE JAN 1   1268                      1157    111     1020
..................................................................


WIND (MPH)
  HIGHEST WIND SPEED    12   HIGHEST WIND DIRECTION     S (170)
  HIGHEST GUST SPEED    14   HIGHEST GUST DIRECTION     S (190)
  AVERAGE WIND SPEED     2.6


SKY COVER
  POSSIBLE SUNSHINE  MM
  AVERAGE SKY COVER 0.0


WEATHER CONDITIONS
 THE FOLLOWING WEATHER WAS RECORDED YESTERDAY.
  NO SIGNIFICANT WEATHER WAS OBSERVED.


RELATIVE HUMIDITY (PERCENT)
 HIGHEST    93           200 AM
 LOWEST     42           300 PM
 AVERAGE    68

..........................................................


THE EL DORADO CLIMATE NORMALS FOR TODAY
                         NORMAL    RECORD    YEAR
 MAXIMUM TEMPERATURE (F)   93       105      1930
 MINIMUM TEMPERATURE (F)   71        61      2004


SUNRISE AND SUNSET
JULY 28 2015..........SUNRISE   621 AM CDT   SUNSET   814 PM CDT
JULY 29 2015..........SUNRISE   622 AM CDT   SUNSET   813 PM CDT


-  INDICATES NEGATIVE NUMBERS.
R  INDICATES RECORD WAS SET OR TIED.
MM INDICATES DATA IS MISSING.
T  INDICATES TRACE AMOUNT.




$$
