000
CDUS45 KLKN 150027
CLIELY


CLIMATE REPORT
NATIONAL WEATHER SERVICE ELKO NV
426 PM PST THU DEC 14 2017


...................................

...THE ELY AIRPORT NV CLIMATE SUMMARY FOR DECEMBER 14 2017...
VALID TODAY AS OF 0400 PM LOCAL TIME.

CLIMATE NORMAL PERIOD 1981 TO 2010
CLIMATE RECORD PERIOD 1893 TO 2017


WEATHER ITEM   OBSERVED TIME   RECORD YEAR NORMAL DEPARTURE LAST
                VALUE   (LST)  VALUE       VALUE  FROM      YEAR
                                                  NORMAL
..................................................................
TEMPERATURE (F)
 TODAY
  MAXIMUM         46    226 PM  61    1962  39      7       55
  MINIMUM         23    659 AM -15    1972  11     12       32
  AVERAGE         35                        25     10       44

PRECIPITATION (IN)
  TODAY            0.00          0.26 2012   0.02  -0.02     0.00
  MONTH TO DATE    T                         0.24  -0.24     0.15
  SINCE OCT 1      0.40                      1.94  -1.54     0.76
  SINCE JAN 1      9.50                      9.41   0.09    10.48

SNOWFALL (IN)
  TODAY            0.0           2.8  2012   0.3   -0.3      0.0
  MONTH TO DATE    0.2                       3.1   -2.9      0.1
  SINCE DEC 1      0.2                       3.1   -2.9      0.1
  SINCE JUL 1      5.2                      12.6   -7.4      6.0
  SNOW DEPTH       0

DEGREE DAYS
 HEATING
  TODAY           30                        40    -10       21
  MONTH TO DATE  503                       546    -43      504
  SINCE DEC 1    503                       546    -43      504
  SINCE JUL 1   2147                      2414   -267     2057

 COOLING
  TODAY            0                         0      0        0
  MONTH TO DATE    0                         0      0        0
  SINCE DEC 1      0                         0      0        0
  SINCE JAN 1    433                       218    215      267
..................................................................


WIND (MPH)
  HIGHEST WIND SPEED    20   HIGHEST WIND DIRECTION     N (10)
  HIGHEST GUST SPEED    26   HIGHEST GUST DIRECTION     N (20)



WEATHER CONDITIONS
 THE FOLLOWING WEATHER WAS RECORDED TODAY.
  NO SIGNIFICANT WEATHER WAS OBSERVED.


RELATIVE HUMIDITY (PERCENT)
 HIGHEST    81           700 AM
 LOWEST     33           200 PM
 AVERAGE    57

..........................................................


THE ELY AIRPORT NV CLIMATE NORMALS FOR TOMORROW
                         NORMAL    RECORD    YEAR
 MAXIMUM TEMPERATURE (F)   39        60      1979
 MINIMUM TEMPERATURE (F)   11        -9      1972


SUNRISE AND SUNSET
DECEMBER 14 2017......SUNRISE   651 AM PST   SUNSET   417 PM PST
DECEMBER 15 2017......SUNRISE   652 AM PST   SUNSET   417 PM PST


-  INDICATES NEGATIVE NUMBERS.
R  INDICATES RECORD WAS SET OR TIED.
MM INDICATES DATA IS MISSING.
T  INDICATES TRACE AMOUNT.




$$
