000
CDUS45 KLKN 030931
CLIELY


CLIMATE REPORT
NATIONAL WEATHER SERVICE ELKO NV
231 AM PDT MON AUG 3 2015


...................................

...THE ELY AIRPORT NV CLIMATE SUMMARY FOR AUGUST 2 2015...

CLIMATE NORMAL PERIOD 1981 TO 2010
CLIMATE RECORD PERIOD 1893 TO 2015


WEATHER ITEM   OBSERVED TIME   RECORD YEAR NORMAL DEPARTURE LAST
                VALUE   (LST)  VALUE       VALUE  FROM      YEAR
                                                  NORMAL
..................................................................
TEMPERATURE (F)
 YESTERDAY
  MAXIMUM         83   1138 AM  97    1977  88     -5       90
  MINIMUM         60   1159 PM  37    1976  49     11       59
  AVERAGE         72                        68      4       75

PRECIPITATION (IN)
  YESTERDAY        T             0.88 1901   0.03  -0.03     0.00
  MONTH TO DATE    T                         0.06  -0.06     0.00
  SINCE OCT 1      5.62                      8.09  -2.47     7.46
  SINCE JAN 1      4.45                      5.80  -1.35     4.78

SNOWFALL (IN)
  YESTERDAY        0.0           0.0  1893   0.0    0.0      0.0
  MONTH TO DATE    0.0                       0.0    0.0      0.0
  SINCE JUN 1      0.0                       0.1   -0.1       T
  SINCE JUL 1      0.0                       0.0    0.0      0.0
  SNOW DEPTH       0

DEGREE DAYS
 HEATING
  YESTERDAY        0                         0      0        0
  MONTH TO DATE    0                         0      0        0
  SINCE JUN 1     74                       198   -124      140
  SINCE JUL 1     19                        23     -4        0

 COOLING
  YESTERDAY        7                         4      3       10
  MONTH TO DATE   13                         8      5       11
  SINCE JUN 1    199                       142     57      236
  SINCE JAN 1    202                       143     59      238
..................................................................


WIND (MPH)
  HIGHEST WIND SPEED    24   HIGHEST WIND DIRECTION     S (160)
  HIGHEST GUST SPEED    30   HIGHEST GUST DIRECTION     S (160)
  AVERAGE WIND SPEED     7.9



WEATHER CONDITIONS
 THE FOLLOWING WEATHER WAS RECORDED YESTERDAY.
  LIGHT RAIN


RELATIVE HUMIDITY (PERCENT)
 HIGHEST    48          1000 PM
 LOWEST     20          1200 PM
 AVERAGE    34

..........................................................


THE ELY AIRPORT NV CLIMATE NORMALS FOR TODAY
                         NORMAL    RECORD    YEAR
 MAXIMUM TEMPERATURE (F)   88        95      1992
                                             1986
                                             1979
 MINIMUM TEMPERATURE (F)   49        33      1956


SUNRISE AND SUNSET
AUGUST  3 2015........SUNRISE   541 AM PDT   SUNSET   749 PM PDT
AUGUST  4 2015........SUNRISE   542 AM PDT   SUNSET   748 PM PDT


-  INDICATES NEGATIVE NUMBERS.
R  INDICATES RECORD WAS SET OR TIED.
MM INDICATES DATA IS MISSING.
T  INDICATES TRACE AMOUNT.




$$
