485
CDUS45 KLKN 200932
CLIELY


CLIMATE REPORT
NATIONAL WEATHER SERVICE ELKO NV
128 AM PST FRI JAN 20 2017


...................................

...THE ELY AIRPORT NV CLIMATE SUMMARY FOR JANUARY 19 2017...

CLIMATE NORMAL PERIOD 1981 TO 2010
CLIMATE RECORD PERIOD 1893 TO 2017


WEATHER ITEM   OBSERVED TIME   RECORD YEAR NORMAL DEPARTURE LAST
                VALUE   (LST)  VALUE       VALUE  FROM      YEAR
                                                  NORMAL
..................................................................
TEMPERATURE (F)
 YESTERDAY
  MAXIMUM         32    154 PM  61    1994  40     -8       37
  MINIMUM         11    900 PM -14    1988  11      0       10
  AVERAGE         22                        25     -3       24

PRECIPITATION (IN)
  YESTERDAY        0.41          0.50 1973   0.02   0.39     0.02
  MONTH TO DATE    1.27                      0.44   0.83     1.44
  SINCE OCT 1      3.05                      2.73   0.32     5.80
  SINCE JAN 1      1.27                      0.44   0.83     1.44

SNOWFALL (IN)
  YESTERDAY        8.0 R         4.9  1983   0.3    7.7      0.3
  MONTH TO DATE   18.1                       5.9   12.2     18.7
  SINCE DEC 1     27.2                      14.3   12.9     40.8
  SINCE JUL 1     33.1                      23.8    9.3     58.5
  SNOW DEPTH       8

DEGREE DAYS
 HEATING
  YESTERDAY       43                        40      3       41
  MONTH TO DATE  787                       760     27      879
  SINCE DEC 1   2014                      1992     22     2150
  SINCE JUL 1   3567                      3860   -293     3779

 COOLING
  YESTERDAY        0                         0      0        0
  MONTH TO DATE    0                         0      0        0
  SINCE DEC 1      0                         0      0        0
  SINCE JAN 1      0                         0      0        0
..................................................................


WIND (MPH)
  HIGHEST WIND SPEED    23   HIGHEST WIND DIRECTION     S (170)
  HIGHEST GUST SPEED    27   HIGHEST GUST DIRECTION     S (160)
  AVERAGE WIND SPEED     7.6



WEATHER CONDITIONS
 THE FOLLOWING WEATHER WAS RECORDED YESTERDAY.
  HEAVY SNOW
  SNOW
  LIGHT SNOW
  FOG
  FOG W/VISIBILITY <= 1/4 MILE


RELATIVE HUMIDITY (PERCENT)
 HIGHEST   100           100 PM
 LOWEST     85          1200 AM
 AVERAGE    93

..........................................................


THE ELY AIRPORT NV CLIMATE NORMALS FOR TODAY
                         NORMAL    RECORD    YEAR
 MAXIMUM TEMPERATURE (F)   40        60      2005
 MINIMUM TEMPERATURE (F)   11       -16      1988
                                             1973


SUNRISE AND SUNSET
JANUARY 20 2017.......SUNRISE   655 AM PST   SUNSET   447 PM PST
JANUARY 21 2017.......SUNRISE   654 AM PST   SUNSET   448 PM PST


-  INDICATES NEGATIVE NUMBERS.
R  INDICATES RECORD WAS SET OR TIED.
MM INDICATES DATA IS MISSING.
T  INDICATES TRACE AMOUNT.




$$
