000
CDUS45 KLKN 150938
CLIELY


CLIMATE REPORT
NATIONAL WEATHER SERVICE ELKO NV
238 AM PDT MON SEP 15 2014


...................................

...THE ELY AIRPORT NV CLIMATE SUMMARY FOR SEPTEMBER 14 2014...

CLIMATE NORMAL PERIOD 1981 TO 2010
CLIMATE RECORD PERIOD 1893 TO 2014


WEATHER ITEM   OBSERVED TIME   RECORD YEAR NORMAL DEPARTURE LAST
                VALUE   (LST)  VALUE       VALUE  FROM      YEAR
                                                  NORMAL
..................................................................
TEMPERATURE (F)
 YESTERDAY
  MAXIMUM         84    257 PM  89    2000  77      7       69
                                      1990
  MINIMUM         49    550 AM  21    1993  38     11       44
  AVERAGE         67                        58      9       57

PRECIPITATION (IN)
  YESTERDAY        0.00          0.39 1959   0.03  -0.03     0.03
  MONTH TO DATE    0.05                      0.35  -0.30     1.69
  SINCE OCT 1      9.99                      9.28   0.71     8.94
  SINCE JAN 1      7.31                      6.99   0.32     5.84

SNOWFALL (IN)
  YESTERDAY        0.0           0.0  1893   0.0    0.0      0.0
  MONTH TO DATE    0.0                       0.0    0.0      0.0
  SINCE SEP 1      0.0                       0.0    0.0      0.0
  SINCE JUL 1      0.0                       0.0    0.0      0.0
  SNOW DEPTH       0

DEGREE DAYS
 HEATING
  YESTERDAY        0                         8     -8        8
  MONTH TO DATE   33                        74    -41       40
  SINCE SEP 1     33                        74    -41       40
  SINCE JUL 1     81                       138    -57       48

 COOLING
  YESTERDAY        2                         0      2        0
  MONTH TO DATE    9                         4      5       13
  SINCE SEP 1      9                         4      5       13
  SINCE JAN 1    277                       216     61      383
..................................................................


WIND (MPH)
  HIGHEST WIND SPEED    18   HIGHEST WIND DIRECTION    SW (220)
  HIGHEST GUST SPEED    26   HIGHEST GUST DIRECTION    SW (230)
  AVERAGE WIND SPEED     8.3



WEATHER CONDITIONS
 THE FOLLOWING WEATHER WAS RECORDED YESTERDAY.
  NO SIGNIFICANT WEATHER WAS OBSERVED.


RELATIVE HUMIDITY (PERCENT)
 HIGHEST    46           600 AM
 LOWEST     14           300 PM
 AVERAGE    30

..........................................................


THE ELY AIRPORT NV CLIMATE NORMALS FOR TODAY
                         NORMAL    RECORD    YEAR
 MAXIMUM TEMPERATURE (F)   76        88      1995
 MINIMUM TEMPERATURE (F)   38        21      1970


SUNRISE AND SUNSET
SEPTEMBER 15 2014.....SUNRISE   621 AM PDT   SUNSET   648 PM PDT
SEPTEMBER 16 2014.....SUNRISE   622 AM PDT   SUNSET   646 PM PDT


-  INDICATES NEGATIVE NUMBERS.
R  INDICATES RECORD WAS SET OR TIED.
MM INDICATES DATA IS MISSING.
T  INDICATES TRACE AMOUNT.




$$
