000
CDUS45 KLKN 310027
CLIELY


CLIMATE REPORT
NATIONAL WEATHER SERVICE ELKO NV
526 PM PDT SAT AUG 30 2014


...................................

...THE ELY AIRPORT NV CLIMATE SUMMARY FOR AUGUST 30 2014...
VALID TODAY AS OF 0500 PM LOCAL TIME.

CLIMATE NORMAL PERIOD 1981 TO 2010
CLIMATE RECORD PERIOD 1893 TO 2014


WEATHER ITEM   OBSERVED TIME   RECORD YEAR NORMAL DEPARTURE LAST
                VALUE   (LST)  VALUE       VALUE  FROM      YEAR
                                                  NORMAL
..................................................................
TEMPERATURE (F)
 TODAY
  MAXIMUM         86    220 PM  92    1996  82      4       91
  MINIMUM         54    212 AM  29    1942  44     10       52
  AVERAGE         70                        63      7       72

PRECIPITATION (IN)
  TODAY            0.00          0.92 2000   0.02  -0.02     0.21
  MONTH TO DATE    2.48                      0.87   1.61     0.62
  SINCE OCT 1      9.94                      8.90   1.04     7.08
  SINCE JAN 1      7.26                      6.61   0.65     3.98

SNOWFALL (IN)
  TODAY            0.0           0.0  1893   0.0    0.0      0.0
  MONTH TO DATE    0.0                       0.0    0.0      0.0
  SINCE JUN 1      T                         0.1   -0.1      0.0
  SINCE JUL 1      0.0                       0.0    0.0      0.0
  SNOW DEPTH       0

DEGREE DAYS
 HEATING
  TODAY            0                         3     -3        0
  MONTH TO DATE   47                        38      9        3
  SINCE JUN 1    187                       236    -49      103
  SINCE JUL 1     47                        61    -14        8

 COOLING
  TODAY            5                         1      4        7
  MONTH TO DATE   41                        76    -35       97
  SINCE JUN 1    266                       210     56      365
  SINCE JAN 1    268                       211     57      365
..................................................................


WIND (MPH)
  HIGHEST WIND SPEED    24   HIGHEST WIND DIRECTION     W (250)
  HIGHEST GUST SPEED    35   HIGHEST GUST DIRECTION    SW (220)



WEATHER CONDITIONS
 THE FOLLOWING WEATHER WAS RECORDED TODAY.
  NO SIGNIFICANT WEATHER WAS OBSERVED.


RELATIVE HUMIDITY (PERCENT)
 HIGHEST    47           300 AM
 LOWEST     11           200 PM
 AVERAGE    29

..........................................................


THE ELY AIRPORT NV CLIMATE NORMALS FOR TOMORROW
                         NORMAL    RECORD    YEAR
 MAXIMUM TEMPERATURE (F)   82        92      1996
                                             1950
 MINIMUM TEMPERATURE (F)   44        29      1962


SUNRISE AND SUNSET
AUGUST 30 2014........SUNRISE   606 AM PDT   SUNSET   713 PM PDT
AUGUST 31 2014........SUNRISE   607 AM PDT   SUNSET   712 PM PDT


-  INDICATES NEGATIVE NUMBERS.
R  INDICATES RECORD WAS SET OR TIED.
MM INDICATES DATA IS MISSING.
T  INDICATES TRACE AMOUNT.




$$
