000
CDUS45 KLKN 190929
CLIELY


CLIMATE REPORT
NATIONAL WEATHER SERVICE ELKO NV
226 AM PDT SAT AUG 19 2017


...................................

...THE ELY AIRPORT NV CLIMATE SUMMARY FOR AUGUST 18 2017...

CLIMATE NORMAL PERIOD 1981 TO 2010
CLIMATE RECORD PERIOD 1893 TO 2017


WEATHER ITEM   OBSERVED TIME   RECORD YEAR NORMAL DEPARTURE LAST
                VALUE   (LST)  VALUE       VALUE  FROM      YEAR
                                                  NORMAL
..................................................................
TEMPERATURE (F)
 YESTERDAY
  MAXIMUM         89    321 PM  95    2001  85      4       87
  MINIMUM         47    508 AM  28    1978  47      0       47
  AVERAGE         68                        66      2       67

PRECIPITATION (IN)
  YESTERDAY        0.00          0.67 1983   0.03  -0.03     0.00
  MONTH TO DATE    0.09                      0.55  -0.46     0.18
  SINCE OCT 1      8.92                      8.58   0.34    13.23
  SINCE JAN 1      7.14                      6.29   0.85     8.87

SNOWFALL (IN)
  YESTERDAY        0.0           0.0  1893   0.0    0.0      0.0
  MONTH TO DATE    0.0                       0.0    0.0      0.0
  SINCE JUN 1      T                         0.1   -0.1      0.0
  SINCE JUL 1      0.0                       0.0    0.0      0.0
  SNOW DEPTH       0

DEGREE DAYS
 HEATING
  YESTERDAY        0                         1     -1        0
  MONTH TO DATE    4                        12     -8        6
  SINCE JUN 1     76                       210   -134       84
  SINCE JUL 1      4                        35    -31       23

 COOLING
  YESTERDAY        3                         2      1        2
  MONTH TO DATE   78                        57     21       57
  SINCE JUN 1    358                       191    167      241
  SINCE JAN 1    358                       192    166      241
..................................................................


WIND (MPH)
  HIGHEST WIND SPEED    20   HIGHEST WIND DIRECTION    SW (210)
  HIGHEST GUST SPEED    24   HIGHEST GUST DIRECTION     S (190)
  AVERAGE WIND SPEED     9.2



WEATHER CONDITIONS
 THE FOLLOWING WEATHER WAS RECORDED YESTERDAY.
  NO SIGNIFICANT WEATHER WAS OBSERVED.


RELATIVE HUMIDITY (PERCENT)
 HIGHEST    56           200 AM
 LOWEST     12           100 PM
 AVERAGE    34

..........................................................


THE ELY AIRPORT NV CLIMATE NORMALS FOR TODAY
                         NORMAL    RECORD    YEAR
 MAXIMUM TEMPERATURE (F)   85        93      1992
 MINIMUM TEMPERATURE (F)   47        34      1978


SUNRISE AND SUNSET
AUGUST 19 2017........SUNRISE   556 AM PDT   SUNSET   729 PM PDT
AUGUST 20 2017........SUNRISE   557 AM PDT   SUNSET   727 PM PDT


-  INDICATES NEGATIVE NUMBERS.
R  INDICATES RECORD WAS SET OR TIED.
MM INDICATES DATA IS MISSING.
T  INDICATES TRACE AMOUNT.




$$
