000
CDUS45 KLKN 280930
CLIELY


CLIMATE REPORT
NATIONAL WEATHER SERVICE ELKO NV
226 AM PDT WED JUN 28 2017


...................................

...THE ELY AIRPORT NV CLIMATE SUMMARY FOR JUNE 27 2017...

CLIMATE NORMAL PERIOD 1981 TO 2010
CLIMATE RECORD PERIOD 1893 TO 2017


WEATHER ITEM   OBSERVED TIME   RECORD YEAR NORMAL DEPARTURE LAST
                VALUE   (LST)  VALUE       VALUE  FROM      YEAR
                                                  NORMAL
..................................................................
TEMPERATURE (F)
 YESTERDAY
  MAXIMUM         89    249 PM  96    2013  84      5       94
  MINIMUM         45   1159 PM  33    2012  44      1       43
                                      1996
                                      1965
  AVERAGE         67                        64      3       69

PRECIPITATION (IN)
  YESTERDAY        0.00          0.25 1895   0.01  -0.01     0.00
  MONTH TO DATE    0.02                      0.63  -0.61     1.54
  SINCE OCT 1      7.97                      7.35   0.62    12.86
  SINCE JAN 1      6.19                      5.06   1.13     8.50

SNOWFALL (IN)
  YESTERDAY        0.0           0.0  1893   0.0    0.0      0.0
  MONTH TO DATE    T                         0.1   -0.1      0.0
  SINCE JUN 1      T                         0.1   -0.1      0.0
  SINCE JUL 1     68.0                      50.8   17.2    100.4
  SNOW DEPTH       0

DEGREE DAYS
 HEATING
  YESTERDAY        0                         3     -3        0
  MONTH TO DATE   68                       169   -101       61
  SINCE JUN 1     68                       169   -101       61
  SINCE JUL 1   6857                      7516   -659     7322

 COOLING
  YESTERDAY        2                         2      0        4
  MONTH TO DATE   62                        16     46       38
  SINCE JUN 1     62                        16     46       38
  SINCE JAN 1     62                        17     45       38
..................................................................


WIND (MPH)
  HIGHEST WIND SPEED    18   HIGHEST WIND DIRECTION    SW (240)
  HIGHEST GUST SPEED    24   HIGHEST GUST DIRECTION     W (280)
  AVERAGE WIND SPEED     6.9



WEATHER CONDITIONS
 THE FOLLOWING WEATHER WAS RECORDED YESTERDAY.
  NO SIGNIFICANT WEATHER WAS OBSERVED.


RELATIVE HUMIDITY (PERCENT)
 HIGHEST    32           500 AM
 LOWEST     12           800 PM
 AVERAGE    22

..........................................................


THE ELY AIRPORT NV CLIMATE NORMALS FOR TODAY
                         NORMAL    RECORD    YEAR
 MAXIMUM TEMPERATURE (F)   84        97      2015
 MINIMUM TEMPERATURE (F)   45        30      1945


SUNRISE AND SUNSET
JUNE 28 2017..........SUNRISE   515 AM PDT   SUNSET   810 PM PDT
JUNE 29 2017..........SUNRISE   516 AM PDT   SUNSET   810 PM PDT


-  INDICATES NEGATIVE NUMBERS.
R  INDICATES RECORD WAS SET OR TIED.
MM INDICATES DATA IS MISSING.
T  INDICATES TRACE AMOUNT.




$$
