000
CDUS45 KLKN 240950
CLIELY


CLIMATE REPORT
NATIONAL WEATHER SERVICE ELKO NV
147 AM PST FRI FEB 24 2017


...................................

...THE ELY AIRPORT NV CLIMATE SUMMARY FOR FEBRUARY 23 2017...

CLIMATE NORMAL PERIOD 1981 TO 2010
CLIMATE RECORD PERIOD 1893 TO 2017


WEATHER ITEM   OBSERVED TIME   RECORD YEAR NORMAL DEPARTURE LAST
                VALUE   (LST)  VALUE       VALUE  FROM      YEAR
                                                  NORMAL
..................................................................
TEMPERATURE (F)
 YESTERDAY
  MAXIMUM         27    101 PM  61    1995  44    -17       39
  MINIMUM          4   1104 PM  -7    1994  18    -14       16
  AVERAGE         16                        31    -15       28

PRECIPITATION (IN)
  YESTERDAY        0.05          0.69 1998   0.03   0.02     0.00
  MONTH TO DATE    1.61                      0.60   1.01     0.60
  SINCE OCT 1      4.91                      3.59   1.32     7.54
  SINCE JAN 1      3.13                      1.30   1.83     3.18

SNOWFALL (IN)
  YESTERDAY        0.2          10.0  1956   0.3   -0.1      0.0
  MONTH TO DATE   11.1                       6.6    4.5      4.1
  SINCE DEC 1     42.8                      24.1   18.7     61.6
  SINCE JUL 1     48.7                      33.6   15.1     79.3
  SNOW DEPTH       6

DEGREE DAYS
 HEATING
  YESTERDAY       49                        34     15       37
  MONTH TO DATE  599                       842   -243      925
  SINCE DEC 1   3170                      3303   -133     3597
  SINCE JUL 1   4723                      5171   -448     5226

 COOLING
  YESTERDAY        0                         0      0        0
  MONTH TO DATE    0                         0      0        0
  SINCE DEC 1      0                         0      0        0
  SINCE JAN 1      0                         0      0        0
..................................................................


WIND (MPH)
  HIGHEST WIND SPEED    18   HIGHEST WIND DIRECTION    NW (330)
  HIGHEST GUST SPEED    26   HIGHEST GUST DIRECTION    SW (230)
  AVERAGE WIND SPEED     7.2



WEATHER CONDITIONS
 THE FOLLOWING WEATHER WAS RECORDED YESTERDAY.
  LIGHT SNOW
  FOG


RELATIVE HUMIDITY (PERCENT)
 HIGHEST    84           300 AM
 LOWEST     57          1100 AM
 AVERAGE    71

..........................................................


THE ELY AIRPORT NV CLIMATE NORMALS FOR TODAY
                         NORMAL    RECORD    YEAR
 MAXIMUM TEMPERATURE (F)   45        67      1986
 MINIMUM TEMPERATURE (F)   18        -5      1960


SUNRISE AND SUNSET
FEBRUARY 24 2017......SUNRISE   619 AM PST   SUNSET   527 PM PST
FEBRUARY 25 2017......SUNRISE   617 AM PST   SUNSET   528 PM PST


-  INDICATES NEGATIVE NUMBERS.
R  INDICATES RECORD WAS SET OR TIED.
MM INDICATES DATA IS MISSING.
T  INDICATES TRACE AMOUNT.




$$
