000
CDUS45 KLKN 120929
CLIELY


CLIMATE REPORT
NATIONAL WEATHER SERVICE ELKO NV
129 AM PST FRI FEB 12 2016


...................................

...THE ELY AIRPORT NV CLIMATE SUMMARY FOR FEBRUARY 11 2016...

CLIMATE NORMAL PERIOD 1981 TO 2010
CLIMATE RECORD PERIOD 1893 TO 2016


WEATHER ITEM   OBSERVED TIME   RECORD YEAR NORMAL DEPARTURE LAST
                VALUE   (LST)  VALUE       VALUE  FROM      YEAR
                                                  NORMAL
..................................................................
TEMPERATURE (F)
 YESTERDAY
  MAXIMUM         44    225 PM  60    1991  42      2       54
  MINIMUM         11    536 AM -13    1966  14     -3       16
  AVERAGE         28                        28      0       35

PRECIPITATION (IN)
  YESTERDAY        0.00          1.20 1894   0.03  -0.03     0.00
  MONTH TO DATE    0.05                      0.27  -0.22      T
  SINCE OCT 1      6.52                      3.26   3.26     1.48
  SINCE JAN 1      2.16                      0.97   1.19     0.31

SNOWFALL (IN)
  YESTERDAY        0.0          12.0  1894   0.3   -0.3      0.0
  MONTH TO DATE    0.3                       3.2   -2.9      0.0
  SINCE DEC 1     57.8                      20.7   37.1      6.7
  SINCE JUL 1     75.5                      30.2   45.3      7.4
  SNOW DEPTH      13

DEGREE DAYS
 HEATING
  YESTERDAY       37                        37      0       30
  MONTH TO DATE  538                       417    121      253
  SINCE DEC 1   3210                      2878    332     2300
  SINCE JUL 1   4839                      4746     93     3747

 COOLING
  YESTERDAY        0                         0      0        0
  MONTH TO DATE    0                         0      0        0
  SINCE DEC 1      0                         0      0        0
  SINCE JAN 1      0                         0      0        0
..................................................................


WIND (MPH)
  HIGHEST WIND SPEED    21   HIGHEST WIND DIRECTION     S (170)
  HIGHEST GUST SPEED    24   HIGHEST GUST DIRECTION     S (170)
  AVERAGE WIND SPEED    10.9



WEATHER CONDITIONS
 THE FOLLOWING WEATHER WAS RECORDED YESTERDAY.
  NO SIGNIFICANT WEATHER WAS OBSERVED.


RELATIVE HUMIDITY (PERCENT)
 HIGHEST    78           800 PM
 LOWEST     49           200 PM
 AVERAGE    64

..........................................................


THE ELY AIRPORT NV CLIMATE NORMALS FOR TODAY
                         NORMAL    RECORD    YEAR
 MAXIMUM TEMPERATURE (F)   42        65      2015
 MINIMUM TEMPERATURE (F)   15       -18      1948


SUNRISE AND SUNSET
FEBRUARY 12 2016......SUNRISE   635 AM PST   SUNSET   512 PM PST
FEBRUARY 13 2016......SUNRISE   634 AM PST   SUNSET   514 PM PST


-  INDICATES NEGATIVE NUMBERS.
R  INDICATES RECORD WAS SET OR TIED.
MM INDICATES DATA IS MISSING.
T  INDICATES TRACE AMOUNT.




$$
