000
CDUS45 KLKN 250930
CLIELY


CLIMATE REPORT
NATIONAL WEATHER SERVICE ELKO NV
227 AM PDT SAT OCT 25 2014


...................................

...THE ELY AIRPORT NV CLIMATE SUMMARY FOR OCTOBER 24 2014...

CLIMATE NORMAL PERIOD 1981 TO 2010
CLIMATE RECORD PERIOD 1893 TO 2014


WEATHER ITEM   OBSERVED TIME   RECORD YEAR NORMAL DEPARTURE LAST
                VALUE   (LST)  VALUE       VALUE  FROM      YEAR
                                                  NORMAL
..................................................................
TEMPERATURE (F)
 YESTERDAY
  MAXIMUM         75   1240 PM  80    1959  59     16       69
  MINIMUM         48    621 AM   8    1975  26     22       26
  AVERAGE         62                        43     19       48

PRECIPITATION (IN)
  YESTERDAY        0.00          0.46 2004   0.03  -0.03     0.00
  MONTH TO DATE    T                         0.77  -0.77     0.56
  SINCE OCT 1      T                         0.77  -0.77     0.56
  SINCE JAN 1      8.09                      8.24  -0.15     6.42

SNOWFALL (IN)
  YESTERDAY        0.0           5.3  1954   0.1   -0.1      0.0
  MONTH TO DATE    0.0                       2.1   -2.1      0.5
  SINCE SEP 1      0.0                       2.5   -2.5      0.5
  SINCE JUL 1      0.0                       2.5   -2.5      0.5
  SNOW DEPTH       0

DEGREE DAYS
 HEATING
  YESTERDAY        3                        22    -19       17
  MONTH TO DATE  306                       444   -138      501
  SINCE SEP 1    426                       696   -270      724
  SINCE JUL 1    474                       760   -286      732

 COOLING
  YESTERDAY        0                         0      0        0
  MONTH TO DATE    0                         0      0        0
  SINCE SEP 1     18                         6     12       17
  SINCE JAN 1    286                       218     68      387
..................................................................


WIND (MPH)
  HIGHEST WIND SPEED    29   HIGHEST WIND DIRECTION    SW (220)
  HIGHEST GUST SPEED    36   HIGHEST GUST DIRECTION    SW (220)
  AVERAGE WIND SPEED    14.4



WEATHER CONDITIONS
 THE FOLLOWING WEATHER WAS RECORDED YESTERDAY.
  NO SIGNIFICANT WEATHER WAS OBSERVED.


RELATIVE HUMIDITY (PERCENT)
 HIGHEST    42           300 AM
 LOWEST     13          1200 PM
 AVERAGE    28

..........................................................


THE ELY AIRPORT NV CLIMATE NORMALS FOR TODAY
                         NORMAL    RECORD    YEAR
 MAXIMUM TEMPERATURE (F)   59        76      1959
 MINIMUM TEMPERATURE (F)   26        12      1956


SUNRISE AND SUNSET
OCTOBER 25 2014.......SUNRISE   700 AM PDT   SUNSET   547 PM PDT
OCTOBER 26 2014.......SUNRISE   701 AM PDT   SUNSET   545 PM PDT


-  INDICATES NEGATIVE NUMBERS.
R  INDICATES RECORD WAS SET OR TIED.
MM INDICATES DATA IS MISSING.
T  INDICATES TRACE AMOUNT.




$$
