000
CDUS45 KLKN 191431 RRA
CLIELY

CLIMATE REPORT
NATIONAL WEATHER SERVICE ELKO NV
226 AM PDT THU OCT 19  2017


...................................

...THE ELY AIRPORT NV CLIMATE SUMMARY FOR OCTOBER 18 2017...

CLIMATE NORMAL PERIOD 1981 TO 2010
CLIMATE RECORD PERIOD 1893 TO 2017


WEATHER ITEM   OBSERVED TIME   RECORD YEAR NORMAL DEPARTURE LAST
                VALUE   (LST)  VALUE       VALUE  FROM      YEAR
                                                  NORMAL
..................................................................
TEMPERATURE (F)
 YESTERDAY
  MAXIMUM         73    322 PM  80    2003  62     11       55
  MINIMUM         26    634 AM   5    1984  28     -2       21
  AVERAGE         50                        45      5       38

PRECIPITATION (IN)
  YESTERDAY        0.00          0.88 2015   0.03  -0.03     0.00
  MONTH TO DATE    0.04                      0.58  -0.54      T
  SINCE OCT 1      0.04                      0.58  -0.54      T
  SINCE JAN 1      9.14                      8.05   1.09     9.72

SNOWFALL (IN)
  YESTERDAY        0.0           1.7  1971   0.1   -0.1      0.0
  MONTH TO DATE    0.0                       1.5   -1.5       T
  SINCE SEP 1      5.0                       1.9    3.1       T
  SINCE JUL 1      5.0                       1.9    3.1       T
  SNOW DEPTH       0

DEGREE DAYS
 HEATING
  YESTERDAY       15                        20     -5       27
  MONTH TO DATE  383                       315     68      284
  SINCE SEP 1    673                       567    106      519
  SINCE JUL 1    679                       631     48      556

 COOLING
  YESTERDAY        0                         0      0        0
  MONTH TO DATE    0                         0      0        0
  SINCE SEP 1     24                         6     18       12
  SINCE JAN 1    433                       218    215      267
..................................................................


WIND (MPH)
  HIGHEST WIND SPEED    16   HIGHEST WIND DIRECTION     S (170)
  HIGHEST GUST SPEED    20   HIGHEST GUST DIRECTION     S (170)
  AVERAGE WIND SPEED     8.9



WEATHER CONDITIONS
 THE FOLLOWING WEATHER WAS RECORDED YESTERDAY.
  NO SIGNIFICANT WEATHER WAS OBSERVED.


RELATIVE HUMIDITY (PERCENT)
 HIGHEST    33           600 AM
 LOWEST     12          1000 AM
 AVERAGE    23

..........................................................


THE ELY AIRPORT NV CLIMATE NORMALS FOR TODAY
                         NORMAL    RECORD    YEAR
 MAXIMUM TEMPERATURE (F)   61        77      1974
 MINIMUM TEMPERATURE (F)   27        12      1898


SUNRISE AND SUNSET
OCTOBER 19 2017.......SUNRISE   654 AM PDT   SUNSET   554 PM PDT
OCTOBER 20 2017.......SUNRISE   655 AM PDT   SUNSET   553 PM PDT


-  INDICATES NEGATIVE NUMBERS.
R  INDICATES RECORD WAS SET OR TIED.
MM INDICATES DATA IS MISSING.
T  INDICATES TRACE AMOUNT.




$$
