000
CDUS43 KTOP 270644
CLIEMP


CLIMATE REPORT
NATIONAL WEATHER SERVICE TOPEKA KS
143 AM CDT FRI MAY 27 2016


...................................

...THE EMPORIA KS CLIMATE SUMMARY FOR MAY 26 2016...

CLIMATE NORMAL PERIOD 1981 TO 2010
CLIMATE RECORD PERIOD 9999 TO 9999


WEATHER ITEM   OBSERVED NORMAL DEPARTURE LAST
                VALUE   VALUE  FROM      YEAR
                               NORMAL
...............................................
TEMPERATURE (F)
 YESTERDAY
  MAXIMUM         84     79      5       80
  MINIMUM         56     58     -2       58
  AVERAGE         70     68      2       69

PRECIPITATION (IN)
  YESTERDAY        2.41   0.18   2.23     0.10
  MONTH TO DATE    5.84   4.01   1.83     7.08
  SINCE MAR 1     13.99   9.92   4.07    11.97
  SINCE JAN 1     15.16  11.78   3.38    13.37

DEGREE DAYS
 HEATING
  YESTERDAY        0      1     -1        0
  MONTH TO DATE  124     77     47      101
  SINCE MAR 1    789    984   -195      861
  SINCE JUL 1   3902   4806   -904     4862

 COOLING
  YESTERDAY        5      5      0        4
  MONTH TO DATE   35     70    -35       50
  SINCE MAR 1     55     93    -38       56
  SINCE JAN 1     55     93    -38       56
...............................................


WIND (MPH)
  HIGHEST WIND SPEED    28   HIGHEST WIND DIRECTION     N (20)
  HIGHEST GUST SPEED    39   HIGHEST GUST DIRECTION    NW (300)
  AVERAGE WIND SPEED    12.7


SKY COVER
  AVERAGE SKY COVER 0.9


WEATHER CONDITIONS
 THE FOLLOWING WEATHER WAS RECORDED YESTERDAY.
  THUNDERSTORM
  HEAVY RAIN
  RAIN
  LIGHT RAIN
  FOG
  HAZE


RELATIVE HUMIDITY (PERCENT)
 HIGHEST   100
 LOWEST     69
 AVERAGE    85

..........................................................


THE EMPORIA KS CLIMATE NORMALS FOR TODAY
                         NORMAL
 MAXIMUM TEMPERATURE (F)   79
 MINIMUM TEMPERATURE (F)   58


SUNRISE AND SUNSET
MAY 27 2016...........SUNRISE   605 AM CDT   SUNSET   839 PM CDT
MAY 28 2016...........SUNRISE   604 AM CDT   SUNSET   840 PM CDT


-  INDICATES NEGATIVE NUMBERS.
R  INDICATES RECORD WAS SET OR TIED.
MM INDICATES DATA IS MISSING.
T  INDICATES TRACE AMOUNT.




$$
