000
CDUS43 KTOP 252235
CLIEMP


CLIMATE REPORT
NATIONAL WEATHER SERVICE TOPEKA KS
435 PM CST TUE NOV 25 2014


...................................

...THE EMPORIA KS CLIMATE SUMMARY FOR NOVEMBER 25 2014...
VALID TODAY AS OF 0400 PM LOCAL TIME.

CLIMATE NORMAL PERIOD 1981 TO 2010
CLIMATE RECORD PERIOD 9999 TO 9999


WEATHER ITEM   OBSERVED NORMAL DEPARTURE LAST
                VALUE   VALUE  FROM      YEAR
                               NORMAL
...............................................
TEMPERATURE (F)
 TODAY
  MAXIMUM         48     51     -3       38
  MINIMUM         19     29    -10       23
  AVERAGE         34     40     -6       31

PRECIPITATION (IN)
  TODAY            0.00   0.05  -0.05     0.00
  MONTH TO DATE    0.30   1.92  -1.62     0.66
  SINCE SEP 1      7.46   8.19  -0.73     8.84
  SINCE JAN 1     26.22  34.80  -8.58    32.93

DEGREE DAYS
 HEATING
  TODAY           31     25      6       34
  MONTH TO DATE  670    483    187      544
  SINCE SEP 1    927    809    118      871
  SINCE JUL 1    929    810    119      873

 COOLING
  TODAY            0      0      0        0
  MONTH TO DATE    0      0      0        0
  SINCE SEP 1    177    194    -17      246
  SINCE JAN 1   1380   1402    -22     1375
...............................................


WIND (MPH)
  HIGHEST WIND SPEED    16   HIGHEST WIND DIRECTION     S (200)
  HIGHEST GUST SPEED    21   HIGHEST GUST DIRECTION     S (200)
  AVERAGE WIND SPEED     8.3



WEATHER CONDITIONS
 THE FOLLOWING WEATHER WAS RECORDED TODAY.
  NO SIGNIFICANT WEATHER WAS OBSERVED.


RELATIVE HUMIDITY (PERCENT)
 HIGHEST    74
 LOWEST     34
 AVERAGE    54

..........................................................


THE EMPORIA KS CLIMATE NORMALS FOR TOMORROW
                         NORMAL
 MAXIMUM TEMPERATURE (F)   51
 MINIMUM TEMPERATURE (F)   29


SUNRISE AND SUNSET
NOVEMBER 25 2014......SUNRISE   717 AM CST   SUNSET   506 PM CST
NOVEMBER 26 2014......SUNRISE   718 AM CST   SUNSET   506 PM CST


-  INDICATES NEGATIVE NUMBERS.
R  INDICATES RECORD WAS SET OR TIED.
MM INDICATES DATA IS MISSING.
T  INDICATES TRACE AMOUNT.




$$
