000
CDUS43 KTOP 210653
CLIEMP


CLIMATE REPORT
NATIONAL WEATHER SERVICE TOPEKA KS
1252 AM CST SAT JAN 21 2017


...................................

...THE EMPORIA KS CLIMATE SUMMARY FOR JANUARY 20 2017...

CLIMATE NORMAL PERIOD 1981 TO 2010
CLIMATE RECORD PERIOD 9999 TO 9999


WEATHER ITEM   OBSERVED NORMAL DEPARTURE LAST
                VALUE   VALUE  FROM      YEAR
                               NORMAL
...............................................
TEMPERATURE (F)
 YESTERDAY
  MAXIMUM         52     41     11       29
  MINIMUM         32     21     11       22
  AVERAGE         42     31     11       26

PRECIPITATION (IN)
  YESTERDAY        T      0.02  -0.02     0.01
  MONTH TO DATE    1.02   0.29   0.73     0.38
  SINCE DEC 1      1.79   1.64   0.15     3.47
  SINCE JAN 1      1.02   0.29   0.73     0.38

DEGREE DAYS
 HEATING
  YESTERDAY       23     34    -11       39
  MONTH TO DATE  660    680    -20      598
  SINCE DEC 1   1706   1673     33     1378
  SINCE JUL 1   2256   2613   -357     2097

 COOLING
  YESTERDAY        0      0      0        0
  MONTH TO DATE    0      0      0        0
  SINCE DEC 1      0      0      0        0
  SINCE JAN 1      0      0      0        0
...............................................


WIND (MPH)
  HIGHEST WIND SPEED    14   HIGHEST WIND DIRECTION     S (170)
  HIGHEST GUST SPEED    17   HIGHEST GUST DIRECTION     S (170)
  AVERAGE WIND SPEED     6.3


SKY COVER
  AVERAGE SKY COVER 0.8


WEATHER CONDITIONS
 THE FOLLOWING WEATHER WAS RECORDED YESTERDAY.
  FOG
  FOG W/VISIBILITY <= 1/4 MILE
  HAZE


RELATIVE HUMIDITY (PERCENT)
 HIGHEST   100
 LOWEST     83
 AVERAGE    92

..........................................................


THE EMPORIA KS CLIMATE NORMALS FOR TODAY
                         NORMAL
 MAXIMUM TEMPERATURE (F)   41
 MINIMUM TEMPERATURE (F)   21


SUNRISE AND SUNSET
JANUARY 21 2017.......SUNRISE   738 AM CST   SUNSET   535 PM CST
JANUARY 22 2017.......SUNRISE   737 AM CST   SUNSET   536 PM CST


-  INDICATES NEGATIVE NUMBERS.
R  INDICATES RECORD WAS SET OR TIED.
MM INDICATES DATA IS MISSING.
T  INDICATES TRACE AMOUNT.




$$
