000
CDUS43 KTOP 070633
CLIEMP


CLIMATE REPORT
NATIONAL WEATHER SERVICE TOPEKA KS
1231 AM CST WED DEC 7 2016


...................................

...THE EMPORIA KS CLIMATE SUMMARY FOR DECEMBER 6 2016...

CLIMATE NORMAL PERIOD 1981 TO 2010
CLIMATE RECORD PERIOD 9999 TO 9999


WEATHER ITEM   OBSERVED NORMAL DEPARTURE LAST
                VALUE   VALUE  FROM      YEAR
                               NORMAL
...............................................
TEMPERATURE (F)
 YESTERDAY
  MAXIMUM         40     46     -6       56
  MINIMUM         28     25      3       32
  AVERAGE         34     35     -1       44

PRECIPITATION (IN)
  YESTERDAY        0.00   0.05  -0.05     0.00
  MONTH TO DATE    0.51   0.35   0.16      T
  SINCE DEC 1      0.51   0.35   0.16      T
  SINCE JAN 1     38.33  35.39   2.94    32.01

DEGREE DAYS
 HEATING
  YESTERDAY       31     30      1       21
  MONTH TO DATE  163    173    -10      148
  SINCE DEC 1    163    173    -10      148
  SINCE JUL 1    713   1113   -400      867

 COOLING
  YESTERDAY        0      0      0        0
  MONTH TO DATE    0      0      0        0
  SINCE DEC 1      0      0      0        0
  SINCE JAN 1   1629   1403    226     1490
...............................................


WIND (MPH)
  HIGHEST WIND SPEED    23   HIGHEST WIND DIRECTION     N (340)
  HIGHEST GUST SPEED    31   HIGHEST GUST DIRECTION     N (340)
  AVERAGE WIND SPEED     9.6


SKY COVER
  AVERAGE SKY COVER 0.4


WEATHER CONDITIONS
 THE FOLLOWING WEATHER WAS RECORDED YESTERDAY.
  FOG
  FOG W/VISIBILITY <= 1/4 MILE


RELATIVE HUMIDITY (PERCENT)
 HIGHEST   100
 LOWEST     30
 AVERAGE    65

..........................................................


THE EMPORIA KS CLIMATE NORMALS FOR TODAY
                         NORMAL
 MAXIMUM TEMPERATURE (F)   45
 MINIMUM TEMPERATURE (F)   24


SUNRISE AND SUNSET
DECEMBER  7 2016......SUNRISE   729 AM CST   SUNSET   504 PM CST
DECEMBER  8 2016......SUNRISE   730 AM CST   SUNSET   504 PM CST


-  INDICATES NEGATIVE NUMBERS.
R  INDICATES RECORD WAS SET OR TIED.
MM INDICATES DATA IS MISSING.
T  INDICATES TRACE AMOUNT.

$$
