726
CDUS43 KTOP 260632
CLIEMP


CLIMATE REPORT
NATIONAL WEATHER SERVICE TOPEKA KS
132 AM CDT SUN MAR 26 2017


...................................

...THE EMPORIA KS CLIMATE SUMMARY FOR MARCH 25 2017...

CLIMATE NORMAL PERIOD 1981 TO 2010
CLIMATE RECORD PERIOD 9999 TO 9999


WEATHER ITEM   OBSERVED NORMAL DEPARTURE LAST
                VALUE   VALUE  FROM      YEAR
                               NORMAL
...............................................
TEMPERATURE (F)
 YESTERDAY
  MAXIMUM         49     61    -12       62
  MINIMUM         42     36      6       23
  AVERAGE         46     49     -3       43

PRECIPITATION (IN)
  YESTERDAY        0.33   0.08   0.25    MM
  MONTH TO DATE    1.02   2.07  -1.05     0.63
  SINCE MAR 1      1.02   2.07  -1.05     0.63
  SINCE JAN 1      2.76   3.93  -1.17     1.80

DEGREE DAYS
 HEATING
  YESTERDAY       19     16      3       22
  MONTH TO DATE  391    517   -126      362
  SINCE MAR 1    391    517   -126      362
  SINCE JUL 1   3482   4339   -857     3475

 COOLING
  YESTERDAY        0      0      0        0
  MONTH TO DATE   12      0     12        1
  SINCE MAR 1     12      0     12        1
  SINCE JAN 1     12      0     12        1
...............................................


WIND (MPH)
  HIGHEST WIND SPEED    25   HIGHEST WIND DIRECTION    NW (320)
  HIGHEST GUST SPEED    31   HIGHEST GUST DIRECTION    NW (320)
  AVERAGE WIND SPEED    12.7


SKY COVER
  AVERAGE SKY COVER 1.0


WEATHER CONDITIONS
 THE FOLLOWING WEATHER WAS RECORDED YESTERDAY.
  RAIN
  LIGHT RAIN
  FOG


RELATIVE HUMIDITY (PERCENT)
 HIGHEST   100
 LOWEST     92
 AVERAGE    96

..........................................................


THE EMPORIA KS CLIMATE NORMALS FOR TODAY
                         NORMAL
 MAXIMUM TEMPERATURE (F)   61
 MINIMUM TEMPERATURE (F)   37


SUNRISE AND SUNSET
MARCH 26 2017.........SUNRISE   719 AM CDT   SUNSET   743 PM CDT
MARCH 27 2017.........SUNRISE   717 AM CDT   SUNSET   744 PM CDT


-  INDICATES NEGATIVE NUMBERS.
R  INDICATES RECORD WAS SET OR TIED.
MM INDICATES DATA IS MISSING.
T  INDICATES TRACE AMOUNT.




$$
