651
CDUS43 KTOP 172157
CLIEMP


CLIMATE REPORT
NATIONAL WEATHER SERVICE TOPEKA KS
456 PM CDT TUE OCT 17 2017


...................................

...THE EMPORIA KS CLIMATE SUMMARY FOR OCTOBER 17 2017...
VALID TODAY AS OF 0400 PM LOCAL TIME.

CLIMATE NORMAL PERIOD 1981 TO 2010
CLIMATE RECORD PERIOD 9999 TO 9999


WEATHER ITEM   OBSERVED NORMAL DEPARTURE LAST
                VALUE   VALUE  FROM      YEAR
                               NORMAL
...............................................
TEMPERATURE (F)
 TODAY
  MAXIMUM         75     68      7       89
  MINIMUM         43     45     -2       70
  AVERAGE         59     57      2       80

PRECIPITATION (IN)
  TODAY            0.00   0.11  -0.11     0.00
  MONTH TO DATE    2.52   1.64   0.88     1.20
  SINCE SEP 1      5.19   5.03   0.16     8.87
  SINCE JAN 1     31.64  31.64   0.00    37.46

DEGREE DAYS
 HEATING
  TODAY            6      9     -3        0
  MONTH TO DATE   66    117    -51       69
  SINCE SEP 1     80    166    -86       91
  SINCE JUL 1     80    167    -87       91

 COOLING
  TODAY            0      1     -1       15
  MONTH TO DATE   60     25     35       41
  SINCE SEP 1    264    190     74      263
  SINCE JAN 1   1354   1398    -44     1599
...............................................


WIND (MPH)
  HIGHEST WIND SPEED    25   HIGHEST WIND DIRECTION     S (190)
  HIGHEST GUST SPEED    32   HIGHEST GUST DIRECTION     S (190)
  AVERAGE WIND SPEED    14.2



WEATHER CONDITIONS
 THE FOLLOWING WEATHER WAS RECORDED TODAY.
  NO SIGNIFICANT WEATHER WAS OBSERVED.


RELATIVE HUMIDITY (PERCENT)
 HIGHEST    83
 LOWEST     33
 AVERAGE    58

..........................................................


THE EMPORIA KS CLIMATE NORMALS FOR TOMORROW
                         NORMAL
 MAXIMUM TEMPERATURE (F)   68
 MINIMUM TEMPERATURE (F)   45


SUNRISE AND SUNSET
OCTOBER 17 2017.......SUNRISE   736 AM CDT   SUNSET   644 PM CDT
OCTOBER 18 2017.......SUNRISE   737 AM CDT   SUNSET   642 PM CDT


-  INDICATES NEGATIVE NUMBERS.
R  INDICATES RECORD WAS SET OR TIED.
MM INDICATES DATA IS MISSING.
T  INDICATES TRACE AMOUNT.




$$
