000
CDUS46 KOTX 010831
CLIEPH


CLIMATE REPORT
NATIONAL WEATHER SERVICE SPOKANE, WA
127 AM PDT MON SEP 1 2014


...................................

...THE EPHRATA WA AIRPORT CLIMATE SUMMARY FOR AUGUST 31 2014...

CLIMATE NORMAL PERIOD 1981 TO 2010
CLIMATE RECORD PERIOD 9999 TO 9999


WEATHER ITEM   OBSERVED TIME   RECORD YEAR NORMAL DEPARTURE LAST
                VALUE   (LST)  VALUE       VALUE  FROM      YEAR
                                                  NORMAL
..................................................................
TEMPERATURE (F)
 YESTERDAY
  MAXIMUM         78    256 PM 101    1967  83     -5       88
  MINIMUM         58    532 AM  44    2006  55      3       60
  AVERAGE         68                        69     -1       74

PRECIPITATION (IN)
  YESTERDAY        0.00        0.08   1961  0.01  -0.01     0.00
  MONTH TO DATE    0.83                     0.19   0.64     0.63
  SINCE OCT 1      4.64                     7.49  -2.85     8.04
  SINCE JAN 1      3.89                     4.66  -0.77     4.24

SNOWFALL (IN)
  YESTERDAY       MM            MM     MM   0.0     MM       MM
  MONTH TO DATE   MM                        0.0     MM       MM
  SINCE JUN 1     MM                        0.0     MM       MM
  SINCE JUL 1     MM                        0.0     MM       MM
  SNOW DEPTH      MM

DEGREE DAYS
 HEATING
  YESTERDAY        0                         1     -1        0
  MONTH TO DATE    0                         5     -5        0
  SINCE JUN 1     24                        77    -53       58
  SINCE JUL 1      1                        17    -16        0

 COOLING
  YESTERDAY        3                         5     -2        9
  MONTH TO DATE  370                       254    116      307
  SINCE JUN 1    989                       657    332      867
  SINCE JAN 1   1033                       694    339      924
..................................................................


WIND (MPH)
  HIGHEST WIND SPEED    24   HIGHEST WIND DIRECTION    NW (310)
  HIGHEST GUST SPEED    29   HIGHEST GUST DIRECTION    NW (320)
  AVERAGE WIND SPEED    11.5


SKY COVER
  POSSIBLE SUNSHINE  MM
  AVERAGE SKY COVER 0.5


WEATHER CONDITIONS
 THE FOLLOWING WEATHER WAS RECORDED YESTERDAY.
  NO SIGNIFICANT WEATHER WAS OBSERVED.


RELATIVE HUMIDITY (PERCENT)
 HIGHEST    52          1200 AM
 LOWEST     25          1000 AM
 AVERAGE    39

..........................................................


THE EPHRATA WA AIRPORT CLIMATE NORMALS FOR TODAY
                         NORMAL    RECORD    YEAR
 MAXIMUM TEMPERATURE (F)   83       100      1987
 MINIMUM TEMPERATURE (F)   55        41      1980


SUNRISE AND SUNSET
SEPTEMBER  1 2014.....SUNRISE   617 AM PDT   SUNSET   738 PM PDT
SEPTEMBER  2 2014.....SUNRISE   618 AM PDT   SUNSET   736 PM PDT


-  INDICATES NEGATIVE NUMBERS.
R  INDICATES RECORD WAS SET OR TIED.
MM INDICATES DATA IS MISSING.
T  INDICATES TRACE AMOUNT.

$$
