000
CDUS46 KOTX 050822
CLIEPH


CLIMATE REPORT
NATIONAL WEATHER SERVICE SPOKANE, WA
122 AM PDT THU MAY 5 2016


...................................

...THE EPHRATA WA AIRPORT CLIMATE SUMMARY FOR MAY 4 2016...

CLIMATE NORMAL PERIOD 1981 TO 2010
CLIMATE RECORD PERIOD 9999 TO 9999


WEATHER ITEM   OBSERVED TIME   RECORD YEAR NORMAL DEPARTURE LAST
                VALUE   (LST)  VALUE       VALUE  FROM      YEAR
                                                  NORMAL
..................................................................
TEMPERATURE (F)
 YESTERDAY
  MAXIMUM         76    440 PM  90    1966  69      7       80
  MINIMUM         56    527 AM  29    1959  43     13       40
  AVERAGE         66                        56     10       60

PRECIPITATION (IN)
  YESTERDAY        T             0.21 1967   0.02  -0.02     0.00
  MONTH TO DATE    T                         0.06  -0.06     0.00
  SINCE OCT 1      6.89                      5.70   1.19     5.67
  SINCE JAN 1      4.17                      2.87   1.30     2.88

SNOWFALL (IN)
  YESTERDAY       MM

DEGREE DAYS
 HEATING
  YESTERDAY        0                        10    -10        5
  MONTH TO DATE    2                        42    -40       15
  SINCE MAR 1    823                      1166   -343      924
  SINCE JUL 1   4776                      5739   -963     4618

 COOLING
  YESTERDAY        1                         1      0        0
  MONTH TO DATE    5                         1      4        0
  SINCE MAR 1     10                         3      7        0
  SINCE JAN 1     10                         3      7        0
..................................................................


WIND (MPH)
  HIGHEST WIND SPEED    16   HIGHEST WIND DIRECTION     S (180)
  HIGHEST GUST SPEED    20   HIGHEST GUST DIRECTION    NW (310)
  AVERAGE WIND SPEED     6.8


SKY COVER
  POSSIBLE SUNSHINE  MM
  AVERAGE SKY COVER 0.2


WEATHER CONDITIONS
 THE FOLLOWING WEATHER WAS RECORDED YESTERDAY.
  LIGHT RAIN


RELATIVE HUMIDITY (PERCENT)
 HIGHEST    77           600 AM
 LOWEST     31           500 PM
 AVERAGE    54

..........................................................


THE EPHRATA WA AIRPORT CLIMATE NORMALS FOR TODAY
                         NORMAL    RECORD    YEAR
 MAXIMUM TEMPERATURE (F)   69        96      1966
 MINIMUM TEMPERATURE (F)   43        30      2010


SUNRISE AND SUNSET
MAY  5 2016...........SUNRISE   535 AM PDT   SUNSET   816 PM PDT
MAY  6 2016...........SUNRISE   533 AM PDT   SUNSET   817 PM PDT


-  INDICATES NEGATIVE NUMBERS.
R  INDICATES RECORD WAS SET OR TIED.
MM INDICATES DATA IS MISSING.
T  INDICATES TRACE AMOUNT.




$$
