000
CDUS46 KOTX 190827
CLIEPH


CLIMATE REPORT
NATIONAL WEATHER SERVICE SPOKANE, WA
127 AM PDT SAT AUG 19 2017


...................................

...THE EPHRATA WA AIRPORT CLIMATE SUMMARY FOR AUGUST 18 2017...

CLIMATE NORMAL PERIOD 1981 TO 2010
CLIMATE RECORD PERIOD 9999 TO 9999


WEATHER ITEM   OBSERVED TIME   RECORD YEAR NORMAL DEPARTURE LAST
                VALUE   (LST)  VALUE       VALUE  FROM      YEAR
                                                  NORMAL
..................................................................
TEMPERATURE (F)
 YESTERDAY
  MAXIMUM         91    334 PM 104    1977  87      4       98
  MINIMUM         52    529 AM  41    1995  59     -7       75
  AVERAGE         72                        73     -1       87

PRECIPITATION (IN)
  YESTERDAY        0.00          0.48 1975   0.01  -0.01     0.00
  MONTH TO DATE    0.06                      0.13  -0.07      T
  SINCE OCT 1      9.41                      7.43   1.98     9.01
  SINCE JAN 1      5.81                      4.60   1.21     6.29

SNOWFALL (IN)
  YESTERDAY       MM

DEGREE DAYS
 HEATING
  YESTERDAY        0                         0      0        0
  MONTH TO DATE    0                         0      0        2
  SINCE JUN 1     43                        68    -25       72
  SINCE JUL 1      0                         8     -8        2

 COOLING
  YESTERDAY        7                         8     -1       22
  MONTH TO DATE  259                       173     86      166
  SINCE JUN 1    785                       576    209      593
  SINCE JAN 1    843                       613    230      625
..................................................................


WIND (MPH)
  HIGHEST WIND SPEED    29   HIGHEST WIND DIRECTION    NW (310)
  HIGHEST GUST SPEED    36   HIGHEST GUST DIRECTION    NW (310)
  AVERAGE WIND SPEED    10.4


SKY COVER
  POSSIBLE SUNSHINE  MM
  AVERAGE SKY COVER 0.0


WEATHER CONDITIONS
 THE FOLLOWING WEATHER WAS RECORDED YESTERDAY.
  NO SIGNIFICANT WEATHER WAS OBSERVED.


RELATIVE HUMIDITY (PERCENT)
 HIGHEST    66           500 AM
 LOWEST     17           300 PM
 AVERAGE    42

..........................................................


THE EPHRATA WA AIRPORT CLIMATE NORMALS FOR TODAY
                         NORMAL    RECORD    YEAR
 MAXIMUM TEMPERATURE (F)   87       103      1961
 MINIMUM TEMPERATURE (F)   58        45      1980


SUNRISE AND SUNSET
AUGUST 19 2017........SUNRISE   600 AM PDT   SUNSET   802 PM PDT
AUGUST 20 2017........SUNRISE   602 AM PDT   SUNSET   800 PM PDT


-  INDICATES NEGATIVE NUMBERS.
R  INDICATES RECORD WAS SET OR TIED.
MM INDICATES DATA IS MISSING.
T  INDICATES TRACE AMOUNT.




$$
