004
CDUS46 KOTX 300824
CLIEPH


CLIMATE REPORT
NATIONAL WEATHER SERVICE SPOKANE, WA
124 AM PDT MON MAY 30 2016


...................................

...THE EPHRATA WA AIRPORT CLIMATE SUMMARY FOR MAY 29 2016...

CLIMATE NORMAL PERIOD 1981 TO 2010
CLIMATE RECORD PERIOD 9999 TO 9999


WEATHER ITEM   OBSERVED TIME   RECORD YEAR NORMAL DEPARTURE LAST
                VALUE   (LST)  VALUE       VALUE  FROM      YEAR
                                                  NORMAL
..................................................................
TEMPERATURE (F)
 YESTERDAY
  MAXIMUM         76    318 PM  97    1983  76      0       89
  MINIMUM         46    428 AM  36    2001  50     -4       63
                                      1976
  AVERAGE         61                        63     -2       76

PRECIPITATION (IN)
  YESTERDAY        0.00          0.27 2013   0.02  -0.02      T
  MONTH TO DATE    0.53                      0.59  -0.06     1.18
  SINCE OCT 1      7.42                      6.23   1.19     6.85
  SINCE JAN 1      4.70                      3.40   1.30     4.06

SNOWFALL (IN)
  YESTERDAY       MM

DEGREE DAYS
 HEATING
  YESTERDAY        4                         4      0        0
  MONTH TO DATE   84                       204   -120       75
  SINCE MAR 1    905                      1328   -423      984
  SINCE JUL 1   4858                      5901  -1043     4678

 COOLING
  YESTERDAY        0                         2     -2       11
  MONTH TO DATE   27                        32     -5       64
  SINCE MAR 1     32                        34     -2       64
  SINCE JAN 1     32                        34     -2       64
..................................................................


WIND (MPH)
  HIGHEST WIND SPEED    25   HIGHEST WIND DIRECTION    NW (300)
  HIGHEST GUST SPEED    31   HIGHEST GUST DIRECTION     W (290)
  AVERAGE WIND SPEED    10.8


SKY COVER
  POSSIBLE SUNSHINE  MM
  AVERAGE SKY COVER 0.2


WEATHER CONDITIONS
 THE FOLLOWING WEATHER WAS RECORDED YESTERDAY.
  NO SIGNIFICANT WEATHER WAS OBSERVED.


RELATIVE HUMIDITY (PERCENT)
 HIGHEST    71           400 AM
 LOWEST     21           400 PM
 AVERAGE    46

..........................................................


THE EPHRATA WA AIRPORT CLIMATE NORMALS FOR TODAY
                         NORMAL    RECORD    YEAR
 MAXIMUM TEMPERATURE (F)   76       100      1986
 MINIMUM TEMPERATURE (F)   50        38      1982


SUNRISE AND SUNSET
MAY 30 2016...........SUNRISE   507 AM PDT   SUNSET   845 PM PDT
MAY 31 2016...........SUNRISE   506 AM PDT   SUNSET   846 PM PDT


-  INDICATES NEGATIVE NUMBERS.
R  INDICATES RECORD WAS SET OR TIED.
MM INDICATES DATA IS MISSING.
T  INDICATES TRACE AMOUNT.




$$
