000
CDUS46 KOTX 140826
CLIEPH


CLIMATE REPORT
NATIONAL WEATHER SERVICE SPOKANE, WA
1226 AM PST SUN FEB 14 2016


...................................

...THE EPHRATA WA AIRPORT CLIMATE SUMMARY FOR FEBRUARY 13 2016...

CLIMATE NORMAL PERIOD 1981 TO 2010
CLIMATE RECORD PERIOD 9999 TO 9999


WEATHER ITEM   OBSERVED TIME   RECORD YEAR NORMAL DEPARTURE LAST
                VALUE   (LST)  VALUE       VALUE  FROM      YEAR
                                                  NORMAL
..................................................................
TEMPERATURE (F)
 YESTERDAY
  MAXIMUM         49   1049 AM  60    1971  42      7       57
  MINIMUM         32    532 AM  12    1985  25      7       37
  AVERAGE         41                        34      7       47

PRECIPITATION (IN)
  YESTERDAY        0.04          0.31 1987   0.02   0.02     0.00
  MONTH TO DATE    0.18                      0.33  -0.15     0.59
  SINCE OCT 1      4.54                      4.07   0.47     4.09
  SINCE JAN 1      1.82                      1.24   0.58     1.30

SNOWFALL (IN)
  YESTERDAY       MM

DEGREE DAYS
 HEATING
  YESTERDAY       24                        31     -7       18
  MONTH TO DATE  380                       423    -43      280
  SINCE DEC 1   2450                      2712   -262     2200
  SINCE JUL 1   3606                      4131   -525     3347

 COOLING
  YESTERDAY        0                         0      0        0
  MONTH TO DATE    0                         0      0        0
  SINCE DEC 1      0                         0      0        0
  SINCE JAN 1      0                         0      0        0
..................................................................


WIND (MPH)
  HIGHEST WIND SPEED    18   HIGHEST WIND DIRECTION    SW (240)
  HIGHEST GUST SPEED    21   HIGHEST GUST DIRECTION    SW (230)
  AVERAGE WIND SPEED     7.6


SKY COVER
  POSSIBLE SUNSHINE  MM
  AVERAGE SKY COVER 0.5


WEATHER CONDITIONS
 THE FOLLOWING WEATHER WAS RECORDED YESTERDAY.
  LIGHT RAIN
  FOG
  FOG W/VISIBILITY <= 1/4 MILE


RELATIVE HUMIDITY (PERCENT)
 HIGHEST   100          1200 AM
 LOWEST     60          1000 AM
 AVERAGE    80

..........................................................


THE EPHRATA WA AIRPORT CLIMATE NORMALS FOR TODAY
                         NORMAL    RECORD    YEAR
 MAXIMUM TEMPERATURE (F)   42        61      1976
 MINIMUM TEMPERATURE (F)   25         8      1956


SUNRISE AND SUNSET
FEBRUARY 14 2016......SUNRISE   705 AM PST   SUNSET   520 PM PST
FEBRUARY 15 2016......SUNRISE   704 AM PST   SUNSET   521 PM PST


-  INDICATES NEGATIVE NUMBERS.
R  INDICATES RECORD WAS SET OR TIED.
MM INDICATES DATA IS MISSING.
T  INDICATES TRACE AMOUNT.




$$
