000
CDUS46 KOTX 180829
CLIEPH


CLIMATE REPORT
NATIONAL WEATHER SERVICE SPOKANE, WA
124 AM PDT FRI APR 18 2014


...................................

...THE EPHRATA WA AIRPORT CLIMATE SUMMARY FOR APRIL 17 2014...

CLIMATE NORMAL PERIOD 1981 TO 2010
CLIMATE RECORD PERIOD 9999 TO 9999


WEATHER ITEM   OBSERVED TIME   RECORD YEAR NORMAL DEPARTURE LAST
                VALUE   (LST)  VALUE       VALUE  FROM      YEAR
                                                  NORMAL
..................................................................
TEMPERATURE (F)
 YESTERDAY
  MAXIMUM         57   1254 PM  83    1994  63     -6       58
  MINIMUM         40   1159 PM  24    2013  38      2       24
  AVERAGE         49                        50     -1       41

PRECIPITATION (IN)
  YESTERDAY        0.09        0.27   1988  0.01   0.08     0.00
  MONTH TO DATE    0.09                     0.29  -0.20     0.56
  SINCE OCT 1      2.60                     5.45  -2.85     5.25
  SINCE JAN 1      1.85                     2.62  -0.77     1.45

SNOWFALL (IN)
  YESTERDAY       MM            MM     MM   0.0     MM       MM
  MONTH TO DATE   MM                        0.0     MM       MM
  SINCE MAR 1     MM                        0.8     MM       MM
  SINCE JUL 1     MM                       18.9     MM       MM
  SNOW DEPTH      MM

DEGREE DAYS
 HEATING
  YESTERDAY       16                        14      2       24
  MONTH TO DATE  212                       274    -62      282
  SINCE MAR 1    874                       958    -84      943
  SINCE JUL 1   5456                      5531    -75     5176

 COOLING
  YESTERDAY        0                         0      0        0
  MONTH TO DATE    0                         0      0        0
  SINCE MAR 1      0                         0      0        0
  SINCE JAN 1      0                         0      0        0
..................................................................


WIND (MPH)
  HIGHEST WIND SPEED    17   HIGHEST WIND DIRECTION     S (170)
  HIGHEST GUST SPEED    21   HIGHEST GUST DIRECTION     S (170)
  AVERAGE WIND SPEED     6.9


SKY COVER
  POSSIBLE SUNSHINE  MM
  AVERAGE SKY COVER 0.7


WEATHER CONDITIONS
 THE FOLLOWING WEATHER WAS RECORDED YESTERDAY.
  LIGHT RAIN
  FOG


RELATIVE HUMIDITY (PERCENT)
 HIGHEST    93           700 AM
 LOWEST     57          1200 PM
 AVERAGE    75

..........................................................


THE EPHRATA WA AIRPORT CLIMATE NORMALS FOR TODAY
                         NORMAL    RECORD    YEAR
 MAXIMUM TEMPERATURE (F)   63        84      1994
 MINIMUM TEMPERATURE (F)   38        24      1982


SUNRISE AND SUNSET
APRIL 18 2014.........SUNRISE   604 AM PDT   SUNSET   752 PM PDT
APRIL 19 2014.........SUNRISE   602 AM PDT   SUNSET   753 PM PDT


-  INDICATES NEGATIVE NUMBERS.
R  INDICATES RECORD WAS SET OR TIED.
MM INDICATES DATA IS MISSING.
T  INDICATES TRACE AMOUNT.

$$
