000
CDUS46 KOTX 260830
CLIEPH


CLIMATE REPORT
NATIONAL WEATHER SERVICE SPOKANE, WA
130 AM PDT THU MAR 26 2015


...................................

...THE EPHRATA WA AIRPORT CLIMATE SUMMARY FOR MARCH 25 2015...

CLIMATE NORMAL PERIOD 1981 TO 2010
CLIMATE RECORD PERIOD 9999 TO 9999


WEATHER ITEM   OBSERVED TIME   RECORD YEAR NORMAL DEPARTURE LAST
                VALUE   (LST)  VALUE       VALUE  FROM      YEAR
                                                  NORMAL
..................................................................
TEMPERATURE (F)
 YESTERDAY
  MAXIMUM         54   1258 PM  75    1960  57     -3       60
  MINIMUM         40    525 AM  19    1996  34      6       42
  AVERAGE         47                        46      1       51

PRECIPITATION (IN)
  YESTERDAY        0.01          0.35 2004   0.01   0.00     0.00
  MONTH TO DATE    1.01                      0.56   0.45     0.53
  SINCE OCT 1      5.10                      5.04   0.06     2.25
  SINCE JAN 1      2.31                      2.21   0.10     1.50

DEGREE DAYS
 HEATING
  YESTERDAY       18                        19     -1       14
  MONTH TO DATE  436                       573   -137      538
  SINCE MAR 1    436                       573   -137      538
  SINCE JUL 1   4130                      5146  -1016     5120

 COOLING
  YESTERDAY        0                         0      0        0
  MONTH TO DATE    0                         0      0        0
  SINCE MAR 1      0                         0      0        0
  SINCE JAN 1      0                         0      0        0
..................................................................


WIND (MPH)
  HIGHEST WIND SPEED    15   HIGHEST WIND DIRECTION     S (200)
  HIGHEST GUST SPEED    19   HIGHEST GUST DIRECTION    SW (210)
  AVERAGE WIND SPEED     6.6


SKY COVER
  POSSIBLE SUNSHINE  MM
  AVERAGE SKY COVER 0.7


WEATHER CONDITIONS
 THE FOLLOWING WEATHER WAS RECORDED YESTERDAY.
  LIGHT RAIN


RELATIVE HUMIDITY (PERCENT)
 HIGHEST    93           900 PM
 LOWEST     62          1200 AM
 AVERAGE    78

..........................................................


THE EPHRATA WA AIRPORT CLIMATE NORMALS FOR TODAY
                         NORMAL    RECORD    YEAR
 MAXIMUM TEMPERATURE (F)   58        72      1994
 MINIMUM TEMPERATURE (F)   34        20      1955


SUNRISE AND SUNSET
MARCH 26 2015.........SUNRISE   649 AM PDT   SUNSET   719 PM PDT
MARCH 27 2015.........SUNRISE   647 AM PDT   SUNSET   720 PM PDT


-  INDICATES NEGATIVE NUMBERS.
R  INDICATES RECORD WAS SET OR TIED.
MM INDICATES DATA IS MISSING.
T  INDICATES TRACE AMOUNT.




$$
