000
CDUS46 KOTX 250822
CLIEPH


CLIMATE REPORT
NATIONAL WEATHER SERVICE SPOKANE, WA
1221 AM PST THU DEC 25 2014


...................................

...THE EPHRATA WA AIRPORT CLIMATE SUMMARY FOR DECEMBER 24 2014...

CLIMATE NORMAL PERIOD 1981 TO 2010
CLIMATE RECORD PERIOD 9999 TO 9999


WEATHER ITEM   OBSERVED TIME   RECORD YEAR NORMAL DEPARTURE LAST
                VALUE   (LST)  VALUE       VALUE  FROM      YEAR
                                                  NORMAL
..................................................................
TEMPERATURE (F)
 YESTERDAY
  MAXIMUM         46    340 PM  53    1957  32     14       42
  MINIMUM         35    951 PM  -3    1983  20     15       20
  AVERAGE         41                        26     15       31

PRECIPITATION (IN)
  YESTERDAY        T             0.40 1968   0.04  -0.04     0.00
  MONTH TO DATE    0.75                      0.98  -0.23     0.02
  SINCE OCT 1      2.79                      2.57   0.22     0.75
  SINCE JAN 1      6.97                      7.59  -0.62     5.72

SNOWFALL (IN)
  YESTERDAY       MM

DEGREE DAYS
 HEATING
  YESTERDAY       24                        39    -15       34
  MONTH TO DATE  680                       896   -216      966
  SINCE DEC 1    680                       896   -216      966
  SINCE JUL 1   1827                      2315   -488     2335

 COOLING
  YESTERDAY        0                         0      0        0
  MONTH TO DATE    0                         0      0        0
  SINCE DEC 1      0                         0      0        0
  SINCE JAN 1   1137                       772    365     1084
..................................................................


WIND (MPH)
  HIGHEST WIND SPEED    24   HIGHEST WIND DIRECTION    NW (320)
  HIGHEST GUST SPEED    31   HIGHEST GUST DIRECTION    NW (320)
  AVERAGE WIND SPEED    10.5


SKY COVER
  POSSIBLE SUNSHINE  MM
  AVERAGE SKY COVER 0.6


WEATHER CONDITIONS
 THE FOLLOWING WEATHER WAS RECORDED YESTERDAY.
  LIGHT RAIN


RELATIVE HUMIDITY (PERCENT)
 HIGHEST    92           900 AM
 LOWEST     45           600 PM
 AVERAGE    69

..........................................................


THE EPHRATA WA AIRPORT CLIMATE NORMALS FOR TODAY
                         NORMAL    RECORD    YEAR
 MAXIMUM TEMPERATURE (F)   32        53      1958
 MINIMUM TEMPERATURE (F)   20        -1      1964


SUNRISE AND SUNSET
DECEMBER 25 2014......SUNRISE   744 AM PST   SUNSET   413 PM PST
DECEMBER 26 2014......SUNRISE   744 AM PST   SUNSET   413 PM PST


-  INDICATES NEGATIVE NUMBERS.
R  INDICATES RECORD WAS SET OR TIED.
MM INDICATES DATA IS MISSING.
T  INDICATES TRACE AMOUNT.




$$
