000
CDUS41 KCLE 270526
CLIERI


CLIMATE REPORT
NATIONAL WEATHER SERVICE CLEVELAND OH
1226 AM EST MON FEB 27 2017


...................................

...THE ERIE PA CLIMATE SUMMARY FOR FEBRUARY 26 2017...

CLIMATE NORMAL PERIOD 1981 TO 2010
CLIMATE RECORD PERIOD 1873 TO 2017


WEATHER ITEM   OBSERVED TIME   RECORD YEAR NORMAL DEPARTURE LAST
                VALUE   (LST)  VALUE       VALUE  FROM      YEAR
                                                  NORMAL
..................................................................
TEMPERATURE (F)
 YESTERDAY
  MAXIMUM         39   1158 PM  75    2000  38      1       29
  MINIMUM         26    845 AM -11    1963  23      3       22
  AVERAGE         33                        30      3       26

PRECIPITATION (IN)
  YESTERDAY        0.01                      0.09  -0.08     0.02
  MONTH TO DATE    2.54                      2.20   0.34     3.71
  SINCE DEC 1     11.30                      8.89   2.41     9.98
  SINCE JAN 1      7.42                      5.15   2.27     6.09

SNOWFALL (IN)
  YESTERDAY        0.3                       0.6   -0.3      0.3
  MONTH TO DATE   10.3                      17.0   -6.7     23.4
  SINCE DEC 1     65.9                      74.1   -8.2     66.7
  SINCE JUL 1     68.3                      82.8  -14.5     67.2
  SNOW DEPTH       1

DEGREE DAYS
 HEATING
  YESTERDAY       32                        35     -3       39
  MONTH TO DATE  715                       959   -244      879
  SINCE DEC 1   2686                      3141   -455     2642
  SINCE JUL 1   3466                      4297   -831     3533

 COOLING
  YESTERDAY        0                         0      0        0
  MONTH TO DATE    0                         0      0        0
  SINCE DEC 1      0                         0      0        0
  SINCE JAN 1      0                         0      0        0
..................................................................


WIND (MPH)
  HIGHEST WIND SPEED    25   HIGHEST WIND DIRECTION    SW (210)
  HIGHEST GUST SPEED    31   HIGHEST GUST DIRECTION    SW (210)
  AVERAGE WIND SPEED    15.4


SKY COVER
  POSSIBLE SUNSHINE  MM
  AVERAGE SKY COVER 0.6


WEATHER CONDITIONS
 THE FOLLOWING WEATHER WAS RECORDED YESTERDAY.
  LIGHT SNOW


RELATIVE HUMIDITY (PERCENT)
 HIGHEST    75           100 AM
 LOWEST     44           900 PM
 AVERAGE    60

..........................................................


THE ERIE PA CLIMATE NORMALS FOR TODAY
                         NORMAL    RECORD    YEAR
 MAXIMUM TEMPERATURE (F)   38        64      1997
 MINIMUM TEMPERATURE (F)   23        -9      2015


SUNRISE AND SUNSET
FEBRUARY 27 2017......SUNRISE   659 AM EST   SUNSET   609 PM EST
FEBRUARY 28 2017......SUNRISE   657 AM EST   SUNSET   610 PM EST


-  INDICATES NEGATIVE NUMBERS.
R  INDICATES RECORD WAS SET OR TIED.
MM INDICATES DATA IS MISSING.
T  INDICATES TRACE AMOUNT.




$$
