000
CDUS41 KCLE 272110
CLIERI


CLIMATE REPORT
NATIONAL WEATHER SERVICE CLEVELAND OH
510 PM EDT TUE JUN 27 2017


...................................

...THE ERIE PA CLIMATE SUMMARY FOR JUNE 27 2017...
VALID TODAY AS OF 0500 PM LOCAL TIME.

CLIMATE NORMAL PERIOD 1981 TO 2010
CLIMATE RECORD PERIOD 1873 TO 2017


WEATHER ITEM   OBSERVED TIME   RECORD YEAR NORMAL DEPARTURE LAST
                VALUE   (LST)  VALUE       VALUE  FROM      YEAR
                                                  NORMAL
..................................................................
TEMPERATURE (F)
 TODAY
  MAXIMUM         67    350 PM  95    1944  79    -12       87
  MINIMUM         51    405 AM  47    1981  62    -11       73
  AVERAGE         59                        70    -11       80

PRECIPITATION (IN)
  TODAY            0.11                      0.12  -0.01     0.57
  MONTH TO DATE    7.53                      3.39   4.14     1.84
  SINCE JUN 1      7.53                      3.39   4.14     1.84
  SINCE JAN 1     27.52                     18.45   9.07    14.61

SNOWFALL (IN)
  TODAY            0.0                       0.0    0.0      0.0
  MONTH TO DATE    0.0                       0.0    0.0      0.0
  SINCE JUN 1      0.0                       0.0    0.0      0.0
  SINCE JUL 1     78.6                     100.9  -22.3     71.2
  SNOW DEPTH       0

DEGREE DAYS
 HEATING
  TODAY            6                         1      5        0
  MONTH TO DATE   48                        59    -11       40
  SINCE JUN 1     48                        59    -11       40
  SINCE JUL 1   5105                      6145  -1040     5210

 COOLING
  TODAY            0                         6     -6       15
  MONTH TO DATE  127                       105     22      145
  SINCE JUN 1    127                       105     22      145
  SINCE JAN 1    171                       144     27      220
..................................................................


WIND (MPH)
  HIGHEST WIND SPEED    21   HIGHEST WIND DIRECTION     W (260)
  HIGHEST GUST SPEED    36   HIGHEST GUST DIRECTION    SW (240)


SKY COVER
  POSSIBLE SUNSHINE  MM
  AVERAGE SKY COVER 0.7


WEATHER CONDITIONS
 THE FOLLOWING WEATHER WAS RECORDED TODAY.
  THUNDERSTORM
  LIGHT RAIN


RELATIVE HUMIDITY (PERCENT)
 HIGHEST    89           500 AM
 LOWEST     58           400 PM
 AVERAGE    74

..........................................................


THE ERIE PA CLIMATE NORMALS FOR TOMORROW
                         NORMAL    RECORD    YEAR
 MAXIMUM TEMPERATURE (F)   79        94      1944
                                             1934
 MINIMUM TEMPERATURE (F)   62        46      1970


SUNRISE AND SUNSET
JUNE 27 2017..........SUNRISE   547 AM EDT   SUNSET   901 PM EDT
JUNE 28 2017..........SUNRISE   547 AM EDT   SUNSET   901 PM EDT


-  INDICATES NEGATIVE NUMBERS.
R  INDICATES RECORD WAS SET OR TIED.
MM INDICATES DATA IS MISSING.
T  INDICATES TRACE AMOUNT.




$$
