413
CDUS41 KCLE 220539
CLIERI


CLIMATE REPORT
NATIONAL WEATHER SERVICE CLEVELAND OH
126 AM EDT FRI MAY 22 2015


...................................

...THE ERIE PA CLIMATE SUMMARY FOR MAY 21 2015...

CLIMATE NORMAL PERIOD 1981 TO 2010
CLIMATE RECORD PERIOD 1873 TO 2015


WEATHER ITEM   OBSERVED TIME   RECORD YEAR NORMAL DEPARTURE LAST
                VALUE   (LST)  VALUE       VALUE  FROM      YEAR
                                                  NORMAL
..................................................................
TEMPERATURE (F)
 YESTERDAY
  MAXIMUM         59   1126 AM  88    1911  68     -9       75
  MINIMUM         47    541 AM  32    1954  50     -3       59
  AVERAGE         53                        59     -6       67

PRECIPITATION (IN)
  YESTERDAY        0.00                      0.11  -0.11     0.93
  MONTH TO DATE    1.55                      2.29  -0.74     3.19
  SINCE MAR 1      6.52                      8.57  -2.05    10.18
  SINCE JAN 1     12.28                     13.91  -1.63    16.09

SNOWFALL (IN)
  YESTERDAY        0.0                       0.0    0.0      0.0
  MONTH TO DATE    0.0                       0.0    0.0      0.0
  SINCE MAR 1     10.9                      16.9   -6.0     18.8
  SINCE JUL 1    110.3                     100.9    9.4    138.4
  SNOW DEPTH       0

DEGREE DAYS
 HEATING
  YESTERDAY       12                         7      5        0
  MONTH TO DATE  125                       209    -84      192
  SINCE MAR 1   1701                      1663     38     1861
  SINCE JUL 1   6577                      6028    549     6682

 COOLING
  YESTERDAY        0                         1     -1        2
  MONTH TO DATE   60                        16     44       28
  SINCE MAR 1     60                        23     37       28
  SINCE JAN 1     60                        23     37       28
..................................................................


WIND (MPH)
  HIGHEST WIND SPEED    16   HIGHEST WIND DIRECTION    SW (240)
  HIGHEST GUST SPEED    23   HIGHEST GUST DIRECTION     W (250)
  AVERAGE WIND SPEED     7.2


SKY COVER
  POSSIBLE SUNSHINE  MM
  AVERAGE SKY COVER 0.8


WEATHER CONDITIONS
 THE FOLLOWING WEATHER WAS RECORDED YESTERDAY.
  NO SIGNIFICANT WEATHER WAS OBSERVED.


RELATIVE HUMIDITY (PERCENT)
 HIGHEST    76          1200 AM
 LOWEST     33          1100 AM
 AVERAGE    55

..........................................................


THE ERIE PA CLIMATE NORMALS FOR TODAY
                         NORMAL    RECORD    YEAR
 MAXIMUM TEMPERATURE (F)   68        87      2013
                                             1902
 MINIMUM TEMPERATURE (F)   50        35      2006


SUNRISE AND SUNSET
MAY 22 2015...........SUNRISE   554 AM EDT   SUNSET   841 PM EDT
MAY 23 2015...........SUNRISE   553 AM EDT   SUNSET   842 PM EDT


-  INDICATES NEGATIVE NUMBERS.
R  INDICATES RECORD WAS SET OR TIED.
MM INDICATES DATA IS MISSING.
T  INDICATES TRACE AMOUNT.




$$
