000
CDUS46 KPQR 201142
CLIEUG


CLIMATE REPORT
NATIONAL WEATHER SERVICE PORTLAND OREGON
442 AM PDT SAT SEP 20 2014


...................................

...THE EUGENE OR CLIMATE SUMMARY FOR SEPTEMBER 19 2014...

CLIMATE NORMAL PERIOD 1981 TO 2010
CLIMATE RECORD PERIOD 1892 TO 2014


WEATHER ITEM   OBSERVED TIME   RECORD YEAR NORMAL DEPARTURE LAST
                VALUE   (LST)  VALUE       VALUE  FROM      YEAR
                                                  NORMAL
..................................................................
TEMPERATURE (F)
 YESTERDAY
  MAXIMUM         85    333 PM  93    1974  76      9       81
  MINIMUM         50    459 AM  35    1947  46      4       43
  AVERAGE         68                        61      7       62

PRECIPITATION (IN)
  YESTERDAY        0.00          1.47 1921   0.05  -0.05     0.00
  MONTH TO DATE    0.01                      0.72  -0.71     1.52
  SINCE OCT 1     27.20                     45.53 -18.33    30.78
  SINCE JAN 1     23.01                     26.73  -3.72    11.44

SNOWFALL (IN)
  YESTERDAY        0.0
  MONTH TO DATE    0.0
  SINCE SEP 1      0.0
  SINCE JUL 1      0.0

DEGREE DAYS
 HEATING
  YESTERDAY        0                         4     -4        3
  MONTH TO DATE    7                        55    -48       10
  SINCE SEP 1      7                        55    -48       10
  SINCE JUL 1     14                       122   -108       28

 COOLING
  YESTERDAY        3                         1      2        0
  MONTH TO DATE   46                        26     20       63
  SINCE SEP 1     46                        26     20       63
  SINCE JAN 1    454                       234    220      411
..................................................................


WIND (MPH)
  HIGHEST WIND SPEED    20   HIGHEST WIND DIRECTION     N (10)
  HIGHEST GUST SPEED    25   HIGHEST GUST DIRECTION     N (360)
  AVERAGE WIND SPEED     6.6


SKY COVER
  POSSIBLE SUNSHINE  MM
  AVERAGE SKY COVER 0.1


WEATHER CONDITIONS
 THE FOLLOWING WEATHER WAS RECORDED YESTERDAY.
  FOG


RELATIVE HUMIDITY (PERCENT)
 HIGHEST    93           300 AM
 LOWEST     25           400 PM
 AVERAGE    59

..........................................................


THE EUGENE OR CLIMATE NORMALS FOR TODAY
                         NORMAL    RECORD    YEAR
 MAXIMUM TEMPERATURE (F)   76        94      1974
                                             1952
 MINIMUM TEMPERATURE (F)   46        35      1947


SUNRISE AND SUNSET
SEPTEMBER 20 2014.....SUNRISE   658 AM PDT   SUNSET   714 PM PDT
SEPTEMBER 21 2014.....SUNRISE   659 AM PDT   SUNSET   712 PM PDT


-  INDICATES NEGATIVE NUMBERS.
R  INDICATES RECORD WAS SET OR TIED.
MM INDICATES DATA IS MISSING.
T  INDICATES TRACE AMOUNT.




$$
