541
CDUS46 KPQR 231148
CLIEUG


CLIMATE REPORT
NATIONAL WEATHER SERVICE PORTLAND OREGON
448 AM PDT FRI JUN 23 2017


...................................

...THE EUGENE OR CLIMATE SUMMARY FOR JUNE 22 2017...

CLIMATE NORMAL PERIOD 1981 TO 2010
CLIMATE RECORD PERIOD 1892 TO 2017


WEATHER ITEM   OBSERVED TIME   RECORD YEAR NORMAL DEPARTURE LAST
                VALUE   (LST)  VALUE       VALUE  FROM      YEAR
                                                  NORMAL
..................................................................
TEMPERATURE (F)
 YESTERDAY
  MAXIMUM         82    438 PM 102    1992  75      7       82
  MINIMUM         48    415 AM  39    2009  49     -1       43
                                      1987
                                      1979
  AVERAGE         65                        62      3       63

PRECIPITATION (IN)
  YESTERDAY        T             0.83 1913   0.04  -0.04     0.00
  MONTH TO DATE    1.38                      1.28   0.10     0.76
  SINCE OCT 1     45.04                     43.44   1.60    39.53
  SINCE JAN 1     25.45                     24.64   0.81    20.69

SNOWFALL (IN)
  YESTERDAY       MM
  MONTH TO DATE    0.0
  SINCE JUN 1      0.0
  SINCE JUL 1      5.1

DEGREE DAYS
 HEATING
  YESTERDAY        0                         4     -4        2
  MONTH TO DATE  116                       130    -14       92
  SINCE JUN 1    116                       130    -14       92
  SINCE JUL 1   4549                      4779   -230     3877

 COOLING
  YESTERDAY        0                         1     -1        0
  MONTH TO DATE    8                         7      1       49
  SINCE JUN 1      8                         7      1       49
  SINCE JAN 1     21                        12      9       52
..................................................................


WIND (MPH)
  HIGHEST WIND SPEED    24   HIGHEST WIND DIRECTION     N (20)
  HIGHEST GUST SPEED    31   HIGHEST GUST DIRECTION     N (20)
  AVERAGE WIND SPEED    13.8


SKY COVER
  POSSIBLE SUNSHINE  MM
  AVERAGE SKY COVER 0.0


WEATHER CONDITIONS
 THE FOLLOWING WEATHER WAS RECORDED YESTERDAY.
  NO SIGNIFICANT WEATHER WAS OBSERVED.


RELATIVE HUMIDITY (PERCENT)
 HIGHEST    93           400 AM
 LOWEST     28           500 PM
 AVERAGE    61

..........................................................


THE EUGENE OR CLIMATE NORMALS FOR TODAY
                         NORMAL    RECORD    YEAR
 MAXIMUM TEMPERATURE (F)   75        97      1992
 MINIMUM TEMPERATURE (F)   49        34      2007


SUNRISE AND SUNSET
JUNE 23 2017..........SUNRISE   530 AM PDT   SUNSET   900 PM PDT
JUNE 24 2017..........SUNRISE   531 AM PDT   SUNSET   900 PM PDT


-  INDICATES NEGATIVE NUMBERS.
R  INDICATES RECORD WAS SET OR TIED.
MM INDICATES DATA IS MISSING.
T  INDICATES TRACE AMOUNT.




$$
