000
CDUS46 KPQR 300221
CLIEUG


CLIMATE REPORT
NATIONAL WEATHER SERVICE PORTLAND OREGON
721 PM PDT SUN MAY 29 2016


...................................

...THE EUGENE OR CLIMATE SUMMARY FOR MAY 29 2016...
VALID TODAY AS OF 0700 PM LOCAL TIME.

CLIMATE NORMAL PERIOD 1981 TO 2010
CLIMATE RECORD PERIOD 1892 TO 2016


WEATHER ITEM   OBSERVED TIME   RECORD YEAR NORMAL DEPARTURE LAST
                VALUE   (LST)  VALUE       VALUE  FROM      YEAR
                                                  NORMAL
..................................................................
TEMPERATURE (F)
 TODAY
  MAXIMUM         72    453 PM  89    1931  69      3       81
  MINIMUM         43    447 AM  31    2001  45     -2       51
  AVERAGE         58                        57      1       66

PRECIPITATION (IN)
  TODAY            0.00          1.46 1932   0.09  -0.09     0.00
  MONTH TO DATE    1.30                      2.57  -1.27     0.79
  SINCE OCT 1     38.77                     41.99  -3.22    29.03
  SINCE JAN 1     19.93                     23.19  -3.26    11.98

SNOWFALL (IN)
  TODAY            0.0
  MONTH TO DATE    0.0
  SINCE MAR 1      0.0
  SINCE JUL 1      0.0

DEGREE DAYS
 HEATING
  TODAY            7                         8     -1        0
  MONTH TO DATE  193                       290    -97      210
  SINCE MAR 1    973                      1305   -332     1093
  SINCE JUL 1   3778                      4632   -854     3655

 COOLING
  TODAY            0                         0      0        1
  MONTH TO DATE    3                         0      3        1
  SINCE MAR 1      3                         0      3        1
  SINCE JAN 1      3                         0      3        1
..................................................................


WIND (MPH)
  HIGHEST WIND SPEED    12   HIGHEST WIND DIRECTION     N (10)
  HIGHEST GUST SPEED    14   HIGHEST GUST DIRECTION    NE (40)
  AVERAGE WIND SPEED     4.1


SKY COVER
  POSSIBLE SUNSHINE  MM
  AVERAGE SKY COVER 0.5


WEATHER CONDITIONS
 THE FOLLOWING WEATHER WAS RECORDED TODAY.
  FOG


RELATIVE HUMIDITY (PERCENT)
 HIGHEST    92           400 AM
 LOWEST     44           400 PM
 AVERAGE    68

..........................................................


THE EUGENE OR CLIMATE NORMALS FOR TOMORROW
                         NORMAL    RECORD    YEAR
 MAXIMUM TEMPERATURE (F)   69        92      1931
 MINIMUM TEMPERATURE (F)   45        33      1920


SUNRISE AND SUNSET
MAY 29 2016...........SUNRISE   534 AM PDT   SUNSET   847 PM PDT
MAY 30 2016...........SUNRISE   533 AM PDT   SUNSET   848 PM PDT


-  INDICATES NEGATIVE NUMBERS.
R  INDICATES RECORD WAS SET OR TIED.
MM INDICATES DATA IS MISSING.
T  INDICATES TRACE AMOUNT.




$$
