000
CDUS46 KPQR 061142
CLIEUG


CLIMATE REPORT
NATIONAL WEATHER SERVICE PORTLAND OREGON
441 AM PDT FRI MAY 6 2016


...................................

...THE EUGENE OR CLIMATE SUMMARY FOR MAY 5 2016...

CLIMATE NORMAL PERIOD 1981 TO 2010
CLIMATE RECORD PERIOD 1892 TO 2016


WEATHER ITEM   OBSERVED TIME   RECORD YEAR NORMAL DEPARTURE LAST
                VALUE   (LST)  VALUE       VALUE  FROM      YEAR
                                                  NORMAL
..................................................................
TEMPERATURE (F)
 YESTERDAY
  MAXIMUM         67    226 PM  86    2013  65      2       66
                                      1953
                                      1931
  MINIMUM         48   1138 PM  31    1978  42      6       42
  AVERAGE         58                        53      5       54

PRECIPITATION (IN)
  YESTERDAY        0.00          1.57 1963   0.09  -0.09     0.01
  MONTH TO DATE    0.03                      0.45  -0.42     0.01
  SINCE OCT 1     37.50                     39.87  -2.37    28.25
  SINCE JAN 1     18.66                     21.07  -2.41    11.20

SNOWFALL (IN)
  YESTERDAY        0.0
  MONTH TO DATE    0.0
  SINCE MAR 1      0.0
  SINCE JUL 1      0.0

DEGREE DAYS
 HEATING
  YESTERDAY        7                        12     -5       11
  MONTH TO DATE   24                        60    -36       52
  SINCE MAR 1    804                      1075   -271      935
  SINCE JUL 1   3609                      4402   -793     3497

 COOLING
  YESTERDAY        0                         0      0        0
  MONTH TO DATE    1                         0      1        0
  SINCE MAR 1      1                         0      1        0
  SINCE JAN 1      1                         0      1        0
..................................................................


WIND (MPH)
  HIGHEST WIND SPEED    16   HIGHEST WIND DIRECTION    NE (30)
  HIGHEST GUST SPEED    20   HIGHEST GUST DIRECTION    NE (30)
  AVERAGE WIND SPEED     7.0


SKY COVER
  POSSIBLE SUNSHINE  MM
  AVERAGE SKY COVER 0.8


WEATHER CONDITIONS
 THE FOLLOWING WEATHER WAS RECORDED YESTERDAY.
  NO SIGNIFICANT WEATHER WAS OBSERVED.


RELATIVE HUMIDITY (PERCENT)
 HIGHEST    89          1200 AM
 LOWEST     58           400 PM
 AVERAGE    74

..........................................................


THE EUGENE OR CLIMATE NORMALS FOR TODAY
                         NORMAL    RECORD    YEAR
 MAXIMUM TEMPERATURE (F)   65        85      1992
                                             1987
 MINIMUM TEMPERATURE (F)   42        31      1984


SUNRISE AND SUNSET
MAY  6 2016...........SUNRISE   557 AM PDT   SUNSET   823 PM PDT
MAY  7 2016...........SUNRISE   555 AM PDT   SUNSET   824 PM PDT


-  INDICATES NEGATIVE NUMBERS.
R  INDICATES RECORD WAS SET OR TIED.
MM INDICATES DATA IS MISSING.
T  INDICATES TRACE AMOUNT.




$$
