000
CDUS46 KPQR 221142
CLIEUG


CLIMATE REPORT
NATIONAL WEATHER SERVICE PORTLAND OREGON
441 AM PDT FRI AUG 22 2014


...................................

...THE EUGENE OR CLIMATE SUMMARY FOR AUGUST 21 2014...

CLIMATE NORMAL PERIOD 1981 TO 2010
CLIMATE RECORD PERIOD 1892 TO 2014


WEATHER ITEM   OBSERVED TIME   RECORD YEAR NORMAL DEPARTURE LAST
                VALUE   (LST)  VALUE       VALUE  FROM      YEAR
                                                  NORMAL
..................................................................
TEMPERATURE (F)
 YESTERDAY
  MAXIMUM         86    331 PM  98    1950  82      4       87
  MINIMUM         45    518 AM  39    1985  51     -6       54
  AVERAGE         66                        66      0       71

PRECIPITATION (IN)
  YESTERDAY        0.00          1.88 1979   0.02  -0.02     0.00
  MONTH TO DATE    0.19                      0.33  -0.14     0.01
  SINCE OCT 1     27.19                     44.53 -17.34    29.02
  SINCE JAN 1     23.00                     25.73  -2.73     9.68

SNOWFALL (IN)
  YESTERDAY        0.0
  MONTH TO DATE    0.0
  SINCE JUN 1      0.0
  SINCE JUL 1      0.0

DEGREE DAYS
 HEATING
  YESTERDAY        0                         1     -1        0
  MONTH TO DATE    0                        21    -21        8
  SINCE JUN 1    113                       214   -101      106
  SINCE JUL 1      6                        57    -51       14

 COOLING
  YESTERDAY        1                         3     -2        6
  MONTH TO DATE  153                        72     81       99
  SINCE JUN 1    352                       184    168      293
  SINCE JAN 1    355                       189    166      298
..................................................................


WIND (MPH)
  HIGHEST WIND SPEED    15   HIGHEST WIND DIRECTION     W (280)
  HIGHEST GUST SPEED    19   HIGHEST GUST DIRECTION    NW (300)
  AVERAGE WIND SPEED     3.5


SKY COVER
  POSSIBLE SUNSHINE  MM
  AVERAGE SKY COVER 0.3


WEATHER CONDITIONS
 THE FOLLOWING WEATHER WAS RECORDED YESTERDAY.
  FOG


RELATIVE HUMIDITY (PERCENT)
 HIGHEST    93           600 AM
 LOWEST     20           200 PM
 AVERAGE    57

..........................................................


THE EUGENE OR CLIMATE NORMALS FOR TODAY
                         NORMAL    RECORD    YEAR
 MAXIMUM TEMPERATURE (F)   82        96      1988
                                             1964
                                             1942
 MINIMUM TEMPERATURE (F)   51        38      1955


SUNRISE AND SUNSET
AUGUST 22 2014........SUNRISE   625 AM PDT   SUNSET   806 PM PDT
AUGUST 23 2014........SUNRISE   626 AM PDT   SUNSET   804 PM PDT


-  INDICATES NEGATIVE NUMBERS.
R  INDICATES RECORD WAS SET OR TIED.
MM INDICATES DATA IS MISSING.
T  INDICATES TRACE AMOUNT.




$$
