000
CDUS46 KPQR 231141
CLIEUG


CLIMATE REPORT
NATIONAL WEATHER SERVICE PORTLAND OREGON
341 AM PST THU NOV 23 2017


...................................

...THE EUGENE OR CLIMATE SUMMARY FOR NOVEMBER 22 2017...

CLIMATE NORMAL PERIOD 1981 TO 2010
CLIMATE RECORD PERIOD 1892 TO 2017


WEATHER ITEM   OBSERVED TIME   RECORD YEAR NORMAL DEPARTURE LAST
                VALUE   (LST)  VALUE       VALUE  FROM      YEAR
                                                  NORMAL
..................................................................
TEMPERATURE (F)
 YESTERDAY
  MAXIMUM         62    503 PM  65    1915  50     12       53
  MINIMUM         54    702 AM  19    2013  37     17       40
  AVERAGE         58                        43     15       47

PRECIPITATION (IN)
  YESTERDAY        0.12          2.93 1961   0.28  -0.16     0.28
  MONTH TO DATE    5.80                      5.34   0.46     2.57
  SINCE OCT 1      9.88                      8.59   1.29    12.76
  SINCE JAN 1     36.54                     35.89   0.65    34.50

SNOWFALL (IN)
  YESTERDAY        0.0
  MONTH TO DATE    0.0
  SINCE SEP 1      0.0
  SINCE JUL 1      0.0

DEGREE DAYS
 HEATING
  YESTERDAY        7                        22    -15       18
  MONTH TO DATE  413                       422     -9      275
  SINCE SEP 1    942                       925     17      665
  SINCE JUL 1    958                       992    -34      688

 COOLING
  YESTERDAY        0                         0      0        0
  MONTH TO DATE    0                         0      0        0
  SINCE SEP 1     74                        31     43       12
  SINCE JAN 1    376                       239    137      325
..................................................................


WIND (MPH)
  HIGHEST WIND SPEED    21   HIGHEST WIND DIRECTION    SE (130)
  HIGHEST GUST SPEED    23   HIGHEST GUST DIRECTION    SE (130)
  AVERAGE WIND SPEED     5.5


SKY COVER
  POSSIBLE SUNSHINE  MM
  AVERAGE SKY COVER 0.8


WEATHER CONDITIONS
 THE FOLLOWING WEATHER WAS RECORDED YESTERDAY.
  LIGHT RAIN
  FOG


RELATIVE HUMIDITY (PERCENT)
 HIGHEST   100           400 AM
 LOWEST     90          1100 AM
 AVERAGE    95

..........................................................


THE EUGENE OR CLIMATE NORMALS FOR TODAY
                         NORMAL    RECORD    YEAR
 MAXIMUM TEMPERATURE (F)   50        71      1913
 MINIMUM TEMPERATURE (F)   37        18      1985


SUNRISE AND SUNSET
NOVEMBER 23 2017......SUNRISE   719 AM PST   SUNSET   440 PM PST
NOVEMBER 24 2017......SUNRISE   720 AM PST   SUNSET   439 PM PST


-  INDICATES NEGATIVE NUMBERS.
R  INDICATES RECORD WAS SET OR TIED.
MM INDICATES DATA IS MISSING.
T  INDICATES TRACE AMOUNT.




$$
