000
CDUS46 KPQR 180234
CLIEUG


CLIMATE REPORT
NATIONAL WEATHER SERVICE PORTLAND OREGON
634 PM PST TUE JAN 17 2017


...................................

...THE EUGENE OR CLIMATE SUMMARY FOR JANUARY 17 2017...
VALID TODAY AS OF 0600 PM LOCAL TIME.

CLIMATE NORMAL PERIOD 1981 TO 2010
CLIMATE RECORD PERIOD 1892 TO 2017


WEATHER ITEM   OBSERVED TIME   RECORD YEAR NORMAL DEPARTURE LAST
                VALUE   (LST)  VALUE       VALUE  FROM      YEAR
                                                  NORMAL
..................................................................
TEMPERATURE (F)
 TODAY
  MAXIMUM         47    508 PM  67    1975  47      0       50
  MINIMUM         27   1240 AM  12    1907  34     -7       43
  AVERAGE         37                        41     -4       47

PRECIPITATION (IN)
  TODAY            0.07          2.37 2006   0.23  -0.16     1.26
  MONTH TO DATE    3.07                      4.01  -0.94     3.43
  SINCE OCT 1     22.66                     22.81  -0.15    22.27
  SINCE JAN 1      3.07                      4.01  -0.94     3.43

SNOWFALL (IN)
  TODAY           MM
  MONTH TO DATE    5.1
  SINCE DEC 1      5.1
  SINCE JUL 1      5.1

DEGREE DAYS
 HEATING
  TODAY           28                        24      4       18
  MONTH TO DATE  572                       421    151      430
  SINCE DEC 1   1443                      1205    238     1078
  SINCE JUL 1   2276                      2378   -102     2059

 COOLING
  TODAY            0                         0      0        0
  MONTH TO DATE    0                         0      0        0
  SINCE DEC 1      0                         0      0        0
  SINCE JAN 1      0                         0      0        0
..................................................................


WIND (MPH)
  HIGHEST WIND SPEED    13   HIGHEST WIND DIRECTION    SE (150)
  HIGHEST GUST SPEED    15   HIGHEST GUST DIRECTION     S (160)
  AVERAGE WIND SPEED     7.0


SKY COVER
  POSSIBLE SUNSHINE  MM
  AVERAGE SKY COVER 0.8


WEATHER CONDITIONS
 THE FOLLOWING WEATHER WAS RECORDED TODAY.
  LIGHT RAIN
  FOG


RELATIVE HUMIDITY (PERCENT)
 HIGHEST    96           400 AM
 LOWEST     85          1000 AM
 AVERAGE    91

..........................................................


THE EUGENE OR CLIMATE NORMALS FOR TOMORROW
                         NORMAL    RECORD    YEAR
 MAXIMUM TEMPERATURE (F)   48        67      2005
 MINIMUM TEMPERATURE (F)   34        13      1943


SUNRISE AND SUNSET
JANUARY 17 2017.......SUNRISE   743 AM PST   SUNSET   503 PM PST
JANUARY 18 2017.......SUNRISE   743 AM PST   SUNSET   505 PM PST


-  INDICATES NEGATIVE NUMBERS.
R  INDICATES RECORD WAS SET OR TIED.
MM INDICATES DATA IS MISSING.
T  INDICATES TRACE AMOUNT.




$$
