000
CDUS46 KPQR 270221
CLIEUG


CLIMATE REPORT
NATIONAL WEATHER SERVICE PORTLAND OREGON
720 PM PDT TUE MAY 26 2015


...................................

...THE EUGENE OR CLIMATE SUMMARY FOR MAY 26 2015...
VALID TODAY AS OF 0700 PM LOCAL TIME.

CLIMATE NORMAL PERIOD 1981 TO 2010
CLIMATE RECORD PERIOD 1892 TO 2015


WEATHER ITEM   OBSERVED TIME   RECORD YEAR NORMAL DEPARTURE LAST
                VALUE   (LST)  VALUE       VALUE  FROM      YEAR
                                                  NORMAL
..................................................................
TEMPERATURE (F)
 TODAY
  MAXIMUM         71    436 PM  87    1950  69      2       72
  MINIMUM         44    134 AM  33    1973  45     -1       50
  AVERAGE         58                        57      1       61

PRECIPITATION (IN)
  TODAY            0.00          0.80 1993   0.09  -0.09     0.01
                                      1953
  MONTH TO DATE    0.79                      2.30  -1.51     1.55
  SINCE OCT 1     29.03                     41.72 -12.69    25.25
  SINCE JAN 1     11.98                     22.92 -10.94    21.06

SNOWFALL (IN)
  TODAY            0.0
  MONTH TO DATE    0.0
  SINCE MAR 1      0.0
  SINCE JUL 1      0.0

DEGREE DAYS
 HEATING
  TODAY            7                         8     -1        4
  MONTH TO DATE  205                       266    -61      169
  SINCE MAR 1   1088                      1281   -193     1030
  SINCE JUL 1   3650                      4608   -958     4597

 COOLING
  TODAY            0                         0      0        0
  MONTH TO DATE    0                         0      0        3
  SINCE MAR 1      0                         0      0        3
  SINCE JAN 1      0                         0      0        3
..................................................................


WIND (MPH)
  HIGHEST WIND SPEED    13   HIGHEST WIND DIRECTION    NE (40)
  HIGHEST GUST SPEED    19   HIGHEST GUST DIRECTION    NE (30)
  AVERAGE WIND SPEED     4.3


SKY COVER
  POSSIBLE SUNSHINE  MM
  AVERAGE SKY COVER 0.6


WEATHER CONDITIONS
 THE FOLLOWING WEATHER WAS RECORDED TODAY.
  FOG


RELATIVE HUMIDITY (PERCENT)
 HIGHEST   100           200 AM
 LOWEST     49           400 PM
 AVERAGE    75

..........................................................


THE EUGENE OR CLIMATE NORMALS FOR TOMORROW
                         NORMAL    RECORD    YEAR
 MAXIMUM TEMPERATURE (F)   69        87      1952
 MINIMUM TEMPERATURE (F)   45        34      1966
                                             1955
                                             1921


SUNRISE AND SUNSET
MAY 26 2015...........SUNRISE   537 AM PDT   SUNSET   844 PM PDT
MAY 27 2015...........SUNRISE   536 AM PDT   SUNSET   845 PM PDT


-  INDICATES NEGATIVE NUMBERS.
R  INDICATES RECORD WAS SET OR TIED.
MM INDICATES DATA IS MISSING.
T  INDICATES TRACE AMOUNT.




$$
