000
CDUS43 KPAH 120627
CLIEVV


CLIMATE REPORT
NATIONAL WEATHER SERVICE PADUCAH KY
1226 AM CST TUE DEC 12 2017


...................................

...THE EVANSVILLE IN CLIMATE SUMMARY FOR DECEMBER 11 2017...

CLIMATE NORMAL PERIOD 1981 TO 2010
CLIMATE RECORD PERIOD 1896 TO 2017


WEATHER ITEM   OBSERVED TIME   RECORD YEAR NORMAL DEPARTURE LAST
                VALUE   (LST)  VALUE       VALUE  FROM      YEAR
                                                  NORMAL
..................................................................
TEMPERATURE (F)
 YESTERDAY
  MAXIMUM         57    238 PM  73    1931  45     12       46
  MINIMUM         23    434 AM  -2    1962  28     -5       34
  AVERAGE         40                        36      4       40

PRECIPITATION (IN)
  YESTERDAY        0.00          1.60 2000   0.13  -0.13     0.40
  MONTH TO DATE    0.74                      1.45  -0.71     1.26
  SINCE DEC 1      0.74                      1.45  -0.71     1.26
  SINCE JAN 1     41.80                     43.00  -1.20    46.92

SNOWFALL (IN)
  YESTERDAY        0.0           1.8  2002   0.1   -0.1      0.0
                                      1950
  MONTH TO DATE    T                         0.7   -0.7       T
  SINCE DEC 1      T                         0.7   -0.7       T
  SINCE JUL 1      T                         1.0   -1.0       T
  SNOW DEPTH       0

DEGREE DAYS
 HEATING
  YESTERDAY       25                        29     -4       25
  MONTH TO DATE  281                       297    -16      316
  SINCE DEC 1    281                       297    -16      316
  SINCE JUL 1   1061                      1158    -97      846

 COOLING
  YESTERDAY        0                         0      0        0
  MONTH TO DATE    0                         0      0        0
  SINCE DEC 1      0                         0      0        0
  SINCE JAN 1   1567                      1397    170     1775
..................................................................


WIND (MPH)
  HIGHEST WIND SPEED    25   HIGHEST WIND DIRECTION     S (190)
  HIGHEST GUST SPEED    35   HIGHEST GUST DIRECTION     S (190)
  AVERAGE WIND SPEED     9.0


SKY COVER
  AVERAGE SKY COVER 0.2


WEATHER CONDITIONS
 THE FOLLOWING WEATHER WAS RECORDED YESTERDAY.
  NO SIGNIFICANT WEATHER WAS OBSERVED.


RELATIVE HUMIDITY (PERCENT)
 HIGHEST   100
 LOWEST     38
 AVERAGE    69

..........................................................


THE EVANSVILLE IN CLIMATE NORMALS FOR TODAY
                         NORMAL    RECORD    YEAR
 MAXIMUM TEMPERATURE (F)   45        72      2015
 MINIMUM TEMPERATURE (F)   28        -7      1962


SUNRISE AND SUNSET
DECEMBER 12 2017......SUNRISE   657 AM CST   SUNSET   431 PM CST
DECEMBER 13 2017......SUNRISE   658 AM CST   SUNSET   431 PM CST


-  INDICATES NEGATIVE NUMBERS.
R  INDICATES RECORD WAS SET OR TIED.
MM INDICATES DATA IS MISSING.
T  INDICATES TRACE AMOUNT.




$$
