000
CDUS43 KPAH 242246
CLIEVV


CLIMATE REPORT
NATIONAL WEATHER SERVICE PADUCAH KY
439 PM CST SAT FEB 24 2018


...................................

...THE EVANSVILLE IN CLIMATE SUMMARY FOR FEBRUARY 24 2018...
VALID TODAY AS OF 0400 PM LOCAL TIME.

CLIMATE NORMAL PERIOD 1981 TO 2010
CLIMATE RECORD PERIOD 1896 TO 2018


WEATHER ITEM   OBSERVED TIME   RECORD YEAR NORMAL DEPARTURE LAST
                VALUE   (LST)  VALUE       VALUE  FROM      YEAR
                                                  NORMAL
..................................................................
TEMPERATURE (F)
 TODAY
  MAXIMUM         54    359 PM  79    2017  49      5       79
  MINIMUM         47    323 AM   2    1967  30     17       45
  AVERAGE         51                        39     12       62

PRECIPITATION (IN)
  TODAY            1.18          2.56 2011   0.11   1.07     0.17
  MONTH TO DATE    6.76                      2.72   4.04     0.81
  SINCE DEC 1     12.15                      9.58   2.57     7.00
  SINCE JAN 1      9.73                      5.82   3.91     3.08

SNOWFALL (IN)
  TODAY            0.0                                       0.0
  MONTH TO DATE    0.9                                        T
  SINCE JUL 1      8.0                                       0.4
  SNOW DEPTH       0

..................................................................


WIND (MPH)
  HIGHEST WIND SPEED    15   HIGHEST WIND DIRECTION    NE (30)
  HIGHEST GUST SPEED    19   HIGHEST GUST DIRECTION     E (70)




..........................................................


THE EVANSVILLE IN CLIMATE NORMALS FOR TOMORROW
                         NORMAL    RECORD    YEAR
 MAXIMUM TEMPERATURE (F)   49        76      2000
 MINIMUM TEMPERATURE (F)   30        -3      1967


SUNRISE AND SUNSET
FEBRUARY 24 2018......SUNRISE   629 AM CST   SUNSET   538 PM CST
FEBRUARY 25 2018......SUNRISE   627 AM CST   SUNSET   539 PM CST


-  INDICATES NEGATIVE NUMBERS.
R  INDICATES RECORD WAS SET OR TIED.
MM INDICATES DATA IS MISSING.
T  INDICATES TRACE AMOUNT.




$$
