000
CDUS45 KSLC 281228
CLIEVW


CLIMATE REPORT
NATIONAL WEATHER SERVICE SALT LAKE CITY UT
626 AM MDT MON JUL 28 2014


...................................

...THE EVANSTON WY CLIMATE SUMMARY FOR JULY 27 2014...

CLIMATE NORMAL PERIOD 1981 TO 2010
CLIMATE RECORD PERIOD 9999 TO 9999


WEATHER ITEM   OBSERVED TIME   RECORD YEAR NORMAL DEPARTURE LAST
                VALUE   (LST)  VALUE       VALUE  FROM      YEAR
                                                  NORMAL
..................................................................
TEMPERATURE (F)
 YESTERDAY
  MAXIMUM         89    430 PM  MM      MM  82      7       71
  MINIMUM         56    500 AM  MM      MM  54      2       56
  AVERAGE         73                        68      5       64

PRECIPITATION (IN)
  YESTERDAY        0.00         MM      MM   0.03  -0.03     0.01
  MONTH TO DATE    0.52                      0.78  -0.26     0.17
  SINCE OCT 1      4.09                      9.74  -5.65     4.41
  SINCE JAN 1      2.89                      6.95  -4.06     2.18

DEGREE DAYS
 HEATING
  YESTERDAY        0                         1     -1        1
  MONTH TO DATE    6                        39    -33        2
  SINCE JUN 1    229                       269    -40      135
  SINCE JUL 1      6                        39    -33        2

 COOLING
  YESTERDAY        8                         4      4        0
  MONTH TO DATE  156                        67     89      156
  SINCE JUN 1    157                        80     77      211
  SINCE JAN 1    162                        81     81      211
..................................................................


WIND (MPH)
  RESULTANT WIND SPEED   6   RESULTANT WIND DIRECTION   E (80)
  HIGHEST WIND SPEED    14   HIGHEST WIND DIRECTION     E (70)
  HIGHEST GUST SPEED    18   HIGHEST GUST DIRECTION     E (80)
  AVERAGE WIND SPEED     7.0


SKY COVER
  POSSIBLE SUNSHINE  MM
  AVERAGE SKY COVER 0.0


WEATHER CONDITIONS
 THE FOLLOWING WEATHER WAS RECORDED YESTERDAY.
  NO SIGNIFICANT WEATHER WAS OBSERVED.


RELATIVE HUMIDITY (PERCENT)
 HIGHEST    35           200 AM
 LOWEST     10           600 PM
 AVERAGE    23

..........................................................


THE EVANSTON WY CLIMATE NORMALS FOR TODAY
                         NORMAL    RECORD    YEAR
 MAXIMUM TEMPERATURE (F)   82        MM        MM
 MINIMUM TEMPERATURE (F)   54        MM        MM


SUNRISE AND SUNSET
JULY 28 2014..........SUNRISE   616 AM MDT   SUNSET   845 PM MDT
JULY 29 2014..........SUNRISE   617 AM MDT   SUNSET   844 PM MDT


-  INDICATES NEGATIVE NUMBERS.
R  INDICATES RECORD WAS SET OR TIED.
MM INDICATES DATA IS MISSING.
T  INDICATES TRACE AMOUNT.




$$
