000
CDUS45 KSLC 161303
CLIEVW


CLIMATE REPORT
NATIONAL WEATHER SERVICE SALT LAKE CITY UT
703 AM MDT TUE SEP 16 2014


...................................

...THE EVANSTON WY CLIMATE SUMMARY FOR SEPTEMBER 15 2014...

CLIMATE NORMAL PERIOD 1981 TO 2010
CLIMATE RECORD PERIOD 9999 TO 9999


WEATHER ITEM   OBSERVED TIME   RECORD YEAR NORMAL DEPARTURE LAST
                VALUE   (LST)  VALUE       VALUE  FROM      YEAR
                                                  NORMAL
..................................................................
TEMPERATURE (F)
 YESTERDAY
  MAXIMUM         79    343 PM  MM      MM  69     10       68
  MINIMUM         49    439 AM  MM      MM  42      7       52
  AVERAGE         64                        56      8       60

PRECIPITATION (IN)
  YESTERDAY        T            MM      MM   0.04  -0.04     0.00
  MONTH TO DATE    0.84                      0.60   0.24     1.33
  SINCE OCT 1      7.65                     11.42  -3.77     6.14
  SINCE JAN 1      6.45                      8.63  -2.18     3.91

DEGREE DAYS
 HEATING
  YESTERDAY        1                        10     -9        5
  MONTH TO DATE   92                       109    -17       55
  SINCE SEP 1     92                       109    -17       55
  SINCE JUL 1    212                       212      0       69

 COOLING
  YESTERDAY        0                         0      0        0
  MONTH TO DATE    1                         0      1       26
  SINCE SEP 1      1                         0      1       26
  SINCE JAN 1    207                       157     50      348
..................................................................


WIND (MPH)
  RESULTANT WIND SPEED   4   RESULTANT WIND DIRECTION   W (260)
  HIGHEST WIND SPEED    23   HIGHEST WIND DIRECTION     W (270)
  HIGHEST GUST SPEED    29   HIGHEST GUST DIRECTION     W (260)
  AVERAGE WIND SPEED     9.9


SKY COVER
  POSSIBLE SUNSHINE  MM
  AVERAGE SKY COVER 0.3


WEATHER CONDITIONS
 THE FOLLOWING WEATHER WAS RECORDED YESTERDAY.
  NO SIGNIFICANT WEATHER WAS OBSERVED.


RELATIVE HUMIDITY (PERCENT)
 HIGHEST    56           400 AM
 LOWEST     15           300 PM
 AVERAGE    36

..........................................................


THE EVANSTON WY CLIMATE NORMALS FOR TODAY
                         NORMAL    RECORD    YEAR
 MAXIMUM TEMPERATURE (F)   69        MM        MM
 MINIMUM TEMPERATURE (F)   42        MM        MM


SUNRISE AND SUNSET
SEPTEMBER 16 2014.....SUNRISE   706 AM MDT   SUNSET   731 PM MDT
SEPTEMBER 17 2014.....SUNRISE   707 AM MDT   SUNSET   730 PM MDT


-  INDICATES NEGATIVE NUMBERS.
R  INDICATES RECORD WAS SET OR TIED.
MM INDICATES DATA IS MISSING.
T  INDICATES TRACE AMOUNT.




$$
