000
CDUS45 KSLC 280045
CLIEVW


CLIMATE REPORT
NATIONAL WEATHER SERVICE SALT LAKE CITY UT
645 PM MDT WED AUG 27 2014


...................................

...THE EVANSTON WY CLIMATE SUMMARY FOR AUGUST 27 2014...
VALID TODAY AS OF 0500 PM LOCAL TIME.

CLIMATE NORMAL PERIOD 1981 TO 2010
CLIMATE RECORD PERIOD 9999 TO 9999


WEATHER ITEM   OBSERVED TIME   RECORD YEAR NORMAL DEPARTURE LAST
                VALUE   (LST)  VALUE       VALUE  FROM      YEAR
                                                  NORMAL
..................................................................
TEMPERATURE (F)
 TODAY
  MAXIMUM         60        MM  MM      MM  76    -16       73
  MINIMUM         48    400 AM  MM      MM  48      0       54
  AVERAGE         54                        62     -8       64

PRECIPITATION (IN)
  TODAY            T            MM      MM   0.03  -0.03     0.01
  MONTH TO DATE    1.97                      0.83   1.14     0.35
  SINCE OCT 1      6.53                     10.69  -4.16     4.79
  SINCE JAN 1      5.33                      7.90  -2.57     2.56

DEGREE DAYS
 HEATING
  TODAY           11                         4      7        1
  MONTH TO DATE   82                        51     31       10
  SINCE JUN 1    324                       317      7      147
  SINCE JUL 1    101                        87     14       14

 COOLING
  TODAY            0                         1     -1        0
  MONTH TO DATE   39                        57    -18       85
  SINCE JUN 1    201                       152     49      305
  SINCE JAN 1    206                       153     53      305
..................................................................


WIND (MPH)
  RESULTANT WIND SPEED   1   RESULTANT WIND DIRECTION   W (280)
  HIGHEST WIND SPEED    14   HIGHEST WIND DIRECTION     W (280)
  HIGHEST GUST SPEED    MM   HIGHEST GUST DIRECTION    MM
  AVERAGE WIND SPEED     3.7


SKY COVER
  POSSIBLE SUNSHINE  MM
  AVERAGE SKY COVER 0.9


WEATHER CONDITIONS
 THE FOLLOWING WEATHER WAS RECORDED TODAY.
  THUNDERSTORM
  LIGHT RAIN


RELATIVE HUMIDITY (PERCENT)
 HIGHEST    83           800 AM
 LOWEST     55           300 PM
 AVERAGE    69

..........................................................


THE EVANSTON WY CLIMATE NORMALS FOR TOMORROW
                         NORMAL    RECORD    YEAR
 MAXIMUM TEMPERATURE (F)   76        MM        MM
 MINIMUM TEMPERATURE (F)   48        MM        MM


SUNRISE AND SUNSET
AUGUST 27 2014........SUNRISE   646 AM MDT   SUNSET   805 PM MDT
AUGUST 28 2014........SUNRISE   647 AM MDT   SUNSET   803 PM MDT


-  INDICATES NEGATIVE NUMBERS.
R  INDICATES RECORD WAS SET OR TIED.
MM INDICATES DATA IS MISSING.
T  INDICATES TRACE AMOUNT.




$$
