000
CDUS42 KMHX 290626
CLIEWN


CLIMATE REPORT
NATIONAL WEATHER SERVICE NEWPORT/MOREHEAD CITY NC
125 AM EST SAT NOV 29 2014


...................................

...THE NEW BERN NC CLIMATE SUMMARY FOR NOVEMBER 28 2014...

CLIMATE NORMAL PERIOD 1981 TO 2010
CLIMATE RECORD PERIOD 1948 TO 2014


WEATHER ITEM   OBSERVED TIME   RECORD YEAR NORMAL DEPARTURE LAST
                VALUE   (LST)  VALUE       VALUE  FROM      YEAR
                                                  NORMAL
..................................................................
TEMPERATURE (F)
 YESTERDAY
  MAXIMUM         48    221 PM  81    2001  63    -15       46
  MINIMUM         30   1159 PM  26    2002  40    -10       30
  AVERAGE         39                        52    -13       38

PRECIPITATION (IN)
  YESTERDAY        0.00          2.92 1988   0.12  -0.12     0.00
  MONTH TO DATE    3.79                      3.16   0.63     4.45
  SINCE SEP 1     13.70                     12.31   1.39    10.91
  SINCE JAN 1     50.71                     49.11   1.60    40.28

SNOWFALL (IN)
  YESTERDAY        0.0
  MONTH TO DATE    0.0
  SINCE NOV 1      0.0
  SINCE JUL 1      0.0
  SNOW DEPTH       0

DEGREE DAYS
 HEATING
  YESTERDAY       26                        14     12       27
  MONTH TO DATE  356                       282     74      305
  SINCE SEP 1    411                       399     12      381
  SINCE JUL 1    411                       399     12      381

 COOLING
  YESTERDAY        0                         0      0        0
  MONTH TO DATE   14                        14      0       16
  SINCE SEP 1    482                       370    112      389
  SINCE JAN 1   2193                      1899    294     2006
..................................................................


WIND (MPH)
  HIGHEST WIND SPEED    17   HIGHEST WIND DIRECTION     N (360)
  HIGHEST GUST SPEED    22   HIGHEST GUST DIRECTION     N (10)
  AVERAGE WIND SPEED     5.6


SKY COVER
  POSSIBLE SUNSHINE  MM
  AVERAGE SKY COVER 0.0


WEATHER CONDITIONS
 THE FOLLOWING WEATHER WAS RECORDED YESTERDAY.
  NO SIGNIFICANT WEATHER WAS OBSERVED.


RELATIVE HUMIDITY (PERCENT)
 HIGHEST    82           900 PM
 LOWEST     37           100 PM
 AVERAGE    60

..........................................................


THE NEW BERN NC CLIMATE NORMALS FOR TODAY
                         NORMAL    RECORD    YEAR
 MAXIMUM TEMPERATURE (F)   62        81      1968
 MINIMUM TEMPERATURE (F)   40        23      1967


SUNRISE AND SUNSET
NOVEMBER 29 2014......SUNRISE   656 AM EST   SUNSET   457 PM EST
NOVEMBER 30 2014......SUNRISE   657 AM EST   SUNSET   456 PM EST


-  INDICATES NEGATIVE NUMBERS.
R  INDICATES RECORD WAS SET OR TIED.
MM INDICATES DATA IS MISSING.
T  INDICATES TRACE AMOUNT.




$$
