000
CDUS42 KMHX 010534
CLIEWN


CLIMATE REPORT
NATIONAL WEATHER SERVICE NEWPORT/MOREHEAD CITY NC
134 AM EDT SUN MAY 1 2016


...................................

...THE NEW BERN NC CLIMATE SUMMARY FOR APRIL 30 2016...

CLIMATE NORMAL PERIOD 1981 TO 2010
CLIMATE RECORD PERIOD 1948 TO 2016


WEATHER ITEM   OBSERVED TIME   RECORD YEAR NORMAL DEPARTURE LAST
                VALUE   (LST)  VALUE       VALUE  FROM      YEAR
                                                  NORMAL
..................................................................
TEMPERATURE (F)
 YESTERDAY
  MAXIMUM         66    320 PM  91    1974  77    -11       61
  MINIMUM         57    626 AM  39    1967  54      3       53
  AVERAGE         62                        65     -3       57

PRECIPITATION (IN)
  YESTERDAY        0.00          1.60 1956   0.10  -0.10     0.02
  MONTH TO DATE    1.68                      3.17  -1.49     2.06
  SINCE MAR 1      5.01                      7.56  -2.55     5.62
  SINCE JAN 1     16.03                     15.24   0.79    13.99

SNOWFALL (IN)
  YESTERDAY        0.0
  MONTH TO DATE    0.0
  SINCE NOV 1      T
  SINCE JUL 1      T
  SNOW DEPTH       0

DEGREE DAYS
 HEATING
  YESTERDAY        3                         3      0        8
  MONTH TO DATE  173                       153     20      105
  SINCE MAR 1    390                       521   -131      457
  SINCE JUL 1   2078                      2667   -589     2700

 COOLING
  YESTERDAY        0                         3     -3        0
  MONTH TO DATE   53                        56     -3       65
  SINCE MAR 1    101                        67     34       88
  SINCE JAN 1    101                        70     31       95
..................................................................


WIND (MPH)
  HIGHEST WIND SPEED    14   HIGHEST WIND DIRECTION    NE (40)
  HIGHEST GUST SPEED    18   HIGHEST GUST DIRECTION    NE (50)
  AVERAGE WIND SPEED     7.7


SKY COVER
  POSSIBLE SUNSHINE  MM
  AVERAGE SKY COVER 0.9


WEATHER CONDITIONS
 THE FOLLOWING WEATHER WAS RECORDED YESTERDAY.
  NO SIGNIFICANT WEATHER WAS OBSERVED.


RELATIVE HUMIDITY (PERCENT)
 HIGHEST    93           600 AM
 LOWEST     73           300 PM
 AVERAGE    83

..........................................................


THE NEW BERN NC CLIMATE NORMALS FOR TODAY
                         NORMAL    RECORD    YEAR
 MAXIMUM TEMPERATURE (F)   77        94      1986
 MINIMUM TEMPERATURE (F)   54        35      1963


SUNRISE AND SUNSET
MAY  1 2016...........SUNRISE   617 AM EDT   SUNSET   754 PM EDT
MAY  2 2016...........SUNRISE   616 AM EDT   SUNSET   755 PM EDT


-  INDICATES NEGATIVE NUMBERS.
R  INDICATES RECORD WAS SET OR TIED.
MM INDICATES DATA IS MISSING.
T  INDICATES TRACE AMOUNT.




$$
