000
CDUS42 KMHX 300545
CLIEWN


CLIMATE REPORT
NATIONAL WEATHER SERVICE NEWPORT/MOREHEAD CITY NC
145 AM EDT SUN AUG 30 2015


...................................

...THE NEW BERN NC CLIMATE SUMMARY FOR AUGUST 29 2015...

CLIMATE NORMAL PERIOD 1981 TO 2010
CLIMATE RECORD PERIOD 1948 TO 2015


WEATHER ITEM   OBSERVED TIME   RECORD YEAR NORMAL DEPARTURE LAST
                VALUE   (LST)  VALUE       VALUE  FROM      YEAR
                                                  NORMAL
..................................................................
TEMPERATURE (F)
 YESTERDAY
  MAXIMUM         85    150 PM  98    1993  87     -2       89
  MINIMUM         67    539 AM  54    1965  69     -2       73
  AVERAGE         76                        78     -2       81

PRECIPITATION (IN)
  YESTERDAY        0.00          1.10 1964   0.20  -0.20     0.00
  MONTH TO DATE    7.64                      6.27   1.37     9.13
  SINCE JUN 1     23.27                     17.03   6.24    19.13
  SINCE JAN 1     40.09                     36.42   3.67    37.01

SNOWFALL (IN)
  YESTERDAY        0.0
  MONTH TO DATE    0.0
  SINCE NOV 1      3.0
  SINCE JUL 1      0.0
  SNOW DEPTH       0

DEGREE DAYS
 HEATING
  YESTERDAY        0                         0      0        0
  MONTH TO DATE    0                         0      0        0
  SINCE JUN 1      0                         1     -1        0
  SINCE JUL 1      0                         0      0        0

 COOLING
  YESTERDAY       11                        13     -2       16
  MONTH TO DATE  409                       413     -4      412
  SINCE JUN 1   1400                      1260    140     1316
  SINCE JAN 1   1698                      1503    195     1677
..................................................................


WIND (MPH)
  HIGHEST WIND SPEED    14   HIGHEST WIND DIRECTION    NE (40)
  HIGHEST GUST SPEED    18   HIGHEST GUST DIRECTION    NE (40)
  AVERAGE WIND SPEED     6.9


SKY COVER
  POSSIBLE SUNSHINE  MM
  AVERAGE SKY COVER 0.2


WEATHER CONDITIONS
 THE FOLLOWING WEATHER WAS RECORDED YESTERDAY.
  NO SIGNIFICANT WEATHER WAS OBSERVED.


RELATIVE HUMIDITY (PERCENT)
 HIGHEST    90           200 AM
 LOWEST     47           200 PM
 AVERAGE    69

..........................................................


THE NEW BERN NC CLIMATE NORMALS FOR TODAY
                         NORMAL    RECORD    YEAR
 MAXIMUM TEMPERATURE (F)   86        95      1993
 MINIMUM TEMPERATURE (F)   69        50      1965


SUNRISE AND SUNSET
AUGUST 30 2015........SUNRISE   639 AM EDT   SUNSET   738 PM EDT
AUGUST 31 2015........SUNRISE   640 AM EDT   SUNSET   737 PM EDT


-  INDICATES NEGATIVE NUMBERS.
R  INDICATES RECORD WAS SET OR TIED.
MM INDICATES DATA IS MISSING.
T  INDICATES TRACE AMOUNT.




$$
