000
CDUS42 KMHX 240539
CLIEWN


CLIMATE REPORT
NATIONAL WEATHER SERVICE NEWPORT/MOREHEAD CITY NC
138 AM EDT SAT JUN 24 2017


...................................

...THE NEW BERN NC CLIMATE SUMMARY FOR JUNE 23 2017...

CLIMATE NORMAL PERIOD 1981 TO 2010
CLIMATE RECORD PERIOD 1948 TO 2017


WEATHER ITEM   OBSERVED TIME   RECORD YEAR NORMAL DEPARTURE LAST
                VALUE   (LST)  VALUE       VALUE  FROM      YEAR
                                                  NORMAL
..................................................................
TEMPERATURE (F)
 YESTERDAY
  MAXIMUM         91    256 PM  98    1988  88      3       93
  MINIMUM         75    213 AM  53    1992  69      6       73
  AVERAGE         83                        79      4       83

PRECIPITATION (IN)
  YESTERDAY        0.00          2.31 2013   0.16  -0.16     0.00
  MONTH TO DATE    4.13                      3.45   0.68     3.29
  SINCE JUN 1      4.13                      3.45   0.68     3.29
  SINCE JAN 1     23.64                     22.84   0.80    26.00

SNOWFALL (IN)
  YESTERDAY        0.0
  MONTH TO DATE    0.0
  SINCE NOV 1      T
  SINCE JUL 1      T
  SNOW DEPTH       0

DEGREE DAYS
 HEATING
  YESTERDAY        0                         0      0        0
  MONTH TO DATE    2                         0      2        0
  SINCE JUN 1      2                         0      2        0
  SINCE JUL 1   2236                      2701   -465     2112

 COOLING
  YESTERDAY       18                        14      4       18
  MONTH TO DATE  280                       264     16      297
  SINCE JUN 1    280                       264     16      297
  SINCE JAN 1    652                       507    145      567
..................................................................


WIND (MPH)
  HIGHEST WIND SPEED    17   HIGHEST WIND DIRECTION    SW (210)
  HIGHEST GUST SPEED    25   HIGHEST GUST DIRECTION     S (200)
  AVERAGE WIND SPEED     9.3


SKY COVER
  POSSIBLE SUNSHINE  MM
  AVERAGE SKY COVER 0.4


WEATHER CONDITIONS
 THE FOLLOWING WEATHER WAS RECORDED YESTERDAY.
  FOG


RELATIVE HUMIDITY (PERCENT)
 HIGHEST   100          1200 AM
 LOWEST     64           100 PM
 AVERAGE    82

..........................................................


THE NEW BERN NC CLIMATE NORMALS FOR TODAY
                         NORMAL    RECORD    YEAR
 MAXIMUM TEMPERATURE (F)   88        97      2010
 MINIMUM TEMPERATURE (F)   70        58      1972


SUNRISE AND SUNSET
JUNE 24 2017..........SUNRISE   555 AM EDT   SUNSET   826 PM EDT
JUNE 25 2017..........SUNRISE   556 AM EDT   SUNSET   826 PM EDT


-  INDICATES NEGATIVE NUMBERS.
R  INDICATES RECORD WAS SET OR TIED.
MM INDICATES DATA IS MISSING.
T  INDICATES TRACE AMOUNT.




$$
