000
CDUS42 KMHX 240526
CLIEWN


CLIMATE REPORT
NATIONAL WEATHER SERVICE NEWPORT/MOREHEAD CITY NC
126 AM EDT MON APR 24 2017


...................................

...THE NEW BERN NC CLIMATE SUMMARY FOR APRIL 23 2017...

CLIMATE NORMAL PERIOD 1981 TO 2010
CLIMATE RECORD PERIOD 1948 TO 2017


WEATHER ITEM   OBSERVED TIME   RECORD YEAR NORMAL DEPARTURE LAST
                VALUE   (LST)  VALUE       VALUE  FROM      YEAR
                                                  NORMAL
..................................................................
TEMPERATURE (F)
 YESTERDAY
  MAXIMUM         61    133 PM  92    1980  75    -14       79
  MINIMUM         56    538 AM  38    1986  52      4       59
  AVERAGE         59                        64     -5       69

PRECIPITATION (IN)
  YESTERDAY        0.07          1.12 1984   0.12  -0.05     0.32
  MONTH TO DATE    2.14                      2.42  -0.28     1.34
  SINCE MAR 1      6.17                      6.81  -0.64     4.67
  SINCE JAN 1     12.39                     14.49  -2.10    15.69

SNOWFALL (IN)
  YESTERDAY        0.0
  MONTH TO DATE    0.0
  SINCE NOV 1      T
  SINCE JUL 1      T
  SNOW DEPTH       0

DEGREE DAYS
 HEATING
  YESTERDAY        6                         4      2        0
  MONTH TO DATE   54                       131    -77      163
  SINCE MAR 1    465                       500    -35      380
  SINCE JUL 1   2205                      2646   -441     2068

 COOLING
  YESTERDAY        0                         2     -2        4
  MONTH TO DATE   74                        36     38       27
  SINCE MAR 1     85                        47     38       75
  SINCE JAN 1     91                        50     41       75
..................................................................


WIND (MPH)
  HIGHEST WIND SPEED    17   HIGHEST WIND DIRECTION    NE (40)
  HIGHEST GUST SPEED    21   HIGHEST GUST DIRECTION    NE (40)
  AVERAGE WIND SPEED    11.1


SKY COVER
  POSSIBLE SUNSHINE  MM
  AVERAGE SKY COVER 1.0


WEATHER CONDITIONS
 THE FOLLOWING WEATHER WAS RECORDED YESTERDAY.
  LIGHT RAIN
  FOG


RELATIVE HUMIDITY (PERCENT)
 HIGHEST   100           400 AM
 LOWEST     84          1000 AM
 AVERAGE    92

..........................................................


THE NEW BERN NC CLIMATE NORMALS FOR TODAY
                         NORMAL    RECORD    YEAR
 MAXIMUM TEMPERATURE (F)   76        94      1960
 MINIMUM TEMPERATURE (F)   52        39      1963


SUNRISE AND SUNSET
APRIL 24 2017.........SUNRISE   625 AM EDT   SUNSET   748 PM EDT
APRIL 25 2017.........SUNRISE   624 AM EDT   SUNSET   749 PM EDT


-  INDICATES NEGATIVE NUMBERS.
R  INDICATES RECORD WAS SET OR TIED.
MM INDICATES DATA IS MISSING.
T  INDICATES TRACE AMOUNT.




$$
