000
CDUS42 KMHX 160545
CLIEWN


CLIMATE REPORT
NATIONAL WEATHER SERVICE NEWPORT/MOREHEAD CITY NC
1245 AM EST SAT DEC 16 2017


...................................

...THE NEW BERN NC CLIMATE SUMMARY FOR DECEMBER 15 2017...

CLIMATE NORMAL PERIOD 1981 TO 2010
CLIMATE RECORD PERIOD 1948 TO 2017


WEATHER ITEM   OBSERVED TIME   RECORD YEAR NORMAL DEPARTURE LAST
                VALUE   (LST)  VALUE       VALUE  FROM      YEAR
                                                  NORMAL
..................................................................
TEMPERATURE (F)
 YESTERDAY
  MAXIMUM         61    139 PM  81    1971  57      4       47
  MINIMUM         34    808 AM  12    1962  36     -2       28
  AVERAGE         48                        47      1       38

PRECIPITATION (IN)
  YESTERDAY        0.00          1.32 1976   0.10  -0.10     0.00
  MONTH TO DATE    2.67                      1.63   1.04     2.66
  SINCE DEC 1      2.67                      1.63   1.04     2.66
  SINCE JAN 1     49.71                     50.98  -1.27    64.47

SNOWFALL (IN)
  YESTERDAY        0.0
  MONTH TO DATE    0.0
  SINCE NOV 1      0.0
  SINCE JUL 1      0.0
  SNOW DEPTH       0

DEGREE DAYS
 HEATING
  YESTERDAY       17                        18     -1       27
  MONTH TO DATE  278                       248     30      265
  SINCE DEC 1    278                       248     30      265
  SINCE JUL 1    717                       675     42      660

 COOLING
  YESTERDAY        0                         0      0        0
  MONTH TO DATE    0                         0      0        0
  SINCE DEC 1      0                         0      0        0
  SINCE JAN 1   2150                      1900    250     2260
..................................................................


WIND (MPH)
  HIGHEST WIND SPEED    15   HIGHEST WIND DIRECTION    NW (320)
  HIGHEST GUST SPEED    22   HIGHEST GUST DIRECTION     N (350)
  AVERAGE WIND SPEED     5.2


SKY COVER
  POSSIBLE SUNSHINE  MM
  AVERAGE SKY COVER 0.0


WEATHER CONDITIONS
 THE FOLLOWING WEATHER WAS RECORDED YESTERDAY.
  FOG


RELATIVE HUMIDITY (PERCENT)
 HIGHEST   100           200 AM
 LOWEST     39           100 PM
 AVERAGE    70

..........................................................


THE NEW BERN NC CLIMATE NORMALS FOR TODAY
                         NORMAL    RECORD    YEAR
 MAXIMUM TEMPERATURE (F)   57        83      1971
 MINIMUM TEMPERATURE (F)   36        17      1955


SUNRISE AND SUNSET
DECEMBER 16 2017......SUNRISE   710 AM EST   SUNSET   458 PM EST
DECEMBER 17 2017......SUNRISE   710 AM EST   SUNSET   459 PM EST


-  INDICATES NEGATIVE NUMBERS.
R  INDICATES RECORD WAS SET OR TIED.
MM INDICATES DATA IS MISSING.
T  INDICATES TRACE AMOUNT.




$$
