000
CDUS42 KMHX 220626
CLIEWN


CLIMATE REPORT
NATIONAL WEATHER SERVICE NEWPORT/MOREHEAD CITY NC
125 AM EST WED FEB 22 2017


...................................

...THE NEW BERN NC CLIMATE SUMMARY FOR FEBRUARY 21 2017...

CLIMATE NORMAL PERIOD 1981 TO 2010
CLIMATE RECORD PERIOD 1948 TO 2017


WEATHER ITEM   OBSERVED TIME   RECORD YEAR NORMAL DEPARTURE LAST
                VALUE   (LST)  VALUE       VALUE  FROM      YEAR
                                                  NORMAL
..................................................................
TEMPERATURE (F)
 YESTERDAY
  MAXIMUM         66    200 PM  79    2011  59      7       73
                                      1953
  MINIMUM         41    643 AM  14    2015  37      4       53
  AVERAGE         54                        48      6       63

PRECIPITATION (IN)
  YESTERDAY        0.00          1.60 1954   0.14  -0.14      T
  MONTH TO DATE    1.97                      2.70  -0.73     6.79
  SINCE DEC 1      9.72                     10.12  -0.40    16.92
  SINCE JAN 1      6.22                      6.72  -0.50    10.50

SNOWFALL (IN)
  YESTERDAY        0.0
  MONTH TO DATE    0.0
  SINCE NOV 1      T
  SINCE JUL 1      T
  SNOW DEPTH       0

DEGREE DAYS
 HEATING
  YESTERDAY       11                        17     -6        2
  MONTH TO DATE  273                       392   -119      418
  SINCE DEC 1   1301                      1605   -304     1312
  SINCE JUL 1   1696                      2032   -336     1595

 COOLING
  YESTERDAY        0                         0      0        0
  MONTH TO DATE    6                         0      6        0
  SINCE DEC 1      6                         4      2       49
  SINCE JAN 1      6                         1      5        0
..................................................................


WIND (MPH)
  HIGHEST WIND SPEED    10   HIGHEST WIND DIRECTION    SE (140)
  HIGHEST GUST SPEED    15   HIGHEST GUST DIRECTION    SW (220)
  AVERAGE WIND SPEED     4.7


SKY COVER
  POSSIBLE SUNSHINE  MM
  AVERAGE SKY COVER 0.0


WEATHER CONDITIONS
 THE FOLLOWING WEATHER WAS RECORDED YESTERDAY.
  FOG


RELATIVE HUMIDITY (PERCENT)
 HIGHEST   100           600 AM
 LOWEST     56           200 PM
 AVERAGE    78

..........................................................


THE NEW BERN NC CLIMATE NORMALS FOR TODAY
                         NORMAL    RECORD    YEAR
 MAXIMUM TEMPERATURE (F)   59        80      1980
 MINIMUM TEMPERATURE (F)   37        17      1963


SUNRISE AND SUNSET
FEBRUARY 22 2017......SUNRISE   646 AM EST   SUNSET   558 PM EST
FEBRUARY 23 2017......SUNRISE   645 AM EST   SUNSET   559 PM EST


-  INDICATES NEGATIVE NUMBERS.
R  INDICATES RECORD WAS SET OR TIED.
MM INDICATES DATA IS MISSING.
T  INDICATES TRACE AMOUNT.




$$
