000
CDUS41 KOKX 312057
CLIEWR


CLIMATE REPORT
NATIONAL WEATHER SERVICE NEW YORK NY
457 PM EDT FRI OCT 31 2014


...................................

...THE NEWARK NJ CLIMATE SUMMARY FOR OCTOBER 31 2014...
VALID TODAY AS OF 0400 PM LOCAL TIME.

CLIMATE NORMAL PERIOD 1981 TO 2010
CLIMATE RECORD PERIOD 1929 TO 2014


WEATHER ITEM   OBSERVED TIME   RECORD YEAR NORMAL DEPARTURE LAST
                VALUE   (LST)  VALUE       VALUE  FROM      YEAR
                                                  NORMAL
..................................................................
TEMPERATURE (F)
 TODAY
  MAXIMUM         53    347 PM  82    1946  60     -7       68
  MINIMUM         41    320 AM  29    1975  43     -2       52
  AVERAGE         47                        52     -5       60

PRECIPITATION (IN)
  TODAY            0.00          1.76 1956   0.12  -0.12     0.08
  MONTH TO DATE    4.14                      3.60   0.54     0.51
  SINCE SEP 1      5.66                      7.42  -1.76     2.05
  SINCE JAN 1     40.28                     38.79   1.49    35.35

SNOWFALL (IN)
  TODAY            0.0          MM      MM   0.0    0.0      0.0
  MONTH TO DATE    T                         0.0    0.0      0.0
  SINCE OCT 1      T                         0.0    0.0      0.0
  SINCE JUL 1      T                         0.0    0.0      0.0
  SNOW DEPTH       0

DEGREE DAYS
 HEATING
  TODAY           18                        13      5        5
  MONTH TO DATE  190                       276    -86      210
  SINCE SEP 1    209                       320   -111      257
  SINCE JUL 1    209                       321   -112      257

 COOLING
  TODAY            0                         0      0        0
  MONTH TO DATE   21                        17      4       47
  SINCE SEP 1    190                       157     33      166
  SINCE JAN 1   1175                      1191    -16     1337
..................................................................


WIND (MPH)
  HIGHEST WIND SPEED    15   HIGHEST WIND DIRECTION     N (360)
  HIGHEST GUST SPEED    20   HIGHEST GUST DIRECTION     N (360)
  AVERAGE WIND SPEED     8.8


SKY COVER
  AVERAGE SKY COVER 0.7


WEATHER CONDITIONS
 THE FOLLOWING WEATHER WAS RECORDED TODAY.
  NO SIGNIFICANT WEATHER WAS OBSERVED.


RELATIVE HUMIDITY (PERCENT)
 HIGHEST    76           300 AM
 LOWEST     54          1100 AM
 AVERAGE    65

..........................................................


THE NEWARK NJ CLIMATE NORMALS FOR TOMORROW
                         NORMAL    RECORD    YEAR
 MAXIMUM TEMPERATURE (F)   60        85      1950
 MINIMUM TEMPERATURE (F)   43        31      1954


SUNRISE AND SUNSET
OCTOBER 31 2014.......SUNRISE   726 AM EDT   SUNSET   554 PM EDT
NOVEMBER  1 2014......SUNRISE   727 AM EDT   SUNSET   553 PM EDT


-  INDICATES NEGATIVE NUMBERS.
R  INDICATES RECORD WAS SET OR TIED.
MM INDICATES DATA IS MISSING.
T  INDICATES TRACE AMOUNT.




$$
