000
CDUS41 KOKX 260617
CLIEWR


CLIMATE REPORT
NATIONAL WEATHER SERVICE NEW YORK NY
216 AM EDT TUE MAY 26 2015


...................................

...THE NEWARK NJ CLIMATE SUMMARY FOR MAY 25 2015...

CLIMATE NORMAL PERIOD 1981 TO 2010
CLIMATE RECORD PERIOD 1929 TO 2015


WEATHER ITEM   OBSERVED TIME   RECORD YEAR NORMAL DEPARTURE LAST
                VALUE   (LST)  VALUE       VALUE  FROM      YEAR
                                                  NORMAL
..................................................................
TEMPERATURE (F)
 YESTERDAY
  MAXIMUM         90    335 PM  93    1991  75     15       83
  MINIMUM         60    425 AM  42    1956  56      4       53
  AVERAGE         75                        66      9       68

PRECIPITATION (IN)
  YESTERDAY        0.00          1.95 1952   0.14  -0.14     0.00
  MONTH TO DATE    0.90                      3.24  -2.34     4.03
  SINCE MAR 1      7.20                     11.62  -4.42    15.63
  SINCE JAN 1     13.68                     18.04  -4.36    23.35

SNOWFALL (IN)
  YESTERDAY        0.0           0.0  2002   0.0    0.0      0.0
                                      2001
  MONTH TO DATE    0.0                       0.0    0.0      0.0
  SINCE OCT 1     46.4                      28.5   17.9     61.1
  SINCE JUL 1     46.4                      28.5   17.9     61.1
  SNOW DEPTH       0

DEGREE DAYS
 HEATING
  YESTERDAY        0                         3     -3        0
  MONTH TO DATE   48                       123    -75       66
  SINCE MAR 1   1211                      1208      3     1283
  SINCE JUL 1   5114                      4843    271     5158

 COOLING
  YESTERDAY       10                         3      7        3
  MONTH TO DATE   85                        41     44       31
  SINCE MAR 1     88                        53     35       39
  SINCE JAN 1     88                        53     35       39
..................................................................


WIND (MPH)
  HIGHEST WIND SPEED    25   HIGHEST WIND DIRECTION     S (200)
  HIGHEST GUST SPEED    37   HIGHEST GUST DIRECTION     S (200)
  AVERAGE WIND SPEED    11.5


SKY COVER
  AVERAGE SKY COVER 0.7


WEATHER CONDITIONS
 THE FOLLOWING WEATHER WAS RECORDED YESTERDAY.
  NO SIGNIFICANT WEATHER WAS OBSERVED.


RELATIVE HUMIDITY (PERCENT)
 HIGHEST    73           600 AM
 LOWEST     29           200 PM
 AVERAGE    51

..........................................................


THE NEWARK NJ CLIMATE NORMALS FOR TODAY
                         NORMAL    RECORD    YEAR
 MAXIMUM TEMPERATURE (F)   75        96      1965
 MINIMUM TEMPERATURE (F)   56        44      1967


SUNRISE AND SUNSET
MAY 26 2015...........SUNRISE   531 AM EDT   SUNSET   817 PM EDT
MAY 27 2015...........SUNRISE   531 AM EDT   SUNSET   818 PM EDT


-  INDICATES NEGATIVE NUMBERS.
R  INDICATES RECORD WAS SET OR TIED.
MM INDICATES DATA IS MISSING.
T  INDICATES TRACE AMOUNT.




$$
