941
CDUS41 KOKX 120619
CLIEWR


CLIMATE REPORT
NATIONAL WEATHER SERVICE NEW YORK NY
119 AM EST FRI FEB 12 2016


...................................

...THE NEWARK NJ CLIMATE SUMMARY FOR FEBRUARY 11 2016...

CLIMATE NORMAL PERIOD 1981 TO 2010
CLIMATE RECORD PERIOD 1929 TO 2016


WEATHER ITEM   OBSERVED TIME   RECORD YEAR NORMAL DEPARTURE LAST
                VALUE   (LST)  VALUE       VALUE  FROM      YEAR
                                                  NORMAL
..................................................................
TEMPERATURE (F)
 YESTERDAY
  MAXIMUM         31   1205 AM  66    1960  41    -10       33
  MINIMUM         19   1159 PM  -1    1979  26     -7       21
  AVERAGE         25                        34     -9       27

PRECIPITATION (IN)
  YESTERDAY        T             2.06 1994   0.10  -0.10     0.00
  MONTH TO DATE    1.18                      1.11   0.07     1.24
  SINCE DEC 1      9.59                      8.46   1.13    10.57
  SINCE JAN 1      5.19                      4.65   0.54     5.66

SNOWFALL (IN)
  YESTERDAY        0.2          18.0  1994   0.3   -0.1      0.0
  MONTH TO DATE    3.7                       3.7    0.0      4.8
  SINCE OCT 1     33.3                      17.4   15.9     21.4
  SINCE JUL 1     33.3                      17.4   15.9     21.4
  SNOW DEPTH       0

DEGREE DAYS
 HEATING
  YESTERDAY       40                        31      9       38
  MONTH TO DATE  291                       352    -61      425
  SINCE DEC 1   1732                      2268   -536     2313
  SINCE JUL 1   2364                      3136   -772     3145

 COOLING
  YESTERDAY        0                         0      0        0
  MONTH TO DATE    0                         0      0        0
  SINCE DEC 1      0                         0      0        0
  SINCE JAN 1      0                         0      0        0
..................................................................


WIND (MPH)
  HIGHEST WIND SPEED    32   HIGHEST WIND DIRECTION     W (270)
  HIGHEST GUST SPEED    39   HIGHEST GUST DIRECTION     W (290)
  AVERAGE WIND SPEED    19.8


SKY COVER
  AVERAGE SKY COVER 0.7


WEATHER CONDITIONS
 THE FOLLOWING WEATHER WAS RECORDED YESTERDAY.
  LIGHT SNOW


RELATIVE HUMIDITY (PERCENT)
 HIGHEST    63           100 AM
 LOWEST     29          1100 AM
 AVERAGE    46

..........................................................


THE NEWARK NJ CLIMATE NORMALS FOR TODAY
                         NORMAL    RECORD    YEAR
 MAXIMUM TEMPERATURE (F)   42        70      1999
 MINIMUM TEMPERATURE (F)   26        -1      1979


SUNRISE AND SUNSET
FEBRUARY 12 2016......SUNRISE   655 AM EST   SUNSET   527 PM EST
FEBRUARY 13 2016......SUNRISE   654 AM EST   SUNSET   528 PM EST


-  INDICATES NEGATIVE NUMBERS.
R  INDICATES RECORD WAS SET OR TIED.
MM INDICATES DATA IS MISSING.
T  INDICATES TRACE AMOUNT.




$$
