000
CDUS41 KOKX 302042
CLIEWR


CLIMATE REPORT
NATIONAL WEATHER SERVICE NEW YORK NY
442 PM EDT THU MAR 30 2017


...................................

...THE NEWARK NJ CLIMATE SUMMARY FOR MARCH 30 2017...
VALID TODAY AS OF 0400 PM LOCAL TIME.

CLIMATE NORMAL PERIOD 1981 TO 2010
CLIMATE RECORD PERIOD 1929 TO 2017


WEATHER ITEM   OBSERVED TIME   RECORD YEAR NORMAL DEPARTURE LAST
                VALUE   (LST)  VALUE       VALUE  FROM      YEAR
                                                  NORMAL
..................................................................
TEMPERATURE (F)
 TODAY
  MAXIMUM         52    230 PM  86    1998  56     -4       55
  MINIMUM         35    557 AM  22    1970  38     -3       33
  AVERAGE         44                        47     -3       44

PRECIPITATION (IN)
  TODAY            0.00          2.34 1951   0.15  -0.15     0.00
  MONTH TO DATE    2.99                      4.04  -1.05     1.38
  SINCE MAR 1      2.99                      4.04  -1.05     1.38
  SINCE JAN 1      9.73                     10.46  -0.73     9.43

SNOWFALL (IN)
  TODAY            0.0           0.2  1991   0.0    0.0      0.0
  MONTH TO DATE    9.4                       4.5    4.9      1.6
  SINCE OCT 1     30.0                      27.5    2.5     32.8
  SINCE JUL 1     30.0                      27.5    2.5     32.8
  SNOW DEPTH       0

DEGREE DAYS
 HEATING
  TODAY           21                        18      3       21
  MONTH TO DATE  747                       691     56      489
  SINCE MAR 1    747                       691     56      489
  SINCE JUL 1   3756                      4326   -570     3362

 COOLING
  TODAY            0                         0      0        0
  MONTH TO DATE    0                         0      0        5
  SINCE MAR 1      0                         0      0        5
  SINCE JAN 1      0                         0      0        5
..................................................................


WIND (MPH)
  HIGHEST WIND SPEED    16   HIGHEST WIND DIRECTION     N (20)
  HIGHEST GUST SPEED    20   HIGHEST GUST DIRECTION    NE (30)
  AVERAGE WIND SPEED     8.9


SKY COVER
  AVERAGE SKY COVER 0.4


WEATHER CONDITIONS
 THE FOLLOWING WEATHER WAS RECORDED TODAY.
  NO SIGNIFICANT WEATHER WAS OBSERVED.


RELATIVE HUMIDITY (PERCENT)
 HIGHEST    64           600 AM
 LOWEST     35           200 PM
 AVERAGE    50

..........................................................


THE NEWARK NJ CLIMATE NORMALS FOR TOMORROW
                         NORMAL    RECORD    YEAR
 MAXIMUM TEMPERATURE (F)   56        85      1998
 MINIMUM TEMPERATURE (F)   38        22      1964


SUNRISE AND SUNSET
MARCH 30 2017.........SUNRISE   643 AM EDT   SUNSET   720 PM EDT
MARCH 31 2017.........SUNRISE   642 AM EDT   SUNSET   721 PM EDT


-  INDICATES NEGATIVE NUMBERS.
R  INDICATES RECORD WAS SET OR TIED.
MM INDICATES DATA IS MISSING.
T  INDICATES TRACE AMOUNT.




$$
