000
CDUS43 KIND 290532
CLIEYE


CLIMATE REPORT
NATIONAL WEATHER SERVICE INDIANAPOLIS IN
131 AM EDT WED MAR 29 2017


...................................

...THE INDIANAPOLIS EAGLE CREEK IN CLIMATE SUMMARY FOR MARCH 28 2017...

CLIMATE NORMAL PERIOD 1981 TO 2010
CLIMATE RECORD PERIOD 9999 TO 9999


WEATHER ITEM   OBSERVED TIME   NORMAL DEPARTURE LAST
                VALUE   (LST)  VALUE  FROM      YEAR
                                      NORMAL
......................................................
TEMPERATURE (F)
 YESTERDAY
  MAXIMUM         57    342 PM  56      1       51
  MINIMUM         49    818 AM  38     11       42
  AVERAGE         53            47      6       47

PRECIPITATION (IN)
  YESTERDAY        0.01          0.14  -0.13      T
  MONTH TO DATE    3.52          2.88   0.64     1.71
  SINCE MAR 1      3.52          2.88   0.64     1.71
  SINCE JAN 1      8.68          7.22   1.46     3.67

DEGREE DAYS
 HEATING
  YESTERDAY       12            18     -6       18
  MONTH TO DATE  618           646    -28      451
  SINCE MAR 1    618           646    -28      451
  SINCE JUL 1   3878          4771   -893     3964

 COOLING
  YESTERDAY        0             0      0        0
  MONTH TO DATE    2             0      2        0
  SINCE MAR 1      2             0      2        0
  SINCE JAN 1      2             0      2        0
......................................................


WIND (MPH)
  HIGHEST WIND SPEED    15   HIGHEST WIND DIRECTION     N (340)
  HIGHEST GUST SPEED    19   HIGHEST GUST DIRECTION     N (20)
  AVERAGE WIND SPEED     8.3


SKY COVER
  AVERAGE SKY COVER 0.9


WEATHER CONDITIONS
 THE FOLLOWING WEATHER WAS RECORDED YESTERDAY.
  LIGHT RAIN
  FOG


RELATIVE HUMIDITY (PERCENT)
 HIGHEST    93           400 AM
 LOWEST     62           200 PM
 AVERAGE    78

..........................................................


THE INDIANAPOLIS EAGLE CREEK IN CLIMATE NORMALS FOR TODAY
                         NORMAL
 MAXIMUM TEMPERATURE (F)   57
 MINIMUM TEMPERATURE (F)   38


SUNRISE AND SUNSET
MARCH 29 2017.........SUNRISE   734 AM EDT   SUNSET   807 PM EDT
MARCH 30 2017.........SUNRISE   732 AM EDT   SUNSET   808 PM EDT


-  INDICATES NEGATIVE NUMBERS.
R  INDICATES RECORD WAS SET OR TIED.
MM INDICATES DATA IS MISSING.
T  INDICATES TRACE AMOUNT.




$$
