000
CDUS43 KIND 170532
CLIEYE


CLIMATE REPORT
NATIONAL WEATHER SERVICE INDIANAPOLIS IN
1231 AM EST TUE JAN 17 2017


...................................

...THE INDIANAPOLIS EAGLE CREEK IN CLIMATE SUMMARY FOR JANUARY 16 2017...

CLIMATE NORMAL PERIOD 1981 TO 2010
CLIMATE RECORD PERIOD 9999 TO 9999


WEATHER ITEM   OBSERVED TIME   NORMAL DEPARTURE LAST
                VALUE   (LST)  VALUE  FROM      YEAR
                                      NORMAL
......................................................
TEMPERATURE (F)
 YESTERDAY
  MAXIMUM         52   1058 PM  35     17       32
  MINIMUM         35    247 AM  21     14       25
  AVERAGE         44            28     16       29

PRECIPITATION (IN)
  YESTERDAY        0.46          0.09   0.37      T
  MONTH TO DATE    2.74          1.58   1.16     0.59
  SINCE DEC 1      4.05          4.66  -0.61     5.82
  SINCE JAN 1      2.74          1.58   1.16     0.59

DEGREE DAYS
 HEATING
  YESTERDAY       21            37    -16       36
  MONTH TO DATE  548           592    -44      558
  SINCE DEC 1   1611          1624    -13     1251
  SINCE JUL 1   2295          2648   -353     2072

 COOLING
  YESTERDAY        0             0      0        0
  MONTH TO DATE    0             0      0        0
  SINCE DEC 1      0             0      0        0
  SINCE JAN 1      0             0      0        0
......................................................


WIND (MPH)
  HIGHEST WIND SPEED    10   HIGHEST WIND DIRECTION    SE (130)
  HIGHEST GUST SPEED    15   HIGHEST GUST DIRECTION     S (160)
  AVERAGE WIND SPEED     6.4


SKY COVER
  AVERAGE SKY COVER 1.0


WEATHER CONDITIONS
 THE FOLLOWING WEATHER WAS RECORDED YESTERDAY.
  RAIN
  LIGHT RAIN
  FOG


RELATIVE HUMIDITY (PERCENT)
 HIGHEST    96          1100 PM
 LOWEST     82          1200 AM
 AVERAGE    89

..........................................................


THE INDIANAPOLIS EAGLE CREEK IN CLIMATE NORMALS FOR TODAY
                         NORMAL
 MAXIMUM TEMPERATURE (F)   35
 MINIMUM TEMPERATURE (F)   21


SUNRISE AND SUNSET
JANUARY 17 2017.......SUNRISE   804 AM EST   SUNSET   547 PM EST
JANUARY 18 2017.......SUNRISE   803 AM EST   SUNSET   549 PM EST


-  INDICATES NEGATIVE NUMBERS.
R  INDICATES RECORD WAS SET OR TIED.
MM INDICATES DATA IS MISSING.
T  INDICATES TRACE AMOUNT.




$$
