000
CDUS43 KIND 260533
CLIEYE


CLIMATE REPORT
NATIONAL WEATHER SERVICE INDIANAPOLIS IN
131 AM EDT THU MAY 26 2016


...................................

...THE INDIANAPOLIS EAGLE CREEK IN CLIMATE SUMMARY FOR MAY 25 2016...

CLIMATE NORMAL PERIOD 1981 TO 2010
CLIMATE RECORD PERIOD 9999 TO 9999


WEATHER ITEM   OBSERVED TIME   NORMAL DEPARTURE LAST
                VALUE   (LST)  VALUE  FROM      YEAR
                                      NORMAL
......................................................
TEMPERATURE (F)
 YESTERDAY
  MAXIMUM         84    452 PM  75      9       78
  MINIMUM         64    134 AM  56      8       66
  AVERAGE         74            66      8       72

PRECIPITATION (IN)
  YESTERDAY        0.00          0.12  -0.12     0.02
  MONTH TO DATE    3.16          4.51  -1.35     1.12
  SINCE MAR 1      9.46         11.71  -2.25     9.25
  SINCE JAN 1     11.42         16.05  -4.63    11.73

DEGREE DAYS
 HEATING
  YESTERDAY        0             3     -3        0
  MONTH TO DATE  153           126     27       80
  SINCE MAR 1    992          1196   -204     1232
  SINCE JUL 1   4505          5321   -816     5918

 COOLING
  YESTERDAY        9             3      6        7
  MONTH TO DATE   23            46    -23       83
  SINCE MAR 1     36            61    -25       87
  SINCE JAN 1     36            61    -25       87
......................................................


WIND (MPH)
  HIGHEST WIND SPEED    16   HIGHEST WIND DIRECTION    SW (210)
  HIGHEST GUST SPEED    23   HIGHEST GUST DIRECTION    SW (220)
  AVERAGE WIND SPEED     6.7


SKY COVER
  AVERAGE SKY COVER 0.5


WEATHER CONDITIONS
 THE FOLLOWING WEATHER WAS RECORDED YESTERDAY.
  NO SIGNIFICANT WEATHER WAS OBSERVED.


RELATIVE HUMIDITY (PERCENT)
 HIGHEST    78           200 AM
 LOWEST     47           100 PM
 AVERAGE    63

..........................................................


THE INDIANAPOLIS EAGLE CREEK IN CLIMATE NORMALS FOR TODAY
                         NORMAL
 MAXIMUM TEMPERATURE (F)   76
 MINIMUM TEMPERATURE (F)   57


SUNRISE AND SUNSET
MAY 26 2016...........SUNRISE   622 AM EDT   SUNSET   903 PM EDT
MAY 27 2016...........SUNRISE   621 AM EDT   SUNSET   904 PM EDT


-  INDICATES NEGATIVE NUMBERS.
R  INDICATES RECORD WAS SET OR TIED.
MM INDICATES DATA IS MISSING.
T  INDICATES TRACE AMOUNT.




$$
