000
CDUS42 KKEY 200552
CLIEYW


CLIMATE REPORT
NATIONAL WEATHER SERVICE KEY WEST, FL
150 AM EDT FRI OCT 20 2017


...................................

...THE KEY WEST CLIMATE SUMMARY FOR OCTOBER 19 2017...

CLIMATE NORMAL PERIOD 1981 TO 2010
CLIMATE RECORD PERIOD 1871 TO 2017


WEATHER ITEM   OBSERVED TIME   RECORD YEAR NORMAL DEPARTURE LAST
                VALUE   (LST)  VALUE       VALUE  FROM      YEAR
                                                  NORMAL
..................................................................
TEMPERATURE (F)
 YESTERDAY
  MAXIMUM         87    125 PM  89    2007  84      3       87
                                      1989
                                      1925
  MINIMUM         78    234 AM  65    2009  76      2       78
  AVERAGE         83                        80      3       83

PRECIPITATION (IN)
  YESTERDAY        0.00          4.56 1939   0.15  -0.15     0.00
  MONTH TO DATE    4.47                      3.35   1.12     0.73
  SINCE SEP 1     13.75                     10.06   3.69     8.77
  SINCE JAN 1     33.99                     33.73   0.26    34.11

SNOWFALL (IN)
  YESTERDAY        0.0
  MONTH TO DATE    0.0
  SINCE SEP 1      0.0
  SINCE JUL 1      0.0
  SNOW DEPTH       0

DEGREE DAYS
 HEATING
  YESTERDAY        0                         0      0        0
  MONTH TO DATE    0                         0      0        0
  SINCE SEP 1      0                         0      0        0
  SINCE JUL 1      0                         0      0        0

 COOLING
  YESTERDAY       18                        15      3       18
  MONTH TO DATE  343                       306     37      359
  SINCE SEP 1    939                       852     87      933
  SINCE JAN 1   4570                      4041    529     4240
..................................................................


WIND (MPH)
  HIGHEST WIND SPEED    13   HIGHEST WIND DIRECTION    NE (60)
  HIGHEST GUST SPEED    19   HIGHEST GUST DIRECTION    NE (50)
  AVERAGE WIND SPEED     8.0


SKY COVER
  POSSIBLE SUNSHINE  MM
  AVERAGE SKY COVER 0.2


WEATHER CONDITIONS
 THE FOLLOWING WEATHER WAS RECORDED YESTERDAY.
  NO SIGNIFICANT WEATHER WAS OBSERVED.


RELATIVE HUMIDITY (PERCENT)
 HIGHEST    91
 LOWEST     70
 AVERAGE    81

..........................................................


THE KEY WEST CLIMATE NORMALS FOR TODAY
                         NORMAL    RECORD    YEAR
 MAXIMUM TEMPERATURE (F)   84        90      1937
                                             1925
 MINIMUM TEMPERATURE (F)   76        65      1940


SUNRISE AND SUNSET
OCTOBER 20 2017.......SUNRISE   727 AM EDT   SUNSET   656 PM EDT
OCTOBER 21 2017.......SUNRISE   728 AM EDT   SUNSET   655 PM EDT


-  INDICATES NEGATIVE NUMBERS.
R  INDICATES RECORD WAS SET OR TIED.
MM INDICATES DATA IS MISSING.
T  INDICATES TRACE AMOUNT.




$$

Fling
