000
CDUS42 KKEY 260544
CLIEYW

CLIMATE REPORT
NATIONAL WEATHER SERVICE KEY WEST, FL
1243 AM EST FRI DEC 26 2014

...................................

...THE KEY WEST CLIMATE SUMMARY FOR DECEMBER 25 2014...

CLIMATE NORMAL PERIOD 1981 TO 2010
CLIMATE RECORD PERIOD 1871 TO 2014


WEATHER ITEM   OBSERVED TIME   RECORD YEAR NORMAL DEPARTURE LAST
                VALUE   (LST)  VALUE       VALUE  FROM      YEAR
                                                  NORMAL
..................................................................
TEMPERATURE (F)
 YESTERDAY
  MAXIMUM         79    157 AM  86    1876  75      4       76
  MINIMUM         66    537 AM  46    1989  65      1       69
  AVERAGE         73                        70      3       73

PRECIPITATION (IN)
  YESTERDAY        0.66          2.33 1873   0.06   0.60     0.01
  MONTH TO DATE    2.18                      1.87   0.31     0.95
  SINCE DEC 1      2.18                      1.87   0.31     0.95
  SINCE JAN 1     36.55                     39.48  -2.93    46.55

SNOWFALL (IN)
  YESTERDAY        0.0
  MONTH TO DATE    0.0
  SINCE DEC 1      0.0
  SINCE JUL 1      0.0
  SNOW DEPTH       0

DEGREE DAYS
 HEATING
  YESTERDAY        0                         1     -1        0
  MONTH TO DATE    5                         9     -4        0
  SINCE DEC 1      5                         9     -4        0
  SINCE JUL 1      6                        10     -4        0

 COOLING
  YESTERDAY        8                         6      2        8
  MONTH TO DATE  185                       182      3      276
  SINCE DEC 1    185                       182      3      276
  SINCE JAN 1   5028                      4715    313     5037
..................................................................


WIND (MPH)
  HIGHEST WIND SPEED    20   HIGHEST WIND DIRECTION     N (10)
  HIGHEST GUST SPEED    29   HIGHEST GUST DIRECTION     N (350)
  AVERAGE WIND SPEED    13.1


SKY COVER
  POSSIBLE SUNSHINE  MM
  AVERAGE SKY COVER 0.7


WEATHER CONDITIONS
 THE FOLLOWING WEATHER WAS RECORDED YESTERDAY.
  HEAVY RAIN
  RAIN
  LIGHT RAIN


RELATIVE HUMIDITY (PERCENT)
 HIGHEST    93
 LOWEST     66
 AVERAGE    80

..........................................................


THE KEY WEST CLIMATE NORMALS FOR TODAY
                         NORMAL    RECORD    YEAR
 MAXIMUM TEMPERATURE (F)   75        87      1876
 MINIMUM TEMPERATURE (F)   65        45      1983


SUNRISE AND SUNSET
DECEMBER 26 2014......SUNRISE   709 AM EST   SUNSET   546 PM EST
DECEMBER 27 2014......SUNRISE   709 AM EST   SUNSET   547 PM EST


-  INDICATES NEGATIVE NUMBERS.
R  INDICATES RECORD WAS SET OR TIED.
MM INDICATES DATA IS MISSING.
T  INDICATES TRACE AMOUNT.




$$
