356
CDUS42 KKEY 220604
CLIEYW


CLIMATE REPORT
NATIONAL WEATHER SERVICE KEY WEST, FL
103 AM EST SUN JAN 22 2017


...................................

...THE KEY WEST CLIMATE SUMMARY FOR JANUARY 21 2017...

CLIMATE NORMAL PERIOD 1981 TO 2010
CLIMATE RECORD PERIOD 1871 TO 2017


WEATHER ITEM   OBSERVED TIME   RECORD YEAR NORMAL DEPARTURE LAST
                VALUE   (LST)  VALUE       VALUE  FROM      YEAR
                                                  NORMAL
..................................................................
TEMPERATURE (F)
 YESTERDAY
  MAXIMUM         80    250 PM  86    1877  74      6       75
  MINIMUM         72    228 AM  46    1971  64      8       63
  AVERAGE         76                        69      7       69

PRECIPITATION (IN)
  YESTERDAY        0.00          3.11 1958   0.08  -0.08      T
  MONTH TO DATE    0.31                      1.39  -1.08     2.14
  SINCE DEC 1      2.05                      3.61  -1.56     6.72
  SINCE JAN 1      0.31                      1.39  -1.08     2.14

SNOWFALL (IN)
  YESTERDAY        0.0
  MONTH TO DATE    0.0
  SINCE DEC 1      0.0
  SINCE JUL 1      0.0
  SNOW DEPTH      MM

DEGREE DAYS
 HEATING
  YESTERDAY        0                         1     -1        0
  MONTH TO DATE    3                        21    -18        6
  SINCE DEC 1      3                        38    -35        6
  SINCE JUL 1      3                        39    -36        6

 COOLING
  YESTERDAY       11                         5      6        4
  MONTH TO DATE  196                       107     89      132
  SINCE DEC 1    589                       324    265      531
  SINCE JAN 1    196                       107     89      132
..................................................................


WIND (MPH)
  HIGHEST WIND SPEED    21   HIGHEST WIND DIRECTION     S (180)
  HIGHEST GUST SPEED    25   HIGHEST GUST DIRECTION     S (180)
  AVERAGE WIND SPEED    10.0


SKY COVER
  POSSIBLE SUNSHINE  MM
  AVERAGE SKY COVER 0.2


WEATHER CONDITIONS
 THE FOLLOWING WEATHER WAS RECORDED YESTERDAY.
  NO SIGNIFICANT WEATHER WAS OBSERVED.


RELATIVE HUMIDITY (PERCENT)
 HIGHEST    82
 LOWEST     62
 AVERAGE    72

..........................................................


THE KEY WEST CLIMATE NORMALS FOR TODAY
                         NORMAL    RECORD    YEAR
 MAXIMUM TEMPERATURE (F)   74        87      1877
 MINIMUM TEMPERATURE (F)   64        48      2009


SUNRISE AND SUNSET
JANUARY 22 2017.......SUNRISE   712 AM EST   SUNSET   606 PM EST
JANUARY 23 2017.......SUNRISE   712 AM EST   SUNSET   606 PM EST


-  INDICATES NEGATIVE NUMBERS.
R  INDICATES RECORD WAS SET OR TIED.
MM INDICATES DATA IS MISSING.
T  INDICATES TRACE AMOUNT.




$$
