000
CDUS42 KKEY 090532
CLIEYW


CLIMATE REPORT
NATIONAL WEATHER SERVICE KEY WEST, FL
1232 AM EST FRI DEC 9 2016


...................................

...THE KEY WEST CLIMATE SUMMARY FOR DECEMBER 8 2016...

CLIMATE NORMAL PERIOD 1981 TO 2010
CLIMATE RECORD PERIOD 1871 TO 2016


WEATHER ITEM   OBSERVED TIME   RECORD YEAR NORMAL DEPARTURE LAST
                VALUE   (LST)  VALUE       VALUE  FROM      YEAR
                                                  NORMAL
..................................................................
TEMPERATURE (F)
 YESTERDAY
  MAXIMUM         85R   143 PM  85    1978  77      8       75
  MINIMUM         75    823 PM  48    1937  68      7       70
  AVERAGE         80                        73      7       73

PRECIPITATION (IN)
  YESTERDAY        0.00          6.66 1986   0.08  -0.08      T
  MONTH TO DATE    0.45                      0.66  -0.21     4.13
  SINCE DEC 1      0.45                      0.66  -0.21     4.13
  SINCE JAN 1     36.06                     38.27  -2.21    35.79

SNOWFALL (IN)
  YESTERDAY        0.0
  MONTH TO DATE    0.0
  SINCE DEC 1      0.0
  SINCE JUL 1      0.0
  SNOW DEPTH       0

DEGREE DAYS
 HEATING
  YESTERDAY        0                         0      0        0
  MONTH TO DATE    0                         0      0        0
  SINCE DEC 1      0                         0      0        0
  SINCE JUL 1      0                         1     -1        0

 COOLING
  YESTERDAY       15                         8      7        8
  MONTH TO DATE  118                        66     52       80
  SINCE DEC 1    118                        66     52       80
  SINCE JAN 1   4871                      4599    272     5259
..................................................................


WIND (MPH)
  HIGHEST WIND SPEED    15   HIGHEST WIND DIRECTION     N (20)
  HIGHEST GUST SPEED    21   HIGHEST GUST DIRECTION     N (10)
  AVERAGE WIND SPEED     8.4


SKY COVER
  POSSIBLE SUNSHINE  MM
  AVERAGE SKY COVER 0.4


WEATHER CONDITIONS
 THE FOLLOWING WEATHER WAS RECORDED YESTERDAY.
  NO SIGNIFICANT WEATHER WAS OBSERVED.


RELATIVE HUMIDITY (PERCENT)
 HIGHEST   100
 LOWEST     74
 AVERAGE    87

..........................................................


THE KEY WEST CLIMATE NORMALS FOR TODAY
                         NORMAL    RECORD    YEAR
 MAXIMUM TEMPERATURE (F)   77        85      1948
 MINIMUM TEMPERATURE (F)   68        53      1928


SUNRISE AND SUNSET
DECEMBER  9 2016......SUNRISE   700 AM EST   SUNSET   539 PM EST
DECEMBER 10 2016......SUNRISE   701 AM EST   SUNSET   540 PM EST


-  INDICATES NEGATIVE NUMBERS.
R  INDICATES RECORD WAS SET OR TIED.
MM INDICATES DATA IS MISSING.
T  INDICATES TRACE AMOUNT.




$$
