000
CDUS42 KKEY 270552
CLIEYW

CLIMATE REPORT
NATIONAL WEATHER SERVICE KEY WEST, FL
147 AM EDT TUE SEP 27 2016


...................................

...THE KEY WEST CLIMATE SUMMARY FOR SEPTEMBER 26 2016...

CLIMATE NORMAL PERIOD 1981 TO 2010
CLIMATE RECORD PERIOD 1871 TO 2016


WEATHER ITEM   OBSERVED TIME   RECORD YEAR NORMAL DEPARTURE LAST
                VALUE   (LST)  VALUE       VALUE  FROM      YEAR
                                                  NORMAL
..................................................................
TEMPERATURE (F)
 YESTERDAY
  MAXIMUM         87   1031 AM  92    1987  87      0       88
                                      1955
                                      1951
  MINIMUM         77    100 PM  70    1901  78     -1       83
  AVERAGE         82                        83     -1       86

PRECIPITATION (IN)
  YESTERDAY        0.62          3.36 2011   0.22   0.40      T
  MONTH TO DATE    7.69                      5.84   1.85     4.68
  SINCE SEP 1      7.69                      5.84   1.85     4.68
  SINCE JAN 1     33.03                     29.51   3.52    27.19

SNOWFALL (IN)
  YESTERDAY        0.0
  MONTH TO DATE    0.0
  SINCE SEP 1      0.0
  SINCE JUL 1      0.0
  SNOW DEPTH       0

DEGREE DAYS
 HEATING
  YESTERDAY        0                         0      0        0
  MONTH TO DATE    0                         0      0        0
  SINCE SEP 1      0                         0      0        0
  SINCE JUL 1      0                         0      0        0

 COOLING
  YESTERDAY       17                        18     -1       21
  MONTH TO DATE  506                       478     28      531
  SINCE SEP 1    506                       478     28      531
  SINCE JAN 1   3813                      3667    146     4124
..................................................................


WIND (MPH)
  HIGHEST WIND SPEED    17   HIGHEST WIND DIRECTION     E (100)
  HIGHEST GUST SPEED    23   HIGHEST GUST DIRECTION     E (100)
  AVERAGE WIND SPEED     5.0


SKY COVER
  POSSIBLE SUNSHINE  MM
  AVERAGE SKY COVER 0.2


WEATHER CONDITIONS
 THE FOLLOWING WEATHER WAS RECORDED YESTERDAY.
  THUNDERSTORM
  HEAVY RAIN
  RAIN
  LIGHT RAIN
  FOG


RELATIVE HUMIDITY (PERCENT)
 HIGHEST    97
 LOWEST     74
 AVERAGE    86

..........................................................


THE KEY WEST CLIMATE NORMALS FOR TODAY
                         NORMAL    RECORD    YEAR
 MAXIMUM TEMPERATURE (F)   87        92      1957
                                             1952
 MINIMUM TEMPERATURE (F)   78        69      1892


SUNRISE AND SUNSET
SEPTEMBER 27 2016.....SUNRISE   718 AM EDT   SUNSET   718 PM EDT
SEPTEMBER 28 2016.....SUNRISE   718 AM EDT   SUNSET   716 PM EDT


-  INDICATES NEGATIVE NUMBERS.
R  INDICATES RECORD WAS SET OR TIED.
MM INDICATES DATA IS MISSING.
T  INDICATES TRACE AMOUNT.




$$
