536
CDUS42 KKEY 230542
CLIEYW


CLIMATE REPORT
NATIONAL WEATHER SERVICE KEY WEST, FL
141 AM EDT THU MAR 23 2017


...................................

...THE KEY WEST CLIMATE SUMMARY FOR MARCH 22 2017...

CLIMATE NORMAL PERIOD 1981 TO 2010
CLIMATE RECORD PERIOD 1871 TO 2017


WEATHER ITEM   OBSERVED TIME   RECORD YEAR NORMAL DEPARTURE LAST
                VALUE   (LST)  VALUE       VALUE  FROM      YEAR
                                                  NORMAL
..................................................................
TEMPERATURE (F)
 YESTERDAY
  MAXIMUM         80   1154 AM  87    1977  79      1       75
  MINIMUM         66    314 AM  53    1996  69     -3       60
  AVERAGE         73                        74     -1       68

PRECIPITATION (IN)
  YESTERDAY        0.00          0.78 1941   0.05  -0.05     0.00
  MONTH TO DATE    0.93                      1.53  -0.60     0.21
  SINCE MAR 1      0.93                      1.53  -0.60     0.21
  SINCE JAN 1      3.98                      5.06  -1.08     7.29

SNOWFALL (IN)
  YESTERDAY        0.0
  MONTH TO DATE    0.0
  SINCE MAR 1      0.0
  SINCE JUL 1      0.0
  SNOW DEPTH       0

DEGREE DAYS
 HEATING
  YESTERDAY        0                         0      0        0
  MONTH TO DATE    0                         0      0        0
  SINCE MAR 1      0                         0      0        0
  SINCE JUL 1      5                        66    -61       24

 COOLING
  YESTERDAY        8                         9     -1        3
  MONTH TO DATE  193                       180     13      214
  SINCE MAR 1    193                       180     13      214
  SINCE JAN 1    733                       528    205      542
..................................................................


WIND (MPH)
  HIGHEST WIND SPEED    15   HIGHEST WIND DIRECTION     N (350)
  HIGHEST GUST SPEED    17   HIGHEST GUST DIRECTION     N (350)
  AVERAGE WIND SPEED     7.8


SKY COVER
  POSSIBLE SUNSHINE  MM
  AVERAGE SKY COVER 0.0


WEATHER CONDITIONS
 THE FOLLOWING WEATHER WAS RECORDED YESTERDAY.
  NO SIGNIFICANT WEATHER WAS OBSERVED.


RELATIVE HUMIDITY (PERCENT)
 HIGHEST    87
 LOWEST     42
 AVERAGE    65

..........................................................


THE KEY WEST CLIMATE NORMALS FOR TODAY
                         NORMAL    RECORD    YEAR
 MAXIMUM TEMPERATURE (F)   79        88      1874
 MINIMUM TEMPERATURE (F)   69        53      1986


SUNRISE AND SUNSET
MARCH 23 2017.........SUNRISE   728 AM EDT   SUNSET   740 PM EDT
MARCH 24 2017.........SUNRISE   727 AM EDT   SUNSET   740 PM EDT


-  INDICATES NEGATIVE NUMBERS.
R  INDICATES RECORD WAS SET OR TIED.
MM INDICATES DATA IS MISSING.
T  INDICATES TRACE AMOUNT.




$$
