000
CDUS42 KKEY 222132
CLIEYW

CLIMATE REPORT
NATIONAL WEATHER SERVICE KEY WEST, FL
427 PM EST SAT NOV 22 2014


...................................

...THE KEY WEST CLIMATE SUMMARY FOR NOVEMBER 22 2014...
VALID TODAY AS OF 0400 PM LOCAL TIME.

CLIMATE NORMAL PERIOD 1981 TO 2010
CLIMATE RECORD PERIOD 1871 TO 2014


WEATHER ITEM   OBSERVED TIME   RECORD YEAR NORMAL DEPARTURE LAST
                VALUE   (LST)  VALUE       VALUE  FROM      YEAR
                                                  NORMAL
..................................................................
TEMPERATURE (F)
 TODAY
  MAXIMUM         80    328 PM  88    1880  79      1       82
  MINIMUM         73    345 AM  55    2006  71      2       73
  AVERAGE         77                        75      2       78

PRECIPITATION (IN)
  TODAY            0.06          0.93 1942   0.06   0.00     0.31
  MONTH TO DATE    0.71                      1.70  -0.99     1.16
  SINCE SEP 1     12.10                     13.34  -1.24     7.00
  SINCE JAN 1     34.24                     37.01  -2.77    42.51

SNOWFALL (IN)
  TODAY            0.0
  MONTH TO DATE    0.0
  SINCE SEP 1      0.0
  SINCE JUL 1      0.0
  SNOW DEPTH       0

DEGREE DAYS
 HEATING
  TODAY            0                         0      0        0
  MONTH TO DATE    0                         0      0        0
  SINCE SEP 1      0                         0      0        0
  SINCE JUL 1      0                         0      0        0

 COOLING
  TODAY           12                        10      2       13
  MONTH TO DATE  190                       250    -60      301
  SINCE SEP 1   1256                      1269    -13     1367
  SINCE JAN 1   4776                      4458    318     4687
..................................................................


WIND (MPH)
  HIGHEST WIND SPEED    17   HIGHEST WIND DIRECTION     E (100)
  HIGHEST GUST SPEED    24   HIGHEST GUST DIRECTION     E (80)
  AVERAGE WIND SPEED    12.7


SKY COVER
  POSSIBLE SUNSHINE  MM
  AVERAGE SKY COVER 0.7


WEATHER CONDITIONS
 THE FOLLOWING WEATHER WAS RECORDED TODAY.
  LIGHT RAIN


RELATIVE HUMIDITY (PERCENT)
 HIGHEST   100
 LOWEST     94
 AVERAGE    97

..........................................................


THE KEY WEST CLIMATE NORMALS FOR TOMORROW
                         NORMAL    RECORD    YEAR
 MAXIMUM TEMPERATURE (F)   79        86      1957
 MINIMUM TEMPERATURE (F)   71        58      1944


SUNRISE AND SUNSET
NOVEMBER 22 2014......SUNRISE   648 AM EST   SUNSET   538 PM EST
NOVEMBER 23 2014......SUNRISE   648 AM EST   SUNSET   538 PM EST


-  INDICATES NEGATIVE NUMBERS.
R  INDICATES RECORD WAS SET OR TIED.
MM INDICATES DATA IS MISSING.
T  INDICATES TRACE AMOUNT.




$$
