000
CDAK49 PAFG 290939
CLIFAI

CLIMATE REPORT
NATIONAL WEATHER SERVICE FAIRBANKS AK
139 AM AKDT FRI AUG 29 2014

...................................

...THE FAIRBANKS AK CLIMATE SUMMARY FOR AUGUST 28 2014...

CLIMATE NORMAL PERIOD 1981 TO 2010
CLIMATE RECORD PERIOD 1904 TO 2014


WEATHER ITEM   OBSERVED TIME   RECORD YEAR NORMAL DEPARTURE LAST
                VALUE   (LST)  VALUE       VALUE  FROM      YEAR
                                                  NORMAL
..................................................................
TEMPERATURE (F)
 YESTERDAY
  MAXIMUM         61    553 PM  82    1949  63     -2       59
  MINIMUM         44    537 AM  26    1913  43      1       49
  AVERAGE         53                        53      0       54

PRECIPITATION (IN)
  YESTERDAY        0.02          1.36 1930   0.05  -0.03     0.01
  MONTH TO DATE    2.22                      1.72   0.50     1.93
  SINCE JUN 1     11.56                      5.25   6.31     3.37
  SINCE JAN 1     12.65                      7.41   5.24     5.71

SNOWFALL (IN)
  YESTERDAY        0.0           T    1913   0.0    0.0      0.0
  MONTH TO DATE    0.0                       0.0    0.0      0.0
  SINCE JUN 1      0.0                       0.0    0.0      0.0
  SINCE JUL 1      0.0                       0.0    0.0      0.0
  SNOW DEPTH       0

DEGREE DAYS
 HEATING
  YESTERDAY       12                        12      0       11
  MONTH TO DATE  125                       240   -115      145
  SINCE JUN 1    454                       508    -54      285
  SINCE JUL 1    262                       348    -86      214

 COOLING
  YESTERDAY        0                         0      0        0
  MONTH TO DATE    7                         0      7       24
  SINCE JUN 1     27                        54    -27      213
  SINCE JAN 1     27                        55    -28      226
..................................................................


WIND (MPH)
  HIGHEST GUST SPEED    12   HIGHEST GUST DIRECTION     W (260)


SKY COVER
  AVERAGE SKY COVER 0.8


WEATHER CONDITIONS
 THE FOLLOWING WEATHER WAS RECORDED YESTERDAY.
  LIGHT RAIN


RELATIVE HUMIDITY (PERCENT)
 HIGHEST    92
 LOWEST     55
 AVERAGE    74

..........................................................


THE FAIRBANKS AK CLIMATE NORMALS FOR TODAY
                         NORMAL    RECORD    YEAR
 MAXIMUM TEMPERATURE (F)   63        84      1949
 MINIMUM TEMPERATURE (F)   42        24      1922


SUNRISE AND SUNSET
AUGUST 29 2014..........SUNRISE  623 AM AKDT   SUNSET  920 PM AKDT
AUGUST 30 2014..........SUNRISE  626 AM AKDT   SUNSET  916 PM AKDT


-  INDICATES NEGATIVE NUMBERS.
R  INDICATES RECORD WAS SET OR TIED.
MM INDICATES DATA IS MISSING.
T  INDICATES TRACE AMOUNT.

&&

SNOW DEPTH IS MEASURED AT 3AM AKST/4AM AKDT

----------------------------
AVAILABLE DAYLIGHT

AMOUNT OF DAYLIGHT TODAY  (HOUR:MIN)........14:57
LOSS SINCE YESTERDAY........................7 MINUTES
----------------------------

$$
CCC AUG 14
