000
CDAK49 PAFG 250043
CLIFAI

CLIMATE REPORT
NATIONAL WEATHER SERVICE FAIRBANKS AK
443 PM AKDT SUN JUL 24 2016

...................................

...THE FAIRBANKS AK CLIMATE SUMMARY FOR JULY 24 2016...
VALID TODAY AS OF 0400 PM LOCAL TIME.

CLIMATE NORMAL PERIOD 1981 TO 2010
CLIMATE RECORD PERIOD 1904 TO 2016


WEATHER ITEM   OBSERVED TIME   RECORD YEAR NORMAL DEPARTURE LAST
                VALUE   (LST)  VALUE       VALUE  FROM      YEAR
                                                  NORMAL
..................................................................
TEMPERATURE (F)
 TODAY
  MAXIMUM         71    256 PM  89    1968  71      0       78
  MINIMUM         52    525 AM  35    1917  52      0       50
  AVERAGE         62                        62      0       64

PRECIPITATION (IN)
  TODAY            T             1.27 1967   0.08  -0.08      T
  MONTH TO DATE    2.98                      1.65   1.33     0.73
  SINCE JUN 1      6.27                      3.02   3.25     1.76
  SINCE JAN 1      8.16                      5.18   2.98     3.33

SNOWFALL (IN)
  TODAY            0.0           0.0  2002   0.0    0.0      0.0
                                      2001
                                      2000
  MONTH TO DATE    0.0                       0.0    0.0      0.0
  SINCE JUN 1      0.0                       0.0    0.0      0.0
  SINCE JUL 1      0.0                       0.0    0.0      0.0
  SNOW DEPTH       0

DEGREE DAYS
 HEATING
  TODAY            3                         4     -1        1
  MONTH TO DATE   59                        77    -18       76
  SINCE JUN 1    220                       237    -17      257
  SINCE JUL 1     59                        77    -18       76

 COOLING
  TODAY            0                         1     -1        0
  MONTH TO DATE   41                        28     13       22
  SINCE JUN 1     60                        51      9       53
  SINCE JAN 1     66                        52     14       55
..................................................................


WIND (MPH)
  HIGHEST GUST SPEED    14   HIGHEST GUST DIRECTION    NE (50)


SKY COVER
  AVERAGE SKY COVER 0.7


WEATHER CONDITIONS
 THE FOLLOWING WEATHER WAS RECORDED TODAY.
  LIGHT RAIN
  FOG


RELATIVE HUMIDITY (PERCENT)
 HIGHEST   100
 LOWEST     37
 AVERAGE    69

..........................................................


THE FAIRBANKS AK CLIMATE NORMALS FOR TOMORROW
                         NORMAL    RECORD    YEAR
 MAXIMUM TEMPERATURE (F)   71        93      1955
 MINIMUM TEMPERATURE (F)   52        40      1958
                                             1921
                                             1917


SUNRISE AND SUNSET
JULY 24 2016..........SUNRISE  427 AM AKDT   SUNSET  1128 PM AKDT
JULY 25 2016..........SUNRISE  430 AM AKDT   SUNSET  1124 PM AKDT


-  INDICATES NEGATIVE NUMBERS.
R  INDICATES RECORD WAS SET OR TIED.
MM INDICATES DATA IS MISSING.
T  INDICATES TRACE AMOUNT.

&&

SNOW DEPTH IS MEASURED AT 3AM AKST/4AM AKDT

----------------------------
AVAILABLE DAYLIGHT

AMOUNT OF DAYLIGHT TODAY  (HOUR:MIN)........19:01
LOSS SINCE YESTERDAY........................7 MINUTES
----------------------------

$$
JUL 16
