000
CDAK49 PAFG 300939
CLIFAI

CLIMATE REPORT
NATIONAL WEATHER SERVICE FAIRBANKS AK
139 AM AKDT FRI SEP 30 2016

...................................

...THE FAIRBANKS AK CLIMATE SUMMARY FOR SEPTEMBER 29 2016...

CLIMATE NORMAL PERIOD 1981 TO 2010
CLIMATE RECORD PERIOD 1904 TO 2016


WEATHER ITEM   OBSERVED TIME   RECORD YEAR NORMAL DEPARTURE LAST
                VALUE   (LST)  VALUE       VALUE  FROM      YEAR
                                                  NORMAL
..................................................................
TEMPERATURE (F)
 YESTERDAY
  MAXIMUM         59    852 AM  68    1942  46     13       33
  MINIMUM         30   1130 PM  12    1992  29      1       29
  AVERAGE         45                        38      7       31

PRECIPITATION (IN)
  YESTERDAY        T             0.74 2015   0.03  -0.03     0.74
  MONTH TO DATE    2.08                      1.07   1.01     3.62
  SINCE SEP 1      2.08                      1.07   1.01     3.62
  SINCE JAN 1     13.79                      8.64   5.15    11.58

SNOWFALL (IN)
  YESTERDAY        0.0          11.2  2015   0.2   -0.2     11.2
  MONTH TO DATE    T                         1.7   -1.7     18.6
  SINCE SEP 1      T                         1.7   -1.7     18.6
  SINCE JUL 1      T                         1.7   -1.7     18.6
  SNOW DEPTH       0

DEGREE DAYS
 HEATING
  YESTERDAY       20                        27     -7       34
  MONTH TO DATE  526                       578    -52      637
  SINCE SEP 1    526                       578    -52      637
  SINCE JUL 1    728                       967   -239     1062

 COOLING
  YESTERDAY        0                         0      0        0
  MONTH TO DATE    0                         0      0        0
  SINCE SEP 1      0                         0      0        0
  SINCE JAN 1     76                        61     15       62
..................................................................


WIND (MPH)
  HIGHEST GUST SPEED    23   HIGHEST GUST DIRECTION     W (260)


SKY COVER
  AVERAGE SKY COVER 0.7


WEATHER CONDITIONS
 THE FOLLOWING WEATHER WAS RECORDED YESTERDAY.
  NO SIGNIFICANT WEATHER WAS OBSERVED.


RELATIVE HUMIDITY (PERCENT)
 HIGHEST    96
 LOWEST     56
 AVERAGE    76

..........................................................


THE FAIRBANKS AK CLIMATE NORMALS FOR TODAY
                         NORMAL    RECORD    YEAR
 MAXIMUM TEMPERATURE (F)   46        71      2003
 MINIMUM TEMPERATURE (F)   28         3      1992


SUNRISE AND SUNSET
SEPTEMBER 30 2016..........SUNRISE  800 AM AKDT   SUNSET  721 PM AKDT
OCTOBER 01 2016..........SUNRISE  803 AM AKDT   SUNSET  717 PM AKDT


-  INDICATES NEGATIVE NUMBERS.
R  INDICATES RECORD WAS SET OR TIED.
MM INDICATES DATA IS MISSING.
T  INDICATES TRACE AMOUNT.

&&

SNOW DEPTH IS MEASURED AT 3AM AKST/4AM AKDT

----------------------------
AVAILABLE DAYLIGHT

AMOUNT OF DAYLIGHT TODAY  (HOUR:MIN)........11:21
LOSS SINCE YESTERDAY........................6 MINUTES
----------------------------

$$
SDB SEP 16
