992
CDAK49 PAFG 210943
CLIFAI

CLIMATE REPORT
NATIONAL WEATHER SERVICE FAIRBANKS AK
1243 AM AKST TUE NOV 21 2017

...................................

...THE FAIRBANKS AK CLIMATE SUMMARY FOR NOVEMBER 20 2017...

CLIMATE NORMAL PERIOD 1981 TO 2010
CLIMATE RECORD PERIOD 1904 TO 2017


WEATHER ITEM   OBSERVED TIME   RECORD YEAR NORMAL DEPARTURE LAST
                VALUE   (LST)  VALUE       VALUE  FROM      YEAR
                                                  NORMAL
..................................................................
TEMPERATURE (F)
 YESTERDAY
  MAXIMUM         -6   1233 AM  40    1943   9    -15        0
  MINIMUM        -25   1156 PM -37    2011  -7    -18      -11
  AVERAGE        -15                         0    -15       -5

PRECIPITATION (IN)
  YESTERDAY        0.00          0.78 1970   0.02  -0.02     0.00
  MONTH TO DATE    1.04                      0.46   0.58     0.24
  SINCE SEP 1      4.90                      2.39   2.51     2.34
  SINCE JAN 1     13.77                      9.96   3.81    14.05

SNOWFALL (IN)
  YESTERDAY        0.0          14.6  1970   0.4   -0.4      0.0
  MONTH TO DATE   16.2                       8.9    7.3      3.3
  SINCE SEP 1     21.4                      21.5   -0.1      4.1
  SINCE JUL 1     21.4                      21.5   -0.1      4.1
  SNOW DEPTH       9

DEGREE DAYS
 HEATING
  YESTERDAY       80                        65     15       70
  MONTH TO DATE 1071                      1209   -138     1089
  SINCE SEP 1   2615                      3079   -464     2825
  SINCE JUL 1   2838                      3468   -630     3027

 COOLING
  YESTERDAY        0                         0      0        0
  MONTH TO DATE    0                         0      0        0
  SINCE SEP 1      0                         0      0        0
  SINCE JAN 1    104                        61     43       76
..................................................................


WIND (MPH)
  HIGHEST GUST SPEED    10   HIGHEST GUST DIRECTION    NE (50)


SKY COVER
  AVERAGE SKY COVER 0.2


WEATHER CONDITIONS
 THE FOLLOWING WEATHER WAS RECORDED YESTERDAY.
  LIGHT SNOW
  FOG
  HAZE


RELATIVE HUMIDITY (PERCENT)
 HIGHEST    92
 LOWEST     74
 AVERAGE    83

..........................................................


THE FAIRBANKS AK CLIMATE NORMALS FOR TODAY
                         NORMAL    RECORD    YEAR
 MAXIMUM TEMPERATURE (F)    8        41      1947
 MINIMUM TEMPERATURE (F)   -7       -38      2011


SUNRISE AND SUNSET
NOVEMBER 21 2017......SUNRISE   948 AM AKST  SUNSET   326 PM AKST
NOVEMBER 22 2017......SUNRISE   952 AM AKST  SUNSET   323 PM AKST


-  INDICATES NEGATIVE NUMBERS.
R  INDICATES RECORD WAS SET OR TIED.
MM INDICATES DATA IS MISSING.
T  INDICATES TRACE AMOUNT.

&&

SNOW DEPTH IS MEASURED AT 3AM AKST/4AM AKDT

----------------------------
AVAILABLE DAYLIGHT

AMOUNT OF DAYLIGHT TODAY  (HOUR:MIN)........05:37
LOSS SINCE YESTERDAY........................6 MINUTES
----------------------------

$$
SDB NOV 17
