000
CDAK49 PAFG 250039
CLIFAI

CLIMATE REPORT
NATIONAL WEATHER SERVICE FAIRBANKS AK
439 PM AKDT SUN SEP 24 2017

...................................

...THE FAIRBANKS AK CLIMATE SUMMARY FOR SEPTEMBER 24 2017...
VALID TODAY AS OF 0400 PM LOCAL TIME.

CLIMATE NORMAL PERIOD 1981 TO 2010
CLIMATE RECORD PERIOD 1904 TO 2017


WEATHER ITEM   OBSERVED TIME   RECORD YEAR NORMAL DEPARTURE LAST
                VALUE   (LST)  VALUE       VALUE  FROM      YEAR
                                                  NORMAL
..................................................................
TEMPERATURE (F)
 TODAY
  MAXIMUM         55    258 PM  69    1942  50      5       51
                                      1940
                                      1934
  MINIMUM         39    646 AM   8    1992  32      7       32
  AVERAGE         47                        41      6       42

PRECIPITATION (IN)
  TODAY            0.00          0.45 2005   0.03  -0.03     0.00
  MONTH TO DATE    0.51                      0.92  -0.41     1.80
  SINCE SEP 1      0.51                      0.92  -0.41     1.80
  SINCE JAN 1      9.38                      8.49   0.89    13.51

SNOWFALL (IN)
  TODAY            0.0           0.4  1983   0.1   -0.1      0.0
  MONTH TO DATE    0.0                       1.1   -1.1      0.0
  SINCE SEP 1      0.0                       1.1   -1.1      0.0
  SINCE JUL 1      0.0                       1.1   -1.1      0.0
  SNOW DEPTH       0

DEGREE DAYS
 HEATING
  TODAY           18                        24     -6       23
  MONTH TO DATE  367                       448    -81      396
  SINCE SEP 1    367                       448    -81      396
  SINCE JUL 1    590                       837   -247      598

 COOLING
  TODAY            0                         0      0        0
  MONTH TO DATE    0                         0      0        0
  SINCE SEP 1      0                         0      0        0
  SINCE JAN 1    104                        61     43       76
..................................................................


WIND (MPH)
  HIGHEST GUST SPEED    17   HIGHEST GUST DIRECTION     N (20)


SKY COVER
  AVERAGE SKY COVER 0.7


WEATHER CONDITIONS
 THE FOLLOWING WEATHER WAS RECORDED TODAY.
  NO SIGNIFICANT WEATHER WAS OBSERVED.


RELATIVE HUMIDITY (PERCENT)
 HIGHEST    85
 LOWEST     59
 AVERAGE    72

..........................................................


THE FAIRBANKS AK CLIMATE NORMALS FOR TOMORROW
                         NORMAL    RECORD    YEAR
 MAXIMUM TEMPERATURE (F)   49        70      1929
 MINIMUM TEMPERATURE (F)   31        14      1983


SUNRISE AND SUNSET
SEPTEMBER 24 2017.....SUNRISE   741 AM AKDT  SUNSET   743 PM AKDT
SEPTEMBER 25 2017.....SUNRISE   744 AM AKDT  SUNSET   740 PM AKDT


-  INDICATES NEGATIVE NUMBERS.
R  INDICATES RECORD WAS SET OR TIED.
MM INDICATES DATA IS MISSING.
T  INDICATES TRACE AMOUNT.

&&

SNOW DEPTH IS MEASURED AT 3AM AKST/4AM AKDT

----------------------------
AVAILABLE DAYLIGHT

AMOUNT OF DAYLIGHT TODAY  (HOUR:MIN)........11:55
LOSS SINCE YESTERDAY........................7 MINUTES
----------------------------

$$
SEP 17
