000
CDAK49 PAFG 070934
CLIFAI

CLIMATE REPORT
NATIONAL WEATHER SERVICE FAIRBANKS AK
134 AM AKDT TUE JUL 7 2015

...................................

...THE FAIRBANKS AK CLIMATE SUMMARY FOR JULY 6 2015...

CLIMATE NORMAL PERIOD 1981 TO 2010
CLIMATE RECORD PERIOD 1904 TO 2015


WEATHER ITEM   OBSERVED TIME   RECORD YEAR NORMAL DEPARTURE LAST
                VALUE   (LST)  VALUE       VALUE  FROM      YEAR
                                                  NORMAL
..................................................................
TEMPERATURE (F)
 YESTERDAY
  MAXIMUM         89    612 PM  90    1986  74     15       87
  MINIMUM         55    303 AM  38    1905  53      2       65
  AVERAGE         72                        64      8       76

PRECIPITATION (IN)
  YESTERDAY        0.00          0.95 1992   0.06  -0.06      T
  MONTH TO DATE    0.24                      0.37  -0.13     3.36
  SINCE JUN 1      1.27                      1.74  -0.47     6.92
  SINCE JAN 1      2.84                      3.90  -1.06     8.01

SNOWFALL (IN)
  YESTERDAY        0.0           0.0  2002   0.0    0.0      0.0
                                      2001
                                      2000
  MONTH TO DATE    0.0                       0.0    0.0      0.0
  SINCE JUN 1      0.0                       0.0    0.0      0.0
  SINCE JUL 1      0.0                       0.0    0.0      0.0
  SNOW DEPTH       0

DEGREE DAYS
 HEATING
  YESTERDAY        0                         3     -3        0
  MONTH TO DATE   19                        18      1       15
  SINCE JUN 1    200                       178     22      207
  SINCE JUL 1     19                        18      1       15

 COOLING
  YESTERDAY        7                         1      6       11
  MONTH TO DATE   14                        10      4       16
  SINCE JUN 1     45                        33     12       17
  SINCE JAN 1     47                        34     13       17
..................................................................


WIND (MPH)
  HIGHEST GUST SPEED    19   HIGHEST GUST DIRECTION     E (90)


SKY COVER
  AVERAGE SKY COVER 0.5


WEATHER CONDITIONS
 THE FOLLOWING WEATHER WAS RECORDED YESTERDAY.
  NO SIGNIFICANT WEATHER WAS OBSERVED.


RELATIVE HUMIDITY (PERCENT)
 HIGHEST    83
 LOWEST     27
 AVERAGE    55

..........................................................


THE FAIRBANKS AK CLIMATE NORMALS FOR TODAY
                         NORMAL    RECORD    YEAR
 MAXIMUM TEMPERATURE (F)   74        91      1923
 MINIMUM TEMPERATURE (F)   53        37      1924


SUNRISE AND SUNSET
JULY 07 2015..........SUNRISE  328 AM AKDT   SUNSET  1223 AM AKDT
JULY 08 2015..........SUNRISE  331 AM AKDT   SUNSET  1221 AM AKDT


-  INDICATES NEGATIVE NUMBERS.
R  INDICATES RECORD WAS SET OR TIED.
MM INDICATES DATA IS MISSING.
T  INDICATES TRACE AMOUNT.

&&

SNOW DEPTH IS MEASURED AT 3AM AKST/4AM AKDT

----------------------------
AVAILABLE DAYLIGHT

AMOUNT OF DAYLIGHT TODAY  (HOUR:MIN)........20:55
LOSS SINCE YESTERDAY........................5 MINUTES
----------------------------

$$
SDB JUL 15
