584
CDAK49 PAFG 270031
CLIFAI

CLIMATE REPORT
NATIONAL WEATHER SERVICE FAIRBANKS AK
431 PM AKDT FRI AUG 26 2016

...................................

...THE FAIRBANKS AK CLIMATE SUMMARY FOR AUGUST 26 2016...
VALID TODAY AS OF 0400 PM LOCAL TIME.

CLIMATE NORMAL PERIOD 1981 TO 2010
CLIMATE RECORD PERIOD 1904 TO 2016


WEATHER ITEM   OBSERVED TIME   RECORD YEAR NORMAL DEPARTURE LAST
                VALUE   (LST)  VALUE       VALUE  FROM      YEAR
                                                  NORMAL
..................................................................
TEMPERATURE (F)
 TODAY
  MAXIMUM         69    241 PM  80    1981  63      6       55
  MINIMUM         56    712 AM  25    1918  43     13       51
  AVERAGE         63                        53     10       53

PRECIPITATION (IN)
  TODAY            0.00          1.38 1990   0.06  -0.06     0.75
  MONTH TO DATE    1.45                      1.62  -0.17     2.27
  SINCE JUN 1      9.71                      5.15   4.56     6.08
  SINCE JAN 1     11.60                      7.31   4.29     7.65

SNOWFALL (IN)
  TODAY            0.0           0.0  2002   0.0    0.0      0.0
                                      2001
                                      2000
  MONTH TO DATE    0.0                       0.0    0.0      0.0
  SINCE JUN 1      0.0                       0.0    0.0      0.0
  SINCE JUL 1      0.0                       0.0    0.0      0.0
  SNOW DEPTH       0

DEGREE DAYS
 HEATING
  TODAY            2                        12    -10       12
  MONTH TO DATE   85                       216   -131      214
  SINCE JUN 1    330                       484   -154      499
  SINCE JUL 1    169                       324   -155      318

 COOLING
  TODAY            0                         0      0        0
  MONTH TO DATE    8                         0      8        5
  SINCE JUN 1     70                        54     16       60
  SINCE JAN 1     76                        55     21       62
..................................................................


WIND (MPH)
  HIGHEST GUST SPEED    15   HIGHEST GUST DIRECTION     S (160)


SKY COVER
  AVERAGE SKY COVER 0.8


WEATHER CONDITIONS
 THE FOLLOWING WEATHER WAS RECORDED TODAY.
  NO SIGNIFICANT WEATHER WAS OBSERVED.


RELATIVE HUMIDITY (PERCENT)
 HIGHEST   100
 LOWEST     68
 AVERAGE    84

..........................................................


THE FAIRBANKS AK CLIMATE NORMALS FOR TOMORROW
                         NORMAL    RECORD    YEAR
 MAXIMUM TEMPERATURE (F)   63        84      1981
 MINIMUM TEMPERATURE (F)   43        28      1933


SUNRISE AND SUNSET
AUGUST 26 2016..........SUNRISE  616 AM AKDT   SUNSET  929 PM AKDT
AUGUST 27 2016..........SUNRISE  619 AM AKDT   SUNSET  926 PM AKDT


-  INDICATES NEGATIVE NUMBERS.
R  INDICATES RECORD WAS SET OR TIED.
MM INDICATES DATA IS MISSING.
T  INDICATES TRACE AMOUNT.

&&

SNOW DEPTH IS MEASURED AT 3AM AKST/4AM AKDT

----------------------------
AVAILABLE DAYLIGHT

AMOUNT OF DAYLIGHT TODAY  (HOUR:MIN)........15:13
LOSS SINCE YESTERDAY........................6 MINUTES
----------------------------

$$
HFL AUG 16
