000
CDUS43 KFGF 242229
CLIFAR


CLIMATE REPORT
NATIONAL WEATHER SERVICE EASTERN NORTH DAKOTA/GRAND FORKS
529 PM CDT THU APR 24 2014


...................................

...THE FARGO HECTOR INTL AP ND CLIMATE SUMMARY FOR APRIL 24 2014...
VALID TODAY AS OF 0400 PM LOCAL TIME.

CLIMATE NORMAL PERIOD 1981 TO 2010
CLIMATE RECORD PERIOD 1881 TO 2014


WEATHER ITEM   OBSERVED TIME   RECORD YEAR NORMAL DEPARTURE LAST
                VALUE   (LST)  VALUE       VALUE  FROM      YEAR
                                                  NORMAL
..................................................................
TEMPERATURE (F)
 TODAY
  MAXIMUM         50    257 PM  87    1990  61    -11       47
                                      1962
  MINIMUM         41    745 AM  19    1909  36      5       27
  AVERAGE         46                        49     -3       37

PRECIPITATION (IN)
  TODAY            0.19          0.72 1917   0.06   0.13     0.02
  MONTH TO DATE    1.09                      1.00   0.09     2.06
  SINCE MAR 1      1.81                      2.30  -0.49     3.50
  SINCE JAN 1      2.69                      3.61  -0.92     5.69

SNOWFALL (IN)
  TODAY            0.0           5.2  1937   0.1   -0.1      0.3
  MONTH TO DATE    2.0                       2.6   -0.6     16.7
  SINCE MAR 1      7.3                      11.7   -4.4     31.3
  SINCE JUL 1     34.9                      49.7  -14.8     68.4
  SNOW DEPTH       0

DEGREE DAYS
 HEATING
  TODAY           19                        16      3       28
  MONTH TO DATE  597                       536     61      833
  SINCE MAR 1   1913                      1688    225     2303
  SINCE JUL 1   9190                      8366    824     8894

 COOLING
  TODAY            0                         0      0        0
  MONTH TO DATE    0                         0      0        0
  SINCE MAR 1      0                         0      0        0
  SINCE JAN 1      0                         0      0        0
..................................................................


WIND (MPH)
  HIGHEST WIND SPEED    17   HIGHEST WIND DIRECTION    SE (140)
  HIGHEST GUST SPEED    23   HIGHEST GUST DIRECTION    SE (150)
  AVERAGE WIND SPEED     7.0


SKY COVER
  POSSIBLE SUNSHINE  MM
  AVERAGE SKY COVER 0.9


WEATHER CONDITIONS
 THE FOLLOWING WEATHER WAS RECORDED TODAY.
  RAIN
  LIGHT RAIN
  FOG


RELATIVE HUMIDITY (PERCENT)
 HIGHEST    89           800 AM
 LOWEST     80           300 PM
 AVERAGE    85

..........................................................


THE FARGO HECTOR INTL AP ND CLIMATE NORMALS FOR TOMORROW
                         NORMAL    RECORD    YEAR
 MAXIMUM TEMPERATURE (F)   62        91      1891
 MINIMUM TEMPERATURE (F)   37        14      1909


SUNRISE AND SUNSET
APRIL 24 2014.........SUNRISE   623 AM CDT   SUNSET   828 PM CDT
APRIL 25 2014.........SUNRISE   622 AM CDT   SUNSET   829 PM CDT


-  INDICATES NEGATIVE NUMBERS.
R  INDICATES RECORD WAS SET OR TIED.
MM INDICATES DATA IS MISSING.
T  INDICATES TRACE AMOUNT.




$$
