000
CDUS43 KFGF 230640
CLIFAR


CLIMATE REPORT
NATIONAL WEATHER SERVICE EASTERN NORTH DAKOTA/GRAND FORKS
136 AM CDT SAT MAY 23 2015


...................................

...THE FARGO HECTOR INTL AP ND CLIMATE SUMMARY FOR MAY 22 2015...

CLIMATE NORMAL PERIOD 1981 TO 2010
CLIMATE RECORD PERIOD 1881 TO 2015


WEATHER ITEM   OBSERVED TIME   RECORD YEAR NORMAL DEPARTURE LAST
                VALUE   (LST)  VALUE       VALUE  FROM      YEAR
                                                  NORMAL
..................................................................
TEMPERATURE (F)
 YESTERDAY
  MAXIMUM         75    522 PM  93    2012  71      4       74
                                      1980
  MINIMUM         41    456 AM  21    1963  47     -6       38
  AVERAGE         58                        59     -1       56

PRECIPITATION (IN)
  YESTERDAY        0.00          1.63 1981   0.10  -0.10     0.00
  MONTH TO DATE    5.82                      1.91   3.91     1.43
  SINCE MAR 1      7.10                      4.60   2.50     5.58
  SINCE JAN 1      8.07                      5.91   2.16     6.46

SNOWFALL (IN)
  YESTERDAY        0.0           T    1949   0.0    0.0      0.0
  MONTH TO DATE    T                         0.0    0.0      0.0
  SINCE MAR 1      0.4                      12.4  -12.0      7.3
  SINCE JUL 1     16.0                      50.4  -34.4     34.9
  SNOW DEPTH       0

DEGREE DAYS
 HEATING
  YESTERDAY        7                         7      0        9
  MONTH TO DATE  260                       220     40      323
  SINCE MAR 1   1757                      1998   -241     2372
  SINCE JUL 1   8173                      8676   -503     9649

 COOLING
  YESTERDAY        0                         1     -1        0
  MONTH TO DATE    4                        18    -14        0
  SINCE MAR 1      4                        21    -17        0
  SINCE JAN 1      4                        21    -17        0
..................................................................


WIND (MPH)
  HIGHEST WIND SPEED    14   HIGHEST WIND DIRECTION     S (160)
  HIGHEST GUST SPEED    17   HIGHEST GUST DIRECTION     S (180)
  AVERAGE WIND SPEED     4.5


SKY COVER
  POSSIBLE SUNSHINE  MM
  AVERAGE SKY COVER 0.0


WEATHER CONDITIONS
 THE FOLLOWING WEATHER WAS RECORDED YESTERDAY.
  NO SIGNIFICANT WEATHER WAS OBSERVED.


RELATIVE HUMIDITY (PERCENT)
 HIGHEST    89           400 AM
 LOWEST     27          1000 AM
 AVERAGE    58

..........................................................


THE FARGO HECTOR INTL AP ND CLIMATE NORMALS FOR TODAY
                         NORMAL    RECORD    YEAR
 MAXIMUM TEMPERATURE (F)   71        92      1928
 MINIMUM TEMPERATURE (F)   48        31      1924


SUNRISE AND SUNSET
MAY 23 2015...........SUNRISE   544 AM CDT   SUNSET   905 PM CDT
MAY 24 2015...........SUNRISE   543 AM CDT   SUNSET   906 PM CDT


-  INDICATES NEGATIVE NUMBERS.
R  INDICATES RECORD WAS SET OR TIED.
MM INDICATES DATA IS MISSING.
T  INDICATES TRACE AMOUNT.




$$
