000
CDUS43 KFGF 122253
CLIFAR


CLIMATE REPORT
NATIONAL WEATHER SERVICE EASTERN NORTH DAKOTA/GRAND FORKS
452 PM CST TUE DEC 12 2017


...................................

...THE FARGO HECTOR INTL AP ND CLIMATE SUMMARY FOR DECEMBER 12 2017...
VALID TODAY AS OF 0400 PM LOCAL TIME.

CLIMATE NORMAL PERIOD 1981 TO 2010
CLIMATE RECORD PERIOD 1881 TO 2017


WEATHER ITEM   OBSERVED TIME   RECORD YEAR NORMAL DEPARTURE LAST
                VALUE   (LST)  VALUE       VALUE  FROM      YEAR
                                                  NORMAL
..................................................................
TEMPERATURE (F)
 TODAY
  MAXIMUM         38    335 PM  55    1883  23     15        9
  MINIMUM          4   1257 AM -23    1893   7     -3       -8
  AVERAGE         21                        15      6        1

PRECIPITATION (IN)
  TODAY            0.00          0.42 1973   0.03  -0.03     0.03
  MONTH TO DATE    0.23                      0.32  -0.09     0.43
  SINCE DEC 1      0.23                      0.32  -0.09     0.43
  SINCE JAN 1     14.69                     22.10  -7.41    22.69

SNOWFALL (IN)
  TODAY            0.0           4.4  1973   0.3   -0.3      0.7
  MONTH TO DATE    2.0                       4.1   -2.1      6.0
  SINCE DEC 1      2.0                       4.1   -2.1      6.0
  SINCE JUL 1      5.7                      12.7   -7.0      9.7
  SNOW DEPTH       0

DEGREE DAYS
 HEATING
  TODAY           44                        50     -6       64
  MONTH TO DATE  496                       573    -77      573
  SINCE DEC 1    496                       573    -77      573
  SINCE JUL 1   2294                      2535   -241     1878

 COOLING
  TODAY            0                         0      0        0
  MONTH TO DATE    0                         0      0        0
  SINCE DEC 1      0                         0      0        0
  SINCE JAN 1    518                       551    -33      661
..................................................................


WIND (MPH)
  HIGHEST WIND SPEED    14   HIGHEST WIND DIRECTION     S (190)
  HIGHEST GUST SPEED    17   HIGHEST GUST DIRECTION     S (170)
  AVERAGE WIND SPEED     8.4


SKY COVER
  POSSIBLE SUNSHINE  MM
  AVERAGE SKY COVER 0.7


WEATHER CONDITIONS
 THE FOLLOWING WEATHER WAS RECORDED TODAY.
  NO SIGNIFICANT WEATHER WAS OBSERVED.


RELATIVE HUMIDITY (PERCENT)
 HIGHEST    91           800 AM
 LOWEST     75           200 PM
 AVERAGE    83

..........................................................


THE FARGO HECTOR INTL AP ND CLIMATE NORMALS FOR TOMORROW
                         NORMAL    RECORD    YEAR
 MAXIMUM TEMPERATURE (F)   23        49      1913
 MINIMUM TEMPERATURE (F)    7       -28      1917


SUNRISE AND SUNSET
DECEMBER 12 2017......SUNRISE   804 AM CST   SUNSET   438 PM CST
DECEMBER 13 2017......SUNRISE   804 AM CST   SUNSET   439 PM CST


-  INDICATES NEGATIVE NUMBERS.
R  INDICATES RECORD WAS SET OR TIED.
MM INDICATES DATA IS MISSING.
T  INDICATES TRACE AMOUNT.




$$
