000
CDUS43 KFGF 270723
CLIFAR


CLIMATE REPORT
NATIONAL WEATHER SERVICE EASTERN NORTH DAKOTA/GRAND FORKS
223 AM CDT THU JUL 27 2017


...................................

...THE FARGO HECTOR INTL AP ND CLIMATE SUMMARY FOR JULY 26 2017...

CLIMATE NORMAL PERIOD 1981 TO 2010
CLIMATE RECORD PERIOD 1881 TO 2017


WEATHER ITEM   OBSERVED TIME   RECORD YEAR NORMAL DEPARTURE LAST
                VALUE   (LST)  VALUE       VALUE  FROM      YEAR
                                                  NORMAL
..................................................................
TEMPERATURE (F)
 YESTERDAY
  MAXIMUM         84    307 PM 103    1929  83      1       86
  MINIMUM         59   1147 PM  45    1962  60     -1       65
  AVERAGE         72                        71      1       76

PRECIPITATION (IN)
  YESTERDAY        0.00          1.50 1986   0.08  -0.08     1.34
  MONTH TO DATE    0.90                      2.43  -1.53     5.96
  SINCE JUN 1      3.40                      6.33  -2.93     8.41
  SINCE JAN 1      8.04                     13.14  -5.10    13.89

SNOWFALL (IN)
  YESTERDAY        0.0           0.0    MM   0.0    0.0      0.0
  MONTH TO DATE    0.0                       0.0    0.0      0.0
  SINCE JUN 1      0.0                       0.0    0.0      0.0
  SINCE JUL 1      0.0                       0.0    0.0      0.0
  SNOW DEPTH       0

DEGREE DAYS
 HEATING
  YESTERDAY        0                         0      0        0
  MONTH TO DATE    7                        12     -5        8
  SINCE JUN 1     42                        85    -43       35
  SINCE JUL 1      7                        12     -5        8

 COOLING
  YESTERDAY        7                         7      0       11
  MONTH TO DATE  188                       172     16      190
  SINCE JUN 1    314                       279     35      337
  SINCE JAN 1    325                       310     15      385
..................................................................


WIND (MPH)
  HIGHEST WIND SPEED    18   HIGHEST WIND DIRECTION     N (350)
  HIGHEST GUST SPEED    22   HIGHEST GUST DIRECTION     N (10)
  AVERAGE WIND SPEED     8.3


SKY COVER
  POSSIBLE SUNSHINE  MM
  AVERAGE SKY COVER 0.1


WEATHER CONDITIONS
 THE FOLLOWING WEATHER WAS RECORDED YESTERDAY.
  NO SIGNIFICANT WEATHER WAS OBSERVED.


RELATIVE HUMIDITY (PERCENT)
 HIGHEST    90           100 AM
 LOWEST     47           200 PM
 AVERAGE    69

..........................................................


THE FARGO HECTOR INTL AP ND CLIMATE NORMALS FOR TODAY
                         NORMAL    RECORD    YEAR
 MAXIMUM TEMPERATURE (F)   83       105      1988
 MINIMUM TEMPERATURE (F)   60        46      1971
                                             1925


SUNRISE AND SUNSET
JULY 27 2017..........SUNRISE   601 AM CDT   SUNSET   905 PM CDT
JULY 28 2017..........SUNRISE   602 AM CDT   SUNSET   904 PM CDT


-  INDICATES NEGATIVE NUMBERS.
R  INDICATES RECORD WAS SET OR TIED.
MM INDICATES DATA IS MISSING.
T  INDICATES TRACE AMOUNT.




$$
