000
CDUS43 KFGF 280649
CLIFAR


CLIMATE REPORT
NATIONAL WEATHER SERVICE EASTERN NORTH DAKOTA/GRAND FORKS
149 AM CDT TUE MAR 28 2017


...................................

...THE FARGO HECTOR INTL AP ND CLIMATE SUMMARY FOR MARCH 27 2017...

CLIMATE NORMAL PERIOD 1981 TO 2010
CLIMATE RECORD PERIOD 1881 TO 2017


WEATHER ITEM   OBSERVED TIME   RECORD YEAR NORMAL DEPARTURE LAST
                VALUE   (LST)  VALUE       VALUE  FROM      YEAR
                                                  NORMAL
..................................................................
TEMPERATURE (F)
 YESTERDAY
  MAXIMUM         58    246 PM  78    1946  43     15       59
  MINIMUM         30    645 AM  -7    1964  24      6       18
  AVERAGE         44                        34     10       39

PRECIPITATION (IN)
  YESTERDAY        0.00          0.64 1995   0.04  -0.04     0.00
  MONTH TO DATE    0.33                      1.13  -0.80     0.46
  SINCE MAR 1      0.33                      1.13  -0.80     0.46
  SINCE JAN 1      2.10                      2.44  -0.34     1.45

SNOWFALL (IN)
  YESTERDAY        0.0           6.7  1995   0.2   -0.2      0.0
  MONTH TO DATE    1.6                       8.4   -6.8      2.5
  SINCE MAR 1      1.6                       8.4   -6.8      2.5
  SINCE JUL 1     30.9                      46.4  -15.5     26.8
  SNOW DEPTH       0

DEGREE DAYS
 HEATING
  YESTERDAY       21                        31    -10       26
  MONTH TO DATE 1016                      1032    -16      749
  SINCE MAR 1   1016                      1032    -16      749
  SINCE JUL 1   6514                      7710  -1196     6272

 COOLING
  YESTERDAY        0                         0      0        0
  MONTH TO DATE    0                         0      0        0
  SINCE MAR 1      0                         0      0        0
  SINCE JAN 1      0                         0      0        0
..................................................................


WIND (MPH)
  HIGHEST WIND SPEED    13   HIGHEST WIND DIRECTION     N (20)
  HIGHEST GUST SPEED    16   HIGHEST GUST DIRECTION     N (20)
  AVERAGE WIND SPEED     4.6


SKY COVER
  POSSIBLE SUNSHINE  MM
  AVERAGE SKY COVER 0.3


WEATHER CONDITIONS
 THE FOLLOWING WEATHER WAS RECORDED YESTERDAY.
  FOG
  FOG W/VISIBILITY <= 1/4 MILE


RELATIVE HUMIDITY (PERCENT)
 HIGHEST   100          1200 AM
 LOWEST     55           200 PM
 AVERAGE    78

..........................................................


THE FARGO HECTOR INTL AP ND CLIMATE NORMALS FOR TODAY
                         NORMAL    RECORD    YEAR
 MAXIMUM TEMPERATURE (F)   43        78      1946
 MINIMUM TEMPERATURE (F)   25        -9      1964


SUNRISE AND SUNSET
MARCH 28 2017.........SUNRISE   714 AM CDT   SUNSET   751 PM CDT
MARCH 29 2017.........SUNRISE   712 AM CDT   SUNSET   753 PM CDT


-  INDICATES NEGATIVE NUMBERS.
R  INDICATES RECORD WAS SET OR TIED.
MM INDICATES DATA IS MISSING.
T  INDICATES TRACE AMOUNT.




$$
