000
CDUS43 KFGF 050639
CLIFAR


CLIMATE REPORT
NATIONAL WEATHER SERVICE EASTERN NORTH DAKOTA/GRAND FORKS
136 AM CDT SUN JUL 5 2015


...................................

...THE FARGO HECTOR INTL AP ND CLIMATE SUMMARY FOR JULY 4 2015...

CLIMATE NORMAL PERIOD 1981 TO 2010
CLIMATE RECORD PERIOD 1881 TO 2015


WEATHER ITEM   OBSERVED TIME   RECORD YEAR NORMAL DEPARTURE LAST
                VALUE   (LST)  VALUE       VALUE  FROM      YEAR
                                                  NORMAL
..................................................................
TEMPERATURE (F)
 YESTERDAY
  MAXIMUM         85    202 PM  97    1989  81      4       84
  MINIMUM         62    236 AM  37    1967  59      3       62
  AVERAGE         74                        70      4       73

PRECIPITATION (IN)
  YESTERDAY        0.00          3.06 1977   0.11  -0.11     0.08
  MONTH TO DATE    0.00                      0.46  -0.46     0.28
  SINCE JUN 1      2.75                      4.36  -1.61     5.97
  SINCE JAN 1     12.85                     11.17   1.68    12.99

SNOWFALL (IN)
  YESTERDAY        0.0           0.0    MM   0.0    0.0      0.0
  MONTH TO DATE    0.0                       0.0    0.0      0.0
  SINCE JUN 1      0.0                       0.0    0.0      0.0
  SINCE JUL 1      0.0                       0.0    0.0      0.0
  SNOW DEPTH       0

DEGREE DAYS
 HEATING
  YESTERDAY        0                         1     -1        0
  MONTH TO DATE    0                         4     -4       10
  SINCE JUN 1     23                        77    -54       40
  SINCE JUL 1      0                         4     -4       10

 COOLING
  YESTERDAY        9                         6      3        8
  MONTH TO DATE   25                        24      1        8
  SINCE JUN 1    121                       131    -10      110
  SINCE JAN 1    136                       162    -26      189
..................................................................


WIND (MPH)
  HIGHEST WIND SPEED    20   HIGHEST WIND DIRECTION     S (170)
  HIGHEST GUST SPEED    27   HIGHEST GUST DIRECTION    SE (150)
  AVERAGE WIND SPEED    10.5


SKY COVER
  POSSIBLE SUNSHINE  MM
  AVERAGE SKY COVER 0.1


WEATHER CONDITIONS
 THE FOLLOWING WEATHER WAS RECORDED YESTERDAY.
  FOG
  HAZE


RELATIVE HUMIDITY (PERCENT)
 HIGHEST    87           100 AM
 LOWEST     51           500 PM
 AVERAGE    69

..........................................................


THE FARGO HECTOR INTL AP ND CLIMATE NORMALS FOR TODAY
                         NORMAL    RECORD    YEAR
 MAXIMUM TEMPERATURE (F)   82       106      1988
 MINIMUM TEMPERATURE (F)   59        40      1983


SUNRISE AND SUNSET
JULY  5 2015..........SUNRISE   539 AM CDT   SUNSET   924 PM CDT
JULY  6 2015..........SUNRISE   540 AM CDT   SUNSET   924 PM CDT


-  INDICATES NEGATIVE NUMBERS.
R  INDICATES RECORD WAS SET OR TIED.
MM INDICATES DATA IS MISSING.
T  INDICATES TRACE AMOUNT.




$$
