000
CDUS43 KFGF 280632
CLIFAR


CLIMATE REPORT
NATIONAL WEATHER SERVICE EASTERN NORTH DAKOTA/GRAND FORKS
131 AM CDT WED SEP 28 2016


...................................

...THE FARGO HECTOR INTL AP ND CLIMATE SUMMARY FOR SEPTEMBER 27 2016...

CLIMATE NORMAL PERIOD 1981 TO 2010
CLIMATE RECORD PERIOD 1881 TO 2016


WEATHER ITEM   OBSERVED TIME   RECORD YEAR NORMAL DEPARTURE LAST
                VALUE   (LST)  VALUE       VALUE  FROM      YEAR
                                                  NORMAL
..................................................................
TEMPERATURE (F)
 YESTERDAY
  MAXIMUM         65    213 PM  95    1952  66     -1       81
  MINIMUM         37    305 AM  21    1893  43     -6       57
  AVERAGE         51                        54     -3       69

PRECIPITATION (IN)
  YESTERDAY        0.00          0.77 1996   0.08  -0.08     0.00
  MONTH TO DATE    2.60                      2.34   0.26     1.23
  SINCE SEP 1      2.60                      2.34   0.26     1.23
  SINCE JAN 1     18.07                     18.40  -0.33    18.15

SNOWFALL (IN)
  YESTERDAY        0.0           T    1965   0.0    0.0      0.0
                                      1942
                                      1941
  MONTH TO DATE    0.0                       0.0    0.0      0.0
  SINCE SEP 1      0.0                       0.0    0.0      0.0
  SINCE JUL 1      0.0                       0.0    0.0      0.0
  SNOW DEPTH       0

DEGREE DAYS
 HEATING
  YESTERDAY       14                        11      3        0
  MONTH TO DATE   86                       183    -97       72
  SINCE SEP 1     86                       183    -97       72
  SINCE JUL 1    103                       233   -130      116

 COOLING
  YESTERDAY        0                         0      0        4
  MONTH TO DATE   50                        43      7      124
  SINCE SEP 1     50                        43      7      124
  SINCE JAN 1    653                       548    105      666
..................................................................


WIND (MPH)
  HIGHEST WIND SPEED    23   HIGHEST WIND DIRECTION     N (350)
  HIGHEST GUST SPEED    29   HIGHEST GUST DIRECTION     N (340)
  AVERAGE WIND SPEED    11.7


SKY COVER
  POSSIBLE SUNSHINE  MM
  AVERAGE SKY COVER 0.2


WEATHER CONDITIONS
 THE FOLLOWING WEATHER WAS RECORDED YESTERDAY.
  NO SIGNIFICANT WEATHER WAS OBSERVED.


RELATIVE HUMIDITY (PERCENT)
 HIGHEST    85           500 AM
 LOWEST     40           100 PM
 AVERAGE    63

..........................................................


THE FARGO HECTOR INTL AP ND CLIMATE NORMALS FOR TODAY
                         NORMAL    RECORD    YEAR
 MAXIMUM TEMPERATURE (F)   65        90      2011
 MINIMUM TEMPERATURE (F)   42        20      1942


SUNRISE AND SUNSET
SEPTEMBER 28 2016.....SUNRISE   723 AM CDT   SUNSET   712 PM CDT
SEPTEMBER 29 2016.....SUNRISE   724 AM CDT   SUNSET   710 PM CDT


-  INDICATES NEGATIVE NUMBERS.
R  INDICATES RECORD WAS SET OR TIED.
MM INDICATES DATA IS MISSING.
T  INDICATES TRACE AMOUNT.




$$
