928
CDUS43 KFGF 270656
CLIFAR


CLIMATE REPORT
NATIONAL WEATHER SERVICE EASTERN NORTH DAKOTA/GRAND FORKS
1253 AM CST MON FEB 27 2017


...................................

...THE FARGO HECTOR INTL AP ND CLIMATE SUMMARY FOR FEBRUARY 26 2017...

CLIMATE NORMAL PERIOD 1981 TO 2010
CLIMATE RECORD PERIOD 1881 TO 2017


WEATHER ITEM   OBSERVED TIME   RECORD YEAR NORMAL DEPARTURE LAST
                VALUE   (LST)  VALUE       VALUE  FROM      YEAR
                                                  NORMAL
..................................................................
TEMPERATURE (F)
 YESTERDAY
  MAXIMUM         23    217 AM  59    1896  27     -4       47
  MINIMUM          9    811 AM -30    1897  11     -2       23
  AVERAGE         16                        19     -3       35

PRECIPITATION (IN)
  YESTERDAY        0.08          0.66 1936   0.03   0.05     0.00
  MONTH TO DATE    0.79                      0.55   0.24     0.30
  SINCE DEC 1      3.04                      2.08   0.96     1.63
  SINCE JAN 1      1.77                      1.25   0.52     0.99

SNOWFALL (IN)
  YESTERDAY        2.6           7.4  1936   0.3    2.3      0.0
  MONTH TO DATE    4.2                       6.4   -2.2      5.3
  SINCE DEC 1     25.6                      28.8   -3.2     21.4
  SINCE JUL 1     29.3                      37.4   -8.1     24.3
  SNOW DEPTH       3

DEGREE DAYS
 HEATING
  YESTERDAY       49                        46      3       30
  MONTH TO DATE 1056                      1320   -264     1095
  SINCE DEC 1   4114                      4626   -512     3982
  SINCE JUL 1   5419                      6588  -1169     5423

 COOLING
  YESTERDAY        0                         0      0        0
  MONTH TO DATE    0                         0      0        0
  SINCE DEC 1      0                         0      0        0
  SINCE JAN 1      0                         0      0        0
..................................................................


WIND (MPH)
  HIGHEST WIND SPEED    17   HIGHEST WIND DIRECTION     N (350)
  HIGHEST GUST SPEED    22   HIGHEST GUST DIRECTION     N (350)
  AVERAGE WIND SPEED     4.9


SKY COVER
  POSSIBLE SUNSHINE  MM
  AVERAGE SKY COVER 0.7


WEATHER CONDITIONS
 THE FOLLOWING WEATHER WAS RECORDED YESTERDAY.
  LIGHT SNOW
  FOG
  HAZE


RELATIVE HUMIDITY (PERCENT)
 HIGHEST    88           200 AM
 LOWEST     62           200 PM
 AVERAGE    75

..........................................................


THE FARGO HECTOR INTL AP ND CLIMATE NORMALS FOR TODAY
                         NORMAL    RECORD    YEAR
 MAXIMUM TEMPERATURE (F)   28        57      1895
 MINIMUM TEMPERATURE (F)   11       -28      1962


SUNRISE AND SUNSET
FEBRUARY 27 2017......SUNRISE   710 AM CST   SUNSET   610 PM CST
FEBRUARY 28 2017......SUNRISE   708 AM CST   SUNSET   612 PM CST


-  INDICATES NEGATIVE NUMBERS.
R  INDICATES RECORD WAS SET OR TIED.
MM INDICATES DATA IS MISSING.
T  INDICATES TRACE AMOUNT.




$$
