000
CDUS43 KFGF 211156
CLIFAR


CLIMATE REPORT
NATIONAL WEATHER SERVICE EASTERN NORTH DAKOTA/GRAND FORKS
656 AM CDT THU SEP 21 2017


...................................

...THE FARGO HECTOR INTL AP ND CLIMATE SUMMARY FOR SEPTEMBER 20 2017...

CLIMATE NORMAL PERIOD 1981 TO 2010
CLIMATE RECORD PERIOD 1881 TO 2017


WEATHER ITEM   OBSERVED TIME   RECORD YEAR NORMAL DEPARTURE LAST
                VALUE   (LST)  VALUE       VALUE  FROM      YEAR
                                                  NORMAL
..................................................................
TEMPERATURE (F)
 YESTERDAY
  MAXIMUM         73    326 PM  90    1941  69      4       70
  MINIMUM         52    706 AM  22    1918  45      7       50
  AVERAGE         63                        57      6       60

PRECIPITATION (IN)
  YESTERDAY        T             2.86 1970   0.07  -0.07     0.20
  MONTH TO DATE    0.99                      1.82  -0.83     2.27
  SINCE SEP 1      0.99                      1.82  -0.83     2.27
  SINCE JAN 1     11.49                     17.88  -6.39    17.74

SNOWFALL (IN)
  YESTERDAY        0.0           T    1983   0.0    0.0      0.0
  MONTH TO DATE    0.0                       0.0    0.0      0.0
  SINCE SEP 1      0.0                       0.0    0.0      0.0
  SINCE JUL 1      0.0                       0.0    0.0      0.0
  SNOW DEPTH       0

DEGREE DAYS
 HEATING
  YESTERDAY        2                         9     -7        5
  MONTH TO DATE   68                       112    -44       49
  SINCE SEP 1     68                       112    -44       49
  SINCE JUL 1     84                       162    -78       66

 COOLING
  YESTERDAY        0                         1     -1        0
  MONTH TO DATE   57                        38     19       42
  SINCE SEP 1     57                        38     19       42
  SINCE JAN 1    504                       543    -39      645
..................................................................


WIND (MPH)
  HIGHEST WIND SPEED    24   HIGHEST WIND DIRECTION     W (270)
  HIGHEST GUST SPEED    29   HIGHEST GUST DIRECTION    SW (230)
  AVERAGE WIND SPEED    11.1


SKY COVER
  POSSIBLE SUNSHINE  MM
  AVERAGE SKY COVER 0.2


WEATHER CONDITIONS
 THE FOLLOWING WEATHER WAS RECORDED YESTERDAY.
  LIGHT RAIN


RELATIVE HUMIDITY (PERCENT)
 HIGHEST   100          1200 AM
 LOWEST     29           100 PM
 AVERAGE    65

..........................................................


THE FARGO HECTOR INTL AP ND CLIMATE NORMALS FOR TODAY
                         NORMAL    RECORD    YEAR
 MAXIMUM TEMPERATURE (F)   68        96      1937
 MINIMUM TEMPERATURE (F)   45        24      1882


SUNRISE AND SUNSET
SEPTEMBER 21 2017.....SUNRISE   713 AM CDT   SUNSET   726 PM CDT
SEPTEMBER 22 2017.....SUNRISE   714 AM CDT   SUNSET   724 PM CDT


-  INDICATES NEGATIVE NUMBERS.
R  INDICATES RECORD WAS SET OR TIED.
MM INDICATES DATA IS MISSING.
T  INDICATES TRACE AMOUNT.




$$
