000
CDUS46 KHNX 020821
CLIFAT


CLIMATE REPORT
NATIONAL WEATHER SERVICE SAN JOAQUIN VALLEY, CA
121 AM PDT THU JUL 2 2015


...................................

...THE FRESNO CA CLIMATE SUMMARY FOR JULY 1 2015...

CLIMATE NORMAL PERIOD 1981 TO 2010
CLIMATE RECORD PERIOD 1887 TO 2015


WEATHER ITEM   OBSERVED TIME   RECORD YEAR NORMAL DEPARTURE
                VALUE   (LST)  VALUE       VALUE  FROM
                                                  NORMAL
...............................................................
TEMPERATURE (F)
 YESTERDAY
  MAXIMUM        102    424 PM 114    1891  96      6
  MINIMUM         79    657 AM  53    1975  66     13
  AVERAGE         91                        81     10

PRECIPITATION (IN)
  YESTERDAY        0.03R         T    1916   0.00   0.03
  MONTH TO DATE    0.03                      0.00   0.03
  SINCE OCT 1      6.45                     11.31  -4.86
  SINCE JAN 1      3.26                      7.84  -4.58

SNOWFALL (IN)
  YESTERDAY        0.0
  MONTH TO DATE    0.0
  SINCE JUN 1      0.0
  SINCE JUL 1      0.0
  SNOW DEPTH       0

DEGREE DAYS
 HEATING
  YESTERDAY        0                                0
  MONTH TO DATE    0                                0
  SINCE JUN 1      0                               -3
  SINCE JUL 1      0                                0

 COOLING
  YESTERDAY       26                               10
  MONTH TO DATE   26                               10
  SINCE JUN 1    539                              154
  SINCE JAN 1    812                              186
...............................................................


WIND (MPH)
  HIGHEST WIND SPEED    18   HIGHEST WIND DIRECTION    SE (130)
  HIGHEST GUST SPEED    23   HIGHEST GUST DIRECTION    SE (130)
  AVERAGE WIND SPEED     8.2




RELATIVE HUMIDITY (PERCENT)
 HIGHEST    52
 LOWEST     16
 AVERAGE    34

..........................................................


THE FRESNO CA CLIMATE NORMALS FOR TODAY
                         NORMAL    RECORD    YEAR
 MAXIMUM TEMPERATURE (F)   96       110      1942
                                             1891
 MINIMUM TEMPERATURE (F)   66        51      1956


SUNRISE AND SUNSET
JULY  2 2015..........SUNRISE   544 AM PDT   SUNSET   822 PM PDT
JULY  3 2015..........SUNRISE   544 AM PDT   SUNSET   822 PM PDT


-  INDICATES NEGATIVE NUMBERS.
R  INDICATES RECORD WAS SET OR TIED.
MM INDICATES DATA IS MISSING.
T  INDICATES TRACE AMOUNT.




$$
