000
CDUS46 KHNX 200825
CLIFAT


CLIMATE REPORT
NATIONAL WEATHER SERVICE SAN JOAQUIN VALLEY, CA
125 AM PDT SUN APR 20 2014


...................................

...THE FRESNO CA CLIMATE SUMMARY FOR APRIL 19 2014...

CLIMATE NORMAL PERIOD 1981 TO 2010
CLIMATE RECORD PERIOD 1887 TO 2014


WEATHER ITEM   OBSERVED TIME   RECORD YEAR NORMAL DEPARTURE
                VALUE   (LST)  VALUE       VALUE  FROM
                                                  NORMAL
...............................................................
TEMPERATURE (F)
 YESTERDAY
  MAXIMUM         86    233 PM  93    2009  76     10
                                      1950
  MINIMUM         60    534 AM  35    1955  50     10
  AVERAGE         73                        63     10

PRECIPITATION (IN)
  YESTERDAY        0.00          0.99 1988   0.03  -0.03
  MONTH TO DATE    0.12                      0.66  -0.54
  SINCE JUL 1      4.15                     10.57  -6.42
  SINCE JAN 1      3.42                      6.91  -3.49

SNOWFALL (IN)
  YESTERDAY        0.0
  MONTH TO DATE    0.0
  SINCE MAR 1      0.0
  SINCE JUL 1      0.0
  SNOW DEPTH       0

DEGREE DAYS
 HEATING
  YESTERDAY        0                               -4
  MONTH TO DATE   44                              -61
  SINCE MAR 1    132                             -238
  SINCE JUL 1   1477                             -805

 COOLING
  YESTERDAY        8                                6
  MONTH TO DATE  105                               84
  SINCE MAR 1    117                               91
  SINCE JAN 1    117                               91
...............................................................


WIND (MPH)
  HIGHEST WIND SPEED    21   HIGHEST WIND DIRECTION    NW (300)
  HIGHEST GUST SPEED    28   HIGHEST GUST DIRECTION    NW (330)
  AVERAGE WIND SPEED     8.8




RELATIVE HUMIDITY (PERCENT)
 HIGHEST    60
 LOWEST      7
 AVERAGE    34

..........................................................


THE FRESNO CA CLIMATE NORMALS FOR TODAY
                         NORMAL    RECORD    YEAR
 MAXIMUM TEMPERATURE (F)   76        96      2009
 MINIMUM TEMPERATURE (F)   50        36      1896


SUNRISE AND SUNSET
APRIL 20 2014.........SUNRISE   618 AM PDT   SUNSET   738 PM PDT
APRIL 21 2014.........SUNRISE   617 AM PDT   SUNSET   739 PM PDT


-  INDICATES NEGATIVE NUMBERS.
R  INDICATES RECORD WAS SET OR TIED.
MM INDICATES DATA IS MISSING.
T  INDICATES TRACE AMOUNT.




$$
