000
CDUS46 KHNX 250824
CLIFAT


CLIMATE REPORT
NATIONAL WEATHER SERVICE SAN JOAQUIN VALLEY, CA
124 AM PDT SUN JUN 25 2017


...................................

...THE FRESNO CA CLIMATE SUMMARY FOR JUNE 24 2017...

CLIMATE NORMAL PERIOD 1981 TO 2010
CLIMATE RECORD PERIOD 1887 TO 2017


WEATHER ITEM   OBSERVED TIME   RECORD YEAR NORMAL DEPARTURE
                VALUE   (LST)  VALUE       VALUE  FROM
                                                  NORMAL
...............................................................
TEMPERATURE (F)
 YESTERDAY
  MAXIMUM        102        MM 110    1929  94      8
                                      1925
  MINIMUM         73        MM  51    1912  64      9
                                      1901
  AVERAGE         88                        79      9

PRECIPITATION (IN)
  YESTERDAY        0.00          0.01 1988   0.00   0.00
                                      1936
  MONTH TO DATE    0.00                      0.20  -0.20
  SINCE OCT 1     17.20                     11.30   5.90
  SINCE JAN 1     12.64                      7.83   4.81

SNOWFALL (IN)
  YESTERDAY        0.0
  MONTH TO DATE    0.0
  SINCE JUN 1      0.0
  SINCE JUL 1      0.0
  SNOW DEPTH       0

DEGREE DAYS
 HEATING
  YESTERDAY        0                                0
  MONTH TO DATE    4                                4
  SINCE JUN 1      4                                4
  SINCE JUL 1   1940                             -403

 COOLING
  YESTERDAY       23                                9
  MONTH TO DATE  373                               96
  SINCE JUN 1    373                               96
  SINCE JAN 1    624                              106
...............................................................


WIND (MPH)
  HIGHEST WIND SPEED    15   HIGHEST WIND DIRECTION    NW (310)
  HIGHEST GUST SPEED    MM   HIGHEST GUST DIRECTION    MM
  AVERAGE WIND SPEED     8.4




RELATIVE HUMIDITY (PERCENT)
 HIGHEST    61
 LOWEST     27
 AVERAGE    44

..........................................................


THE FRESNO CA CLIMATE NORMALS FOR TODAY
                         NORMAL    RECORD    YEAR
 MAXIMUM TEMPERATURE (F)   95       112      1925
 MINIMUM TEMPERATURE (F)   65        47      1975


SUNRISE AND SUNSET
JUNE 25 2017..........SUNRISE   541 AM PDT   SUNSET   822 PM PDT
JUNE 26 2017..........SUNRISE   542 AM PDT   SUNSET   822 PM PDT


-  INDICATES NEGATIVE NUMBERS.
R  INDICATES RECORD WAS SET OR TIED.
MM INDICATES DATA IS MISSING.
T  INDICATES TRACE AMOUNT.




$$
