480
CDUS46 KHNX 110827
CLIFAT


CLIMATE REPORT
NATIONAL WEATHER SERVICE SAN JOAQUIN VALLEY, CA
1227 AM PST THU FEB 11 2016


...................................

...THE FRESNO CA CLIMATE SUMMARY FOR FEBRUARY 10 2016...

CLIMATE NORMAL PERIOD 1981 TO 2010
CLIMATE RECORD PERIOD 1887 TO 2016


WEATHER ITEM   OBSERVED TIME   RECORD YEAR NORMAL DEPARTURE
                VALUE   (LST)  VALUE       VALUE  FROM
                                                  NORMAL
...............................................................
TEMPERATURE (F)
 YESTERDAY
  MAXIMUM         73    335 PM  75    1961  61     12
  MINIMUM         45    722 AM  29    1965  41      4
                                      1946
  AVERAGE         59                        51      8

PRECIPITATION (IN)
  YESTERDAY        0.00          1.54 1962   0.07  -0.07
  MONTH TO DATE    0.00                      0.73  -0.73
  SINCE OCT 1      9.62                      6.39   3.23
  SINCE JAN 1      4.42                      2.92   1.50

SNOWFALL (IN)
  YESTERDAY        0.0
  MONTH TO DATE    0.0
  SINCE DEC 1      0.0
  SINCE JUL 1      0.0
  SNOW DEPTH       0

DEGREE DAYS
 HEATING
  YESTERDAY        6                               -8
  MONTH TO DATE  138                              -15
  SINCE DEC 1   1181                             -119
  SINCE JUL 1   1571                             -117

 COOLING
  YESTERDAY        0                                0
  MONTH TO DATE    0                                0
  SINCE DEC 1      0                                0
  SINCE JAN 1      0                                0
...............................................................


WIND (MPH)
  HIGHEST WIND SPEED     9   HIGHEST WIND DIRECTION    NW (310)
  HIGHEST GUST SPEED    11   HIGHEST GUST DIRECTION    NW (300)
  AVERAGE WIND SPEED     3.4




RELATIVE HUMIDITY (PERCENT)
 HIGHEST    93
 LOWEST     44
 AVERAGE    69

..........................................................


THE FRESNO CA CLIMATE NORMALS FOR TODAY
                         NORMAL    RECORD    YEAR
 MAXIMUM TEMPERATURE (F)   61        73      1925
 MINIMUM TEMPERATURE (F)   41        28      1948


SUNRISE AND SUNSET
FEBRUARY 11 2016......SUNRISE   652 AM PST   SUNSET   535 PM PST
FEBRUARY 12 2016......SUNRISE   651 AM PST   SUNSET   536 PM PST


-  INDICATES NEGATIVE NUMBERS.
R  INDICATES RECORD WAS SET OR TIED.
MM INDICATES DATA IS MISSING.
T  INDICATES TRACE AMOUNT.




$$
