000
CDUS46 KHNX 270822
CLIFAT


CLIMATE REPORT
NATIONAL WEATHER SERVICE SAN JOAQUIN VALLEY, CA
1222 AM PST TUE JAN 27 2015


...................................

...THE FRESNO CA CLIMATE SUMMARY FOR JANUARY 26 2015...

CLIMATE NORMAL PERIOD 1981 TO 2010
CLIMATE RECORD PERIOD 1887 TO 2015


WEATHER ITEM   OBSERVED TIME   RECORD YEAR NORMAL DEPARTURE
                VALUE   (LST)  VALUE       VALUE  FROM
                                                  NORMAL
...............................................................
TEMPERATURE (F)
 YESTERDAY
  MAXIMUM         62    339 PM  72    2014  57      5
  MINIMUM         36    518 AM  24    1898  39     -3
  AVERAGE         49                        48      1

PRECIPITATION (IN)
  YESTERDAY        0.00          0.84 1961   0.07  -0.07
  MONTH TO DATE    T                         1.83  -1.83
  SINCE OCT 1      3.19                      5.30  -2.11
  SINCE JAN 1      T                         1.83  -1.83

SNOWFALL (IN)
  YESTERDAY        0.0
  MONTH TO DATE    0.0
  SINCE DEC 1      0.0
  SINCE JUL 1      0.0
  SNOW DEPTH       0

DEGREE DAYS
 HEATING
  YESTERDAY       16                               -1
  MONTH TO DATE  433                              -54
  SINCE DEC 1    834                             -228
  SINCE JUL 1   1055                             -395

 COOLING
  YESTERDAY        0                                0
  MONTH TO DATE    0                                0
  SINCE DEC 1      0                                0
  SINCE JAN 1      0                                0
...............................................................


WIND (MPH)
  HIGHEST WIND SPEED     9   HIGHEST WIND DIRECTION    SE (120)
  HIGHEST GUST SPEED    11   HIGHEST GUST DIRECTION    NW (320)
  AVERAGE WIND SPEED     3.0




RELATIVE HUMIDITY (PERCENT)
 HIGHEST   100
 LOWEST     55
 AVERAGE    78

..........................................................


THE FRESNO CA CLIMATE NORMALS FOR TODAY
                         NORMAL    RECORD    YEAR
 MAXIMUM TEMPERATURE (F)   57        70      1934
 MINIMUM TEMPERATURE (F)   39        25      1949


SUNRISE AND SUNSET
JANUARY 27 2015.......SUNRISE   705 AM PST   SUNSET   519 PM PST
JANUARY 28 2015.......SUNRISE   704 AM PST   SUNSET   520 PM PST


-  INDICATES NEGATIVE NUMBERS.
R  INDICATES RECORD WAS SET OR TIED.
MM INDICATES DATA IS MISSING.
T  INDICATES TRACE AMOUNT.




$$
