000
CDUS46 KHNX 250023
CLIFAT


CLIMATE REPORT
NATIONAL WEATHER SERVICE SAN JOAQUIN VALLEY, CA
423 PM PST FRI NOV 24 2017


...................................

...THE FRESNO CA CLIMATE SUMMARY FOR NOVEMBER 24 2017...
VALID AS OF 0400 PM LOCAL TIME.

CLIMATE NORMAL PERIOD 1981 TO 2010
CLIMATE RECORD PERIOD 1887 TO 2017


WEATHER ITEM   OBSERVED TIME   RECORD YEAR NORMAL DEPARTURE LAST
                VALUE   (LST)  VALUE       VALUE  FROM      YEAR
                                                  NORMAL
..................................................................
TEMPERATURE (F)
 TODAY
  MAXIMUM         71    330 PM  78    1939  61     10       62
  MINIMUM         51    548 AM  29    1947  41     10       38
                                      1941
  AVERAGE         61                        51     10       50

PRECIPITATION (IN)
  TODAY            0.00          0.78 1983   0.03  -0.03     0.00
  MONTH TO DATE    0.22                      0.84  -0.62     0.61
  SINCE OCT 1      0.31                      1.47  -1.16     1.28
  SINCE JAN 1     13.11                      9.50   3.61    10.37

SNOWFALL (IN)
  TODAY            0.0
  MONTH TO DATE    0.0
  SINCE SEP 1      0.0
  SINCE JUL 1      0.0
  SNOW DEPTH       0

DEGREE DAYS
 HEATING
  TODAY            4                        14    -10       15
  MONTH TO DATE  151                       235    -84      135
  SINCE SEP 1    200                       298    -98      160
  SINCE JUL 1    200                       298    -98      160

 COOLING
  TODAY            0                         0      0        0
  MONTH TO DATE    2                         0      2       10
  SINCE SEP 1    449                       438     11      427
  SINCE JAN 1   2488                      2122    366     2342
..................................................................


WIND (MPH)
  HIGHEST WIND SPEED     8   HIGHEST WIND DIRECTION    SE (130)
  HIGHEST GUST SPEED    10   HIGHEST GUST DIRECTION    SE (140)
  AVERAGE WIND SPEED     3.7




RELATIVE HUMIDITY (PERCENT)
 HIGHEST   100
 LOWEST     57
 AVERAGE    79

..........................................................


THE FRESNO CA CLIMATE NORMALS FOR TOMORROW
                         NORMAL    RECORD    YEAR
 MAXIMUM TEMPERATURE (F)   61        76      1933
 MINIMUM TEMPERATURE (F)   41        27      1898


SUNRISE AND SUNSET
NOVEMBER 24 2017......SUNRISE   646 AM PST   SUNSET   445 PM PST
NOVEMBER 25 2017......SUNRISE   647 AM PST   SUNSET   444 PM PST


-  INDICATES NEGATIVE NUMBERS.
R  INDICATES RECORD WAS SET OR TIED.
MM INDICATES DATA IS MISSING.
T  INDICATES TRACE AMOUNT.




$$
