000
CDUS46 KHNX 200023
CLIFAT


CLIMATE REPORT
NATIONAL WEATHER SERVICE SAN JOAQUIN VALLEY, CA
522 PM PDT SAT AUG 19 2017


...................................

...THE FRESNO CA CLIMATE SUMMARY FOR AUGUST 19 2017...
VALID AS OF 0400 PM LOCAL TIME.

CLIMATE NORMAL PERIOD 1981 TO 2010
CLIMATE RECORD PERIOD 1887 TO 2017


WEATHER ITEM   OBSERVED TIME   RECORD YEAR NORMAL DEPARTURE LAST
                VALUE   (LST)  VALUE       VALUE  FROM      YEAR
                                                  NORMAL
..................................................................
TEMPERATURE (F)
 TODAY
  MAXIMUM        100        MM 110    2013  97      3      101
  MINIMUM         73        MM  54    1916  66      7       70
                                      1900
  AVERAGE         87                        81      6       86

PRECIPITATION (IN)
  TODAY            0.00          0.20 1976   0.00   0.00     0.00
  MONTH TO DATE    T                         0.00   0.00     0.00
  SINCE OCT 1     17.20                     11.32   5.88    14.29
  SINCE JAN 1     12.64                      7.85   4.79     9.09

SNOWFALL (IN)
  TODAY            0.0
  MONTH TO DATE    0.0
  SINCE JUN 1      0.0
  SINCE JUL 1      0.0
  SNOW DEPTH       0

DEGREE DAYS
 HEATING
  TODAY            0                         0      0        0
  MONTH TO DATE    0                         0      0        0
  SINCE JUN 1      4                         3      1        0
  SINCE JUL 1      0                         0      0        0

 COOLING
  TODAY           22                        16      6       21
  MONTH TO DATE  379                       330     49      363
  SINCE JUN 1   1530                      1257    273     1448
  SINCE JAN 1   1781                      1498    283     1726
..................................................................


WIND (MPH)
  HIGHEST WIND SPEED     7   HIGHEST WIND DIRECTION    NW (300)
  HIGHEST GUST SPEED    MM   HIGHEST GUST DIRECTION    MM
  AVERAGE WIND SPEED     4.1




RELATIVE HUMIDITY (PERCENT)
 HIGHEST    68
 LOWEST     26
 AVERAGE    47

..........................................................


THE FRESNO CA CLIMATE NORMALS FOR TOMORROW
                         NORMAL    RECORD    YEAR
 MAXIMUM TEMPERATURE (F)   97       108      1919
                                             1897
 MINIMUM TEMPERATURE (F)   66        54      1974
                                             1901


SUNRISE AND SUNSET
AUGUST 19 2017........SUNRISE   620 AM PDT   SUNSET   745 PM PDT
AUGUST 20 2017........SUNRISE   620 AM PDT   SUNSET   743 PM PDT


-  INDICATES NEGATIVE NUMBERS.
R  INDICATES RECORD WAS SET OR TIED.
MM INDICATES DATA IS MISSING.
T  INDICATES TRACE AMOUNT.




$$
