000
CDUS42 KRAH 302049
CLIFAY


CLIMATE REPORT
NATIONAL WEATHER SERVICE RALEIGH NC
447 PM EDT SUN APR 30 2017


...................................

...THE FAYETTEVILLE REGL AIRPORT NC CLIMATE SUMMARY FOR APRIL 30 2017...
VALID TODAY AS OF 0445 PM LOCAL TIME.

CLIMATE NORMAL PERIOD 1981 TO 2010
CLIMATE RECORD PERIOD 1910 TO 2017


WEATHER ITEM   OBSERVED TIME   RECORD YEAR NORMAL DEPARTURE LAST
                VALUE   (LST)  VALUE       VALUE  FROM      YEAR
                                                  NORMAL
..................................................................
TEMPERATURE (F)
 TODAY
  MAXIMUM         88    343 PM  92    1942  79      9       72
  MINIMUM         72    504 AM  39    1982  54     18       60
  AVERAGE         80                        66     14       66

PRECIPITATION (IN)
  TODAY            0.01          1.65 1912   0.06  -0.05     0.00
  MONTH TO DATE    4.26                      2.82   1.44     3.53
  SINCE MAR 1      6.94                      6.37   0.57     4.54
  SINCE JAN 1     10.36                     12.43  -2.07    12.38

DEGREE DAYS
 HEATING
  TODAY            0                         2     -2        0
  MONTH TO DATE   44                       138    -94      139
  SINCE MAR 1    393                       482    -89      329
  SINCE JUL 1   2015                      2707   -692     2142

 COOLING
  TODAY           15                         4     11        1
  MONTH TO DATE  167                        67    100       73
  SINCE MAR 1    203                        79    124      135
  SINCE JAN 1    218                        83    135      135
..................................................................


WIND (MPH)
  HIGHEST WIND SPEED    20   HIGHEST WIND DIRECTION     S (190)
  HIGHEST GUST SPEED    27   HIGHEST GUST DIRECTION     S (190)
  AVERAGE WIND SPEED     9.6


SKY COVER
  POSSIBLE SUNSHINE  MM
  AVERAGE SKY COVER 0.7


WEATHER CONDITIONS
 THE FOLLOWING WEATHER WAS RECORDED TODAY.
  NO SIGNIFICANT WEATHER WAS OBSERVED.


RELATIVE HUMIDITY (PERCENT)
 HIGHEST    93           100 AM
 LOWEST     51           100 PM
 AVERAGE    72

..........................................................


THE FAYETTEVILLE REGL AIRPORT NC CLIMATE NORMALS FOR TOMORROW
                         NORMAL    RECORD    YEAR
 MAXIMUM TEMPERATURE (F)   79        94      2007
 MINIMUM TEMPERATURE (F)   54        40      1937


SUNRISE AND SUNSET
APRIL 30 2017.........SUNRISE   626 AM EDT   SUNSET   800 PM EDT
MAY  1 2017...........SUNRISE   624 AM EDT   SUNSET   801 PM EDT


-  INDICATES NEGATIVE NUMBERS.
R  INDICATES RECORD WAS SET OR TIED.
MM INDICATES DATA IS MISSING.
T  INDICATES TRACE AMOUNT.




$$
