000
CDUS42 KRAH 310046
CLIFAY


CLIMATE REPORT
NATIONAL WEATHER SERVICE RALEIGH NC
833 PM EDT MON MAY 30 2016


...................................

...THE FAYETTEVILLE REGL AIRPORT NC CLIMATE SUMMARY FOR MAY 30 2016...
VALID AS OF 0800 PM LOCAL TIME.

CLIMATE NORMAL PERIOD 1981 TO 2010
CLIMATE RECORD PERIOD 1910 TO 2016


WEATHER ITEM   OBSERVED TIME   RECORD YEAR NORMAL DEPARTURE LAST
                VALUE   (LST)  VALUE       VALUE  FROM      YEAR
                                                  NORMAL
..................................................................
TEMPERATURE (F)
 TODAY
  MAXIMUM         86    329 PM  97    1941  86      0       89
  MINIMUM         70    518 AM  48    1932  63      7       64
  AVERAGE         78                        75      3       77

PRECIPITATION (IN)
  TODAY            0.45          1.48 1955   0.15   0.30     0.00
  MONTH TO DATE    5.15                      3.08   2.07     2.26
  SINCE MAR 1      9.69                      9.45   0.24     7.62
  SINCE JAN 1     17.53                     15.51   2.02    15.27

DEGREE DAYS
 HEATING
  TODAY            0                         0      0        0
  MONTH TO DATE   27                        23      4       10
  SINCE MAR 1    356                       505   -149      446
  SINCE JUL 1   2169                      2730   -561     2942

 COOLING
  TODAY           13                        10      3       12
  MONTH TO DATE  187                       190     -3      226
  SINCE MAR 1    322                       269     53      318
  SINCE JAN 1    322                       273     49      318
..................................................................


WIND (MPH)
  HIGHEST WIND SPEED    18   HIGHEST WIND DIRECTION    SE (150)
  HIGHEST GUST SPEED    23   HIGHEST GUST DIRECTION     S (160)
  AVERAGE WIND SPEED     8.8


SKY COVER
  POSSIBLE SUNSHINE  MM
  AVERAGE SKY COVER 0.8


WEATHER CONDITIONS
 THE FOLLOWING WEATHER WAS RECORDED TODAY.
  THUNDERSTORM
  HEAVY RAIN
  RAIN
  LIGHT RAIN
  FOG
  FOG W/VISIBILITY <= 1/4 MILE


RELATIVE HUMIDITY (PERCENT)
 HIGHEST   100           400 AM
 LOWEST     61           100 PM
 AVERAGE    81

..........................................................




SUNRISE AND SUNSET
MAY 30 2016...........SUNRISE   603 AM EDT   SUNSET   823 PM EDT
MAY 31 2016...........SUNRISE   603 AM EDT   SUNSET   824 PM EDT


-  INDICATES NEGATIVE NUMBERS.
R  INDICATES RECORD WAS SET OR TIED.
MM INDICATES DATA IS MISSING.
T  INDICATES TRACE AMOUNT.




$$
