546
CDUS42 KRAH 192200
CLIFAY


CLIMATE REPORT
NATIONAL WEATHER SERVICE RALEIGH NC
459 PM EST FRI JAN 19 2018


...................................

...THE FAYETTEVILLE REGL AIRPORT NC CLIMATE SUMMARY FOR JANUARY 19 2018...
VALID TODAY AS OF 0455 PM LOCAL TIME.

CLIMATE NORMAL PERIOD 1981 TO 2010
CLIMATE RECORD PERIOD 1910 TO 2018


WEATHER ITEM   OBSERVED TIME   RECORD YEAR NORMAL DEPARTURE LAST
                VALUE   (LST)  VALUE       VALUE  FROM      YEAR
                                                  NORMAL
..................................................................
TEMPERATURE (F)
 TODAY
  MAXIMUM         56    426 PM  76    2001  54      2       65
  MINIMUM         23    723 AM   7    1994  33    -10       38
  AVERAGE         40                        44     -4       52

PRECIPITATION (IN)
  TODAY            0.00          1.34 1987   0.10  -0.10     0.00
  MONTH TO DATE    0.62                      1.83  -1.21     1.99
  SINCE DEC 1      3.59                      4.48  -0.89     4.63
  SINCE JAN 1      0.62                      1.83  -1.21     1.99

DEGREE DAYS
 HEATING
  TODAY           25                        21      4       13
  MONTH TO DATE  558                       416    142      312
  SINCE DEC 1   1138                      1027    111      869
  SINCE JUL 1   1571                      1475     96     1220

 COOLING
  TODAY            0                         0      0        0
  MONTH TO DATE    0                         0      0        1
  SINCE DEC 1      0                         2     -2        1
  SINCE JAN 1      0                         0      0        1
..................................................................


WIND (MPH)
  HIGHEST WIND SPEED    10   HIGHEST WIND DIRECTION     W (250)
  HIGHEST GUST SPEED    12   HIGHEST GUST DIRECTION     W (250)
  AVERAGE WIND SPEED     5.6


SKY COVER
  POSSIBLE SUNSHINE  MM
  AVERAGE SKY COVER 0.0


WEATHER CONDITIONS
 THE FOLLOWING WEATHER WAS RECORDED TODAY.
  NO SIGNIFICANT WEATHER WAS OBSERVED.


RELATIVE HUMIDITY (PERCENT)
 HIGHEST    81           200 AM
 LOWEST     27           300 PM
 AVERAGE    54

..........................................................


THE FAYETTEVILLE REGL AIRPORT NC CLIMATE NORMALS FOR TOMORROW
                         NORMAL    RECORD    YEAR
 MAXIMUM TEMPERATURE (F)   54        77      1929
 MINIMUM TEMPERATURE (F)   33         7      1994


SUNRISE AND SUNSET
JANUARY 19 2018.......SUNRISE   722 AM EST   SUNSET   531 PM EST
JANUARY 20 2018.......SUNRISE   721 AM EST   SUNSET   532 PM EST


-  INDICATES NEGATIVE NUMBERS.
R  INDICATES RECORD WAS SET OR TIED.
MM INDICATES DATA IS MISSING.
T  INDICATES TRACE AMOUNT.




$$
