028
CDUS42 KRAH 132155
CLIFAY


CLIMATE REPORT
NATIONAL WEATHER SERVICE RALEIGH NC
452 PM EST SAT FEB 13 2016


...................................

...THE FAYETTEVILLE REGL AIRPORT NC CLIMATE SUMMARY FOR FEBRUARY 13 2016...
VALID TODAY AS OF 0452 PM LOCAL TIME.

CLIMATE NORMAL PERIOD 1981 TO 2010
CLIMATE RECORD PERIOD 1910 TO 2016


WEATHER ITEM   OBSERVED TIME   RECORD YEAR NORMAL DEPARTURE LAST
                VALUE   (LST)  VALUE       VALUE  FROM      YEAR
                                                  NORMAL
..................................................................
TEMPERATURE (F)
 TODAY
  MAXIMUM         39    352 PM  76    1918  59    -20       39
  MINIMUM         27    531 AM  14    1973  35     -8       24
  AVERAGE         33                        47    -14       32

PRECIPITATION (IN)
  TODAY            0.00          1.50 1920   0.10  -0.10     0.00
  MONTH TO DATE    3.09                      1.19   1.90     0.81
  SINCE DEC 1     11.30                      7.14   4.16     9.40
  SINCE JAN 1      4.79                      4.49   0.30     5.18

DEGREE DAYS
 HEATING
  TODAY           32                        18     14       33
  MONTH TO DATE  271                       249     22      267
  SINCE DEC 1   1224                      1527   -303     1490
  SINCE JUL 1   1543                      1975   -432     2034

 COOLING
  TODAY            0                         0      0        0
  MONTH TO DATE    0                         0      0        0
  SINCE DEC 1     47                         4     43        0
  SINCE JAN 1      0                         2     -2        0
..................................................................


WIND (MPH)
  HIGHEST WIND SPEED    22   HIGHEST WIND DIRECTION     N (340)
  HIGHEST GUST SPEED    29   HIGHEST GUST DIRECTION     N (340)
  AVERAGE WIND SPEED    10.6


SKY COVER
  POSSIBLE SUNSHINE  MM
  AVERAGE SKY COVER 0.0


WEATHER CONDITIONS
 THE FOLLOWING WEATHER WAS RECORDED TODAY.
  FOG


RELATIVE HUMIDITY (PERCENT)
 HIGHEST    92          1200 AM
 LOWEST     23           300 PM
 AVERAGE    58

..........................................................


THE FAYETTEVILLE REGL AIRPORT NC CLIMATE NORMALS FOR TOMORROW
                         NORMAL    RECORD    YEAR
 MAXIMUM TEMPERATURE (F)   59        79      1938
 MINIMUM TEMPERATURE (F)   35        12      1968


SUNRISE AND SUNSET
FEBRUARY 13 2016......SUNRISE   704 AM EST   SUNSET   556 PM EST
FEBRUARY 14 2016......SUNRISE   703 AM EST   SUNSET   557 PM EST


-  INDICATES NEGATIVE NUMBERS.
R  INDICATES RECORD WAS SET OR TIED.
MM INDICATES DATA IS MISSING.
T  INDICATES TRACE AMOUNT.




$$
