000
CDUS42 KRAH 180755
CLIFAY


CLIMATE REPORT
NATIONAL WEATHER SERVICE RALEIGH NC
352 AM EDT FRI APR 18 2014


...................................

...THE FAYETTEVILLE REGL AIRPORT NC CLIMATE SUMMARY FOR APRIL 17 2014...

CLIMATE NORMAL PERIOD 1981 TO 2010
CLIMATE RECORD PERIOD 1910 TO 2014


WEATHER ITEM   OBSERVED TIME   RECORD YEAR NORMAL DEPARTURE LAST
                VALUE   (LST)  VALUE       VALUE  FROM      YEAR
                                                  NORMAL
..................................................................
TEMPERATURE (F)
 YESTERDAY
  MAXIMUM         67    350 PM  92    1941  75     -8       85
  MINIMUM         34    422 AM  31    1953  51    -17       55
  AVERAGE         51                        63    -12       70

PRECIPITATION (IN)
  YESTERDAY        0.00          3.50 1933   0.08  -0.08     0.00
  MONTH TO DATE    1.35                      1.76  -0.41     1.46
  SINCE MAR 1      4.99                      5.31  -0.32     3.13
  SINCE JAN 1     11.71                     11.37   0.34     8.77

DEGREE DAYS
 HEATING
  YESTERDAY       14                         4     10        0
  MONTH TO DATE   68                        97    -29       75
  SINCE MAR 1    565                       441    124      581
  SINCE JUL 1   2890                      2666    224     2677

 COOLING
  YESTERDAY        0                         2     -2        5
  MONTH TO DATE   35                        28      7       43
  SINCE MAR 1     36                        40     -4       46
  SINCE JAN 1     39                        44     -5       51
..................................................................


WIND (MPH)
  HIGHEST WIND SPEED    18   HIGHEST WIND DIRECTION     N (10)
  HIGHEST GUST SPEED    24   HIGHEST GUST DIRECTION     N (360)
  AVERAGE WIND SPEED     9.6


SKY COVER
  POSSIBLE SUNSHINE  MM
  AVERAGE SKY COVER 0.0


WEATHER CONDITIONS
 THE FOLLOWING WEATHER WAS RECORDED YESTERDAY.
  NO SIGNIFICANT WEATHER WAS OBSERVED.


RELATIVE HUMIDITY (PERCENT)
 HIGHEST    82           200 AM
 LOWEST     37           400 PM
 AVERAGE    60

..........................................................


THE FAYETTEVILLE REGL AIRPORT NC CLIMATE NORMALS FOR TODAY
                         NORMAL    RECORD    YEAR
 MAXIMUM TEMPERATURE (F)   76        93      1941
 MINIMUM TEMPERATURE (F)   51        33      2001


SUNRISE AND SUNSET
APRIL 18 2014.........SUNRISE   640 AM EDT   SUNSET   750 PM EDT
APRIL 19 2014.........SUNRISE   639 AM EDT   SUNSET   751 PM EDT


-  INDICATES NEGATIVE NUMBERS.
R  INDICATES RECORD WAS SET OR TIED.
MM INDICATES DATA IS MISSING.
T  INDICATES TRACE AMOUNT.




$$
