000
CDUS42 KRAH 252055
CLIFAY


CLIMATE REPORT
NATIONAL WEATHER SERVICE RALEIGH NC
454 PM EDT SUN SEP 25 2016


...................................

...THE FAYETTEVILLE REGL AIRPORT NC CLIMATE SUMMARY FOR SEPTEMBER 25 2016...
VALID TODAY AS OF 0450 PM LOCAL TIME.

CLIMATE NORMAL PERIOD 1981 TO 2010
CLIMATE RECORD PERIOD 1910 TO 2016


WEATHER ITEM   OBSERVED TIME   RECORD YEAR NORMAL DEPARTURE LAST
                VALUE   (LST)  VALUE       VALUE  FROM      YEAR
                                                  NORMAL
..................................................................
TEMPERATURE (F)
 TODAY
  MAXIMUM         84   1259 PM  98    1933  81      3       76
  MINIMUM         69    410 AM  40    1950  61      8       66
  AVERAGE         77                        71      6       71

PRECIPITATION (IN)
  TODAY            0.00          1.89 2011   0.13  -0.13     1.24
  MONTH TO DATE    5.45                      3.68   1.77     2.62
  SINCE SEP 1      5.45                      3.68   1.77     2.62
  SINCE JAN 1     32.11                     35.11  -3.00    33.41

DEGREE DAYS
 HEATING
  TODAY            0                         1     -1        0
  MONTH TO DATE    0                         3     -3        0
  SINCE SEP 1      0                         3     -3        0
  SINCE JUL 1      0                         3     -3        0

 COOLING
  TODAY           12                         7      5        6
  MONTH TO DATE  349                       242    107      273
  SINCE SEP 1    349                       242    107      273
  SINCE JAN 1   2343                      1882    461     2108
..................................................................


WIND (MPH)
  HIGHEST WIND SPEED    12   HIGHEST WIND DIRECTION     N (20)
  HIGHEST GUST SPEED    15   HIGHEST GUST DIRECTION    NE (30)
  AVERAGE WIND SPEED     4.9


SKY COVER
  POSSIBLE SUNSHINE  MM
  AVERAGE SKY COVER 0.6


WEATHER CONDITIONS
 THE FOLLOWING WEATHER WAS RECORDED TODAY.
  FOG
  HAZE


RELATIVE HUMIDITY (PERCENT)
 HIGHEST   100           500 AM
 LOWEST     65           100 PM
 AVERAGE    83

..........................................................


THE FAYETTEVILLE REGL AIRPORT NC CLIMATE NORMALS FOR TOMORROW
                         NORMAL    RECORD    YEAR
 MAXIMUM TEMPERATURE (F)   81        96      1933
 MINIMUM TEMPERATURE (F)   60        40      1950


SUNRISE AND SUNSET
SEPTEMBER 25 2016.....SUNRISE   706 AM EDT   SUNSET   707 PM EDT
SEPTEMBER 26 2016.....SUNRISE   707 AM EDT   SUNSET   706 PM EDT


-  INDICATES NEGATIVE NUMBERS.
R  INDICATES RECORD WAS SET OR TIED.
MM INDICATES DATA IS MISSING.
T  INDICATES TRACE AMOUNT.




$$
