396
CDUS42 KRAH 172153
CLIFAY


CLIMATE REPORT
NATIONAL WEATHER SERVICE RALEIGH NC
452 PM EST TUE JAN 17 2017


...................................

...THE FAYETTEVILLE REGL AIRPORT NC CLIMATE SUMMARY FOR JANUARY 17 2017...
VALID TODAY AS OF 0400 PM LOCAL TIME.

CLIMATE NORMAL PERIOD 1981 TO 2010
CLIMATE RECORD PERIOD 1910 TO 2017


WEATHER ITEM   OBSERVED TIME   RECORD YEAR NORMAL DEPARTURE LAST
                VALUE   (LST)  VALUE       VALUE  FROM      YEAR
                                                  NORMAL
..................................................................
TEMPERATURE (F)
 TODAY
  MAXIMUM         65    259 PM  80    1943  54     11       46
  MINIMUM         49    440 AM   6    1977  33     16       31
  AVERAGE         57                        44     13       39

PRECIPITATION (IN)
  TODAY            0.00          1.65 1924   0.09  -0.09     0.12
  MONTH TO DATE    1.99                      1.63   0.36     0.89
  SINCE DEC 1      4.63                      4.28   0.35     7.40
  SINCE JAN 1      1.99                      1.63   0.36     0.89

DEGREE DAYS
 HEATING
  TODAY            8                        22    -14       26
  MONTH TO DATE  298                       374    -76      368
  SINCE DEC 1    855                       985   -130      601
  SINCE JUL 1   1206                      1433   -227      920

 COOLING
  TODAY            0                         0      0        0
  MONTH TO DATE    1                         0      1        0
  SINCE DEC 1      1                         2     -1       47
  SINCE JAN 1      1                         0      1        0
..................................................................


WIND (MPH)
  HIGHEST WIND SPEED    13   HIGHEST WIND DIRECTION     S (200)
  HIGHEST GUST SPEED    16   HIGHEST GUST DIRECTION     S (190)
  AVERAGE WIND SPEED     2.9


SKY COVER
  POSSIBLE SUNSHINE  MM
  AVERAGE SKY COVER 0.8


WEATHER CONDITIONS
 THE FOLLOWING WEATHER WAS RECORDED TODAY.
  FOG


RELATIVE HUMIDITY (PERCENT)
 HIGHEST   100          1000 AM
 LOWEST     73           300 PM
 AVERAGE    87

..........................................................


THE FAYETTEVILLE REGL AIRPORT NC CLIMATE NORMALS FOR TOMORROW
                         NORMAL    RECORD    YEAR
 MAXIMUM TEMPERATURE (F)   54        80      1937
 MINIMUM TEMPERATURE (F)   33         8      1977


SUNRISE AND SUNSET
JANUARY 17 2017.......SUNRISE   722 AM EST   SUNSET   529 PM EST
JANUARY 18 2017.......SUNRISE   722 AM EST   SUNSET   530 PM EST


-  INDICATES NEGATIVE NUMBERS.
R  INDICATES RECORD WAS SET OR TIED.
MM INDICATES DATA IS MISSING.
T  INDICATES TRACE AMOUNT.




$$
