000
CDUS42 KRAH 310607
CLIFAY

CLIMATE REPORT
NATIONAL WEATHER SERVICE RALEIGH NC
205 AM EDT THU JUL 31 2014

...................................

...THE FAYETTEVILLE REGL AIRPORT NC CLIMATE SUMMARY FOR JULY 30 2014...

CLIMATE NORMAL PERIOD 1981 TO 2010
CLIMATE RECORD PERIOD 1910 TO 2014


WEATHER ITEM   OBSERVED TIME   RECORD YEAR NORMAL DEPARTURE LAST
                VALUE   (LST)  VALUE       VALUE  FROM      YEAR
                                                  NORMAL
..................................................................
TEMPERATURE (F)
 YESTERDAY
  MAXIMUM         87    452 PM 105    2011  91     -4       90
  MINIMUM         61    515 AM  59    1920  71    -10       69
  AVERAGE         74                        81     -7       80

PRECIPITATION (IN)
  YESTERDAY        0.00          4.06 1960   0.18  -0.18     0.00
  MONTH TO DATE    1.83                      5.73  -3.90     7.10
  SINCE JUN 1      4.52                     10.08  -5.56    15.68
  SINCE JAN 1     22.97                     25.75  -2.78    29.02

DEGREE DAYS
 HEATING
  YESTERDAY        0                         0      0        0
  MONTH TO DATE    0                         0      0        0
  SINCE JUN 1      0                         0      0        0
  SINCE JUL 1      0                         0      0        0

 COOLING
  YESTERDAY        9                        16     -7       15
  MONTH TO DATE  469                       491    -22      485
  SINCE JUN 1    926                       887     39      880
  SINCE JAN 1   1292                      1171    121     1129
..................................................................


WIND (MPH)
  HIGHEST WIND SPEED    10   HIGHEST WIND DIRECTION    NE (30)
  HIGHEST GUST SPEED    13   HIGHEST GUST DIRECTION    NE (30)
  AVERAGE WIND SPEED     5.4


SKY COVER
  POSSIBLE SUNSHINE  MM
  AVERAGE SKY COVER 0.5


WEATHER CONDITIONS
 THE FOLLOWING WEATHER WAS RECORDED YESTERDAY.
  FOG
  HAZE


RELATIVE HUMIDITY (PERCENT)
 HIGHEST    97           500 AM
 LOWEST     42           500 PM
 AVERAGE    70

..........................................................


THE FAYETTEVILLE REGL AIRPORT NC CLIMATE NORMALS FOR TODAY
                         NORMAL    RECORD    YEAR
 MAXIMUM TEMPERATURE (F)   91       102      1931
 MINIMUM TEMPERATURE (F)   71        56      1914


SUNRISE AND SUNSET
JULY 31 2014..........SUNRISE   624 AM EDT   SUNSET   819 PM EDT
AUGUST  1 2014........SUNRISE   625 AM EDT   SUNSET   818 PM EDT


-  INDICATES NEGATIVE NUMBERS.
R  INDICATES RECORD WAS SET OR TIED.
MM INDICATES DATA IS MISSING.
T  INDICATES TRACE AMOUNT.

$$

DJF
