000
CDUS42 KRAH 270902
CLIFAY


CLIMATE REPORT
NATIONAL WEATHER SERVICE RALEIGH NC
401 AM EST SAT DEC 27 2014


...................................

...THE FAYETTEVILLE REGL AIRPORT NC CLIMATE SUMMARY FOR DECEMBER 26 2014...

CLIMATE NORMAL PERIOD 1981 TO 2010
CLIMATE RECORD PERIOD 1910 TO 2014


WEATHER ITEM   OBSERVED TIME   RECORD YEAR NORMAL DEPARTURE LAST
                VALUE   (LST)  VALUE       VALUE  FROM      YEAR
                                                  NORMAL
..................................................................
TEMPERATURE (F)
 YESTERDAY
  MAXIMUM         60    404 PM  79    1955  53      7       49
  MINIMUM         31    647 AM   7    1983  33     -2       31
  AVERAGE         46                        43      3       40

PRECIPITATION (IN)
  YESTERDAY        0.00          1.49 1943   0.07  -0.07     0.01
  MONTH TO DATE    3.75                      2.32   1.43     2.56
  SINCE DEC 1      3.75                      2.32   1.43     2.56
  SINCE JAN 1     41.68                     44.13  -2.45    41.64

DEGREE DAYS
 HEATING
  YESTERDAY       19                        22     -3       25
  MONTH TO DATE  452                       501    -49      406
  SINCE DEC 1    452                       501    -49      406
  SINCE JUL 1    996                       949     47      922

 COOLING
  YESTERDAY        0                         0      0        0
  MONTH TO DATE    0                         0      0       17
  SINCE DEC 1      0                         0      0       17
  SINCE JAN 1   2139                      1991    148     1955
..................................................................


WIND (MPH)
  HIGHEST WIND SPEED     6   HIGHEST WIND DIRECTION    NW (310)
  HIGHEST GUST SPEED     8   HIGHEST GUST DIRECTION     W (270)
  AVERAGE WIND SPEED     1.9


SKY COVER
  POSSIBLE SUNSHINE  MM
  AVERAGE SKY COVER 0.0


WEATHER CONDITIONS
 THE FOLLOWING WEATHER WAS RECORDED YESTERDAY.
  FOG


RELATIVE HUMIDITY (PERCENT)
 HIGHEST    96           500 AM
 LOWEST     36           300 PM
 AVERAGE    66

..........................................................


THE FAYETTEVILLE REGL AIRPORT NC CLIMATE NORMALS FOR TODAY
                         NORMAL    RECORD    YEAR
 MAXIMUM TEMPERATURE (F)   53        74      1987
 MINIMUM TEMPERATURE (F)   33        10      1983


SUNRISE AND SUNSET
DECEMBER 27 2014......SUNRISE   722 AM EST   SUNSET   511 PM EST
DECEMBER 28 2014......SUNRISE   722 AM EST   SUNSET   512 PM EST


-  INDICATES NEGATIVE NUMBERS.
R  INDICATES RECORD WAS SET OR TIED.
MM INDICATES DATA IS MISSING.
T  INDICATES TRACE AMOUNT.




$$
