000
CDUS42 KRAH 212154
CLIFAY


CLIMATE REPORT
NATIONAL WEATHER SERVICE RALEIGH NC
452 PM EST TUE FEB 21 2017


...................................

...THE FAYETTEVILLE REGL AIRPORT NC CLIMATE SUMMARY FOR FEBRUARY 21 2017...
VALID TODAY AS OF 0445 PM LOCAL TIME.

CLIMATE NORMAL PERIOD 1981 TO 2010
CLIMATE RECORD PERIOD 1910 TO 2017


WEATHER ITEM   OBSERVED TIME   RECORD YEAR NORMAL DEPARTURE LAST
                VALUE   (LST)  VALUE       VALUE  FROM      YEAR
                                                  NORMAL
..................................................................
TEMPERATURE (F)
 TODAY
  MAXIMUM         69    401 PM  80    1991  60      9       70
  MINIMUM         44    716 AM  16    1958  36      8       48
  AVERAGE         57                        48      9       59

PRECIPITATION (IN)
  TODAY            0.00          0.98 1914   0.10  -0.10     0.00
  MONTH TO DATE    0.99                      2.08  -1.09     4.22
  SINCE DEC 1      6.06                      8.03  -1.97    12.43
  SINCE JAN 1      3.42                      5.38  -1.96     5.92

DEGREE DAYS
 HEATING
  TODAY            8                        17     -9        6
  MONTH TO DATE  222                       388   -166      435
  SINCE DEC 1   1236                      1666   -430     1388
  SINCE JUL 1   1587                      2114   -527     1707

 COOLING
  TODAY            0                         0      0        0
  MONTH TO DATE    9                         0      9        0
  SINCE DEC 1     10                         4      6       47
  SINCE JAN 1     10                         2      8        0
..................................................................


WIND (MPH)
  HIGHEST WIND SPEED    10   HIGHEST WIND DIRECTION     E (100)
  HIGHEST GUST SPEED    14   HIGHEST GUST DIRECTION     E (110)
  AVERAGE WIND SPEED     5.7


SKY COVER
  POSSIBLE SUNSHINE  MM
  AVERAGE SKY COVER 0.0


WEATHER CONDITIONS
 THE FOLLOWING WEATHER WAS RECORDED TODAY.
  NO SIGNIFICANT WEATHER WAS OBSERVED.


RELATIVE HUMIDITY (PERCENT)
 HIGHEST    89           600 AM
 LOWEST     33           400 PM
 AVERAGE    61

..........................................................


THE FAYETTEVILLE REGL AIRPORT NC CLIMATE NORMALS FOR TOMORROW
                         NORMAL    RECORD    YEAR
 MAXIMUM TEMPERATURE (F)   61        77      2003
 MINIMUM TEMPERATURE (F)   36        17      1936


SUNRISE AND SUNSET
FEBRUARY 21 2017......SUNRISE   654 AM EST   SUNSET   604 PM EST
FEBRUARY 22 2017......SUNRISE   653 AM EST   SUNSET   605 PM EST


-  INDICATES NEGATIVE NUMBERS.
R  INDICATES RECORD WAS SET OR TIED.
MM INDICATES DATA IS MISSING.
T  INDICATES TRACE AMOUNT.




$$
