000
CDUS42 KRAH 272054
CLIFAY


CLIMATE REPORT
NATIONAL WEATHER SERVICE RALEIGH NC
452 PM EDT TUE JUN 27 2017


...................................

...THE FAYETTEVILLE REGL AIRPORT NC CLIMATE SUMMARY FOR JUNE 27 2017...
VALID TODAY AS OF 0445 PM LOCAL TIME.

CLIMATE NORMAL PERIOD 1981 TO 2010
CLIMATE RECORD PERIOD 1910 TO 2017


WEATHER ITEM   OBSERVED TIME   RECORD YEAR NORMAL DEPARTURE LAST
                VALUE   (LST)  VALUE       VALUE  FROM      YEAR
                                                  NORMAL
..................................................................
TEMPERATURE (F)
 TODAY
  MAXIMUM         88    304 PM 102    1998  90     -2       93
  MINIMUM         67    419 AM  56    1979  70     -3       68
  AVERAGE         78                        80     -2       81

PRECIPITATION (IN)
  TODAY            0.00          3.90 1958   0.14  -0.14     0.00
  MONTH TO DATE    4.32                      3.86   0.46     2.88
  SINCE JUN 1      4.32                      3.86   0.46     2.88
  SINCE JAN 1     19.96                     19.53   0.43    20.45

DEGREE DAYS
 HEATING
  TODAY            0                         0      0        0
  MONTH TO DATE    0                         0      0        0
  SINCE JUN 1      0                         0      0        0
  SINCE JUL 1   2027                      2732   -705     2169

 COOLING
  TODAY           13                        15     -2       16
  MONTH TO DATE  401                       349     52      408
  SINCE JUN 1    401                       349     52      408
  SINCE JAN 1    904                       633    271      744
..................................................................


WIND (MPH)
  HIGHEST WIND SPEED    16   HIGHEST WIND DIRECTION     N (10)
  HIGHEST GUST SPEED    19   HIGHEST GUST DIRECTION     N (10)
  AVERAGE WIND SPEED     5.3


SKY COVER
  POSSIBLE SUNSHINE  MM
  AVERAGE SKY COVER 0.1


WEATHER CONDITIONS
 THE FOLLOWING WEATHER WAS RECORDED TODAY.
  NO SIGNIFICANT WEATHER WAS OBSERVED.


RELATIVE HUMIDITY (PERCENT)
 HIGHEST    84           300 AM
 LOWEST     37           200 PM
 AVERAGE    61

..........................................................


THE FAYETTEVILLE REGL AIRPORT NC CLIMATE NORMALS FOR TOMORROW
                         NORMAL    RECORD    YEAR
 MAXIMUM TEMPERATURE (F)   90       105      1954
 MINIMUM TEMPERATURE (F)   70        54      1981


SUNRISE AND SUNSET
JUNE 27 2017..........SUNRISE   604 AM EDT   SUNSET   833 PM EDT
JUNE 28 2017..........SUNRISE   604 AM EDT   SUNSET   834 PM EDT


-  INDICATES NEGATIVE NUMBERS.
R  INDICATES RECORD WAS SET OR TIED.
MM INDICATES DATA IS MISSING.
T  INDICATES TRACE AMOUNT.




$$
