000
CDUS42 KRAH 280805
CLIFAY


CLIMATE REPORT
NATIONAL WEATHER SERVICE RALEIGH NC
404 AM EDT SUN AUG 28 2016


...................................

...THE FAYETTEVILLE REGL AIRPORT NC CLIMATE SUMMARY FOR AUGUST 27 2016...

CLIMATE NORMAL PERIOD 1981 TO 2010
CLIMATE RECORD PERIOD 1910 TO 2016


WEATHER ITEM   OBSERVED TIME   RECORD YEAR NORMAL DEPARTURE LAST
                VALUE   (LST)  VALUE       VALUE  FROM      YEAR
                                                  NORMAL
..................................................................
TEMPERATURE (F)
 YESTERDAY
  MAXIMUM         97    235 PM 102    1954  88      9       84
  MINIMUM         73    603 AM  56    1942  68      5       67
  AVERAGE         85                        78      7       76

PRECIPITATION (IN)
  YESTERDAY        0.11          4.35 2002   0.17  -0.06     0.00
  MONTH TO DATE    1.25                      4.89  -3.64     1.75
  SINCE JUN 1      9.01                     15.16  -6.15    14.27
  SINCE JAN 1     26.58                     30.83  -4.25    29.54

DEGREE DAYS
 HEATING
  YESTERDAY        0                         0      0        0
  MONTH TO DATE    0                         0      0        0
  SINCE JUN 1      0                         0      0        0
  SINCE JUL 1      0                         0      0        0

 COOLING
  YESTERDAY       20                        13      7       11
  MONTH TO DATE  516                       401    115      419
  SINCE JUN 1   1587                      1304    283     1463
  SINCE JAN 1   1923                      1588    335     1793
..................................................................


WIND (MPH)
  HIGHEST WIND SPEED    22   HIGHEST WIND DIRECTION     E (110)
  HIGHEST GUST SPEED    27   HIGHEST GUST DIRECTION     E (110)
  AVERAGE WIND SPEED     3.8


SKY COVER
  POSSIBLE SUNSHINE  MM
  AVERAGE SKY COVER 0.3


WEATHER CONDITIONS
 THE FOLLOWING WEATHER WAS RECORDED YESTERDAY.
  THUNDERSTORM
  LIGHT RAIN
  FOG


RELATIVE HUMIDITY (PERCENT)
 HIGHEST    88           900 PM
 LOWEST     45           200 PM
 AVERAGE    67

..........................................................


THE FAYETTEVILLE REGL AIRPORT NC CLIMATE NORMALS FOR TODAY
                         NORMAL    RECORD    YEAR
 MAXIMUM TEMPERATURE (F)   88       101      1954
 MINIMUM TEMPERATURE (F)   68        53      1969


SUNRISE AND SUNSET
AUGUST 28 2016........SUNRISE   646 AM EDT   SUNSET   747 PM EDT
AUGUST 29 2016........SUNRISE   646 AM EDT   SUNSET   746 PM EDT


-  INDICATES NEGATIVE NUMBERS.
R  INDICATES RECORD WAS SET OR TIED.
MM INDICATES DATA IS MISSING.
T  INDICATES TRACE AMOUNT.




$$
