000
CDUS42 KRAH 270852
CLIFAY


CLIMATE REPORT
NATIONAL WEATHER SERVICE RALEIGH NC
351 AM EST THU NOV 27 2014


...................................

...THE FAYETTEVILLE REGL AIRPORT NC CLIMATE SUMMARY FOR NOVEMBER 26 2014...

CLIMATE NORMAL PERIOD 1981 TO 2010
CLIMATE RECORD PERIOD 1910 TO 2014


WEATHER ITEM   OBSERVED TIME   RECORD YEAR NORMAL DEPARTURE LAST
                VALUE   (LST)  VALUE       VALUE  FROM      YEAR
                                                  NORMAL
..................................................................
TEMPERATURE (F)
 YESTERDAY
  MAXIMUM         53    534 AM  80    1973  63    -10       69
  MINIMUM         37   1117 PM  15    1950  40     -3       35
  AVERAGE         45                        52     -7       52

PRECIPITATION (IN)
  YESTERDAY        1.41          2.10 1979   0.11   1.30     0.95
  MONTH TO DATE    2.84                      2.40   0.44     2.00
  SINCE SEP 1     11.01                     10.01   1.00     3.98
  SINCE JAN 1     37.93                     41.44  -3.51    38.54

DEGREE DAYS
 HEATING
  YESTERDAY       20                        14      6       13
  MONTH TO DATE  388                       263    125      322
  SINCE SEP 1    463                       390     73      425
  SINCE JUL 1    463                       390     73      425

 COOLING
  YESTERDAY        0                         0      0        0
  MONTH TO DATE    7                        11     -4       13
  SINCE SEP 1    398                       349     49      359
  SINCE JAN 1   2139                      1989    150     1938
..................................................................


WIND (MPH)
  HIGHEST WIND SPEED    24   HIGHEST WIND DIRECTION     N (360)
  HIGHEST GUST SPEED    31   HIGHEST GUST DIRECTION    NE (30)
  AVERAGE WIND SPEED    10.8


SKY COVER
  POSSIBLE SUNSHINE  MM
  AVERAGE SKY COVER 0.8


WEATHER CONDITIONS
 THE FOLLOWING WEATHER WAS RECORDED YESTERDAY.
  HEAVY RAIN
  RAIN
  LIGHT RAIN
  FOG


RELATIVE HUMIDITY (PERCENT)
 HIGHEST   100           200 AM
 LOWEST     80           300 PM
 AVERAGE    90

..........................................................


THE FAYETTEVILLE REGL AIRPORT NC CLIMATE NORMALS FOR TODAY
                         NORMAL    RECORD    YEAR
 MAXIMUM TEMPERATURE (F)   63        81      1973
 MINIMUM TEMPERATURE (F)   40        19      1950


SUNRISE AND SUNSET
NOVEMBER 27 2014......SUNRISE   701 AM EST   SUNSET   505 PM EST
NOVEMBER 28 2014......SUNRISE   702 AM EST   SUNSET   504 PM EST


-  INDICATES NEGATIVE NUMBERS.
R  INDICATES RECORD WAS SET OR TIED.
MM INDICATES DATA IS MISSING.
T  INDICATES TRACE AMOUNT.

$$
