000
CDUS42 KRAH 230730
CLIFAY


CLIMATE REPORT
NATIONAL WEATHER SERVICE RALEIGH NC
329 AM EDT MON OCT 23 2017


...................................

...THE FAYETTEVILLE REGL AIRPORT NC CLIMATE SUMMARY FOR OCTOBER 22 2017...

CLIMATE NORMAL PERIOD 1981 TO 2010
CLIMATE RECORD PERIOD 1910 TO 2017


WEATHER ITEM   OBSERVED TIME   RECORD YEAR NORMAL DEPARTURE LAST
                VALUE   (LST)  VALUE       VALUE  FROM      YEAR
                                                  NORMAL
..................................................................
TEMPERATURE (F)
 YESTERDAY
  MAXIMUM         82    231 PM  89    1941  73      9       67
  MINIMUM         53    637 AM  26    1931  50      3       44
  AVERAGE         68                        62      6       56

PRECIPITATION (IN)
  YESTERDAY        0.00          2.81 1929   0.08  -0.08     0.00
  MONTH TO DATE    1.34                      2.58  -1.24    15.02
  SINCE SEP 1      5.07                      6.98  -1.91    26.14
  SINCE JAN 1     36.87                     38.41  -1.54    52.80

DEGREE DAYS
 HEATING
  YESTERDAY        0                         5     -5        9
  MONTH TO DATE   20                        63    -43       23
  SINCE SEP 1     22                        72    -50       23
  SINCE JUL 1     22                        72    -50       23

 COOLING
  YESTERDAY        3                         2      1        0
  MONTH TO DATE  135                        61     74       97
  SINCE SEP 1    459                       329    130      503
  SINCE JAN 1   2438                      1969    469     2497
..................................................................


WIND (MPH)
  HIGHEST WIND SPEED    13   HIGHEST WIND DIRECTION     E (100)
  HIGHEST GUST SPEED    16   HIGHEST GUST DIRECTION     E (100)
  AVERAGE WIND SPEED     5.3


SKY COVER
  POSSIBLE SUNSHINE  MM
  AVERAGE SKY COVER 0.0


WEATHER CONDITIONS
 THE FOLLOWING WEATHER WAS RECORDED YESTERDAY.
  FOG


RELATIVE HUMIDITY (PERCENT)
 HIGHEST   100           200 AM
 LOWEST     52          1200 PM
 AVERAGE    76

..........................................................


THE FAYETTEVILLE REGL AIRPORT NC CLIMATE NORMALS FOR TODAY
                         NORMAL    RECORD    YEAR
 MAXIMUM TEMPERATURE (F)   73        89      1935
 MINIMUM TEMPERATURE (F)   49        30      1987


SUNRISE AND SUNSET
OCTOBER 23 2017.......SUNRISE   729 AM EDT   SUNSET   631 PM EDT
OCTOBER 24 2017.......SUNRISE   729 AM EDT   SUNSET   629 PM EDT


-  INDICATES NEGATIVE NUMBERS.
R  INDICATES RECORD WAS SET OR TIED.
MM INDICATES DATA IS MISSING.
T  INDICATES TRACE AMOUNT.




$$
