000
CDUS42 KRAH 180034
CLIFAY


CLIMATE REPORT
NATIONAL WEATHER SERVICE RALEIGH NC
833 PM EDT WED SEP 17 2014


...................................

...THE FAYETTEVILLE REGL AIRPORT NC CLIMATE SUMMARY FOR SEPTEMBER 17 2014...
VALID AS OF 0833 PM LOCAL TIME.

CLIMATE NORMAL PERIOD 1981 TO 2010
CLIMATE RECORD PERIOD 1910 TO 2014


WEATHER ITEM   OBSERVED TIME   RECORD YEAR NORMAL DEPARTURE LAST
                VALUE   (LST)  VALUE       VALUE  FROM      YEAR
                                                  NORMAL
..................................................................
TEMPERATURE (F)
 TODAY
  MAXIMUM         82    337 PM 102    1931  83     -1       81
  MINIMUM         65    637 AM  47    1966  64      1       59
  AVERAGE         74                        74      0       70

PRECIPITATION (IN)
  TODAY            0.18          2.47 1924   0.15   0.03     0.00
  MONTH TO DATE    6.03                      2.54   3.49     0.15
  SINCE SEP 1      6.03                      2.54   3.49     0.15
  SINCE JAN 1     32.95                     33.97  -1.02    34.71

DEGREE DAYS
 HEATING
  TODAY            0                         0      0        0
  MONTH TO DATE    0                         0      0        0
  SINCE SEP 1      0                         0      0        0
  SINCE JUL 1      0                         0      0        0

 COOLING
  TODAY            9                         9      0        5
  MONTH TO DATE  228                       182     46      223
  SINCE SEP 1    228                       182     46      223
  SINCE JAN 1   1969                      1822    147     1802
..................................................................


WIND (MPH)
  RESULTANT WIND SPEED   4   RESULTANT WIND DIRECTION  NE (30)
  HIGHEST WIND SPEED    13   HIGHEST WIND DIRECTION    NE (40)
  HIGHEST GUST SPEED    17   HIGHEST GUST DIRECTION    NE (50)
  AVERAGE WIND SPEED     6.0


SKY COVER
  POSSIBLE SUNSHINE  MM
  AVERAGE SKY COVER 0.5


WEATHER CONDITIONS
 THE FOLLOWING WEATHER WAS RECORDED TODAY.
  LIGHT RAIN
  FOG


RELATIVE HUMIDITY (PERCENT)
 HIGHEST    93           100 AM
 LOWEST     63           300 PM
 AVERAGE    78

..........................................................




SUNRISE AND SUNSET
SEPTEMBER 17 2014.....SUNRISE   700 AM EDT   SUNSET   720 PM EDT
SEPTEMBER 18 2014.....SUNRISE   701 AM EDT   SUNSET   718 PM EDT


-  INDICATES NEGATIVE NUMBERS.
R  INDICATES RECORD WAS SET OR TIED.
MM INDICATES DATA IS MISSING.
T  INDICATES TRACE AMOUNT.




$$
