000
CDUS42 KRAH 040642
CLIFAY


CLIMATE REPORT
NATIONAL WEATHER SERVICE RALEIGH NC
141 AM EST WED MAR 4 2015


...................................

...THE FAYETTEVILLE REGL AIRPORT NC CLIMATE SUMMARY FOR MARCH 3 2015...

CLIMATE NORMAL PERIOD 1981 TO 2010
CLIMATE RECORD PERIOD 1910 TO 2015


WEATHER ITEM   OBSERVED TIME   RECORD YEAR NORMAL DEPARTURE LAST
                VALUE   (LST)  VALUE       VALUE  FROM      YEAR
                                                  NORMAL
..................................................................
TEMPERATURE (F)
 YESTERDAY
  MAXIMUM         44   1224 AM  83    1997  63    -19       61
  MINIMUM         37    242 PM  14    1980  38     -1       26
  AVERAGE         41                        51    -10       44

PRECIPITATION (IN)
  YESTERDAY        0.03          1.59 1965   0.11  -0.08     0.44
  MONTH TO DATE    0.22                      0.32  -0.10     0.44
  SINCE MAR 1      0.22                      0.32  -0.10     0.44
  SINCE JAN 1      7.87                      6.38   1.49     7.16

DEGREE DAYS
 HEATING
  YESTERDAY       24                        15      9       21
  MONTH TO DATE   67                        45     22       54
  SINCE MAR 1     67                        45     22       54
  SINCE JUL 1   2563                      2270    293     2379



WEATHER CONDITIONS
 THE FOLLOWING WEATHER WAS RECORDED YESTERDAY.
  LIGHT RAIN
  FOG
  HAZE


RELATIVE HUMIDITY (PERCENT)
 HIGHEST   100           500 PM
 LOWEST     46          1000 AM
 AVERAGE    73

..........................................................


THE FAYETTEVILLE REGL AIRPORT NC CLIMATE NORMALS FOR TODAY
 COOLING
  YESTERDAY        0                         0      0        0
  MONTH TO DATE    0                         0      0        0
  SINCE MAR 1      0                         0      0        0
  SINCE JAN 1      0                         4     -4        3
..................................................................


WIND (MPH)
  HIGHEST WIND SPEED    14   HIGHEST WIND DIRECTION     E (90)
  HIGHEST GUST SPEED    18   HIGHEST GUST DIRECTION    NE (40)
  AVERAGE WIND SPEED     5.8


SKY COVER
  POSSIBLE SUNSHINE  MM
  AVERAGE SKY COVER 0.9
                         NORMAL    RECORD    YEAR
 MAXIMUM TEMPERATURE (F)   63        89      1976
 MINIMUM TEMPERATURE (F)   39        15      1980


SUNRISE AND SUNSET
MARCH  4 2015.........SUNRISE   641 AM EST   SUNSET   614 PM EST
MARCH  5 2015.........SUNRISE   640 AM EST   SUNSET   615 PM EST


-  INDICATES NEGATIVE NUMBERS.
R  INDICATES RECORD WAS SET OR TIED.
MM INDICATES DATA IS MISSING.
T  INDICATES TRACE AMOUNT.




$$
