000
CDUS43 KLMK 280627
CLIFFT


CLIMATE REPORT
NATIONAL WEATHER SERVICE LOUISVILLE KY
227 AM EDT FRI APR 28 2017


...................................

...THE FRANKFORT KY CLIMATE SUMMARY FOR APRIL 27 2017...

CLIMATE NORMAL PERIOD 1981 TO 2010
CLIMATE RECORD PERIOD 1895 TO 2017


WEATHER ITEM   OBSERVED TIME   RECORD YEAR NORMAL DEPARTURE LAST
                VALUE   (LST)  VALUE       VALUE  FROM      YEAR
                                                  NORMAL
..................................................................
TEMPERATURE (F)
 YESTERDAY
  MAXIMUM         73   1125 AM  95    1914  71      2       71
  MINIMUM         47   1159 PM  31    1976  47      0       61
  AVERAGE         60                        59      1       66

PRECIPITATION (IN)
  YESTERDAY        0.02          2.31 1912   0.14  -0.12     1.12
  MONTH TO DATE    2.63                      3.26  -0.63     2.55
  SINCE MAR 1      7.72                      7.64   0.08     8.63
  SINCE JAN 1     13.82                     14.19  -0.37    14.65

SNOWFALL (IN)
  YESTERDAY       MM            MM      MM  MM     MM       MM
  MONTH TO DATE   MM                        MM     MM       MM
  SINCE MAR 1     MM                        MM     MM       MM
  SINCE JUL 1     MM                        MM     MM       MM
  SNOW DEPTH      MM

DEGREE DAYS
 HEATING
  YESTERDAY        5                         7     -2        0
  MONTH TO DATE  133                       295   -162      249
  SINCE MAR 1    666                       920   -254      659
  SINCE JUL 1   3436                      4559  -1123     3731

 COOLING
  YESTERDAY        0                         1     -1        1
  MONTH TO DATE   47                        19     28       22
  SINCE MAR 1     53                        21     32       23
  SINCE JAN 1     56                        21     35       23
..................................................................


WIND (MPH)
  HIGHEST WIND SPEED    25   HIGHEST WIND DIRECTION    SW (220)
  HIGHEST GUST SPEED    35   HIGHEST GUST DIRECTION    SW (210)
  AVERAGE WIND SPEED     9.4


SKY COVER
  POSSIBLE SUNSHINE  MM
  AVERAGE SKY COVER 0.5


WEATHER CONDITIONS
 THE FOLLOWING WEATHER WAS RECORDED YESTERDAY.
  LIGHT RAIN


RELATIVE HUMIDITY (PERCENT)
 HIGHEST    83          1000 PM
 LOWEST     53          1200 AM
 AVERAGE    68

..........................................................


THE FRANKFORT KY CLIMATE NORMALS FOR TODAY
                         NORMAL    RECORD    YEAR
 MAXIMUM TEMPERATURE (F)   71        89      1986
 MINIMUM TEMPERATURE (F)   47        29      1934


SUNRISE AND SUNSET
APRIL 28 2017.........SUNRISE   646 AM EDT   SUNSET   828 PM EDT
APRIL 29 2017.........SUNRISE   645 AM EDT   SUNSET   829 PM EDT


-  INDICATES NEGATIVE NUMBERS.
R  INDICATES RECORD WAS SET OR TIED.
MM INDICATES DATA IS MISSING.
T  INDICATES TRACE AMOUNT.




$$
