000
CDUS43 KLMK 282144
CLIFFT


CLIMATE REPORT
NATIONAL WEATHER SERVICE LOUISVILLE KY
442 PM EST SUN DEC 28 2014


...................................

...THE FRANKFORT KY CLIMATE SUMMARY FOR DECEMBER 28 2014...
VALID TODAY AS OF 0400 PM LOCAL TIME.

CLIMATE NORMAL PERIOD 1981 TO 2010
CLIMATE RECORD PERIOD 1895 TO 2014


WEATHER ITEM   OBSERVED TIME   RECORD YEAR NORMAL DEPARTURE LAST
                VALUE   (LST)  VALUE       VALUE  FROM      YEAR
                                                  NORMAL
..................................................................
TEMPERATURE (F)
 TODAY
  MAXIMUM         47    423 AM  69    1982  42      5       51
  MINIMUM         36    426 PM   3    1925  24     12       29
  AVERAGE         42                        33      9       40

PRECIPITATION (IN)
  TODAY            0.07          1.20 1942   0.11  -0.04     0.04
  MONTH TO DATE    3.15                      3.68  -0.53     4.44
  SINCE DEC 1      3.15                      3.68  -0.53     4.44
  SINCE JAN 1     45.80                     45.29   0.51    49.66

SNOWFALL (IN)
  TODAY           MM            MM      MM  MM     MM       MM
  MONTH TO DATE   MM                        MM     MM       MM
  SINCE DEC 1     MM                        MM     MM       MM
  SINCE JUL 1     MM                        MM     MM       MM
  SNOW DEPTH      MM

DEGREE DAYS
 HEATING
  TODAY           23                        32     -9       25
  MONTH TO DATE  708                       822   -114      787
  SINCE DEC 1    708                       822   -114      787
  SINCE JUL 1   1836                      1733    103     1830

 COOLING
  TODAY            0                         0      0        0
  MONTH TO DATE    0                         0      0        0
  SINCE DEC 1      0                         0      0        0
  SINCE JAN 1   1070                      1155    -85     1127
..................................................................


WIND (MPH)
  HIGHEST WIND SPEED    17   HIGHEST WIND DIRECTION    NW (330)
  HIGHEST GUST SPEED    21   HIGHEST GUST DIRECTION    NW (320)
  AVERAGE WIND SPEED     6.6


SKY COVER
  POSSIBLE SUNSHINE  MM
  AVERAGE SKY COVER 1.0


WEATHER CONDITIONS
 THE FOLLOWING WEATHER WAS RECORDED TODAY.
  LIGHT RAIN
  FOG


RELATIVE HUMIDITY (PERCENT)
 HIGHEST   100          1200 PM
 LOWEST     85           800 AM
 AVERAGE    93

..........................................................


THE FRANKFORT KY CLIMATE NORMALS FOR TOMORROW
                         NORMAL    RECORD    YEAR
 MAXIMUM TEMPERATURE (F)   42        68      1984
 MINIMUM TEMPERATURE (F)   24         3      1961


SUNRISE AND SUNSET
DECEMBER 28 2014......SUNRISE   755 AM EST   SUNSET   527 PM EST
DECEMBER 29 2014......SUNRISE   756 AM EST   SUNSET   528 PM EST


-  INDICATES NEGATIVE NUMBERS.
R  INDICATES RECORD WAS SET OR TIED.
MM INDICATES DATA IS MISSING.
T  INDICATES TRACE AMOUNT.




$$
