000
CDUS43 KLMK 012131
CLIFFT


CLIMATE REPORT
NATIONAL WEATHER SERVICE LOUISVILLE KY
431 PM EST SUN FEB 1 2015


...................................

...THE FRANKFORT KY CLIMATE SUMMARY FOR FEBRUARY 1 2015...
VALID TODAY AS OF 0400 PM LOCAL TIME.

CLIMATE NORMAL PERIOD 1981 TO 2010
CLIMATE RECORD PERIOD 1895 TO 2015


WEATHER ITEM   OBSERVED TIME   RECORD YEAR NORMAL DEPARTURE LAST
                VALUE   (LST)  VALUE       VALUE  FROM      YEAR
                                                  NORMAL
..................................................................
TEMPERATURE (F)
 TODAY
  MAXIMUM         45   1106 AM  74    1915  43      2       62
  MINIMUM         33    254 AM  -7    1965  24      9       37
  AVERAGE         39                        34      5       50

PRECIPITATION (IN)
  TODAY            0.26          2.20 1923   0.11   0.15     0.00
  MONTH TO DATE    0.26                      0.11   0.15     0.00
  SINCE DEC 1      4.87                      7.38  -2.51     7.22
  SINCE JAN 1      1.72                      3.37  -1.65     2.28

SNOWFALL (IN)
  TODAY           MM            MM      MM  MM     MM       MM
  MONTH TO DATE   MM                        MM     MM       MM
  SINCE DEC 1     MM                        MM     MM       MM
  SINCE JUL 1     MM                        MM     MM       MM
  SNOW DEPTH      MM

DEGREE DAYS
 HEATING
  TODAY           26                        31     -5       15
  MONTH TO DATE   26                        31     -5       15
  SINCE DEC 1   1901                      1958    -57     2117
  SINCE JUL 1   3029                      2869    160     3160

 COOLING
  TODAY            0                         0      0        0
  MONTH TO DATE    0                         0      0        0
  SINCE DEC 1      0                         0      0        0
  SINCE JAN 1      0                         0      0        0
..................................................................


WIND (MPH)
  HIGHEST WIND SPEED    22   HIGHEST WIND DIRECTION     S (170)
  HIGHEST GUST SPEED    31   HIGHEST GUST DIRECTION     S (190)
  AVERAGE WIND SPEED     9.1


SKY COVER
  POSSIBLE SUNSHINE  MM
  AVERAGE SKY COVER 1.0


WEATHER CONDITIONS
 THE FOLLOWING WEATHER WAS RECORDED TODAY.
  RAIN
  LIGHT RAIN
  FOG


RELATIVE HUMIDITY (PERCENT)
 HIGHEST    96           400 PM
 LOWEST     37           700 AM
 AVERAGE    67

..........................................................


THE FRANKFORT KY CLIMATE NORMALS FOR TOMORROW
                         NORMAL    RECORD    YEAR
 MAXIMUM TEMPERATURE (F)   43        68      1986
 MINIMUM TEMPERATURE (F)   25        -4      1980


SUNRISE AND SUNSET
FEBRUARY  1 2015......SUNRISE   745 AM EST   SUNSET   602 PM EST
FEBRUARY  2 2015......SUNRISE   744 AM EST   SUNSET   603 PM EST


-  INDICATES NEGATIVE NUMBERS.
R  INDICATES RECORD WAS SET OR TIED.
MM INDICATES DATA IS MISSING.
T  INDICATES TRACE AMOUNT.




$$
