000
CDUS43 KLMK 190629
CLIFFT


CLIMATE REPORT
NATIONAL WEATHER SERVICE LOUISVILLE KY
129 AM EST MON FEB 19 2018


...................................

...THE FRANKFORT KY CLIMATE SUMMARY FOR FEBRUARY 18 2018...

CLIMATE NORMAL PERIOD 1981 TO 2010
CLIMATE RECORD PERIOD 1895 TO 2018


WEATHER ITEM   OBSERVED TIME   RECORD YEAR NORMAL DEPARTURE LAST
                VALUE   (LST)  VALUE       VALUE  FROM      YEAR
                                                  NORMAL
..................................................................
TEMPERATURE (F)
 YESTERDAY
  MAXIMUM         52    507 PM  72    1948  47      5       59
  MINIMUM         27    803 AM  -6    1936  27      0       40
  AVERAGE         40                        37      3       50

PRECIPITATION (IN)
  YESTERDAY        0.00          2.15 1976   0.13  -0.13     0.14
  MONTH TO DATE    3.62                      1.97   1.65     1.23
  SINCE DEC 1      7.03                      9.24  -2.21    10.64
  SINCE JAN 1      5.20                      5.23  -0.03     5.17

SNOWFALL (IN)
  YESTERDAY       MM            MM      MM  MM     MM       MM
  MONTH TO DATE   MM                        MM     MM       MM
  SINCE DEC 1     MM                        MM     MM       MM
  SINCE JUL 1     MM                        MM     MM       MM
  SNOW DEPTH      MM

DEGREE DAYS
 HEATING
  YESTERDAY       25                        28     -3       15
  MONTH TO DATE  484                       535    -51      407
  SINCE DEC 1   2469                      2462      7     2040
  SINCE JUL 1   3277                      3373    -96     2658

 COOLING
  YESTERDAY        0                         0      0        0
  MONTH TO DATE    1                         0      1        0
  SINCE DEC 1      1                         0      1        0
  SINCE JAN 1      1                         0      1        0
..................................................................


WIND (MPH)
  HIGHEST WIND SPEED    13   HIGHEST WIND DIRECTION    SE (130)
  HIGHEST GUST SPEED    17   HIGHEST GUST DIRECTION     W (260)
  AVERAGE WIND SPEED     5.1


SKY COVER
  POSSIBLE SUNSHINE  MM
  AVERAGE SKY COVER 0.2


WEATHER CONDITIONS
 THE FOLLOWING WEATHER WAS RECORDED YESTERDAY.
  FOG


RELATIVE HUMIDITY (PERCENT)
 HIGHEST    92           800 AM
 LOWEST     44           300 PM
 AVERAGE    68

..........................................................


THE FRANKFORT KY CLIMATE NORMALS FOR TODAY
                         NORMAL    RECORD    YEAR
 MAXIMUM TEMPERATURE (F)   47        76      1939
 MINIMUM TEMPERATURE (F)   27       -10      2015


SUNRISE AND SUNSET
FEBRUARY 19 2018......SUNRISE   725 AM EST   SUNSET   622 PM EST
FEBRUARY 20 2018......SUNRISE   724 AM EST   SUNSET   624 PM EST


-  INDICATES NEGATIVE NUMBERS.
R  INDICATES RECORD WAS SET OR TIED.
MM INDICATES DATA IS MISSING.
T  INDICATES TRACE AMOUNT.




$$
