785
CDUS43 KLMK 230627
CLIFFT


CLIMATE REPORT
NATIONAL WEATHER SERVICE LOUISVILLE KY
226 AM EDT THU MAR 23 2017


...................................

...THE FRANKFORT KY CLIMATE SUMMARY FOR MARCH 22 2017...

CLIMATE NORMAL PERIOD 1981 TO 2010
CLIMATE RECORD PERIOD 1895 TO 2017


WEATHER ITEM   OBSERVED TIME   RECORD YEAR NORMAL DEPARTURE LAST
                VALUE   (LST)  VALUE       VALUE  FROM      YEAR
                                                  NORMAL
..................................................................
TEMPERATURE (F)
 YESTERDAY
  MAXIMUM         49   1205 AM  84    1907  58     -9       67
  MINIMUM         33    717 AM  14    2013  36     -3       34
  AVERAGE         41                        47     -6       51

PRECIPITATION (IN)
  YESTERDAY        0.00          2.21 1952   0.14  -0.14     0.00
  MONTH TO DATE    2.55                      3.03  -0.48     3.85
  SINCE MAR 1      2.55                      3.03  -0.48     3.85
  SINCE JAN 1      8.65                      9.58  -0.93     9.87

SNOWFALL (IN)
  YESTERDAY       MM            MM      MM  MM     MM       MM
  MONTH TO DATE   MM                        MM     MM       MM
  SINCE MAR 1     MM                        MM     MM       MM
  SINCE JUL 1     MM                        MM     MM       MM
  SNOW DEPTH      MM

DEGREE DAYS
 HEATING
  YESTERDAY       24                        18      6       14
  MONTH TO DATE  485                       478      7      309
  SINCE MAR 1    485                       478      7      309
  SINCE JUL 1   3255                      4117   -862     3381

 COOLING
  YESTERDAY        0                         0      0        0
  MONTH TO DATE    0                         0      0        0
  SINCE MAR 1      0                         0      0        0
  SINCE JAN 1      3                         0      3        0
..................................................................


WIND (MPH)
  HIGHEST WIND SPEED    17   HIGHEST WIND DIRECTION    NE (60)
  HIGHEST GUST SPEED    23   HIGHEST GUST DIRECTION     E (70)
  AVERAGE WIND SPEED    10.3


SKY COVER
  POSSIBLE SUNSHINE  MM
  AVERAGE SKY COVER 0.0


WEATHER CONDITIONS
 THE FOLLOWING WEATHER WAS RECORDED YESTERDAY.
  HAZE


RELATIVE HUMIDITY (PERCENT)
 HIGHEST    52           400 AM
 LOWEST     21           200 PM
 AVERAGE    37

..........................................................


THE FRANKFORT KY CLIMATE NORMALS FOR TODAY
                         NORMAL    RECORD    YEAR
 MAXIMUM TEMPERATURE (F)   59        83      1939
                                             1907
 MINIMUM TEMPERATURE (F)   36        17      1983
                                             1960


SUNRISE AND SUNSET
MARCH 23 2017.........SUNRISE   738 AM EDT   SUNSET   755 PM EDT
MARCH 24 2017.........SUNRISE   737 AM EDT   SUNSET   756 PM EDT


-  INDICATES NEGATIVE NUMBERS.
R  INDICATES RECORD WAS SET OR TIED.
MM INDICATES DATA IS MISSING.
T  INDICATES TRACE AMOUNT.




$$
