000
CDUS43 KFGF 010659
CLIFGF


CLIMATE REPORT
NATIONAL WEATHER SERVICE EASTERN NORTH DAKOTA/GRAND FORKS
1256 AM CST WED MAR 1 2017


...................................

...THE GRAND FORKS UNIV. (NWS) ND CLIMATE SUMMARY FOR FEBRUARY 28 2017...

CLIMATE NORMAL PERIOD 1981 TO 2010
CLIMATE RECORD PERIOD 1890 TO 2017


WEATHER ITEM   OBSERVED TIME   RECORD YEAR NORMAL DEPARTURE LAST
                VALUE   (LST)  VALUE       VALUE  FROM      YEAR
                                                  NORMAL
..................................................................
TEMPERATURE (F)
 YESTERDAY
  MAXIMUM         23        MM  59    1901  27     -4       37
  MINIMUM          8        MM -32    1962  10     -2       15
                                      1897
  AVERAGE         16                        18     -2       26

PRECIPITATION (IN)
  YESTERDAY        0.00          0.35 1987   0.03  -0.03     0.02
  MONTH TO DATE    0.50                      0.59  -0.09     0.35
  SINCE DEC 1      2.94                      1.95   0.99     1.77
  SINCE JAN 1      1.10                      1.30  -0.20     0.65

SNOWFALL (IN)
  YESTERDAY        0.0           3.0  1996   0.3   -0.3      0.1
  MONTH TO DATE    5.2                       6.9   -1.7      4.4
  SINCE DEC 1     42.0                      28.2   13.8     23.9
  SINCE JUL 1     42.9                      35.3    7.6     27.3
  SNOW DEPTH       T

DEGREE DAYS
 HEATING
  YESTERDAY       49                        47      2       39
  MONTH TO DATE 1258                      1442   -184     1227
  SINCE DEC 1   4494                      4866   -372     4264
  SINCE JUL 1   5948                      6960  -1012     5873

 COOLING
  YESTERDAY        0                         0      0        0
  MONTH TO DATE    0                         0      0        0
  SINCE DEC 1      0                         0      0        0
  SINCE JAN 1      0                         0      0        0
..................................................................


WIND (MPH)
  RESULTANT WIND SPEED  MM   RESULTANT WIND DIRECTION  MM
  HIGHEST WIND SPEED    MM   HIGHEST WIND DIRECTION    MM
  HIGHEST GUST SPEED    MM   HIGHEST GUST DIRECTION    MM
  AVERAGE WIND SPEED    MM


SKY COVER
  POSSIBLE SUNSHINE  MM
  AVERAGE SKY COVER  MM


WEATHER CONDITIONS
 THE FOLLOWING WEATHER WAS RECORDED YESTERDAY.
  NO SIGNIFICANT WEATHER WAS OBSERVED.


RELATIVE HUMIDITY (PERCENT)
 HIGHEST    MM
 LOWEST     MM
 AVERAGE    MM

..........................................................


THE GRAND FORKS UNIV. (NWS) ND CLIMATE NORMALS FOR TODAY
                         NORMAL    RECORD    YEAR
 MAXIMUM TEMPERATURE (F)   27        54      1992
 MINIMUM TEMPERATURE (F)   11       -28      1962


SUNRISE AND SUNSET
MARCH  1 2017.........SUNRISE   709 AM CST   SUNSET   613 PM CST
MARCH  2 2017.........SUNRISE   707 AM CST   SUNSET   615 PM CST


-  INDICATES NEGATIVE NUMBERS.
R  INDICATES RECORD WAS SET OR TIED.
MM INDICATES DATA IS MISSING.
T  INDICATES TRACE AMOUNT.




$$
