000
CSUS97 KFGF 280724
CLIFGF


CLIMATE REPORT
NATIONAL WEATHER SERVICE EASTERN NORTH DAKOTA/GRAND FORKS
221 AM CDT THU AUG 28 2014


...................................

...THE GRAND FORKS UNIV. (NWS) ND CLIMATE SUMMARY FOR AUGUST 27 2014...

CLIMATE NORMAL PERIOD 1981 TO 2010
CLIMATE RECORD PERIOD 1890 TO 2014


WEATHER ITEM   OBSERVED TIME   RECORD YEAR NORMAL DEPARTURE LAST
                VALUE   (LST)  VALUE       VALUE  FROM      YEAR
                                                  NORMAL
..................................................................
TEMPERATURE (F)
 YESTERDAY
  MAXIMUM         73        MM  97    1991  78     -5       93
  MINIMUM         49        MM  34    1982  54     -5       60
  AVERAGE         61                        66     -5       77

PRECIPITATION (IN)
  YESTERDAY        0.00          0.85   MM   0.10  -0.10     0.00
  MONTH TO DATE    3.11                      2.75   0.36     0.32
  SINCE JUN 1     13.30                      9.66   3.64     4.70
  SINCE JAN 1     20.29                     15.71   4.58    12.91

SNOWFALL (IN)
  YESTERDAY        0.0           0.0    MM   0.0    0.0      0.0
  MONTH TO DATE    0.0                       0.0    0.0      0.0
  SINCE JUN 1      0.0                       0.0    0.0      0.0
  SINCE JUL 1      0.0                       0.0    0.0      0.0
  SNOW DEPTH       0

DEGREE DAYS
 HEATING
  YESTERDAY        4                         2      2        0
  MONTH TO DATE   20                        33    -13       35
  SINCE JUN 1    104                       139    -35      134
  SINCE JUL 1     52                        56     -4       59

 COOLING
  YESTERDAY        0                         3     -3       12
  MONTH TO DATE  118                       133    -15      130
  SINCE JUN 1    305                       395    -90      426
  SINCE JAN 1    360                       421    -61      435
..................................................................


WIND (MPH)
  RESULTANT WIND SPEED  MM   RESULTANT WIND DIRECTION  MM
  HIGHEST WIND SPEED    MM   HIGHEST WIND DIRECTION    MM
  HIGHEST GUST SPEED    MM   HIGHEST GUST DIRECTION    MM
  AVERAGE WIND SPEED    MM


SKY COVER
  POSSIBLE SUNSHINE  MM
  AVERAGE SKY COVER  MM


WEATHER CONDITIONS
 THE FOLLOWING WEATHER WAS RECORDED YESTERDAY.
  NO SIGNIFICANT WEATHER WAS OBSERVED.


RELATIVE HUMIDITY (PERCENT)
 HIGHEST    MM
 LOWEST     MM
 AVERAGE    MM

..........................................................


THE GRAND FORKS UNIV. (NWS) ND CLIMATE NORMALS FOR TODAY
                         NORMAL    RECORD    YEAR
 MAXIMUM TEMPERATURE (F)   78        99      1991
 MINIMUM TEMPERATURE (F)   54        34      1986
                                             1965


SUNRISE AND SUNSET
AUGUST 28 2014........SUNRISE   641 AM CDT   SUNSET   817 PM CDT
AUGUST 29 2014........SUNRISE   642 AM CDT   SUNSET   815 PM CDT


-  INDICATES NEGATIVE NUMBERS.
R  INDICATES RECORD WAS SET OR TIED.
MM INDICATES DATA IS MISSING.
T  INDICATES TRACE AMOUNT.




$$
