562
CDUS43 KFGF 282220
CLIFGF


CLIMATE REPORT
NATIONAL WEATHER SERVICE EASTERN NORTH DAKOTA/GRAND FORKS
518 PM CDT SUN AUG 28 2016


...................................

...THE GRAND FORKS UNIV. (NWS) ND CLIMATE SUMMARY FOR AUGUST 28 2016...
VALID TODAY AS OF 0400 PM LOCAL TIME.

CLIMATE NORMAL PERIOD 1981 TO 2010
CLIMATE RECORD PERIOD 1890 TO 2016


WEATHER ITEM   OBSERVED TIME   RECORD YEAR NORMAL DEPARTURE LAST
                VALUE   (LST)  VALUE       VALUE  FROM      YEAR
                                                  NORMAL
..................................................................
TEMPERATURE (F)
 TODAY
  MAXIMUM         83        MM  99    1991  78      5       84
  MINIMUM         58        MM  34    1986  54      4       64
                                      1965
  AVERAGE         71                        66      5       74

PRECIPITATION (IN)
  TODAY            0.00          2.45 2002   0.10  -0.10     0.00
  MONTH TO DATE    4.45                      2.85   1.60     2.49
  SINCE JUN 1     14.63                      9.76   4.87     9.76
  SINCE JAN 1     21.73                     15.81   5.92    15.66

SNOWFALL (IN)
  TODAY            0.0           T    2002   0.0    0.0      0.0
  MONTH TO DATE    T                         0.0    0.0      0.0
  SINCE JUN 1      T                         0.0    0.0      0.0
  SINCE JUL 1      T                         0.0    0.0      0.0
  SNOW DEPTH       0

DEGREE DAYS
 HEATING
  TODAY            0                         2     -2        0
  MONTH TO DATE   10                        35    -25       36
  SINCE JUN 1     64                       141    -77       94
  SINCE JUL 1     18                        58    -40       48

 COOLING
  TODAY            6                         3      3        9
  MONTH TO DATE  145                       136      9      136
  SINCE JUN 1    404                       398      6      456
  SINCE JAN 1    428                       424      4      467
..................................................................


WIND (MPH)
  HIGHEST WIND SPEED    MM   HIGHEST WIND DIRECTION    MM
  HIGHEST GUST SPEED    MM   HIGHEST GUST DIRECTION    MM
  AVERAGE WIND SPEED    MM


SKY COVER
  POSSIBLE SUNSHINE  MM
  AVERAGE SKY COVER  MM


WEATHER CONDITIONS
 THE FOLLOWING WEATHER WAS RECORDED TODAY.
  NO SIGNIFICANT WEATHER WAS OBSERVED.


RELATIVE HUMIDITY (PERCENT)
 HIGHEST    MM
 LOWEST     MM
 AVERAGE    MM

..........................................................


THE GRAND FORKS UNIV. (NWS) ND CLIMATE NORMALS FOR TOMORROW
                         NORMAL    RECORD    YEAR
 MAXIMUM TEMPERATURE (F)   77        95      1972
                                             1961
 MINIMUM TEMPERATURE (F)   53        35      1915


SUNRISE AND SUNSET
AUGUST 28 2016........SUNRISE   642 AM CDT   SUNSET   816 PM CDT
AUGUST 29 2016........SUNRISE   643 AM CDT   SUNSET   814 PM CDT


-  INDICATES NEGATIVE NUMBERS.
R  INDICATES RECORD WAS SET OR TIED.
MM INDICATES DATA IS MISSING.
T  INDICATES TRACE AMOUNT.




$$
