000
CDUS43 KFGF 180650
CLIFGF


CLIMATE REPORT
NATIONAL WEATHER SERVICE EASTERN NORTH DAKOTA/GRAND FORKS
146 AM CDT FRI AUG 18 2017


...................................

...THE GRAND FORKS UNIV. (NWS) ND CLIMATE SUMMARY FOR AUGUST 17 2017...

CLIMATE NORMAL PERIOD 1981 TO 2010
CLIMATE RECORD PERIOD 1893 TO 2017


WEATHER ITEM   OBSERVED TIME   RECORD YEAR NORMAL DEPARTURE LAST
                VALUE   (LST)  VALUE       VALUE  FROM      YEAR
                                                  NORMAL
..................................................................
TEMPERATURE (F)
 YESTERDAY
  MAXIMUM         81        MM  99    1945  81      0       87
  MINIMUM         59        MM  39    1924  56      3       61
  AVERAGE         70                        69      1       74

PRECIPITATION (IN)
  YESTERDAY        0.00          2.80 2005   0.11  -0.11     0.00
  MONTH TO DATE    0.85                      1.68  -0.83     3.22
  SINCE JUN 1      7.85                      8.59  -0.74    13.40
  SINCE JAN 1     12.42                     14.64  -2.22    20.50

SNOWFALL (IN)
  YESTERDAY        0.0           0.0    MM   0.0    0.0      0.0
  MONTH TO DATE    0.0                       0.0    0.0      0.0
  SINCE JUN 1      T                         0.0    0.0      0.0
  SINCE JUL 1      T                         0.0    0.0      0.0
  SNOW DEPTH       0

DEGREE DAYS
 HEATING
  YESTERDAY        0                         1     -1        0
  MONTH TO DATE    3                        17    -14        0
  SINCE JUN 1     57                       123    -66       54
  SINCE JUL 1     12                        40    -28        8

 COOLING
  YESTERDAY        5                         5      0        9
  MONTH TO DATE   43                        94    -51      112
  SINCE JUN 1    357                       356      1      371
  SINCE JAN 1    357                       382    -25      395
..................................................................


WIND (MPH)
  RESULTANT WIND SPEED  MM   RESULTANT WIND DIRECTION  MM
  HIGHEST WIND SPEED    MM   HIGHEST WIND DIRECTION    MM
  HIGHEST GUST SPEED    MM   HIGHEST GUST DIRECTION    MM
  AVERAGE WIND SPEED    MM


SKY COVER
  POSSIBLE SUNSHINE  MM
  AVERAGE SKY COVER  MM


WEATHER CONDITIONS
 THE FOLLOWING WEATHER WAS RECORDED YESTERDAY.
  FOG


RELATIVE HUMIDITY (PERCENT)
 HIGHEST    MM
 LOWEST     MM
 AVERAGE    MM

..........................................................


THE GRAND FORKS UNIV. (NWS) ND CLIMATE NORMALS FOR TODAY
                         NORMAL    RECORD    YEAR
 MAXIMUM TEMPERATURE (F)   81       101      1945
 MINIMUM TEMPERATURE (F)   56        38      1975
                                             1932


SUNRISE AND SUNSET
AUGUST 18 2017........SUNRISE   628 AM CDT   SUNSET   835 PM CDT
AUGUST 19 2017........SUNRISE   629 AM CDT   SUNSET   834 PM CDT


-  INDICATES NEGATIVE NUMBERS.
R  INDICATES RECORD WAS SET OR TIED.
MM INDICATES DATA IS MISSING.
T  INDICATES TRACE AMOUNT.




$$
