000
CDUS43 KFGF 010636
CLIFGF


CLIMATE REPORT
NATIONAL WEATHER SERVICE EASTERN NORTH DAKOTA/GRAND FORKS
1232 AM CST SUN MAR 1 2015


...................................

...THE GRAND FORKS UNIV. (NWS) ND CLIMATE SUMMARY FOR FEBRUARY 28 2015...

CLIMATE NORMAL PERIOD 1981 TO 2010
CLIMATE RECORD PERIOD 1890 TO 2015


WEATHER ITEM   OBSERVED TIME   RECORD YEAR NORMAL DEPARTURE LAST
                VALUE   (LST)  VALUE       VALUE  FROM      YEAR
                                                  NORMAL
..................................................................
TEMPERATURE (F)
 YESTERDAY
  MAXIMUM         22        MM  54    1905  27     -5        5
  MINIMUM          1        MM -32    1962  10     -9      -14
  AVERAGE         12                        18     -6       -4

PRECIPITATION (IN)
  YESTERDAY        T             0.35 2005   0.03  -0.03      T
                                      2002
  MONTH TO DATE    0.26                      0.59  -0.33     0.26
  SINCE DEC 1      0.66                      1.95  -1.29     1.42
  SINCE JAN 1      0.53                      1.30  -0.77     0.73

SNOWFALL (IN)
  YESTERDAY        T             3.0  2005   0.3   -0.3       T
                                      2002
  MONTH TO DATE    4.7                       6.9   -2.2      5.4
  SINCE DEC 1     12.5                      28.2  -15.7     44.1
  SINCE JUL 1     16.3                      35.3  -19.0     45.7
  SNOW DEPTH       3

DEGREE DAYS
 HEATING
  YESTERDAY       53                        47      6       69
  MONTH TO DATE 1688                      1442    246     1757
  SINCE DEC 1   4729                      4866   -137     5695
  SINCE JUL 1   6849                      6960   -111     7746

 COOLING
  YESTERDAY        0                         0      0        0
  MONTH TO DATE    0                         0      0        0
  SINCE DEC 1      0                         0      0        0
  SINCE JAN 1      0                         0      0        0
..................................................................


WIND (MPH)
  RESULTANT WIND SPEED  MM   RESULTANT WIND DIRECTION  MM
  HIGHEST WIND SPEED    MM   HIGHEST WIND DIRECTION    MM
  HIGHEST GUST SPEED    MM   HIGHEST GUST DIRECTION    MM
  AVERAGE WIND SPEED    MM


SKY COVER
  POSSIBLE SUNSHINE  MM
  AVERAGE SKY COVER  MM


WEATHER CONDITIONS
 THE FOLLOWING WEATHER WAS RECORDED YESTERDAY.
  LIGHT SNOW
  FOG


RELATIVE HUMIDITY (PERCENT)
 HIGHEST    MM
 LOWEST     MM
 AVERAGE    MM

..........................................................


THE GRAND FORKS UNIV. (NWS) ND CLIMATE NORMALS FOR TODAY
                         NORMAL    RECORD    YEAR
 MAXIMUM TEMPERATURE (F)   27        54      1992
 MINIMUM TEMPERATURE (F)   11       -28      1962


SUNRISE AND SUNSET
MARCH  1 2015.........SUNRISE   710 AM CST   SUNSET   613 PM CST
MARCH  2 2015.........SUNRISE   708 AM CST   SUNSET   614 PM CST


-  INDICATES NEGATIVE NUMBERS.
R  INDICATES RECORD WAS SET OR TIED.
MM INDICATES DATA IS MISSING.
T  INDICATES TRACE AMOUNT.




$$
