147
CDUS43 KFGF 280658
CLIFGF


CLIMATE REPORT
NATIONAL WEATHER SERVICE EASTERN NORTH DAKOTA/GRAND FORKS
157 AM CDT FRI APR 28 2017


...................................

...THE GRAND FORKS UNIV. (NWS) ND CLIMATE SUMMARY FOR APRIL 27 2017...

CLIMATE NORMAL PERIOD 1981 TO 2010
CLIMATE RECORD PERIOD 1890 TO 2017


WEATHER ITEM   OBSERVED TIME   RECORD YEAR NORMAL DEPARTURE LAST
                VALUE   (LST)  VALUE       VALUE  FROM      YEAR
                                                  NORMAL
..................................................................
TEMPERATURE (F)
 YESTERDAY
  MAXIMUM         44        MM  95    1952  61    -17       58
  MINIMUM         25        MM   7    1909  36    -11       37
  AVERAGE         35                        49    -14       48

PRECIPITATION (IN)
  YESTERDAY        T             0.95 1943   0.04  -0.04     0.00
  MONTH TO DATE    1.48                      0.83   0.65     2.10
  SINCE MAR 1      2.32                      1.85   0.47     2.79
  SINCE JAN 1      3.42                      3.15   0.27     3.44

SNOWFALL (IN)
  YESTERDAY        0.1           1.0  1990   0.1    0.0      0.0
  MONTH TO DATE    6.7                       1.0    5.7      0.6
  SINCE MAR 1      6.8                       7.4   -0.6      2.3
  SINCE JUL 1     49.7                      42.7    7.0     29.6
  SNOW DEPTH       6

DEGREE DAYS
 HEATING
  YESTERDAY       30                        16     14       17
  MONTH TO DATE  593                       616    -23      674
  SINCE MAR 1   1774                      1822    -48     1562
  SINCE JUL 1   7722                      8782  -1060     7494

 COOLING
  YESTERDAY        0                         0      0        0
  MONTH TO DATE    0                         0      0        0
  SINCE MAR 1      0                         0      0        0
  SINCE JAN 1      0                         0      0        0
..................................................................


WIND (MPH)
  RESULTANT WIND SPEED  MM   RESULTANT WIND DIRECTION  MM
  HIGHEST WIND SPEED    MM   HIGHEST WIND DIRECTION    MM
  HIGHEST GUST SPEED    MM   HIGHEST GUST DIRECTION    MM
  AVERAGE WIND SPEED    MM


SKY COVER
  POSSIBLE SUNSHINE  MM
  AVERAGE SKY COVER  MM


WEATHER CONDITIONS
 THE FOLLOWING WEATHER WAS RECORDED YESTERDAY.
  NO SIGNIFICANT WEATHER WAS OBSERVED.


RELATIVE HUMIDITY (PERCENT)
 HIGHEST    MM
 LOWEST     MM
 AVERAGE    MM

..........................................................


THE GRAND FORKS UNIV. (NWS) ND CLIMATE NORMALS FOR TODAY
                         NORMAL    RECORD    YEAR
 MAXIMUM TEMPERATURE (F)   62        90      1952
 MINIMUM TEMPERATURE (F)   37        15      1958


SUNRISE AND SUNSET
APRIL 28 2017.........SUNRISE   615 AM CDT   SUNSET   838 PM CDT
APRIL 29 2017.........SUNRISE   613 AM CDT   SUNSET   839 PM CDT


-  INDICATES NEGATIVE NUMBERS.
R  INDICATES RECORD WAS SET OR TIED.
MM INDICATES DATA IS MISSING.
T  INDICATES TRACE AMOUNT.




$$
