000
CDUS43 KFGF 010633
CLIFGF


CLIMATE REPORT
NATIONAL WEATHER SERVICE EASTERN NORTH DAKOTA/GRAND FORKS
1231 AM CST SUN FEB 1 2015


...................................

...THE GRAND FORKS UNIV. (NWS) ND CLIMATE SUMMARY FOR JANUARY 31 2015...

CLIMATE NORMAL PERIOD 1981 TO 2010
CLIMATE RECORD PERIOD 1890 TO 2015


WEATHER ITEM   OBSERVED TIME   RECORD YEAR NORMAL DEPARTURE LAST
                VALUE   (LST)  VALUE       VALUE  FROM      YEAR
                                                  NORMAL
..................................................................
TEMPERATURE (F)
 YESTERDAY
  MAXIMUM         17        MM  43    2009  18     -1        6
  MINIMUM        -10        MM -32    1918   0    -10      -14
                                      1916
  AVERAGE          4                         9     -5       -4

PRECIPITATION (IN)
  YESTERDAY        T             0.80   MM   0.02  -0.02     0.00
  MONTH TO DATE    0.27                      0.71  -0.44     0.47
  SINCE DEC 1      0.40                      1.36  -0.96     1.16
  SINCE JAN 1      0.27                      0.71  -0.44     0.47

SNOWFALL (IN)
  YESTERDAY        T             8.0    MM   0.3   -0.3      0.0
  MONTH TO DATE    6.0                      10.4   -4.4     15.9
  SINCE DEC 1      7.8                      21.3  -13.5     38.7
  SINCE JUL 1     11.6                      28.4  -16.8     40.3
  SNOW DEPTH       T

DEGREE DAYS
 HEATING
  YESTERDAY       61                        56      5       69
  MONTH TO DATE 1608                      1785   -177     1950
  SINCE DEC 1   3041                      3424   -383     3938
  SINCE JUL 1   5161                      5518   -357     5989

 COOLING
  YESTERDAY        0                         0      0        0
  MONTH TO DATE    0                         0      0        0
  SINCE DEC 1      0                         0      0        0
  SINCE JAN 1      0                         0      0        0
..................................................................


WIND (MPH)
  RESULTANT WIND SPEED  MM   RESULTANT WIND DIRECTION  MM
  HIGHEST WIND SPEED    MM   HIGHEST WIND DIRECTION    MM
  HIGHEST GUST SPEED    MM   HIGHEST GUST DIRECTION    MM
  AVERAGE WIND SPEED    MM


SKY COVER
  POSSIBLE SUNSHINE  MM
  AVERAGE SKY COVER  MM


WEATHER CONDITIONS
 THE FOLLOWING WEATHER WAS RECORDED YESTERDAY.
  NO SIGNIFICANT WEATHER WAS OBSERVED.


RELATIVE HUMIDITY (PERCENT)
 HIGHEST    MM
 LOWEST     MM
 AVERAGE    MM

..........................................................


THE GRAND FORKS UNIV. (NWS) ND CLIMATE NORMALS FOR TODAY
                         NORMAL    RECORD    YEAR
 MAXIMUM TEMPERATURE (F)   19        43      1991
 MINIMUM TEMPERATURE (F)    0       -40      1996


SUNRISE AND SUNSET
FEBRUARY  1 2015......SUNRISE   756 AM CST   SUNSET   528 PM CST
FEBRUARY  2 2015......SUNRISE   755 AM CST   SUNSET   530 PM CST


-  INDICATES NEGATIVE NUMBERS.
R  INDICATES RECORD WAS SET OR TIED.
MM INDICATES DATA IS MISSING.
T  INDICATES TRACE AMOUNT.




$$
