000
CSUS97 KFGF 280707
CLIFGF


CLIMATE REPORT
NATIONAL WEATHER SERVICE EASTERN NORTH DAKOTA/GRAND FORKS
137 AM CDT MON JUL 28 2014


...................................

...THE GRAND FORKS UNIV. (NWS) ND CLIMATE SUMMARY FOR JULY 27 2014...

CLIMATE NORMAL PERIOD 1981 TO 2010
CLIMATE RECORD PERIOD 1890 TO 2014


WEATHER ITEM   OBSERVED TIME   RECORD YEAR NORMAL DEPARTURE LAST
                VALUE   (LST)  VALUE       VALUE  FROM      YEAR
                                                  NORMAL
..................................................................
TEMPERATURE (F)
 YESTERDAY
  MAXIMUM         67        MM 102    1931  82    -15       71
  MINIMUM         59        MM  42    1925  59      0       47
  AVERAGE         63                        70     -7       59

PRECIPITATION (IN)
  YESTERDAY        0.02          2.80   MM   0.08  -0.06     0.00
  MONTH TO DATE    3.44                      2.80   0.64     1.40
  SINCE JUN 1     10.19                      6.54   3.65     4.18
  SINCE JAN 1     17.18                     12.59   4.59    12.39

SNOWFALL (IN)
  YESTERDAY        0.0           0.0    MM   0.0    0.0      0.0
  MONTH TO DATE    0.0                       0.0    0.0      0.0
  SINCE JUN 1      0.0                       0.0    0.0      0.0
  SINCE JUL 1      0.0                       0.0    0.0      0.0
  SNOW DEPTH       0

DEGREE DAYS
 HEATING
  YESTERDAY        2                         0      2        6
  MONTH TO DATE   32                        19     13       20
  SINCE JUN 1     84                       102    -18       95
  SINCE JUL 1     32                        19     13       20

 COOLING
  YESTERDAY        0                         6     -6        0
  MONTH TO DATE  115                       152    -37      178
  SINCE JUN 1    178                       243    -65      293
  SINCE JAN 1    233                       269    -36      302
..................................................................


WIND (MPH)
  RESULTANT WIND SPEED  MM   RESULTANT WIND DIRECTION  MM
  HIGHEST WIND SPEED    MM   HIGHEST WIND DIRECTION    MM
  HIGHEST GUST SPEED    MM   HIGHEST GUST DIRECTION    MM
  AVERAGE WIND SPEED    MM


SKY COVER
  POSSIBLE SUNSHINE  MM
  AVERAGE SKY COVER  MM


WEATHER CONDITIONS
 THE FOLLOWING WEATHER WAS RECORDED YESTERDAY.
  LIGHT RAIN


RELATIVE HUMIDITY (PERCENT)
 HIGHEST    MM
 LOWEST     MM
 AVERAGE    MM

..........................................................


THE GRAND FORKS UNIV. (NWS) ND CLIMATE NORMALS FOR TODAY
                         NORMAL    RECORD    YEAR
 MAXIMUM TEMPERATURE (F)   82       106      1917
 MINIMUM TEMPERATURE (F)   59        44      1973
                                             1925
                                             1913


SUNRISE AND SUNSET
JULY 28 2014..........SUNRISE   600 AM CDT   SUNSET   909 PM CDT
JULY 29 2014..........SUNRISE   601 AM CDT   SUNSET   908 PM CDT


-  INDICATES NEGATIVE NUMBERS.
R  INDICATES RECORD WAS SET OR TIED.
MM INDICATES DATA IS MISSING.
T  INDICATES TRACE AMOUNT.




$$
