000
CDUS43 KFGF 222152
CLIFGF


CLIMATE REPORT
NATIONAL WEATHER SERVICE EASTERN NORTH DAKOTA/GRAND FORKS
451 PM CDT SUN OCT 22 2017


...................................

...THE GRAND FORKS UNIV. (NWS) ND CLIMATE SUMMARY FOR OCTOBER 22 2017...
VALID TODAY AS OF 0400 PM LOCAL TIME.

CLIMATE NORMAL PERIOD 1981 TO 2010
CLIMATE RECORD PERIOD 1893 TO 2017


WEATHER ITEM   OBSERVED TIME   RECORD YEAR NORMAL DEPARTURE LAST
                VALUE   (LST)  VALUE       VALUE  FROM      YEAR
                                                  NORMAL
..................................................................
TEMPERATURE (F)
 TODAY
  MAXIMUM         63        MM  89    1901  51     12       59
  MINIMUM         40        MM   1    1936  32      8       31
  AVERAGE         52                        41     11       45

PRECIPITATION (IN)
  TODAY            0.00          1.02 1931   0.05  -0.05      T
  MONTH TO DATE    0.15                      1.49  -1.34     1.14
  SINCE SEP 1      5.03                      3.54   1.49     6.11
  SINCE JAN 1     17.52                     19.64  -2.12    27.84

SNOWFALL (IN)
  TODAY            0.0           1.8  1925   0.1   -0.1      0.0
  MONTH TO DATE    0.0                       0.5   -0.5      0.0
  SINCE SEP 1      0.0                       0.5   -0.5      0.0
  SINCE JUL 1      T                         0.5   -0.5       T
  SNOW DEPTH       0

DEGREE DAYS
 HEATING
  TODAY           13                        24    -11       20
  MONTH TO DATE  303                       412   -109      369
  SINCE SEP 1    478                       652   -174      524
  SINCE JUL 1    496                       716   -220      542

 COOLING
  TODAY            0                         0      0        0
  MONTH TO DATE    0                         0      0        5
  SINCE SEP 1     43                        30     13       27
  SINCE JAN 1    440                       462    -22      461
..................................................................


WIND (MPH)
  HIGHEST WIND SPEED    MM   HIGHEST WIND DIRECTION    MM
  HIGHEST GUST SPEED    MM   HIGHEST GUST DIRECTION    MM
  AVERAGE WIND SPEED    MM


SKY COVER
  POSSIBLE SUNSHINE  MM
  AVERAGE SKY COVER  MM


WEATHER CONDITIONS
 THE FOLLOWING WEATHER WAS RECORDED TODAY.
  NO SIGNIFICANT WEATHER WAS OBSERVED.


RELATIVE HUMIDITY (PERCENT)
 HIGHEST    MM
 LOWEST     MM
 AVERAGE    MM

..........................................................


THE GRAND FORKS UNIV. (NWS) ND CLIMATE NORMALS FOR TOMORROW
                         NORMAL    RECORD    YEAR
 MAXIMUM TEMPERATURE (F)   50        77      1963
 MINIMUM TEMPERATURE (F)   31        10      1976


SUNRISE AND SUNSET
OCTOBER 22 2017.......SUNRISE   758 AM CDT   SUNSET   626 PM CDT
OCTOBER 23 2017.......SUNRISE   800 AM CDT   SUNSET   625 PM CDT


-  INDICATES NEGATIVE NUMBERS.
R  INDICATES RECORD WAS SET OR TIED.
MM INDICATES DATA IS MISSING.
T  INDICATES TRACE AMOUNT.




$$
