000
CDUS42 KMFL 270921
CLIFLL


CLIMATE REPORT
NATIONAL WEATHER SERVICE MIAMI, FL
421 AM EST SAT DEC 27 2014


...................................

...THE FORT LAUDERDALE CLIMATE SUMMARY FOR DECEMBER 26 2014...

CLIMATE NORMAL PERIOD 1981 TO 2010
CLIMATE RECORD PERIOD 1839 TO 2014


WEATHER ITEM   OBSERVED TIME   RECORD YEAR NORMAL DEPARTURE LAST
                VALUE   (LST)  VALUE       VALUE  FROM      YEAR
                                                  NORMAL
..................................................................
TEMPERATURE (F)
 YESTERDAY
  MAXIMUM         75    621 PM  87    1921  77     -2       78
  MINIMUM         65    917 AM  31    1983  62      3       71
  AVERAGE         70                        70      0       75

PRECIPITATION (IN)
  YESTERDAY        0.14          1.10 1949   0.05   0.09     0.06
  MONTH TO DATE    2.18                      2.18   0.00     1.19
  SINCE NOV 1      5.10                      5.42  -0.32    12.11
  SINCE JAN 1     61.54                     61.90  -0.36    76.44

SNOWFALL (IN)
  YESTERDAY        0.0
  MONTH TO DATE    0.0
  SINCE DEC 1      0.0
  SINCE JUL 1      0.0
  SNOW DEPTH       0

DEGREE DAYS
 HEATING
  YESTERDAY        0                         1     -1        0
  MONTH TO DATE   16                        21     -5        0
  SINCE DEC 1     16                        21     -5        0
  SINCE JUL 1     26                        23      3        4

 COOLING
  YESTERDAY        5                         6     -1       10
  MONTH TO DATE  164                       188    -24      240
  SINCE DEC 1    164                       188    -24      240
  SINCE JAN 1   4765                      4701     64     4592
..................................................................


WIND (MPH)
  HIGHEST WIND SPEED    10   HIGHEST WIND DIRECTION     N (360)
  HIGHEST GUST SPEED    14   HIGHEST GUST DIRECTION     N (350)
  AVERAGE WIND SPEED     4.4


SKY COVER
  AVERAGE SKY COVER 0.9


WEATHER CONDITIONS
 THE FOLLOWING WEATHER WAS RECORDED YESTERDAY.
  RAIN
  LIGHT RAIN
  FOG


RELATIVE HUMIDITY (PERCENT)
 HIGHEST   100
 LOWEST     73
 AVERAGE    87

..........................................................


THE FORT LAUDERDALE CLIMATE NORMALS FOR TODAY
                         NORMAL    RECORD    YEAR
 MAXIMUM TEMPERATURE (F)   77        86      1924
 MINIMUM TEMPERATURE (F)   62        38      1956
                                             1935


SUNRISE AND SUNSET
DECEMBER 27 2014......SUNRISE   706 AM EST   SUNSET   537 PM EST
DECEMBER 28 2014......SUNRISE   707 AM EST   SUNSET   538 PM EST


-  INDICATES NEGATIVE NUMBERS.
R  INDICATES RECORD WAS SET OR TIED.
MM INDICATES DATA IS MISSING.
T  INDICATES TRACE AMOUNT.




$$
