000
CDUS42 KMFL 282119
CLIFLL


CLIMATE REPORT
NATIONAL WEATHER SERVICE MIAMI, FL
419 PM EST WED JAN 28 2015


...................................

...THE FORT LAUDERDALE CLIMATE SUMMARY FOR JANUARY 28 2015...
VALID TODAY AS OF 0400 PM LOCAL TIME.

CLIMATE NORMAL PERIOD 1981 TO 2010
CLIMATE RECORD PERIOD 1839 TO 2015


WEATHER ITEM   OBSERVED TIME   RECORD YEAR NORMAL DEPARTURE LAST
                VALUE   (LST)  VALUE       VALUE  FROM      YEAR
                                                  NORMAL
..................................................................
TEMPERATURE (F)
 TODAY
  MAXIMUM         68    359 PM  86    1991  77     -9       80
  MINIMUM         51    713 AM  30    1940  62    -11       62
  AVERAGE         60                        70    -10       71

PRECIPITATION (IN)
  TODAY            0.00          3.20 1924   0.17  -0.17     0.00
  MONTH TO DATE    3.39                      3.10   0.29     1.82
  SINCE NOV 1      8.50                      8.80  -0.30    13.94
  SINCE JAN 1      3.39                      3.10   0.29     1.82

SNOWFALL (IN)
  TODAY            0.0
  MONTH TO DATE    0.0
  SINCE DEC 1      0.0
  SINCE JUL 1      0.0
  SNOW DEPTH       0

DEGREE DAYS
 HEATING
  TODAY            5                         1      4
  MONTH TO DATE   20                        44    -24
  SINCE DEC 1     36                        74    -38
  SINCE JUL 1     46                        76    -30

 COOLING
  TODAY            0                         6     -6
  MONTH TO DATE  163                       154      9
  SINCE DEC 1    375                       370      5
  SINCE JAN 1    163                       154      9
..................................................................


WIND (MPH)
  HIGHEST WIND SPEED    18   HIGHEST WIND DIRECTION     N (350)
  HIGHEST GUST SPEED    25   HIGHEST GUST DIRECTION    NW (300)
  AVERAGE WIND SPEED     8.2


SKY COVER
  AVERAGE SKY COVER 0.2


WEATHER CONDITIONS
 THE FOLLOWING WEATHER WAS RECORDED TODAY.
  NO SIGNIFICANT WEATHER WAS OBSERVED.


RELATIVE HUMIDITY (PERCENT)
 HIGHEST    87
 LOWEST     28
 AVERAGE    58

..........................................................


THE FORT LAUDERDALE CLIMATE NORMALS FOR TOMORROW
                         NORMAL    RECORD    YEAR
 MAXIMUM TEMPERATURE (F)   77        86      1973
 MINIMUM TEMPERATURE (F)   63        30      1940


SUNRISE AND SUNSET
JANUARY 28 2015.......SUNRISE   707 AM EST   SUNSET   601 PM EST
JANUARY 29 2015.......SUNRISE   706 AM EST   SUNSET   602 PM EST


-  INDICATES NEGATIVE NUMBERS.
R  INDICATES RECORD WAS SET OR TIED.
MM INDICATES DATA IS MISSING.
T  INDICATES TRACE AMOUNT.




$$
