000
CDUS42 KMFL 160921
CLIFLL


CLIMATE REPORT
NATIONAL WEATHER SERVICE MIAMI, FL
420 AM EST SAT DEC 16 2017


...................................

...THE FORT LAUDERDALE CLIMATE SUMMARY FOR DECEMBER 15 2017...

CLIMATE NORMAL PERIOD 1981 TO 2010
CLIMATE RECORD PERIOD 1912 TO 2017


WEATHER ITEM   OBSERVED TIME   RECORD YEAR NORMAL DEPARTURE LAST
                VALUE   (LST)  VALUE       VALUE  FROM      YEAR
                                                  NORMAL
..................................................................
TEMPERATURE (F)
 YESTERDAY
  MAXIMUM         77    206 PM  87    1977  78     -1       81
  MINIMUM         53    304 AM  37    2010  64    -11       66
                                      1944
  AVERAGE         65                        71     -6       74

PRECIPITATION (IN)
  YESTERDAY        0.00          1.75 1958   0.09  -0.09     0.00
  MONTH TO DATE    0.50                      1.29  -0.79     2.77
  SINCE NOV 1      6.26                      4.53   1.73     3.81
  SINCE JAN 1     68.93                     61.01   7.92    49.48

SNOWFALL (IN)
  YESTERDAY        0.0
  MONTH TO DATE    0.0
  SINCE DEC 1      0.0
  SINCE JUL 1      0.0
  SNOW DEPTH       0

DEGREE DAYS
 HEATING
  YESTERDAY        0                         1     -1        0
  MONTH TO DATE   33                        10     23        0
  SINCE DEC 1     33                        10     23        0
  SINCE JUL 1     35                        12     23        0

 COOLING
  YESTERDAY        0                         7     -7        9
  MONTH TO DATE   90                       118    -28      175
  SINCE DEC 1     90                       118    -28      175
  SINCE JAN 1   4769                      4631    138     4701
..................................................................


WIND (MPH)
  HIGHEST WIND SPEED    13   HIGHEST WIND DIRECTION    SE (130)
  HIGHEST GUST SPEED    17   HIGHEST GUST DIRECTION     S (160)
  AVERAGE WIND SPEED     3.3


SKY COVER
  AVERAGE SKY COVER 0.4


WEATHER CONDITIONS
 THE FOLLOWING WEATHER WAS RECORDED YESTERDAY.
  NO SIGNIFICANT WEATHER WAS OBSERVED.


RELATIVE HUMIDITY (PERCENT)
 HIGHEST   100
 LOWEST     50
 AVERAGE    75

..........................................................


THE FORT LAUDERDALE CLIMATE NORMALS FOR TODAY
                         NORMAL    RECORD    YEAR
 MAXIMUM TEMPERATURE (F)   78        86      1947
 MINIMUM TEMPERATURE (F)   64        34      1968


SUNRISE AND SUNSET
DECEMBER 16 2017......SUNRISE   701 AM EST   SUNSET   532 PM EST
DECEMBER 17 2017......SUNRISE   701 AM EST   SUNSET   532 PM EST


-  INDICATES NEGATIVE NUMBERS.
R  INDICATES RECORD WAS SET OR TIED.
MM INDICATES DATA IS MISSING.
T  INDICATES TRACE AMOUNT.




$$
