000
CDUS42 KMFL 280828
CLIFLL


CLIMATE REPORT
NATIONAL WEATHER SERVICE MIAMI, FL
428 AM EDT TUE JUL 28 2015


...................................

...THE FORT LAUDERDALE CLIMATE SUMMARY FOR JULY 27 2015...

CLIMATE NORMAL PERIOD 1981 TO 2010
CLIMATE RECORD PERIOD 1839 TO 2015


WEATHER ITEM   OBSERVED TIME   RECORD YEAR NORMAL DEPARTURE LAST
                VALUE   (LST)  VALUE       VALUE  FROM      YEAR
                                                  NORMAL
..................................................................
TEMPERATURE (F)
 YESTERDAY
  MAXIMUM         92   1240 PM  95    1983  91      1       92
                                      1980
                                      1969
  MINIMUM         78    432 AM  69    1928  79     -1       79
  AVERAGE         85                        85      0       86

PRECIPITATION (IN)
  YESTERDAY        0.01          2.48 1995   0.18  -0.17     0.00
  MONTH TO DATE    2.70                      5.27  -2.57     8.73
  SINCE JUN 1      3.79                     15.43 -11.64    17.37
  SINCE JAN 1     17.84                     32.92 -15.08    37.97

SNOWFALL (IN)
  YESTERDAY        0.0
  MONTH TO DATE    0.0
  SINCE JUN 1      0.0
  SINCE JUL 1      0.0
  SNOW DEPTH       0

DEGREE DAYS
 HEATING
  YESTERDAY        0                         0      0        0
  MONTH TO DATE    0                         0      0        0
  SINCE JUN 1      0                         0      0        0
  SINCE JUL 1      0                         0      0        0

 COOLING
  YESTERDAY       20                        20      0       21
  MONTH TO DATE  537                       521     16      530
  SINCE JUN 1   1099                      1064     35     1046
  SINCE JAN 1   2635                      2482    153     2581
..................................................................


WIND (MPH)
  HIGHEST WIND SPEED    21   HIGHEST WIND DIRECTION     W (250)
  HIGHEST GUST SPEED    26   HIGHEST GUST DIRECTION     W (250)
  AVERAGE WIND SPEED     8.4


SKY COVER
  AVERAGE SKY COVER 0.4


WEATHER CONDITIONS
 THE FOLLOWING WEATHER WAS RECORDED YESTERDAY.
  THUNDERSTORM
  LIGHT RAIN


RELATIVE HUMIDITY (PERCENT)
 HIGHEST    91
 LOWEST     59
 AVERAGE    75

..........................................................


THE FORT LAUDERDALE CLIMATE NORMALS FOR TODAY
                         NORMAL    RECORD    YEAR
 MAXIMUM TEMPERATURE (F)   91        96      1980
 MINIMUM TEMPERATURE (F)   79        69      1946
                                             1928
                                             1924


SUNRISE AND SUNSET
JULY 28 2015..........SUNRISE   644 AM EDT   SUNSET   810 PM EDT
JULY 29 2015..........SUNRISE   645 AM EDT   SUNSET   809 PM EDT


-  INDICATES NEGATIVE NUMBERS.
R  INDICATES RECORD WAS SET OR TIED.
MM INDICATES DATA IS MISSING.
T  INDICATES TRACE AMOUNT.




$$
