000
CDUS42 KMFL 280825
CLIFLL


CLIMATE REPORT
NATIONAL WEATHER SERVICE MIAMI, FL
424 AM EDT SUN AUG 28 2016


...................................

...THE FORT LAUDERDALE CLIMATE SUMMARY FOR AUGUST 27 2016...

CLIMATE NORMAL PERIOD 1981 TO 2010
CLIMATE RECORD PERIOD 1912 TO 2016


WEATHER ITEM   OBSERVED TIME   RECORD YEAR NORMAL DEPARTURE LAST
                VALUE   (LST)  VALUE       VALUE  FROM      YEAR
                                                  NORMAL
..................................................................
TEMPERATURE (F)
 YESTERDAY
  MAXIMUM         91    203 PM  97    1954  90      1       89
  MINIMUM         80    529 PM  69    1922  78      2       77
                                      1921
  AVERAGE         86                        84      2       83

PRECIPITATION (IN)
  YESTERDAY        0.19          4.75 1964   0.27  -0.08     0.03
  MONTH TO DATE    5.08                      6.35  -1.27     4.91
  SINCE JUN 1     16.54                     22.49  -5.95     9.03
  SINCE JAN 1     35.49                     39.98  -4.49    23.08

SNOWFALL (IN)
  YESTERDAY        0.0
  MONTH TO DATE    0.0
  SINCE JUN 1      0.0
  SINCE JUL 1      0.0
  SNOW DEPTH       0

DEGREE DAYS
 HEATING
  YESTERDAY        0                         0      0        0
  MONTH TO DATE    0                         0      0        0
  SINCE JUN 1      0                         0      0        0
  SINCE JUL 1      0                         0      0        0

 COOLING
  YESTERDAY       21                        19      2       18
  MONTH TO DATE  528                       532     -4      538
  SINCE JUN 1   1723                      1673     50     1722
  SINCE JAN 1   3137                      3091     46     3258
..................................................................


WIND (MPH)
  HIGHEST WIND SPEED    25   HIGHEST WIND DIRECTION     E (100)
  HIGHEST GUST SPEED    30   HIGHEST GUST DIRECTION     E (100)
  AVERAGE WIND SPEED    11.5


SKY COVER
  AVERAGE SKY COVER 0.8


WEATHER CONDITIONS
 THE FOLLOWING WEATHER WAS RECORDED YESTERDAY.
  THUNDERSTORM
  LIGHT RAIN
  HAZE


RELATIVE HUMIDITY (PERCENT)
 HIGHEST    85
 LOWEST     64
 AVERAGE    75

..........................................................


THE FORT LAUDERDALE CLIMATE NORMALS FOR TODAY
                         NORMAL    RECORD    YEAR
 MAXIMUM TEMPERATURE (F)   90        97      1964
 MINIMUM TEMPERATURE (F)   78        68      1927


SUNRISE AND SUNSET
AUGUST 28 2016........SUNRISE   659 AM EDT   SUNSET   744 PM EDT
AUGUST 29 2016........SUNRISE   700 AM EDT   SUNSET   743 PM EDT


-  INDICATES NEGATIVE NUMBERS.
R  INDICATES RECORD WAS SET OR TIED.
MM INDICATES DATA IS MISSING.
T  INDICATES TRACE AMOUNT.




$$
