000
CDUS42 KMFL 102116
CLIFLL


CLIMATE REPORT
NATIONAL WEATHER SERVICE MIAMI, FL
415 PM EST WED FEB 10 2016


...................................

...THE FORT LAUDERDALE CLIMATE SUMMARY FOR FEBRUARY 10 2016...
VALID TODAY AS OF 0400 PM LOCAL TIME.

CLIMATE NORMAL PERIOD 1981 TO 2010
CLIMATE RECORD PERIOD 1912 TO 2016


WEATHER ITEM   OBSERVED TIME   RECORD YEAR NORMAL DEPARTURE LAST
                VALUE   (LST)  VALUE       VALUE  FROM      YEAR
                                                  NORMAL
..................................................................
TEMPERATURE (F)
 TODAY
  MAXIMUM         63    316 PM  88    1949  78    -15       74
  MINIMUM         53    724 AM  37    1917  64    -11       57
  AVERAGE         58                        71    -13       66

PRECIPITATION (IN)
  TODAY            0.00          1.07 2002   0.12  -0.12     0.03
  MONTH TO DATE    1.58                      1.09   0.49     1.61
  SINCE NOV 1     20.21                     10.42   9.79    10.11
  SINCE JAN 1      8.99                      4.72   4.27     5.00

SNOWFALL (IN)
  TODAY            0.0
  MONTH TO DATE    0.0
  SINCE DEC 1      0.0
  SINCE JUL 1      0.0
  SNOW DEPTH       0

DEGREE DAYS
 HEATING
  TODAY            7                         1      6        0
  MONTH TO DATE   24                        10     14        0
  SINCE DEC 1     69                        88    -19       39
  SINCE JUL 1     69                        90    -21       49

 COOLING
  TODAY            0                         7     -7        1
  MONTH TO DATE   51                        61    -10       41
  SINCE DEC 1    572                       447    125      418
  SINCE JAN 1    175                       231    -56      206
..................................................................


WIND (MPH)
  HIGHEST WIND SPEED    15   HIGHEST WIND DIRECTION    NW (310)
  HIGHEST GUST SPEED    22   HIGHEST GUST DIRECTION    NW (320)
  AVERAGE WIND SPEED     8.3


SKY COVER
  AVERAGE SKY COVER 0.8


WEATHER CONDITIONS
 THE FOLLOWING WEATHER WAS RECORDED TODAY.
  NO SIGNIFICANT WEATHER WAS OBSERVED.


RELATIVE HUMIDITY (PERCENT)
 HIGHEST    77
 LOWEST     39
 AVERAGE    58

..........................................................


THE FORT LAUDERDALE CLIMATE NORMALS FOR TOMORROW
                         NORMAL    RECORD    YEAR
 MAXIMUM TEMPERATURE (F)   78        89      1944
 MINIMUM TEMPERATURE (F)   64        37      1973


SUNRISE AND SUNSET
FEBRUARY 10 2016......SUNRISE   700 AM EST   SUNSET   610 PM EST
FEBRUARY 11 2016......SUNRISE   659 AM EST   SUNSET   611 PM EST


-  INDICATES NEGATIVE NUMBERS.
R  INDICATES RECORD WAS SET OR TIED.
MM INDICATES DATA IS MISSING.
T  INDICATES TRACE AMOUNT.




$$
