000
CDUS42 KMFL 270843
CLIFLL


CLIMATE REPORT
NATIONAL WEATHER SERVICE MIAMI, FL
442 AM EDT WED AUG 27 2014


...................................

...THE FORT LAUDERDALE CLIMATE SUMMARY FOR AUGUST 26 2014...

CLIMATE NORMAL PERIOD 1981 TO 2010
CLIMATE RECORD PERIOD 1839 TO 2014


WEATHER ITEM   OBSERVED TIME   RECORD YEAR NORMAL DEPARTURE LAST
                VALUE   (LST)  VALUE       VALUE  FROM      YEAR
                                                  NORMAL
..................................................................
TEMPERATURE (F)
 YESTERDAY
  MAXIMUM         91    232 PM  96    1998  90      1       88
                                      1954
                                      1946
  MINIMUM         82    651 AM  69    1927  78      4       77
  AVERAGE         87                        84      3       83

PRECIPITATION (IN)
  YESTERDAY        0.04          4.06 1966   0.25  -0.21     0.02
  MONTH TO DATE    5.30                      6.08  -0.78     1.76
  SINCE JUN 1     23.12                     22.22   0.90    31.97
  SINCE JAN 1     43.72                     39.71   4.01    56.75

SNOWFALL (IN)
  YESTERDAY        0.0
  MONTH TO DATE    0.0
  SINCE JUN 1      0.0
  SINCE JUL 1      0.0
  SNOW DEPTH       0

DEGREE DAYS
 HEATING
  YESTERDAY        0                         0      0        0
  MONTH TO DATE    0                         0      0        0
  SINCE JUN 1      0                         0      0        0
  SINCE JUL 1      0                         0      0        0

 COOLING
  YESTERDAY       22                        19      3       18
  MONTH TO DATE  537                       513     24      498
  SINCE JUN 1   1668                      1654     14     1567
  SINCE JAN 1   3203                      3072    131     2963
..................................................................


WIND (MPH)
  HIGHEST WIND SPEED    22   HIGHEST WIND DIRECTION    NE (50)
  HIGHEST GUST SPEED    28   HIGHEST GUST DIRECTION    NE (60)
  AVERAGE WIND SPEED    12.5


SKY COVER
  AVERAGE SKY COVER 0.5


WEATHER CONDITIONS
 THE FOLLOWING WEATHER WAS RECORDED YESTERDAY.
  LIGHT RAIN


RELATIVE HUMIDITY (PERCENT)
 HIGHEST    70
 LOWEST     52
 AVERAGE    61

..........................................................


THE FORT LAUDERDALE CLIMATE NORMALS FOR TODAY
                         NORMAL    RECORD    YEAR
 MAXIMUM TEMPERATURE (F)   90        97      1954
 MINIMUM TEMPERATURE (F)   78        69      1922
                                             1921


SUNRISE AND SUNSET
AUGUST 27 2014........SUNRISE   659 AM EDT   SUNSET   745 PM EDT
AUGUST 28 2014........SUNRISE   659 AM EDT   SUNSET   744 PM EDT


-  INDICATES NEGATIVE NUMBERS.
R  INDICATES RECORD WAS SET OR TIED.
MM INDICATES DATA IS MISSING.
T  INDICATES TRACE AMOUNT.




$$
