000
CDUS42 KMFL 260856
CLIFLL


CLIMATE REPORT
NATIONAL WEATHER SERVICE MIAMI, FL
456 AM EDT SAT JUL 26 2014


...................................

...THE FORT LAUDERDALE CLIMATE SUMMARY FOR JULY 25 2014...

CLIMATE NORMAL PERIOD 1981 TO 2010
CLIMATE RECORD PERIOD 1839 TO 2014


WEATHER ITEM   OBSERVED TIME   RECORD YEAR NORMAL DEPARTURE LAST
                VALUE   (LST)  VALUE       VALUE  FROM      YEAR
                                                  NORMAL
..................................................................
TEMPERATURE (F)
 YESTERDAY
  MAXIMUM         91    250 PM  98    1975  91      0       93
  MINIMUM         80    633 AM  69    1988  79      1       76
                                      1928
  AVERAGE         86                        85      1       85

PRECIPITATION (IN)
  YESTERDAY        0.03          2.50 1924   0.18  -0.15     0.00
  MONTH TO DATE    8.24                      4.92   3.32    14.53
  SINCE JUN 1     16.88                     15.08   1.80    29.25
  SINCE JAN 1     37.48                     32.57   4.91    54.03

SNOWFALL (IN)
  YESTERDAY        0.0
  MONTH TO DATE    0.0
  SINCE JUN 1      0.0
  SINCE JUL 1      0.0
  SNOW DEPTH       0

DEGREE DAYS
 HEATING
  YESTERDAY        0                         0      0        0
  MONTH TO DATE    0                         0      0        0
  SINCE JUN 1      0                         0      0        0
  SINCE JUL 1      0                         0      0        0

 COOLING
  YESTERDAY       21                        20      1       20
  MONTH TO DATE  490                       481      9      417
  SINCE JUN 1   1006                      1024    -18      961
  SINCE JAN 1   2541                      2442     99     2357
..................................................................


WIND (MPH)
  HIGHEST WIND SPEED    14   HIGHEST WIND DIRECTION    SE (130)
  HIGHEST GUST SPEED    14   HIGHEST GUST DIRECTION    SE (130)
  AVERAGE WIND SPEED     5.5


SKY COVER
  AVERAGE SKY COVER 0.4


WEATHER CONDITIONS
 THE FOLLOWING WEATHER WAS RECORDED YESTERDAY.
  NO SIGNIFICANT WEATHER WAS OBSERVED.


RELATIVE HUMIDITY (PERCENT)
 HIGHEST    85
 LOWEST     59
 AVERAGE    72

..........................................................


THE FORT LAUDERDALE CLIMATE NORMALS FOR TODAY
                         NORMAL    RECORD    YEAR
 MAXIMUM TEMPERATURE (F)   91        95      1983
                                             1922
 MINIMUM TEMPERATURE (F)   79        66      1926


SUNRISE AND SUNSET
JULY 26 2014..........SUNRISE   643 AM EDT   SUNSET   810 PM EDT
JULY 27 2014..........SUNRISE   644 AM EDT   SUNSET   810 PM EDT


-  INDICATES NEGATIVE NUMBERS.
R  INDICATES RECORD WAS SET OR TIED.
MM INDICATES DATA IS MISSING.
T  INDICATES TRACE AMOUNT.




$$
