000
CDUS42 KILM 272146
CLIFLO


CLIMATE REPORT
NATIONAL WEATHER SERVICE WILMINGTON NC
445 PM EST SAT DEC 27 2014


...................................

...THE FLORENCE SC CLIMATE SUMMARY FOR DECEMBER 27 2014...
VALID TODAY AS OF 0400 PM LOCAL TIME.

CLIMATE NORMAL PERIOD 1981 TO 2010
CLIMATE RECORD PERIOD 1948 TO 2014


WEATHER ITEM   OBSERVED TIME   RECORD YEAR NORMAL DEPARTURE LAST
                VALUE   (LST)  VALUE       VALUE  FROM      YEAR
                                                  NORMAL
..................................................................
TEMPERATURE (F)
 TODAY
  MAXIMUM         66    359 PM  77    1971  55     11       55
  MINIMUM         32    702 AM  19    1948  35     -3       31
  AVERAGE         49                        45      4       43

PRECIPITATION (IN)
  TODAY            0.00          1.67 1992   0.10  -0.10     0.00
  MONTH TO DATE    3.17                      2.61   0.56     3.07
  SINCE DEC 1      3.17                      2.61   0.56     3.07
  SINCE JAN 1     44.46                     42.51   1.95    53.41

SNOWFALL (IN)
  TODAY           MM
  MONTH TO DATE   MM
  SINCE DEC 1     MM
  SINCE JUL 1     MM
  SNOW DEPTH      MM

DEGREE DAYS
 HEATING
  TODAY           16                        20     -4       22
  MONTH TO DATE  414                       476    -62      383
  SINCE DEC 1    414                       476    -62      383
  SINCE JUL 1    914                       898     16      853

 COOLING
  TODAY            0                         0      0        0
  MONTH TO DATE    0                         0      0       18
  SINCE DEC 1      0                         0      0       18
  SINCE JAN 1   2282                      2059    223     2064
..................................................................


WIND (MPH)
  HIGHEST WIND SPEED     9   HIGHEST WIND DIRECTION    SW (240)
  HIGHEST GUST SPEED    12   HIGHEST GUST DIRECTION    SW (220)
  AVERAGE WIND SPEED     1.6


SKY COVER
  POSSIBLE SUNSHINE  MM
  AVERAGE SKY COVER 0.0


WEATHER CONDITIONS
 THE FOLLOWING WEATHER WAS RECORDED TODAY.
  FOG


RELATIVE HUMIDITY (PERCENT)
 HIGHEST    96           500 AM
 LOWEST     37           200 PM
 AVERAGE    67

..........................................................


THE FLORENCE SC CLIMATE NORMALS FOR TOMORROW
                         NORMAL    RECORD    YEAR
 MAXIMUM TEMPERATURE (F)   55        78      1988
 MINIMUM TEMPERATURE (F)   35        20      1995


SUNRISE AND SUNSET
DECEMBER 27 2014......SUNRISE   723 AM EST   SUNSET   517 PM EST
DECEMBER 28 2014......SUNRISE   724 AM EST   SUNSET   517 PM EST


-  INDICATES NEGATIVE NUMBERS.
R  INDICATES RECORD WAS SET OR TIED.
MM INDICATES DATA IS MISSING.
T  INDICATES TRACE AMOUNT.




$$
