000
CDUS42 KILM 260842
CLIFLO


CLIMATE REPORT
NATIONAL WEATHER SERVICE WILMINGTON NC
441 AM EDT WED APR 26 2017


...................................

...THE FLORENCE SC CLIMATE SUMMARY FOR APRIL 25 2017...

CLIMATE NORMAL PERIOD 1981 TO 2010
CLIMATE RECORD PERIOD 1948 TO 2017


WEATHER ITEM   OBSERVED TIME   RECORD YEAR NORMAL DEPARTURE LAST
                VALUE   (LST)  VALUE       VALUE  FROM      YEAR
                                                  NORMAL
..................................................................
TEMPERATURE (F)
 YESTERDAY
  MAXIMUM         66    440 PM  92    1960  78    -12       82
  MINIMUM         56    319 AM  39    2005  53      3       53
  AVERAGE         61                        66     -5       68

PRECIPITATION (IN)
  YESTERDAY        0.02          0.79 1978   0.09  -0.07     0.00
  MONTH TO DATE    4.55                      2.19   2.36     5.34
  SINCE MAR 1      6.15                      5.52   0.63     6.97
  SINCE JAN 1     11.02                     11.67  -0.65    14.43

SNOWFALL (IN)
  YESTERDAY       MM
  MONTH TO DATE   MM
  SINCE MAR 1     MM
  SINCE JUL 1     MM
  SNOW DEPTH      MM

DEGREE DAYS
 HEATING
  YESTERDAY        4                         3      1        0
  MONTH TO DATE   49                       113    -64      113
  SINCE MAR 1    380                       423    -43      278
  SINCE JUL 1   1825                      2489   -664     1938

 COOLING
  YESTERDAY        0                         3     -3        3
  MONTH TO DATE   83                        53     30       35
  SINCE MAR 1    123                        71     52       83
  SINCE JAN 1    136                        77     59       84
..................................................................


WIND (MPH)
  HIGHEST WIND SPEED    14   HIGHEST WIND DIRECTION     W (270)
  HIGHEST GUST SPEED    18   HIGHEST GUST DIRECTION     W (260)
  AVERAGE WIND SPEED     6.5


SKY COVER
  POSSIBLE SUNSHINE  MM
  AVERAGE SKY COVER 1.0


WEATHER CONDITIONS
 THE FOLLOWING WEATHER WAS RECORDED YESTERDAY.
  LIGHT RAIN
  FOG


RELATIVE HUMIDITY (PERCENT)
 HIGHEST   100          1200 AM
 LOWEST     84           400 PM
 AVERAGE    92

..........................................................


THE FLORENCE SC CLIMATE NORMALS FOR TODAY
                         NORMAL    RECORD    YEAR
 MAXIMUM TEMPERATURE (F)   78        93      1990
 MINIMUM TEMPERATURE (F)   53        43      2001


SUNRISE AND SUNSET
APRIL 26 2017.........SUNRISE   634 AM EDT   SUNSET   759 PM EDT
APRIL 27 2017.........SUNRISE   633 AM EDT   SUNSET   800 PM EDT


-  INDICATES NEGATIVE NUMBERS.
R  INDICATES RECORD WAS SET OR TIED.
MM INDICATES DATA IS MISSING.
T  INDICATES TRACE AMOUNT.




$$
