000
CDUS42 KILM 242041
CLIFLO


CLIMATE REPORT
NATIONAL WEATHER SERVICE WILMINGTON NC
441 PM EDT FRI MAR 24 2017


...................................

...THE FLORENCE SC CLIMATE SUMMARY FOR MARCH 24 2017...
VALID TODAY AS OF 0400 PM LOCAL TIME.

CLIMATE NORMAL PERIOD 1981 TO 2010
CLIMATE RECORD PERIOD 1948 TO 2017


WEATHER ITEM   OBSERVED TIME   RECORD YEAR NORMAL DEPARTURE LAST
                VALUE   (LST)  VALUE       VALUE  FROM      YEAR
                                                  NORMAL
..................................................................
TEMPERATURE (F)
 TODAY
  MAXIMUM         75    219 PM  85    2007  70      5       80
                                      1949
  MINIMUM         38    618 AM  30    2004  46     -8       48
                                      1960
  AVERAGE         57                        58     -1       64

PRECIPITATION (IN)
  TODAY            0.00          2.22 1983   0.10  -0.10     0.00
  MONTH TO DATE    1.23                      2.59  -1.36     0.83
  SINCE MAR 1      1.23                      2.59  -1.36     0.83
  SINCE JAN 1      6.10                      8.74  -2.64     8.29

SNOWFALL (IN)
  TODAY           MM
  MONTH TO DATE   MM
  SINCE MAR 1     MM
  SINCE JUL 1     MM
  SNOW DEPTH      MM

DEGREE DAYS
 HEATING
  TODAY            8                         8      0        1
  MONTH TO DATE  330                       258     72      152
  SINCE MAR 1    330                       258     72      152
  SINCE JUL 1   1775                      2324   -549     1812

 COOLING
  TODAY            0                         1     -1        0
  MONTH TO DATE   13                        11      2       38
  SINCE MAR 1     13                        11      2       38
  SINCE JAN 1     26                        17      9       39
..................................................................


WIND (MPH)
  HIGHEST WIND SPEED    16   HIGHEST WIND DIRECTION     S (170)
  HIGHEST GUST SPEED    22   HIGHEST GUST DIRECTION     S (200)
  AVERAGE WIND SPEED     7.3


SKY COVER
  POSSIBLE SUNSHINE  MM
  AVERAGE SKY COVER 0.1


WEATHER CONDITIONS
 THE FOLLOWING WEATHER WAS RECORDED TODAY.
  NO SIGNIFICANT WEATHER WAS OBSERVED.


RELATIVE HUMIDITY (PERCENT)
 HIGHEST    86           700 AM
 LOWEST     35           100 PM
 AVERAGE    61

..........................................................


THE FLORENCE SC CLIMATE NORMALS FOR TOMORROW
                         NORMAL    RECORD    YEAR
 MAXIMUM TEMPERATURE (F)   70        89      2007
 MINIMUM TEMPERATURE (F)   46        27      1956


SUNRISE AND SUNSET
MARCH 24 2017.........SUNRISE   717 AM EDT   SUNSET   734 PM EDT
MARCH 25 2017.........SUNRISE   715 AM EDT   SUNSET   735 PM EDT


-  INDICATES NEGATIVE NUMBERS.
R  INDICATES RECORD WAS SET OR TIED.
MM INDICATES DATA IS MISSING.
T  INDICATES TRACE AMOUNT.




$$
