314
CDUS42 KILM 170847
CLIFLO


CLIMATE REPORT
NATIONAL WEATHER SERVICE WILMINGTON NC
447 AM EDT THU AUG 17 2017


...................................

...THE FLORENCE SC CLIMATE SUMMARY FOR AUGUST 16 2017...

CLIMATE NORMAL PERIOD 1981 TO 2010
CLIMATE RECORD PERIOD 1948 TO 2017


WEATHER ITEM   OBSERVED TIME   RECORD YEAR NORMAL DEPARTURE LAST
                VALUE   (LST)  VALUE       VALUE  FROM      YEAR
                                                  NORMAL
..................................................................
TEMPERATURE (F)
 YESTERDAY
  MAXIMUM         93    430 PM 103    1954  90      3       96
  MINIMUM         76    547 AM  60    1967  71      5       74
  AVERAGE         85                        80      5       85

PRECIPITATION (IN)
  YESTERDAY        0.01          2.40 1997   0.17  -0.16     0.00
  MONTH TO DATE    1.58                      2.78  -1.20     1.14
  SINCE JUN 1     14.90                     12.66   2.24    11.70
  SINCE JAN 1     29.61                     28.02   1.59    32.79

DEGREE DAYS
 HEATING
  YESTERDAY        0                         0      0        0
  MONTH TO DATE    0                         0      0        0
  SINCE JUN 1      0                         1     -1        0
  SINCE JUL 1      0                         0      0        0

 COOLING
  YESTERDAY       20                        15      5       20
  MONTH TO DATE  241                       250     -9      300
  SINCE JUN 1   1125                      1149    -24     1416
  SINCE JAN 1   1556                      1456    100     1763
..................................................................


WIND (MPH)
  HIGHEST WIND SPEED    15   HIGHEST WIND DIRECTION    SE (120)
  HIGHEST GUST SPEED    19   HIGHEST GUST DIRECTION    SE (130)
  AVERAGE WIND SPEED     3.6


SKY COVER
  POSSIBLE SUNSHINE  MM
  AVERAGE SKY COVER 0.3


WEATHER CONDITIONS
 THE FOLLOWING WEATHER WAS RECORDED YESTERDAY.
  THUNDERSTORM
  LIGHT RAIN


RELATIVE HUMIDITY (PERCENT)
 HIGHEST   100           500 AM
 LOWEST     56           100 PM
 AVERAGE    78

..........................................................


THE FLORENCE SC CLIMATE NORMALS FOR TODAY
                         NORMAL    RECORD    YEAR
 MAXIMUM TEMPERATURE (F)   89       106      1954
 MINIMUM TEMPERATURE (F)   71        54      1979


SUNRISE AND SUNSET
AUGUST 17 2017........SUNRISE   642 AM EDT   SUNSET   803 PM EDT
AUGUST 18 2017........SUNRISE   643 AM EDT   SUNSET   802 PM EDT


-  INDICATES NEGATIVE NUMBERS.
R  INDICATES RECORD WAS SET OR TIED.
MM INDICATES DATA IS MISSING.
T  INDICATES TRACE AMOUNT.




$$
