000
CDUS42 KILM 100947
CLIFLO


CLIMATE REPORT
NATIONAL WEATHER SERVICE WILMINGTON NC
446 AM EST WED FEB 10 2016


...................................

...THE FLORENCE SC CLIMATE SUMMARY FOR FEBRUARY 9 2016...

CLIMATE NORMAL PERIOD 1981 TO 2010
CLIMATE RECORD PERIOD 1948 TO 2016


WEATHER ITEM   OBSERVED TIME   RECORD YEAR NORMAL DEPARTURE LAST
                VALUE   (LST)  VALUE       VALUE  FROM      YEAR
                                                  NORMAL
..................................................................
TEMPERATURE (F)
 YESTERDAY
  MAXIMUM         44   1252 PM  79    1999  58    -14       72
  MINIMUM         35   1159 PM  17    1995  37     -2       48
  AVERAGE         40                        47     -7       60

PRECIPITATION (IN)
  YESTERDAY        0.00          2.36 1948   0.10  -0.10     0.60
  MONTH TO DATE    2.92                      0.92   2.00     1.28
  SINCE DEC 1     12.14                      7.16   4.98     6.91
  SINCE JAN 1      5.05                      4.15   0.90     3.71

SNOWFALL (IN)
  YESTERDAY       MM
  MONTH TO DATE   MM
  SINCE DEC 1     MM
  SINCE JUL 1     MM
  SNOW DEPTH      MM

DEGREE DAYS
 HEATING
  YESTERDAY       25                        18      7        5
  MONTH TO DATE  139                       165    -26      160
  SINCE DEC 1   1035                      1345   -310     1252
  SINCE JUL 1   1299                      1767   -468     1752

 COOLING
  YESTERDAY        0                         0      0        0
  MONTH TO DATE    1                         0      1        0
  SINCE DEC 1     58                         6     52        3
  SINCE JAN 1      1                         2     -1        3
..................................................................


WIND (MPH)
  HIGHEST WIND SPEED    26   HIGHEST WIND DIRECTION     W (260)
  HIGHEST GUST SPEED    35   HIGHEST GUST DIRECTION     W (260)
  AVERAGE WIND SPEED    14.7


SKY COVER
  POSSIBLE SUNSHINE  MM
  AVERAGE SKY COVER 0.6


WEATHER CONDITIONS
 THE FOLLOWING WEATHER WAS RECORDED YESTERDAY.
  NO SIGNIFICANT WEATHER WAS OBSERVED.


RELATIVE HUMIDITY (PERCENT)
 HIGHEST    82          1200 AM
 LOWEST     45          1100 AM
 AVERAGE    64

..........................................................


THE FLORENCE SC CLIMATE NORMALS FOR TODAY
                         NORMAL    RECORD    YEAR
 MAXIMUM TEMPERATURE (F)   59        79      1965
 MINIMUM TEMPERATURE (F)   37        16      1979


SUNRISE AND SUNSET
FEBRUARY 10 2016......SUNRISE   709 AM EST   SUNSET   557 PM EST
FEBRUARY 11 2016......SUNRISE   708 AM EST   SUNSET   558 PM EST


-  INDICATES NEGATIVE NUMBERS.
R  INDICATES RECORD WAS SET OR TIED.
MM INDICATES DATA IS MISSING.
T  INDICATES TRACE AMOUNT.




$$
