000
CDUS42 KILM 190846
CLIFLO


CLIMATE REPORT
NATIONAL WEATHER SERVICE WILMINGTON NC
445 AM EDT THU OCT 19 2017


...................................

...THE FLORENCE SC CLIMATE SUMMARY FOR OCTOBER 18 2017...

CLIMATE NORMAL PERIOD 1981 TO 2010
CLIMATE RECORD PERIOD 1948 TO 2017


WEATHER ITEM   OBSERVED TIME   RECORD YEAR NORMAL DEPARTURE LAST
                VALUE   (LST)  VALUE       VALUE  FROM      YEAR
                                                  NORMAL
..................................................................
TEMPERATURE (F)
 YESTERDAY
  MAXIMUM         71    429 PM  87    2007  75     -4       85
  MINIMUM         43    701 AM  35    1970  52     -9       60
  AVERAGE         57                        64     -7       73

PRECIPITATION (IN)
  YESTERDAY        0.00          1.05 1968   0.10  -0.10     0.00
  MONTH TO DATE    0.63                      1.95  -1.32    12.77
  SINCE SEP 1      4.75                      5.62  -0.87    22.59
  SINCE JAN 1     36.33                     36.10   0.23    55.47

DEGREE DAYS
 HEATING
  YESTERDAY        8                         4      4        0
  MONTH TO DATE   19                        41    -22        5
  SINCE SEP 1     19                        50    -31        5
  SINCE JUL 1     19                        50    -31        5

 COOLING
  YESTERDAY        0                         2     -2        8
  MONTH TO DATE  135                        64     71       76
  SINCE SEP 1    442                       350     92      480
  SINCE JAN 1   2224                      2020    204     2517
..................................................................


WIND (MPH)
  HIGHEST WIND SPEED    14   HIGHEST WIND DIRECTION    NE (60)
  HIGHEST GUST SPEED    17   HIGHEST GUST DIRECTION    NE (40)
  AVERAGE WIND SPEED     6.7


SKY COVER
  POSSIBLE SUNSHINE  MM
  AVERAGE SKY COVER 0.0


WEATHER CONDITIONS
 THE FOLLOWING WEATHER WAS RECORDED YESTERDAY.
  NO SIGNIFICANT WEATHER WAS OBSERVED.


RELATIVE HUMIDITY (PERCENT)
 HIGHEST    92           400 AM
 LOWEST     38           300 PM
 AVERAGE    65

..........................................................


THE FLORENCE SC CLIMATE NORMALS FOR TODAY
                         NORMAL    RECORD    YEAR
 MAXIMUM TEMPERATURE (F)   75        89      1998
 MINIMUM TEMPERATURE (F)   52        34      1948


SUNRISE AND SUNSET
OCTOBER 19 2017.......SUNRISE   728 AM EDT   SUNSET   639 PM EDT
OCTOBER 20 2017.......SUNRISE   728 AM EDT   SUNSET   638 PM EDT


-  INDICATES NEGATIVE NUMBERS.
R  INDICATES RECORD WAS SET OR TIED.
MM INDICATES DATA IS MISSING.
T  INDICATES TRACE AMOUNT.




$$
