000
CDUS42 KILM 220850
CLIFLO


CLIMATE REPORT
NATIONAL WEATHER SERVICE WILMINGTON NC
450 AM EDT TUE JUL 22 2014


...................................

...THE FLORENCE SC CLIMATE SUMMARY FOR JULY 21 2014...

CLIMATE NORMAL PERIOD 1981 TO 2010
CLIMATE RECORD PERIOD 1948 TO 2014


WEATHER ITEM   OBSERVED TIME   RECORD YEAR NORMAL DEPARTURE LAST
                VALUE   (LST)  VALUE       VALUE  FROM      YEAR
                                                  NORMAL
..................................................................
TEMPERATURE (F)
 YESTERDAY
  MAXIMUM         86   1205 PM 104    1952  91     -5       88
  MINIMUM         73   1117 PM  64    2001  72      1       75
  AVERAGE         80                        81     -1       82

PRECIPITATION (IN)
  YESTERDAY        1.45          1.70 1995   0.17   1.28      T
  MONTH TO DATE    4.92                      3.45   1.47     8.67
  SINCE JUN 1      5.90                      8.07  -2.17    16.95
  SINCE JAN 1     23.26                     23.43  -0.17    35.78

DEGREE DAYS
 HEATING
  YESTERDAY        0                         0      0        0
  MONTH TO DATE    0                         0      0        0
  SINCE JUN 1      0                         1     -1        0
  SINCE JUL 1      0                         0      0        0

 COOLING
  YESTERDAY       15                        16     -1       17
  MONTH TO DATE  346                       336     10      337
  SINCE JUN 1    828                       733     95      761
  SINCE JAN 1   1210                      1040    170     1028
..................................................................


WIND (MPH)
  HIGHEST WIND SPEED    23   HIGHEST WIND DIRECTION    NW (300)
  HIGHEST GUST SPEED    29   HIGHEST GUST DIRECTION     W (290)
  AVERAGE WIND SPEED     5.7


SKY COVER
  POSSIBLE SUNSHINE  MM
  AVERAGE SKY COVER 0.7


WEATHER CONDITIONS
 THE FOLLOWING WEATHER WAS RECORDED YESTERDAY.
  THUNDERSTORM
  HEAVY RAIN
  RAIN
  LIGHT RAIN
  FOG
  HAZE


RELATIVE HUMIDITY (PERCENT)
 HIGHEST    94           100 AM
 LOWEST     70          1200 PM
 AVERAGE    82

..........................................................


THE FLORENCE SC CLIMATE NORMALS FOR TODAY
                         NORMAL    RECORD    YEAR
 MAXIMUM TEMPERATURE (F)   91       102      2011
                                             1952
 MINIMUM TEMPERATURE (F)   72        62      1966


SUNRISE AND SUNSET
JULY 22 2014..........SUNRISE   623 AM EDT   SUNSET   827 PM EDT
JULY 23 2014..........SUNRISE   624 AM EDT   SUNSET   827 PM EDT


-  INDICATES NEGATIVE NUMBERS.
R  INDICATES RECORD WAS SET OR TIED.
MM INDICATES DATA IS MISSING.
T  INDICATES TRACE AMOUNT.




$$
