000
CDUS42 KTBW 220832
CLIFMY


CLIMATE REPORT
NATIONAL WEATHER SERVICE TAMPA BAY FL
429 AM EDT TUE JUL 22 2014


...................................

...THE FORT MYERS CLIMATE SUMMARY FOR JULY 21 2014...

CLIMATE NORMAL PERIOD 1981 TO 2010
CLIMATE RECORD PERIOD 1902 TO 2014


WEATHER ITEM   OBSERVED TIME   RECORD YEAR NORMAL DEPARTURE LAST
                VALUE   (LST)  VALUE       VALUE  FROM      YEAR
                                                  NORMAL
..................................................................
TEMPERATURE (F)
 YESTERDAY
  MAXIMUM         93    204 PM  97    1942  92      1       89
  MINIMUM         76   1159 PM  69    1941  75      1       75
                                      1902
  AVERAGE         85                        83      2       82

PRECIPITATION (IN)
  YESTERDAY        0.00          1.96 1919   0.28  -0.28     0.04
  MONTH TO DATE    6.06                      6.14  -0.08     8.75
  SINCE JUN 1      8.54                     16.23  -7.69    19.08
  SINCE JAN 1     19.88                     28.03  -8.15    29.24

DEGREE DAYS
 HEATING
  YESTERDAY        0                         0      0        0
  MONTH TO DATE    0                         0      0        0
  SINCE JUN 1      0                         0      0        0
  SINCE JUL 1      0                         0      0        0

 COOLING
  YESTERDAY       20                        18      2       17
  MONTH TO DATE  391                       378     13      335
  SINCE JUN 1    921                       903     18      840
  SINCE JAN 1   2112                      1969    143     1978
..................................................................


WIND (MPH)
  RESULTANT WIND SPEED   3   RESULTANT WIND DIRECTION  SE (130)
  HIGHEST WIND SPEED    15   HIGHEST WIND DIRECTION     E (110)
  HIGHEST GUST SPEED    20   HIGHEST GUST DIRECTION    SE (120)
  AVERAGE WIND SPEED     4.6


SKY COVER
  POSSIBLE SUNSHINE  MM
  AVERAGE SKY COVER 0.2


WEATHER CONDITIONS
 THE FOLLOWING WEATHER WAS RECORDED YESTERDAY.
  THUNDERSTORM


RELATIVE HUMIDITY (PERCENT)
 HIGHEST    94           200 AM
 LOWEST     56          1200 PM

..........................................................


THE FORT MYERS CLIMATE NORMALS FOR TODAY
                         NORMAL    RECORD    YEAR
 MAXIMUM TEMPERATURE (F)   92        96      1936
 MINIMUM TEMPERATURE (F)   75        69      1951
                                             1908


SUNRISE AND SUNSET
JULY 22 2014..........SUNRISE   647 AM EDT   SUNSET   820 PM EDT
JULY 23 2014..........SUNRISE   648 AM EDT   SUNSET   820 PM EDT


-  INDICATES NEGATIVE NUMBERS.
R  INDICATES RECORD WAS SET OR TIED.
MM INDICATES DATA IS MISSING.
T  INDICATES TRACE AMOUNT.




$$


&&
------------------------------------------------------------------
******************** SUPPLEMENTAL DATA ***************************

...GULF WATER TEMPERATURE AT NAPLES 93 DEGREES.
