000
CDUS42 KTBW 272133
CLIFMY


CLIMATE REPORT
NATIONAL WEATHER SERVICE TAMPA BAY FL
532 PM EDT THU JUL 27 2017


...................................

...THE FORT MYERS CLIMATE SUMMARY FOR JULY 27 2017...
VALID TODAY AS OF 0500 PM LOCAL TIME.

CLIMATE NORMAL PERIOD 1981 TO 2010
CLIMATE RECORD PERIOD 1902 TO 2017


WEATHER ITEM   OBSERVED TIME   RECORD YEAR NORMAL DEPARTURE LAST
                VALUE   (LST)  VALUE       VALUE  FROM      YEAR
                                                  NORMAL
..................................................................
TEMPERATURE (F)
 TODAY
  MAXIMUM         94    322 PM  97    1979  92      2       94
  MINIMUM         77    616 AM  68    1976  75      2       77
  AVERAGE         86                        83      3       86

PRECIPITATION (IN)
  TODAY            0.00          3.44 2000   0.28  -0.28     0.00
  MONTH TO DATE    5.45                      7.86  -2.41     6.96
  SINCE JUN 1     19.60                     17.95   1.65    19.56
  SINCE JAN 1     25.78                     29.75  -3.97    40.43

DEGREE DAYS
 HEATING
  TODAY            0                         0      0        0
  MONTH TO DATE    0                         0      0        0
  SINCE JUN 1      0                         0      0        0
  SINCE JUL 1      0                         0      0        0

 COOLING
  TODAY           21                        18      3       21
  MONTH TO DATE  517                       486     31      534
  SINCE JUN 1   1012                      1011      1     1078
  SINCE JAN 1   2294                      2077    217     2176
..................................................................


WIND (MPH)
  RESULTANT WIND SPEED   0   RESULTANT WIND DIRECTION   S (170)
  HIGHEST WIND SPEED    15   HIGHEST WIND DIRECTION     W (270)
  HIGHEST GUST SPEED    19   HIGHEST GUST DIRECTION     W (270)
  AVERAGE WIND SPEED     4.0


SKY COVER
  POSSIBLE SUNSHINE  MM
  AVERAGE SKY COVER 0.2


WEATHER CONDITIONS
 THE FOLLOWING WEATHER WAS RECORDED TODAY.
  THUNDERSTORM


RELATIVE HUMIDITY (PERCENT)
 HIGHEST   100           700 AM
 LOWEST     46           300 PM

..........................................................


THE FORT MYERS CLIMATE NORMALS FOR TOMORROW
                         NORMAL    RECORD    YEAR
 MAXIMUM TEMPERATURE (F)   92        97      1979
 MINIMUM TEMPERATURE (F)   75        70      1956
                                             1938
                                             1929


SUNRISE AND SUNSET
JULY 27 2017..........SUNRISE   650 AM EDT   SUNSET   818 PM EDT
JULY 28 2017..........SUNRISE   651 AM EDT   SUNSET   817 PM EDT


-  INDICATES NEGATIVE NUMBERS.
R  INDICATES RECORD WAS SET OR TIED.
MM INDICATES DATA IS MISSING.
T  INDICATES TRACE AMOUNT.




$$


&&
------------------------------------------------------------------
******************** SUPPLEMENTAL DATA ***************************

...GULF WATER TEMPERATURE AT FORT MYERS BEACH 89 DEGREES
