000
CDUS43 KDTX 240537
CLIFNT


CLIMATE REPORT
NATIONAL WEATHER SERVICE DETROIT/PONTIAC MI
136 AM EDT SUN SEP 24 2017


...................................

...THE FLINT MI CLIMATE SUMMARY FOR SEPTEMBER 23 2017...

CLIMATE NORMAL PERIOD 1981 TO 2010
CLIMATE RECORD PERIOD 1921 TO 2017


WEATHER ITEM   OBSERVED TIME   RECORD YEAR NORMAL DEPARTURE LAST
                VALUE   (LST)  VALUE       VALUE  FROM      YEAR
                                                  NORMAL
..................................................................
TEMPERATURE (F)
 YESTERDAY
  MAXIMUM         94R   353 PM  89    1936  69     25       72
  MINIMUM         63   1158 PM  27    1995  47     16       58
  AVERAGE         79                        58     21       65

PRECIPITATION (IN)
  YESTERDAY        0.00          2.14 2000   0.12  -0.12      T
  MONTH TO DATE    0.63                      2.92  -2.29     2.66
  SINCE SEP 1      0.63                      2.92  -2.29     2.66
  SINCE JAN 1     26.32                     23.48   2.84    22.21

SNOWFALL (IN)
  YESTERDAY        0.0           0.0    MM   0.0    0.0      0.0
  MONTH TO DATE    0.0                       0.0    0.0      0.0
  SINCE SEP 1      0.0                       0.0    0.0      0.0
  SINCE JUL 1      0.0                       0.0    0.0      0.0
  SNOW DEPTH       0

DEGREE DAYS
 HEATING
  YESTERDAY        0                         8     -8        0
  MONTH TO DATE   95                       101     -6       24
  SINCE SEP 1     95                       101     -6       24
  SINCE JUL 1    127                       145    -18       24

 COOLING
  YESTERDAY       14                         1     13        0
  MONTH TO DATE   62                        42     20       72
  SINCE SEP 1     62                        42     20       72
  SINCE JAN 1    519                       519      0     1011
..................................................................


WIND (MPH)
  HIGHEST WIND SPEED    10   HIGHEST WIND DIRECTION    SE (150)
  HIGHEST GUST SPEED    12   HIGHEST GUST DIRECTION     S (160)
  AVERAGE WIND SPEED     3.0


SKY COVER
  POSSIBLE SUNSHINE  MM
  AVERAGE SKY COVER 0.0


WEATHER CONDITIONS
 THE FOLLOWING WEATHER WAS RECORDED YESTERDAY.
  NO SIGNIFICANT WEATHER WAS OBSERVED.


RELATIVE HUMIDITY (PERCENT)
 HIGHEST    93           200 AM
 LOWEST     33           400 PM
 AVERAGE    63

..........................................................


THE FLINT MI CLIMATE NORMALS FOR TODAY
                         NORMAL    RECORD    YEAR
 MAXIMUM TEMPERATURE (F)   69        89      2007
 MINIMUM TEMPERATURE (F)   47        31      1989


SUNRISE AND SUNSET
SEPTEMBER 24 2017.....SUNRISE   725 AM EDT   SUNSET   728 PM EDT
SEPTEMBER 25 2017.....SUNRISE   726 AM EDT   SUNSET   726 PM EDT


-  INDICATES NEGATIVE NUMBERS.
R  INDICATES RECORD WAS SET OR TIED.
MM INDICATES DATA IS MISSING.
T  INDICATES TRACE AMOUNT.




$$
