000
CDUS46 KSGX 211250
CLIFUL


CLIMATE REPORT
NATIONAL WEATHER SERVICE SAN DIEGO, CA
450 AM PST TUE NOV 21 2017


...................................

...THE FULLERTON AIRPORT CA CLIMATE SUMMARY FOR NOVEMBER 20 2017...

CLIMATE NORMAL PERIOD 1981 TO 2010
CLIMATE RECORD PERIOD 1998 TO 2017


WEATHER ITEM   OBSERVED TIME   RECORD YEAR NORMAL DEPARTURE LAST
                VALUE   (LST)  VALUE       VALUE  FROM      YEAR
                                                  NORMAL
..................................................................
TEMPERATURE (F)
 YESTERDAY
  MAXIMUM         76    207 PM  91    2002  71      5       67
  MINIMUM         47    413 AM  43    2000  49     -2       55
  AVERAGE         62                        60      2       61

PRECIPITATION (IN)
  YESTERDAY        0.00          0.60 2011   0.03  -0.03     0.40
  MONTH TO DATE    0.03                      0.76  -0.73     0.40
  SINCE OCT 1      0.03                      1.51  -1.48     0.80
  SINCE JAN 1     11.21                     11.49  -0.28     5.01

DEGREE DAYS
 HEATING
  YESTERDAY        3                         6     -3        4
  MONTH TO DATE   10                        73    -63       11
  SINCE SEP 1     10                        97    -87       11
  SINCE JUL 1     10                        97    -87       11

 COOLING
  YESTERDAY        0                         0      0        0
  MONTH TO DATE   26                        19      7       98
  SINCE SEP 1    593                       387    206      616
  SINCE JAN 1   1823                      1250    573     1891
..................................................................


WIND (MPH)
  RESULTANT WIND SPEED   1   RESULTANT WIND DIRECTION  SE (120)
  HIGHEST WIND SPEED    10   HIGHEST WIND DIRECTION     S (200)
  HIGHEST GUST SPEED    13   HIGHEST GUST DIRECTION    SW (210)
  AVERAGE WIND SPEED     2.3


SKY COVER
  POSSIBLE SUNSHINE  MM
  AVERAGE SKY COVER 0.0


WEATHER CONDITIONS
 THE FOLLOWING WEATHER WAS RECORDED YESTERDAY.
  NO SIGNIFICANT WEATHER WAS OBSERVED.


RELATIVE HUMIDITY (PERCENT)
 HIGHEST    84           800 PM
 LOWEST     33           100 PM
 AVERAGE    59

..........................................................


THE FULLERTON AIRPORT CA CLIMATE NORMALS FOR TODAY
                         NORMAL    RECORD    YEAR
 MAXIMUM TEMPERATURE (F)   71        90      2015
 MINIMUM TEMPERATURE (F)   48        44      2004


SUNRISE AND SUNSET
NOVEMBER 21 2017......SUNRISE   630 AM PST   SUNSET   445 PM PST
NOVEMBER 22 2017......SUNRISE   631 AM PST   SUNSET   445 PM PST


-  INDICATES NEGATIVE NUMBERS.
R  INDICATES RECORD WAS SET OR TIED.
MM INDICATES DATA IS MISSING.
T  INDICATES TRACE AMOUNT.




$$
