000
CDUS46 KSGX 131521
CLIFUL


CLIMATE REPORT
NATIONAL WEATHER SERVICE SAN DIEGO, CA
721 AM PST SAT FEB 13 2016


...................................

...THE FULLERTON AIRPORT CA CLIMATE SUMMARY FOR FEBRUARY 12 2016...

CLIMATE NORMAL PERIOD 1981 TO 2010
CLIMATE RECORD PERIOD 1998 TO 2016


WEATHER ITEM   OBSERVED TIME   RECORD YEAR NORMAL DEPARTURE LAST
                VALUE   (LST)  VALUE       VALUE  FROM      YEAR
                                                  NORMAL
..................................................................
TEMPERATURE (F)
 YESTERDAY
  MAXIMUM         86    150 PM  90    2015  68     18       90
  MINIMUM         50    556 AM  41    2004  47      3       52
  AVERAGE         68                        58     10       71

PRECIPITATION (IN)
  YESTERDAY        0.00          1.84 2001   0.13  -0.13     0.00
  MONTH TO DATE    0.00                      1.21  -1.21      T
  SINCE OCT 1      3.71                      8.14  -4.43     4.69
  SINCE JAN 1      2.66                      4.24  -1.58     0.87

DEGREE DAYS
 HEATING
  YESTERDAY        0                         8     -8        0
  MONTH TO DATE   49                        96    -47        8
  SINCE DEC 1    555                       649    -94      297
  SINCE JUL 1    660                       813   -153      321

 COOLING
  YESTERDAY        3                         0      3        6
  MONTH TO DATE   32                         0     32       18
  SINCE DEC 1     33                         5     28       41
  SINCE JAN 1     32                         4     28       37
..................................................................


WIND (MPH)
  RESULTANT WIND SPEED   1   RESULTANT WIND DIRECTION  SE (150)
  HIGHEST WIND SPEED    10   HIGHEST WIND DIRECTION     S (190)
  HIGHEST GUST SPEED    13   HIGHEST GUST DIRECTION     S (190)
  AVERAGE WIND SPEED     1.6


SKY COVER
  POSSIBLE SUNSHINE  MM
  AVERAGE SKY COVER 0.0


WEATHER CONDITIONS
 THE FOLLOWING WEATHER WAS RECORDED YESTERDAY.
  NO SIGNIFICANT WEATHER WAS OBSERVED.


RELATIVE HUMIDITY (PERCENT)
 HIGHEST    72          1100 PM
 LOWEST     17          1200 PM
 AVERAGE    45

..........................................................


THE FULLERTON AIRPORT CA CLIMATE NORMALS FOR TODAY
                         NORMAL    RECORD    YEAR
 MAXIMUM TEMPERATURE (F)   68        90      2015
 MINIMUM TEMPERATURE (F)   47        40      1999


SUNRISE AND SUNSET
FEBRUARY 13 2016......SUNRISE   639 AM PST   SUNSET   534 PM PST
FEBRUARY 14 2016......SUNRISE   638 AM PST   SUNSET   535 PM PST


-  INDICATES NEGATIVE NUMBERS.
R  INDICATES RECORD WAS SET OR TIED.
MM INDICATES DATA IS MISSING.
T  INDICATES TRACE AMOUNT.




$$
