000
CDUS46 KSGX 220016
CLIFUL


CLIMATE REPORT
NATIONAL WEATHER SERVICE SAN DIEGO, CA
516 PM PDT TUE OCT 21 2014


...................................

...THE FULLERTON AIRPORT CA CLIMATE SUMMARY FOR OCTOBER 21 2014...
VALID TODAY AS OF 0500 PM LOCAL TIME.

CLIMATE NORMAL PERIOD 1981 TO 2010
CLIMATE RECORD PERIOD 1998 TO 2014


WEATHER ITEM   OBSERVED TIME   RECORD YEAR NORMAL DEPARTURE LAST
                VALUE   (LST)  VALUE       VALUE  FROM      YEAR
                                                  NORMAL
..................................................................
TEMPERATURE (F)
 TODAY
  MAXIMUM         81    115 PM  98    2003  78      3       76
  MINIMUM         65    303 AM  51    2004  56      9       58
  AVERAGE         73                        67      6       67

PRECIPITATION (IN)
  TODAY            0.00          0.02 2010   0.02  -0.02     0.00
  MONTH TO DATE    0.00                      0.43  -0.43     0.11
  SINCE JUL 1      0.12                      0.76  -0.64     0.11
  SINCE JAN 1      3.58                     10.41  -6.83     2.64

SNOWFALL (IN)
  TODAY            0.0
  MONTH TO DATE    0.0
  SINCE JAN 1      0.0
  SINCE JUL 1      0.0
  SNOW DEPTH       0

DEGREE DAYS
 HEATING
  TODAY            0                         1     -1        0
  MONTH TO DATE    0                         6     -6        9
  SINCE SEP 1      0                         7     -7        9
  SINCE JUL 1      0                         7     -7        9

 COOLING
  TODAY            8                         3      5        2
  MONTH TO DATE  205                        89    116      102
  SINCE SEP 1    628                       344    284      463
  SINCE JAN 1   1990                      1207    783     1853
..................................................................


WIND (MPH)
  RESULTANT WIND SPEED   1   RESULTANT WIND DIRECTION  SE (140)
  HIGHEST WIND SPEED    10   HIGHEST WIND DIRECTION    SW (210)
  HIGHEST GUST SPEED    14   HIGHEST GUST DIRECTION     W (260)
  AVERAGE WIND SPEED     3.0


SKY COVER
  POSSIBLE SUNSHINE  MM
  AVERAGE SKY COVER 0.6


WEATHER CONDITIONS
 THE FOLLOWING WEATHER WAS RECORDED TODAY.
  HAZE


RELATIVE HUMIDITY (PERCENT)
 HIGHEST    87           300 AM
 LOWEST     45           100 PM
 AVERAGE    66

..........................................................


THE FULLERTON AIRPORT CA CLIMATE NORMALS FOR TOMORROW
                         NORMAL    RECORD    YEAR
 MAXIMUM TEMPERATURE (F)   78        99      2008
 MINIMUM TEMPERATURE (F)   56        53      2004


SUNRISE AND SUNSET
OCTOBER 21 2014.......SUNRISE   702 AM PDT   SUNSET   611 PM PDT
OCTOBER 22 2014.......SUNRISE   703 AM PDT   SUNSET   610 PM PDT


-  INDICATES NEGATIVE NUMBERS.
R  INDICATES RECORD WAS SET OR TIED.
MM INDICATES DATA IS MISSING.
T  INDICATES TRACE AMOUNT.




$$
