000
CDUS46 KSGX 281419
CLIFUL


CLIMATE REPORT
NATIONAL WEATHER SERVICE SAN DIEGO, CA
718 AM PDT THU MAY 28 2015


...................................

...THE FULLERTON AIRPORT CA CLIMATE SUMMARY FOR MAY 27 2015...

CLIMATE NORMAL PERIOD 1981 TO 2010
CLIMATE RECORD PERIOD 1998 TO 2015


WEATHER ITEM   OBSERVED TIME   RECORD YEAR NORMAL DEPARTURE LAST
                VALUE   (LST)  VALUE       VALUE  FROM      YEAR
                                                  NORMAL
..................................................................
TEMPERATURE (F)
 YESTERDAY
  MAXIMUM         75    156 PM  90    2000  75      0       84
  MINIMUM         60   1159 PM  53    2008  59      1       65
  AVERAGE         68                        67      1       75

PRECIPITATION (IN)
  YESTERDAY        0.00          0.01 2001   0.00   0.00     0.00
  MONTH TO DATE    0.80                      0.24   0.56     0.00
  SINCE OCT 1      6.35                     13.45  -7.10     4.77
  SINCE JAN 1      2.53                      9.55  -7.02     3.46

SNOWFALL (IN)
  YESTERDAY        0.0
  MONTH TO DATE    0.0
  SINCE MAR 1      0.0
  SINCE JUL 1      0.0
  SNOW DEPTH       0

DEGREE DAYS
 HEATING
  YESTERDAY        0                         0      0        0
  MONTH TO DATE   26                        31     -5        2
  SINCE MAR 1     90                       303   -213       93
  SINCE JUL 1    453                      1225   -772      591

 COOLING
  YESTERDAY        3                         3      0       10
  MONTH TO DATE   39                        59    -20      182
  SINCE MAR 1    276                       102    174      309
  SINCE JAN 1    327                       111    216      329
..................................................................


WIND (MPH)
  RESULTANT WIND SPEED   2   RESULTANT WIND DIRECTION   S (190)
  HIGHEST WIND SPEED    13   HIGHEST WIND DIRECTION    SW (210)
  HIGHEST GUST SPEED    19   HIGHEST GUST DIRECTION    SW (210)
  AVERAGE WIND SPEED     3.0


SKY COVER
  POSSIBLE SUNSHINE  MM
  AVERAGE SKY COVER 0.5


WEATHER CONDITIONS
 THE FOLLOWING WEATHER WAS RECORDED YESTERDAY.
  NO SIGNIFICANT WEATHER WAS OBSERVED.


RELATIVE HUMIDITY (PERCENT)
 HIGHEST    78          1100 PM
 LOWEST     43           200 PM
 AVERAGE    61

..........................................................


THE FULLERTON AIRPORT CA CLIMATE NORMALS FOR TODAY
                         NORMAL    RECORD    YEAR
 MAXIMUM TEMPERATURE (F)   75        91      2003
 MINIMUM TEMPERATURE (F)   59        52      2008


SUNRISE AND SUNSET
MAY 28 2015...........SUNRISE   543 AM PDT   SUNSET   755 PM PDT
MAY 29 2015...........SUNRISE   543 AM PDT   SUNSET   756 PM PDT


-  INDICATES NEGATIVE NUMBERS.
R  INDICATES RECORD WAS SET OR TIED.
MM INDICATES DATA IS MISSING.
T  INDICATES TRACE AMOUNT.




$$
