000
CDUS46 KSGX 251232
CLIFUL


CLIMATE REPORT
NATIONAL WEATHER SERVICE SAN DIEGO, CA
432 AM PST SUN FEB 25 2018


...................................

...THE FULLERTON AIRPORT CA CLIMATE SUMMARY FOR FEBRUARY 24 2018...

CLIMATE NORMAL PERIOD 1981 TO 2010
CLIMATE RECORD PERIOD 1998 TO 2018


WEATHER ITEM   OBSERVED TIME   RECORD YEAR NORMAL DEPARTURE LAST
                VALUE   (LST)  VALUE       VALUE  FROM      YEAR
                                                  NORMAL
..................................................................
TEMPERATURE (F)
 YESTERDAY
  MAXIMUM         64    156 PM  86    2016  69     -5       64
  MINIMUM         36R   643 AM  39    2017  49    -13       39
  AVERAGE         50                        59     -9       52

PRECIPITATION (IN)
  YESTERDAY        0.00          0.45 2008   0.12  -0.12     0.00
  MONTH TO DATE    0.01                      2.84  -2.83     2.89
  SINCE OCT 1      1.22                      9.77  -8.55    15.93
  SINCE JAN 1      1.14                      5.87  -4.73    10.02

DEGREE DAYS
 HEATING
  YESTERDAY       15                         7      8       13
  MONTH TO DATE  126                       180    -54      126
  SINCE DEC 1    382                       733   -351      588
  SINCE JUL 1    404                       897   -493      652

 COOLING
  YESTERDAY        0                         0      0        0
  MONTH TO DATE   10                         0     10        3
  SINCE DEC 1     48                         5     43        3
  SINCE JAN 1     37                         4     33        3
..................................................................


WIND (MPH)
  RESULTANT WIND SPEED   1   RESULTANT WIND DIRECTION   S (180)
  HIGHEST WIND SPEED    14   HIGHEST WIND DIRECTION    SW (210)
  HIGHEST GUST SPEED    18   HIGHEST GUST DIRECTION    SW (210)
  AVERAGE WIND SPEED     3.1


SKY COVER
  POSSIBLE SUNSHINE  MM
  AVERAGE SKY COVER 0.0


WEATHER CONDITIONS
 THE FOLLOWING WEATHER WAS RECORDED YESTERDAY.
  NO SIGNIFICANT WEATHER WAS OBSERVED.


RELATIVE HUMIDITY (PERCENT)
 HIGHEST    64           400 AM
 LOWEST     16           100 PM
 AVERAGE    40

..........................................................


THE FULLERTON AIRPORT CA CLIMATE NORMALS FOR TODAY
                         NORMAL    RECORD    YEAR
 MAXIMUM TEMPERATURE (F)   69        84      2016
 MINIMUM TEMPERATURE (F)   49        40      2017


SUNRISE AND SUNSET
FEBRUARY 25 2018......SUNRISE   625 AM PST   SUNSET   545 PM PST
FEBRUARY 26 2018......SUNRISE   624 AM PST   SUNSET   546 PM PST


-  INDICATES NEGATIVE NUMBERS.
R  INDICATES RECORD WAS SET OR TIED.
MM INDICATES DATA IS MISSING.
T  INDICATES TRACE AMOUNT.




$$
