000
CDUS46 KSGX 190120
CLIFUL


CLIMATE REPORT
NATIONAL WEATHER SERVICE SAN DIEGO, CA
519 PM PST WED JAN 18 2017


...................................

...THE FULLERTON AIRPORT CA CLIMATE SUMMARY FOR JANUARY 18 2017...
VALID TODAY AS OF 0500 PM LOCAL TIME.

CLIMATE NORMAL PERIOD 1981 TO 2010
CLIMATE RECORD PERIOD 1998 TO 2016


WEATHER ITEM   OBSERVED TIME   RECORD YEAR NORMAL DEPARTURE LAST
                VALUE   (LST)  VALUE       VALUE  FROM      YEAR
                                                  NORMAL
..................................................................
TEMPERATURE (F)
 TODAY
  MAXIMUM         62    142 PM  84    2014  68     -6       66
  MINIMUM         47    548 AM  35    2007  45      2       54
  AVERAGE         55                        56     -1       60

PRECIPITATION (IN)
  TODAY            0.00          1.06 2010   0.10  -0.10      T
  MONTH TO DATE    2.33                      1.93   0.40     2.34
  SINCE OCT 1      8.24                      5.83   2.41     3.39
  SINCE JAN 1      2.33                      1.93   0.40     2.34

DEGREE DAYS
 HEATING
  TODAY           10                         9      1        5
  MONTH TO DATE  140                       162    -22      162
  SINCE DEC 1    346                       438    -92      439
  SINCE JUL 1    410                       602   -192      544

 COOLING
  TODAY            0                         0      0        0
  MONTH TO DATE    0                         0      0        0
  SINCE DEC 1      0                         1     -1        1
  SINCE JAN 1      0                         0      0        0
..................................................................


WIND (MPH)
  RESULTANT WIND SPEED   1   RESULTANT WIND DIRECTION   E (110)
  HIGHEST WIND SPEED    12   HIGHEST WIND DIRECTION     W (280)
  HIGHEST GUST SPEED    16   HIGHEST GUST DIRECTION     W (270)
  AVERAGE WIND SPEED     2.1


SKY COVER
  POSSIBLE SUNSHINE  MM
  AVERAGE SKY COVER 0.6


WEATHER CONDITIONS
 THE FOLLOWING WEATHER WAS RECORDED TODAY.
  NO SIGNIFICANT WEATHER WAS OBSERVED.


RELATIVE HUMIDITY (PERCENT)
 HIGHEST    93           500 AM
 LOWEST     64          1200 PM
 AVERAGE    79

..........................................................


THE FULLERTON AIRPORT CA CLIMATE NORMALS FOR TOMORROW
                         NORMAL    RECORD    YEAR
 MAXIMUM TEMPERATURE (F)   68        84      2005
 MINIMUM TEMPERATURE (F)   45        39      2007


SUNRISE AND SUNSET
JANUARY 18 2017.......SUNRISE   656 AM PST   SUNSET   509 PM PST
JANUARY 19 2017.......SUNRISE   655 AM PST   SUNSET   510 PM PST


-  INDICATES NEGATIVE NUMBERS.
R  INDICATES RECORD WAS SET OR TIED.
MM INDICATES DATA IS MISSING.
T  INDICATES TRACE AMOUNT.




$$
