000
CDUS41 KCAR 270529
CLIFVE


CLIMATE REPORT
NATIONAL WEATHER SERVICE CARIBOU, ME
128 AM EDT WED AUG 27 2014


...................................

...THE FRENCHVILLE ME CLIMATE SUMMARY FOR AUGUST 26 2014...

CLIMATE NORMAL PERIOD 1981 TO 2010
CLIMATE RECORD PERIOD 9999 TO 9999


WEATHER ITEM   OBSERVED TIME   RECORD YEAR NORMAL DEPARTURE LAST
                VALUE   (LST)  VALUE       VALUE  FROM      YEAR
                                                  NORMAL
..................................................................
TEMPERATURE (F)
 YESTERDAY
  MAXIMUM         81    300 PM              70     11
  MINIMUM         60    504 AM              51      9
  AVERAGE         71                        61     10

PRECIPITATION (IN)
  YESTERDAY        0.00         MM      MM   0.13  -0.13     0.05
  MONTH TO DATE    1.78                      3.27  -1.49     6.77
  SINCE JUN 1     12.24                     11.43   0.81    14.53
  SINCE JAN 1     22.61                     21.33   1.28    24.42

SNOWFALL (IN)
  YESTERDAY       MM            MM      MM  MM     MM       MM
  MONTH TO DATE   MM                        MM     MM       MM
  SINCE JUN 1     MM                        MM     MM       MM
  SINCE JUL 1     MM                        MM     MM       MM
  SNOW DEPTH      MM

DEGREE DAYS
 HEATING
  YESTERDAY        0                               -5
  MONTH TO DATE   57                              -33
  SINCE JUL 1    107                              -53

 COOLING
  YESTERDAY        6                                5
  MONTH TO DATE   30                              -10
  SINCE JAN 1    130                                8
..................................................................


WIND (MPH)
  HIGHEST WIND SPEED    21   HIGHEST WIND DIRECTION    SW (240)
  HIGHEST GUST SPEED    29   HIGHEST GUST DIRECTION    SW (240)
  AVERAGE WIND SPEED     8.5




..........................................................


THE FRENCHVILLE ME CLIMATE NORMALS FOR TODAY
                         NORMAL
 MAXIMUM TEMPERATURE (F)   70
 MINIMUM TEMPERATURE (F)   51


SUNRISE AND SUNSET
AUGUST 27 2014........SUNRISE   546 AM EDT   SUNSET   723 PM EDT
AUGUST 28 2014........SUNRISE   547 AM EDT   SUNSET   721 PM EDT


-  INDICATES NEGATIVE NUMBERS.
R  INDICATES RECORD WAS SET OR TIED.
MM INDICATES DATA IS MISSING.
T  INDICATES TRACE AMOUNT.




$$
