000
CDUS41 KCAR 240531
CLIFVE


CLIMATE REPORT
NATIONAL WEATHER SERVICE CARIBOU, ME
130 AM EDT SUN JUL 24 2016


...................................

...THE FRENCHVILLE ME CLIMATE SUMMARY FOR JULY 23 2016...

CLIMATE NORMAL PERIOD 1981 TO 2010
CLIMATE RECORD PERIOD 9999 TO 9999


WEATHER ITEM   OBSERVED TIME   RECORD YEAR NORMAL DEPARTURE LAST
                VALUE   (LST)  VALUE       VALUE  FROM      YEAR
                                                  NORMAL
..................................................................
TEMPERATURE (F)
 YESTERDAY
  MAXIMUM         79    326 PM              75      4
  MINIMUM         59   1155 PM              56      3
  AVERAGE         69                        65      4

PRECIPITATION (IN)
  YESTERDAY        0.00         MM      MM   0.14  -0.14     0.01
  MONTH TO DATE    4.75                      3.40   1.35     2.55
  SINCE JUN 1      9.50                      7.25   2.25     7.30
  SINCE JAN 1     19.59                     17.15   2.44    12.84

SNOWFALL (IN)
  YESTERDAY       MM            MM      MM  MM     MM       MM
  MONTH TO DATE   MM                        MM     MM       MM
  SINCE JUN 1     MM                        MM     MM       MM
  SINCE JUL 1     MM                        MM     MM       MM
  SNOW DEPTH      MM

DEGREE DAYS
 HEATING
  YESTERDAY        0                               -2
  MONTH TO DATE   61                                8
  SINCE JUL 1     61                                8

 COOLING
  YESTERDAY        4                                2
  MONTH TO DATE   51                                6
  SINCE JAN 1    106                               33
..................................................................


WIND (MPH)
  HIGHEST WIND SPEED    20   HIGHEST WIND DIRECTION    NW (330)
  HIGHEST GUST SPEED    24   HIGHEST GUST DIRECTION    NW (320)
  AVERAGE WIND SPEED    10.2




..........................................................


THE FRENCHVILLE ME CLIMATE NORMALS FOR TODAY
                         NORMAL
 MAXIMUM TEMPERATURE (F)   74
 MINIMUM TEMPERATURE (F)   55


SUNRISE AND SUNSET
JULY 24 2016..........SUNRISE   503 AM EDT   SUNSET   816 PM EDT
JULY 25 2016..........SUNRISE   504 AM EDT   SUNSET   815 PM EDT


-  INDICATES NEGATIVE NUMBERS.
R  INDICATES RECORD WAS SET OR TIED.
MM INDICATES DATA IS MISSING.
T  INDICATES TRACE AMOUNT.




$$
