000
CDUS41 KCAR 040527
CLIFVE


CLIMATE REPORT
NATIONAL WEATHER SERVICE CARIBOU, ME
127 AM EDT TUE AUG 4 2015


...................................

...THE FRENCHVILLE ME CLIMATE SUMMARY FOR AUGUST 3 2015...

CLIMATE NORMAL PERIOD 1981 TO 2010
CLIMATE RECORD PERIOD 9999 TO 9999


WEATHER ITEM   OBSERVED TIME   RECORD YEAR NORMAL DEPARTURE LAST
                VALUE   (LST)  VALUE       VALUE  FROM      YEAR
                                                  NORMAL
..................................................................
TEMPERATURE (F)
 YESTERDAY
  MAXIMUM         82    159 PM              74      8
  MINIMUM         57    318 AM              55      2
  AVERAGE         70                        64      6

PRECIPITATION (IN)
  YESTERDAY        0.56         MM      MM   0.12   0.44     0.25
  MONTH TO DATE    0.81                      0.37   0.44     0.27
  SINCE JUN 1      8.76                      8.53   0.23    10.73
  SINCE JAN 1     14.30                     18.43  -4.13    21.10

SNOWFALL (IN)
  YESTERDAY       MM            MM      MM  MM     MM       MM
  MONTH TO DATE   MM                        MM     MM       MM
  SINCE JUN 1     MM                        MM     MM       MM
  SINCE JUL 1     MM                        MM     MM       MM
  SNOW DEPTH      MM

DEGREE DAYS
 HEATING
  YESTERDAY        0                               -2
  MONTH TO DATE    0                               -6
  SINCE JUL 1    109                               33

 COOLING
  YESTERDAY        5                                3
  MONTH TO DATE    5                               -1
  SINCE JAN 1     44                              -44
..................................................................


WIND (MPH)
  HIGHEST WIND SPEED    26   HIGHEST WIND DIRECTION     W (280)
  HIGHEST GUST SPEED    37   HIGHEST GUST DIRECTION     W (270)
  AVERAGE WIND SPEED    11.8




..........................................................


THE FRENCHVILLE ME CLIMATE NORMALS FOR TODAY
                         NORMAL
 MAXIMUM TEMPERATURE (F)   74
 MINIMUM TEMPERATURE (F)   55


SUNRISE AND SUNSET
AUGUST  4 2015........SUNRISE   515 AM EDT   SUNSET   803 PM EDT
AUGUST  5 2015........SUNRISE   516 AM EDT   SUNSET   801 PM EDT


-  INDICATES NEGATIVE NUMBERS.
R  INDICATES RECORD WAS SET OR TIED.
MM INDICATES DATA IS MISSING.
T  INDICATES TRACE AMOUNT.




$$
