000
CDUS41 KCAR 180532
CLIFVE


CLIMATE REPORT
NATIONAL WEATHER SERVICE CARIBOU, ME
1232 AM EST THU DEC 18 2014


...................................

...THE FRENCHVILLE ME CLIMATE SUMMARY FOR DECEMBER 17 2014...

CLIMATE NORMAL PERIOD 1981 TO 2010
CLIMATE RECORD PERIOD 9999 TO 9999


WEATHER ITEM   OBSERVED TIME   RECORD YEAR NORMAL DEPARTURE LAST
                VALUE   (LST)  VALUE       VALUE  FROM      YEAR
                                                  NORMAL
..................................................................
TEMPERATURE (F)
 YESTERDAY
  MAXIMUM         29    247 PM              23      6
  MINIMUM         24    402 AM               9     15
  AVERAGE         27                        16     11

PRECIPITATION (IN)
  YESTERDAY        0.15         MM      MM   0.08   0.07      T
  MONTH TO DATE    1.29                      1.58  -0.29     0.41
  SINCE DEC 1      1.29                      1.58  -0.29     0.41
  SINCE JAN 1     33.38                     32.64   0.74    33.51

SNOWFALL (IN)
  YESTERDAY       MM            MM      MM  MM     MM       MM
  MONTH TO DATE   MM                        MM     MM       MM
  SINCE DEC 1     MM                        MM     MM       MM
  SINCE JUL 1     MM                        MM     MM       MM
  SNOW DEPTH      MM

DEGREE DAYS
 HEATING
  YESTERDAY       38                              -11
  MONTH TO DATE  771                               -5
  SINCE JUL 1   3022                              -64

 COOLING
  YESTERDAY        0                                0
  MONTH TO DATE    0                                0
  SINCE JAN 1    139                                5
..................................................................


WIND (MPH)
  HIGHEST WIND SPEED    13   HIGHEST WIND DIRECTION     N (20)
  HIGHEST GUST SPEED    18   HIGHEST GUST DIRECTION    NE (30)
  AVERAGE WIND SPEED     7.4




..........................................................


THE FRENCHVILLE ME CLIMATE NORMALS FOR TODAY
                         NORMAL
 MAXIMUM TEMPERATURE (F)   23
 MINIMUM TEMPERATURE (F)    9


SUNRISE AND SUNSET
DECEMBER 18 2014......SUNRISE   715 AM EST   SUNSET   344 PM EST
DECEMBER 19 2014......SUNRISE   716 AM EST   SUNSET   345 PM EST


-  INDICATES NEGATIVE NUMBERS.
R  INDICATES RECORD WAS SET OR TIED.
MM INDICATES DATA IS MISSING.
T  INDICATES TRACE AMOUNT.




$$
