000
CDUS41 KCAR 270534
CLIFVE


CLIMATE REPORT
NATIONAL WEATHER SERVICE CARIBOU, ME
134 AM EDT SAT MAY 27 2017


...................................

...THE FRENCHVILLE ME CLIMATE SUMMARY FOR MAY 26 2017...

CLIMATE NORMAL PERIOD 1981 TO 2010
CLIMATE RECORD PERIOD 9999 TO 9999


WEATHER ITEM   OBSERVED TIME   RECORD YEAR NORMAL DEPARTURE LAST
                VALUE   (LST)  VALUE       VALUE  FROM      YEAR
                                                  NORMAL
..................................................................
TEMPERATURE (F)
 YESTERDAY
  MAXIMUM         52    323 PM              64    -12
  MINIMUM         44   1159 PM              43      1
  AVERAGE         48                        54     -6

PRECIPITATION (IN)
  YESTERDAY        0.02         MM      MM   0.10  -0.08     0.00
  MONTH TO DATE    4.24                      2.47   1.77     2.10
  SINCE MAR 1      8.53                      6.76   1.77     5.89
  SINCE JAN 1     11.15                      9.33   1.82     9.37

SNOWFALL (IN)
  YESTERDAY       MM            MM      MM  MM     MM       MM
  MONTH TO DATE   MM                        MM     MM       MM
  SINCE MAR 1     MM                        MM     MM       MM
  SINCE JUL 1     MM                        MM     MM       MM
  SNOW DEPTH      MM

DEGREE DAYS
 HEATING
  YESTERDAY       17                                5
  MONTH TO DATE  383                              -18
  SINCE JUL 1   8773                             -760

 COOLING
  YESTERDAY        0                                0
  MONTH TO DATE    5                                5
  SINCE JAN 1      5                                5
..................................................................


WIND (MPH)
  HIGHEST WIND SPEED    20   HIGHEST WIND DIRECTION    NE (50)
  HIGHEST GUST SPEED    27   HIGHEST GUST DIRECTION    NE (40)
  AVERAGE WIND SPEED    11.0




..........................................................


THE FRENCHVILLE ME CLIMATE NORMALS FOR TODAY
                         NORMAL
 MAXIMUM TEMPERATURE (F)   64
 MINIMUM TEMPERATURE (F)   44


SUNRISE AND SUNSET
MAY 27 2017...........SUNRISE   444 AM EDT   SUNSET   817 PM EDT
MAY 28 2017...........SUNRISE   444 AM EDT   SUNSET   818 PM EDT


-  INDICATES NEGATIVE NUMBERS.
R  INDICATES RECORD WAS SET OR TIED.
MM INDICATES DATA IS MISSING.
T  INDICATES TRACE AMOUNT.




$$
