000
CDUS44 KTSA 061212 CCA
CLIFYV

CLIMATE REPORT
NATIONAL WEATHER SERVICE TULSA OK
605 AM CST FRI MAR 6 2015

...................................

...THE FAYETTEVILLE ARKANSAS CLIMATE SUMMARY FOR MARCH 5 2015...

CLIMATE NORMAL PERIOD 1981 TO 2010
CLIMATE RECORD PERIOD 1905 TO 2015


WEATHER ITEM   OBSERVED TIME   RECORD YEAR NORMAL DEPARTURE LAST
                VALUE   (LST)  VALUE       VALUE  FROM      YEAR
                                                  NORMAL
..................................................................
TEMPERATURE (F)
 YESTERDAY
  MAXIMUM         37    430 PM  79    1991  57    -20       50
  MINIMUM         12    651 AM  10    1960  33    -21       17
  AVERAGE         25                        45    -20       34

PRECIPITATION (IN)
  YESTERDAY        0.01                      0.12  -0.11     0.00
  MONTH TO DATE    0.74                      0.58   0.16     1.38
  SINCE MAR 1      0.74                      0.58   0.16     1.38
  SINCE JAN 1      3.80                      6.23  -2.43     3.86

SNOWFALL (IN)
  YESTERDAY        T                                         0.0
  MONTH TO DATE    2.6                                       3.0
  SINCE MAR 1      2.6                                       3.0
  SINCE JUL 1      7.9                                      17.1

DEGREE DAYS
 HEATING
  YESTERDAY       40                        20     20       31
  MONTH TO DATE  156                       103     53      181
  SINCE MAR 1    156                       103     53      181
  SINCE JUL 1   3642                      3406    236     3901

 COOLING
  YESTERDAY        0                         0      0        0
  MONTH TO DATE    0                         0      0        0
  SINCE MAR 1      0                         0      0        0
  SINCE JAN 1      0                         0      0        0
..................................................................


WIND (MPH)
  HIGHEST WIND SPEED    15   HIGHEST WIND DIRECTION     N (340)
  HIGHEST GUST SPEED    21   HIGHEST GUST DIRECTION     N (340)
  AVERAGE WIND SPEED     4.4


SKY COVER
  POSSIBLE SUNSHINE  MM
  AVERAGE SKY COVER 0.1


WEATHER CONDITIONS
 THE FOLLOWING WEATHER WAS RECORDED YESTERDAY.
  LIGHT SNOW
  FOG


RELATIVE HUMIDITY (PERCENT)
 HIGHEST    92           700 AM
 LOWEST     38           300 PM
 AVERAGE    65

..........................................................


THE FAYETTEVILLE ARKANSAS CLIMATE NORMALS FOR TODAY
                         NORMAL    RECORD    YEAR
 MAXIMUM TEMPERATURE (F)   57        85      1956
 MINIMUM TEMPERATURE (F)   34        13      1967


SUNRISE AND SUNSET
MARCH  6 2015.........SUNRISE   640 AM CST   SUNSET   616 PM CST
MARCH  7 2015.........SUNRISE   639 AM CST   SUNSET   617 PM CST


-  INDICATES NEGATIVE NUMBERS.
R  INDICATES RECORD WAS SET OR TIED.
MM INDICATES DATA IS MISSING.
T  INDICATES TRACE AMOUNT.




$$
