000
CDUS44 KTSA 200900 RRA
CLIFYV

CLIMATE REPORT
NATIONAL WEATHER SERVICE TULSA OK
1247 AM CST SAT JAN 20 2018


...................................

...THE FAYETTEVILLE ARKANSAS CLIMATE SUMMARY FOR JANUARY 19 2018...

CLIMATE NORMAL PERIOD 1981 TO 2010
CLIMATE RECORD PERIOD 1905 TO 2018


WEATHER ITEM   OBSERVED TIME   RECORD YEAR NORMAL DEPARTURE LAST
                VALUE   (LST)  VALUE       VALUE  FROM      YEAR
                                                  NORMAL
..................................................................
TEMPERATURE (F)
 YESTERDAY
  MAXIMUM         54    242 PM  76    1952  46      8       57
  MINIMUM         29    715 AM -10    1984  25      4       42
  AVERAGE         42                        36      6       50

PRECIPITATION (IN)
  YESTERDAY        0.00                      0.08  -0.08     0.01
  MONTH TO DATE    0.54                      1.77  -1.23     1.19
  SINCE DEC 1      2.45                      5.01  -2.56     3.02
  SINCE JAN 1      0.54                      1.77  -1.23     1.19

SNOWFALL (IN)
  YESTERDAY        0.0                                       0.0
  MONTH TO DATE    T                                         0.5
  SINCE DEC 1      0.4                                       0.8
  SINCE JUL 1      0.4                                       0.8

DEGREE DAYS
 HEATING
  YESTERDAY       23                        29     -6       15
  MONTH TO DATE  699                       569    130      503
  SINCE DEC 1   1535                      1423    112     1343
  SINCE JUL 1   2235                      2252    -17     1870
..................................................................


WIND (MPH)
  HIGHEST WIND SPEED    21   HIGHEST WIND DIRECTION     S (190)
  HIGHEST GUST SPEED    27   HIGHEST GUST DIRECTION     S (190)
  AVERAGE WIND SPEED    11.3


SKY COVER
  POSSIBLE SUNSHINE  MM
  AVERAGE SKY COVER 0.1


WEATHER CONDITIONS
 THE FOLLOWING WEATHER WAS RECORDED YESTERDAY.
  NO SIGNIFICANT WEATHER WAS OBSERVED.


RELATIVE HUMIDITY (PERCENT)
 HIGHEST    76          1000 PM
 LOWEST     36          1200 AM
 AVERAGE    56

..........................................................


THE FAYETTEVILLE ARKANSAS CLIMATE NORMALS FOR TODAY
                         NORMAL    RECORD    YEAR
 MAXIMUM TEMPERATURE (F)   46        75      1986
 MINIMUM TEMPERATURE (F)   25       -12      1985


SUNRISE AND SUNSET
JANUARY 20 2018.......SUNRISE   725 AM CST   SUNSET   531 PM CST
JANUARY 21 2018.......SUNRISE   724 AM CST   SUNSET   532 PM CST


-  INDICATES NEGATIVE NUMBERS.
R  INDICATES RECORD WAS SET OR TIED.
MM INDICATES DATA IS MISSING.
T  INDICATES TRACE AMOUNT.




$$
