000
CDUS44 KTSA 201415
CLIFYV

CLIMATE REPORT
NATIONAL WEATHER SERVICE TULSA OK
915 AM CDT WED SEP 20 2017


...................................

...THE FAYETTEVILLE ARKANSAS CLIMATE SUMMARY FOR SEPTEMBER 20 2017...
VALID AS OF 0900 AM LOCAL TIME.

CLIMATE NORMAL PERIOD 1981 TO 2010
CLIMATE RECORD PERIOD 1905 TO 2017


WEATHER ITEM   OBSERVED RECORD YEAR NORMAL DEPARTURE LAST
                VALUE   VALUE       VALUE  FROM      YEAR
                                           NORMAL
...........................................................
TEMPERATURE (F)
 TODAY
  MAXIMUM         78     97    1954  79
  MINIMUM         71     39    1991  55
  AVERAGE         75

PRECIPITATION (IN)
  TODAY            0.00   2.12 1967   0.17  -0.17     0.00
  MONTH TO DATE    1.50               3.07  -1.57     2.48
  SINCE SEP 1      1.50               3.07  -1.57     2.48
  SINCE JAN 1     44.34              34.96   9.38    27.66

DEGREE DAYS
 HEATING
  TODAY            0

 COOLING
  TODAY           10
...........................................................


WIND (MPH)
  RESULTANT WIND SPEED   7   RESULTANT WIND DIRECTION   S (170)
  HIGHEST WIND SPEED    16   HIGHEST WIND DIRECTION     S (180)
  HIGHEST GUST SPEED    21   HIGHEST GUST DIRECTION     S (180)


SKY COVER
  POSSIBLE SUNSHINE  MM
  AVERAGE SKY COVER 0.0


WEATHER CONDITIONS
 THE FOLLOWING WEATHER WAS RECORDED TODAY.
  NO SIGNIFICANT WEATHER WAS OBSERVED.


RELATIVE HUMIDITY (PERCENT)
 HIGHEST   100
 LOWEST     85
 AVERAGE    93

..........................................................


THE FAYETTEVILLE ARKANSAS CLIMATE NORMALS FOR TOMORROW
                         NORMAL    RECORD    YEAR
 MAXIMUM TEMPERATURE (F)   78        94      1955
 MINIMUM TEMPERATURE (F)   54        36      1983


SUNRISE AND SUNSET
SEPTEMBER 20 2017.....SUNRISE   703 AM CDT   SUNSET   716 PM CDT
SEPTEMBER 21 2017.....SUNRISE   704 AM CDT   SUNSET   715 PM CDT


-  INDICATES NEGATIVE NUMBERS.
R  INDICATES RECORD WAS SET OR TIED.
MM INDICATES DATA IS MISSING.
T  INDICATES TRACE AMOUNT.




$$
