000
CDUS44 KTSA 230818
CLIFYV

CLIMATE REPORT
NATIONAL WEATHER SERVICE TULSA OK
318 AM CDT TUE SEP 23 2014

...................................

...THE FAYETTEVILLE ARKANSAS CLIMATE SUMMARY FOR SEPTEMBER 22 2014...

CLIMATE NORMAL PERIOD 1981 TO 2010
CLIMATE RECORD PERIOD 1905 TO 2014


WEATHER ITEM   OBSERVED TIME   RECORD YEAR NORMAL DEPARTURE LAST
                VALUE   (LST)  VALUE       VALUE  FROM      YEAR
                                                  NORMAL
..................................................................
TEMPERATURE (F)
 YESTERDAY
  MAXIMUM         75    406 PM  93    2005  78     -3       78
  MINIMUM         46    553 AM  35    1983  54     -8       42
                                      1982
  AVERAGE         61                        66     -5       60

PRECIPITATION (IN)
  YESTERDAY        0.00                      0.18  -0.18     0.00
  MONTH TO DATE    3.58                      3.44   0.14     2.81
  SINCE SEP 1      3.58                      3.44   0.14     2.81
  SINCE JAN 1     26.71                     35.33  -8.62    33.88

DEGREE DAYS
 HEATING
  YESTERDAY        4                         3      1        5
  MONTH TO DATE   21                        19      2        8
  SINCE SEP 1     21                        19      2        8
  SINCE JUL 1     25                        20      5        8

 COOLING
  YESTERDAY        0                         4     -4        0
  MONTH TO DATE  147                       136     11      197
  SINCE SEP 1    147                       136     11      197
  SINCE JAN 1   1182                      1261    -79     1326
..................................................................


WIND (MPH)
  HIGHEST WIND SPEED    10   HIGHEST WIND DIRECTION    NE (60)
  HIGHEST GUST SPEED    17   HIGHEST GUST DIRECTION     E (70)
  AVERAGE WIND SPEED     1.5


SKY COVER
  POSSIBLE SUNSHINE  MM
  AVERAGE SKY COVER 0.0


WEATHER CONDITIONS
 THE FOLLOWING WEATHER WAS RECORDED YESTERDAY.
  FOG


RELATIVE HUMIDITY (PERCENT)
 HIGHEST   100           200 AM
 LOWEST     44           300 PM
 AVERAGE    72

..........................................................


THE FAYETTEVILLE ARKANSAS CLIMATE NORMALS FOR TODAY
                         NORMAL    RECORD    YEAR
 MAXIMUM TEMPERATURE (F)   77        91      2005
 MINIMUM TEMPERATURE (F)   53        33      1995


SUNRISE AND SUNSET
SEPTEMBER 23 2014.....SUNRISE   705 AM CDT   SUNSET   712 PM CDT
SEPTEMBER 24 2014.....SUNRISE   706 AM CDT   SUNSET   710 PM CDT


-  INDICATES NEGATIVE NUMBERS.
R  INDICATES RECORD WAS SET OR TIED.
MM INDICATES DATA IS MISSING.
T  INDICATES TRACE AMOUNT.




$$
