426
CDUS43 KUNR 040832
CLIGCC


CLIMATE REPORT
NATIONAL WEATHER SERVICE RAPID CITY SD
132 AM MST SUN DEC 4 2016


...................................

...THE GILLETTE AIRPORT WY CLIMATE SUMMARY FOR DECEMBER 3 2016...

CLIMATE NORMAL PERIOD 1981 TO 2010
CLIMATE RECORD PERIOD 9999 TO 9999


WEATHER ITEM   OBSERVED TIME   NORMAL DEPARTURE LAST
                VALUE   (LST)  VALUE  FROM      YEAR
                                      NORMAL
......................................................
TEMPERATURE (F)
 YESTERDAY
  MAXIMUM         40    251 PM  36      4       39
  MINIMUM         21    619 AM  15      6       17
  AVERAGE         31            25      6       28

PRECIPITATION (IN)
  YESTERDAY        0.00          0.02  -0.02     0.00
  MONTH TO DATE    0.00          0.06  -0.06     0.00
  SINCE DEC 1      0.00          0.06  -0.06     0.00
  SINCE JAN 1     13.39         13.55  -0.16    14.64

DEGREE DAYS
 HEATING
  YESTERDAY       34            40     -6       37
  MONTH TO DATE  110           118     -8      116
  SINCE DEC 1    110           118     -8      116
  SINCE JUL 1   1503          1993   -490     1676

 COOLING
  YESTERDAY        0             0      0        0
  MONTH TO DATE    0             0      0        0
  SINCE DEC 1      0             0      0        0
  SINCE JAN 1    569           502     67      545
......................................................


WIND (MPH)
  HIGHEST WIND SPEED    23   HIGHEST WIND DIRECTION     W (290)
  HIGHEST GUST SPEED    29   HIGHEST GUST DIRECTION     W (290)
  AVERAGE WIND SPEED    12.3


SKY COVER
  AVERAGE SKY COVER 0.7


WEATHER CONDITIONS
 THE FOLLOWING WEATHER WAS RECORDED YESTERDAY.
  NO SIGNIFICANT WEATHER WAS OBSERVED.


RELATIVE HUMIDITY (PERCENT)
 HIGHEST    74          1200 AM
 LOWEST     50           300 PM
 AVERAGE    62

..........................................................




SUNRISE AND SUNSET
DECEMBER  4 2016......SUNRISE   722 AM MST   SUNSET   423 PM MST
DECEMBER  5 2016......SUNRISE   723 AM MST   SUNSET   423 PM MST


-  INDICATES NEGATIVE NUMBERS.
R  INDICATES RECORD WAS SET OR TIED.
MM INDICATES DATA IS MISSING.
T  INDICATES TRACE AMOUNT.




$$
