000
CDUS43 KUNR 140832
CLIGCC


CLIMATE REPORT
NATIONAL WEATHER SERVICE RAPID CITY SD
131 AM MST THU DEC 14 2017


...................................

...THE GILLETTE AIRPORT WY CLIMATE SUMMARY FOR DECEMBER 13 2017...

CLIMATE NORMAL PERIOD 1981 TO 2010
CLIMATE RECORD PERIOD 9999 TO 9999


WEATHER ITEM   OBSERVED TIME   NORMAL DEPARTURE LAST
                VALUE   (LST)  VALUE  FROM      YEAR
                                      NORMAL
......................................................
TEMPERATURE (F)
 YESTERDAY
  MAXIMUM         45   1223 PM  34     11       18
  MINIMUM         26    737 AM  13     13      -10
  AVERAGE         36            24     12        4

PRECIPITATION (IN)
  YESTERDAY        0.00          0.01  -0.01     0.01
  MONTH TO DATE    0.18          0.20  -0.02     0.24
  SINCE DEC 1      0.18          0.20  -0.02     0.24
  SINCE JAN 1     13.52         13.69  -0.17    13.63

DEGREE DAYS
 HEATING
  YESTERDAY       29            41    -12       61
  MONTH TO DATE  390           525   -135      677
  SINCE DEC 1    390           525   -135      677
  SINCE JUL 1   2161          2400   -239     2070

 COOLING
  YESTERDAY        0             0      0        0
  MONTH TO DATE    0             0      0        0
  SINCE DEC 1      0             0      0        0
  SINCE JAN 1    617           502    115      569
......................................................


WIND (MPH)
  HIGHEST WIND SPEED    21   HIGHEST WIND DIRECTION    NW (320)
  HIGHEST GUST SPEED    27   HIGHEST GUST DIRECTION    NW (300)
  AVERAGE WIND SPEED    14.6


SKY COVER
  AVERAGE SKY COVER 0.2


WEATHER CONDITIONS
 THE FOLLOWING WEATHER WAS RECORDED YESTERDAY.
  NO SIGNIFICANT WEATHER WAS OBSERVED.


RELATIVE HUMIDITY (PERCENT)
 HIGHEST    64          1100 PM
 LOWEST     22          1200 AM
 AVERAGE    43

..........................................................




SUNRISE AND SUNSET
DECEMBER 14 2017......SUNRISE   731 AM MST   SUNSET   423 PM MST
DECEMBER 15 2017......SUNRISE   731 AM MST   SUNSET   424 PM MST


-  INDICATES NEGATIVE NUMBERS.
R  INDICATES RECORD WAS SET OR TIED.
MM INDICATES DATA IS MISSING.
T  INDICATES TRACE AMOUNT.




$$
