000
CDUS43 KUNR 310831
CLIGCC


CLIMATE REPORT
NATIONAL WEATHER SERVICE RAPID CITY SD
230 AM MDT FRI JUL 31 2015


...................................

...THE GILLETTE AIRPORT WY CLIMATE SUMMARY FOR JULY 30 2015...

CLIMATE NORMAL PERIOD 1981 TO 2010
CLIMATE RECORD PERIOD 9999 TO 9999


WEATHER ITEM   OBSERVED TIME   NORMAL DEPARTURE LAST
                VALUE   (LST)  VALUE  FROM      YEAR
                                      NORMAL
......................................................
TEMPERATURE (F)
 YESTERDAY
  MAXIMUM         88    351 PM  88      0       83
  MINIMUM         49    224 AM  57     -8       54
  AVERAGE         69            72     -3       69

PRECIPITATION (IN)
  YESTERDAY        0.00          0.05  -0.05     0.00
  MONTH TO DATE    1.04          1.61  -0.57     0.38
  SINCE JUN 1      4.15          3.82   0.33     3.51
  SINCE JAN 1     11.27          9.48   1.79    13.11

DEGREE DAYS
 HEATING
  YESTERDAY        0             0      0        0
  MONTH TO DATE   22            14      8       13
  SINCE JUN 1     61           156    -95      205
  SINCE JUL 1     22            14      8       13

 COOLING
  YESTERDAY        4             8     -4        4
  MONTH TO DATE  157           208    -51      174
  SINCE JUN 1    231           268    -37      189
  SINCE JAN 1    231           276    -45      197
......................................................


WIND (MPH)
  HIGHEST WIND SPEED    16   HIGHEST WIND DIRECTION     N (340)
  HIGHEST GUST SPEED    20   HIGHEST GUST DIRECTION     N (340)
  AVERAGE WIND SPEED     3.9


SKY COVER
  AVERAGE SKY COVER 0.0


WEATHER CONDITIONS
 THE FOLLOWING WEATHER WAS RECORDED YESTERDAY.
  NO SIGNIFICANT WEATHER WAS OBSERVED.


RELATIVE HUMIDITY (PERCENT)
 HIGHEST    71           100 AM
 LOWEST     15           400 PM
 AVERAGE    43

..........................................................




SUNRISE AND SUNSET
JULY 31 2015..........SUNRISE   548 AM MDT   SUNSET   828 PM MDT
AUGUST  1 2015........SUNRISE   549 AM MDT   SUNSET   827 PM MDT


-  INDICATES NEGATIVE NUMBERS.
R  INDICATES RECORD WAS SET OR TIED.
MM INDICATES DATA IS MISSING.
T  INDICATES TRACE AMOUNT.




$$
