000
CDUS43 KUNR 040903
CLIGCC


CLIMATE REPORT
NATIONAL WEATHER SERVICE RAPID CITY SD
303 AM MDT SAT JUL 4 2015


...................................

...THE GILLETTE AIRPORT WY CLIMATE SUMMARY FOR JULY 3 2015...

CLIMATE NORMAL PERIOD 1981 TO 2010
CLIMATE RECORD PERIOD 9999 TO 9999


WEATHER ITEM   OBSERVED TIME   NORMAL DEPARTURE LAST
                VALUE   (LST)  VALUE  FROM      YEAR
                                      NORMAL
......................................................
TEMPERATURE (F)
 YESTERDAY
  MAXIMUM         88    309 PM  84      4       88
  MINIMUM         55    500 AM  53      2       54
  AVERAGE         72            69      3       71

PRECIPITATION (IN)
  YESTERDAY        0.00          0.05  -0.05      T
  MONTH TO DATE    T             0.15  -0.15      T
  SINCE JUN 1      3.11          2.36   0.75     3.13
  SINCE JAN 1     10.23          8.02   2.21    12.73

DEGREE DAYS
 HEATING
  YESTERDAY        0             1     -1        0
  MONTH TO DATE    0             4     -4        8
  SINCE JUN 1     39           146   -107      200
  SINCE JUL 1      0             4     -4        8

 COOLING
  YESTERDAY        7             5      2        6
  MONTH TO DATE   16            15      1        6
  SINCE JUN 1     90            75     15       21
  SINCE JAN 1     90            83      7       29
......................................................


WIND (MPH)
  HIGHEST WIND SPEED    21   HIGHEST WIND DIRECTION     S (160)
  HIGHEST GUST SPEED    26   HIGHEST GUST DIRECTION     S (160)
  AVERAGE WIND SPEED     8.9


SKY COVER
  AVERAGE SKY COVER 0.1


WEATHER CONDITIONS
 THE FOLLOWING WEATHER WAS RECORDED YESTERDAY.
  NO SIGNIFICANT WEATHER WAS OBSERVED.


RELATIVE HUMIDITY (PERCENT)
 HIGHEST    86          1200 AM
 LOWEST     30           300 PM
 AVERAGE    58

..........................................................




SUNRISE AND SUNSET
JULY  4 2015..........SUNRISE   523 AM MDT   SUNSET   849 PM MDT
JULY  5 2015..........SUNRISE   524 AM MDT   SUNSET   849 PM MDT


-  INDICATES NEGATIVE NUMBERS.
R  INDICATES RECORD WAS SET OR TIED.
MM INDICATES DATA IS MISSING.
T  INDICATES TRACE AMOUNT.




$$
