000
CDUS43 KUNR 120837
CLIGCC


CLIMATE REPORT
NATIONAL WEATHER SERVICE RAPID CITY SD
137 AM MST FRI FEB 12 2016


...................................

...THE GILLETTE AIRPORT WY CLIMATE SUMMARY FOR FEBRUARY 11 2016...

CLIMATE NORMAL PERIOD 1981 TO 2010
CLIMATE RECORD PERIOD 9999 TO 9999


WEATHER ITEM   OBSERVED TIME   NORMAL DEPARTURE LAST
                VALUE   (LST)  VALUE  FROM      YEAR
                                      NORMAL
......................................................
TEMPERATURE (F)
 YESTERDAY
  MAXIMUM         53    300 PM  37     16       47
  MINIMUM         28    958 PM  16     12       20
  AVERAGE         41            26     15       34

PRECIPITATION (IN)
  YESTERDAY        0.00          0.02  -0.02     0.00
  MONTH TO DATE    0.37          0.17   0.20     0.05
  SINCE DEC 1      1.25          0.96   0.29     0.73
  SINCE JAN 1      0.77          0.56   0.21     0.33

DEGREE DAYS
 HEATING
  YESTERDAY       24            39    -15       31
  MONTH TO DATE  383           429    -46      320
  SINCE DEC 1   2694          2909   -215     2615
  SINCE JUL 1   4254          4784   -530     4398

 COOLING
  YESTERDAY        0             0      0        0
  MONTH TO DATE    0             0      0        0
  SINCE DEC 1      0             0      0        0
  SINCE JAN 1      0             0      0        0
......................................................


WIND (MPH)
  HIGHEST WIND SPEED    31   HIGHEST WIND DIRECTION    NW (310)
  HIGHEST GUST SPEED    39   HIGHEST GUST DIRECTION    NW (320)
  AVERAGE WIND SPEED    13.8


SKY COVER
  AVERAGE SKY COVER 0.1


WEATHER CONDITIONS
 THE FOLLOWING WEATHER WAS RECORDED YESTERDAY.
  NO SIGNIFICANT WEATHER WAS OBSERVED.


RELATIVE HUMIDITY (PERCENT)
 HIGHEST    78          1000 PM
 LOWEST     35           100 PM
 AVERAGE    57

..........................................................




SUNRISE AND SUNSET
FEBRUARY 12 2016......SUNRISE   707 AM MST   SUNSET   527 PM MST
FEBRUARY 13 2016......SUNRISE   705 AM MST   SUNSET   528 PM MST


-  INDICATES NEGATIVE NUMBERS.
R  INDICATES RECORD WAS SET OR TIED.
MM INDICATES DATA IS MISSING.
T  INDICATES TRACE AMOUNT.




$$
