000
CDUS43 KUNR 160832
CLIGCC


CLIMATE REPORT
NATIONAL WEATHER SERVICE RAPID CITY SD
131 AM MST MON JAN 16 2017


...................................

...THE GILLETTE AIRPORT WY CLIMATE SUMMARY FOR JANUARY 15 2017...

CLIMATE NORMAL PERIOD 1981 TO 2010
CLIMATE RECORD PERIOD 9999 TO 9999


WEATHER ITEM   OBSERVED TIME   NORMAL DEPARTURE LAST
                VALUE   (LST)  VALUE  FROM      YEAR
                                      NORMAL
......................................................
TEMPERATURE (F)
 YESTERDAY
  MAXIMUM         36    312 PM  38     -2       33
  MINIMUM         -1    259 AM  15    -16       19
  AVERAGE         18            26     -8       26

PRECIPITATION (IN)
  YESTERDAY        0.00          0.01  -0.01      T
  MONTH TO DATE    0.13          0.15  -0.02     0.04
  SINCE DEC 1      0.98          0.55   0.43     0.52
  SINCE JAN 1      0.13          0.15  -0.02     0.04

DEGREE DAYS
 HEATING
  YESTERDAY       47            39      8       39
  MONTH TO DATE  577           590    -13      566
  SINCE DEC 1   1846          1856    -10     1766
  SINCE JUL 1   3239          3731   -492     3326

 COOLING
  YESTERDAY        0             0      0        0
  MONTH TO DATE    0             0      0        0
  SINCE DEC 1      0             0      0        0
  SINCE JAN 1      0             0      0        0
......................................................


WIND (MPH)
  HIGHEST WIND SPEED    14   HIGHEST WIND DIRECTION     S (170)
  HIGHEST GUST SPEED    16   HIGHEST GUST DIRECTION    SW (240)
  AVERAGE WIND SPEED     3.0


SKY COVER
  AVERAGE SKY COVER 0.0


WEATHER CONDITIONS
 THE FOLLOWING WEATHER WAS RECORDED YESTERDAY.
  NO SIGNIFICANT WEATHER WAS OBSERVED.


RELATIVE HUMIDITY (PERCENT)
 HIGHEST    91           100 AM
 LOWEST     51           100 PM
 AVERAGE    71

..........................................................




SUNRISE AND SUNSET
JANUARY 16 2017.......SUNRISE   734 AM MST   SUNSET   451 PM MST
JANUARY 17 2017.......SUNRISE   733 AM MST   SUNSET   452 PM MST


-  INDICATES NEGATIVE NUMBERS.
R  INDICATES RECORD WAS SET OR TIED.
MM INDICATES DATA IS MISSING.
T  INDICATES TRACE AMOUNT.




$$
