111
CDUS43 KDDC 300712
CLIGCK


CLIMATE REPORT
NATIONAL WEATHER SERVICE DODGE CITY KS
208 AM CDT TUE AUG 30 2016


...................................

...THE GARDEN CITY REGIONAL ARPT KS CLIMATE SUMMARY FOR AUGUST 29 2016...

CLIMATE NORMAL PERIOD 1981 TO 2010
CLIMATE RECORD PERIOD 1948 TO 2016


WEATHER ITEM   OBSERVED TIME   RECORD YEAR NORMAL DEPARTURE LAST
                VALUE   (LST)  VALUE       VALUE  FROM      YEAR
                                                  NORMAL
..................................................................
TEMPERATURE (F)
 YESTERDAY
  MAXIMUM         77    247 PM 104    1984  88    -11       90
  MINIMUM         62    326 AM  47    1988  61      1       56
  AVERAGE         70                        75     -5       73

PRECIPITATION (IN)
  YESTERDAY        0.11          0.96 1975   0.06   0.05     0.00
  MONTH TO DATE    1.70                      2.32  -0.62     1.89
  SINCE JUN 1     14.35                      8.58   5.77    10.97
  SINCE JAN 1     19.81                     15.52   4.29    19.79

DEGREE DAYS
 HEATING
  YESTERDAY        0                         0      0
  MONTH TO DATE    0                         0      0
  SINCE JUN 1      2                        17    -15
  SINCE JUL 1      0                         1     -1

 COOLING
  YESTERDAY        5                        10     -5
  MONTH TO DATE  307                       346    -39
  SINCE JUN 1   1084                      1008     76
  SINCE JAN 1   1143                      1097     46
..................................................................


WIND (MPH)
  HIGHEST WIND SPEED    14   HIGHEST WIND DIRECTION     E (80)
  HIGHEST GUST SPEED    16   HIGHEST GUST DIRECTION     E (80)
  AVERAGE WIND SPEED     5.6



WEATHER CONDITIONS
 THE FOLLOWING WEATHER WAS RECORDED YESTERDAY.
  LIGHT RAIN
  FOG


RELATIVE HUMIDITY (PERCENT)
 HIGHEST    93          1200 AM
 LOWEST     64           300 PM
 AVERAGE    79

..........................................................


THE GARDEN CITY REGIONAL ARPT KS CLIMATE NORMALS FOR TODAY
                         NORMAL    RECORD    YEAR
 MAXIMUM TEMPERATURE (F)   88       104      1990
 MINIMUM TEMPERATURE (F)   61        51      1993


SUNRISE AND SUNSET
AUGUST 30 2016........SUNRISE   711 AM CDT   SUNSET   814 PM CDT
AUGUST 31 2016........SUNRISE   712 AM CDT   SUNSET   813 PM CDT


-  INDICATES NEGATIVE NUMBERS.
R  INDICATES RECORD WAS SET OR TIED.
MM INDICATES DATA IS MISSING.
T  INDICATES TRACE AMOUNT.




$$
