000
CDUS43 KDDC 142327
CLIGCK


CLIMATE REPORT
NATIONAL WEATHER SERVICE DODGE CITY KS
527 PM CST THU DEC 14 2017


...................................

...THE GARDEN CITY REGIONAL ARPT KS CLIMATE SUMMARY FOR DECEMBER 14 2017...
VALID TODAY AS OF 0500 PM LOCAL TIME.

CLIMATE NORMAL PERIOD 1981 TO 2010
CLIMATE RECORD PERIOD 1948 TO 2017


WEATHER ITEM   OBSERVED TIME   RECORD YEAR NORMAL DEPARTURE LAST
                VALUE   (LST)  VALUE       VALUE  FROM      YEAR
                                                  NORMAL
..................................................................
TEMPERATURE (F)
 TODAY
  MAXIMUM         48    129 PM  70    1977  44      4       30
  MINIMUM         34    810 AM  -5    1963  19     15        8
  AVERAGE         41                        31     10       19

PRECIPITATION (IN)
  TODAY            0.00          0.53 2012   0.01  -0.01     0.00
  MONTH TO DATE    0.00                      0.24  -0.24     0.03
  SINCE DEC 1      0.00                      0.24  -0.24     0.03
  SINCE JAN 1     20.57                     19.19   1.38    20.12

DEGREE DAYS
 HEATING
  TODAY           24                        34    -10       46
  MONTH TO DATE  352                       450    -98      519
  SINCE DEC 1    352                       450    -98      519
  SINCE JUL 1   1308                      1539   -231     1207

 COOLING
  TODAY            0                         0      0        0
  MONTH TO DATE    0                         0      0        0
  SINCE DEC 1      0                         0      0        0
  SINCE JAN 1   1373                      1298     75     1433
..................................................................


WIND (MPH)
  HIGHEST WIND SPEED    25   HIGHEST WIND DIRECTION     N (340)
  HIGHEST GUST SPEED    35   HIGHEST GUST DIRECTION    NW (330)
  AVERAGE WIND SPEED    13.6



WEATHER CONDITIONS
 THE FOLLOWING WEATHER WAS RECORDED TODAY.
  NO SIGNIFICANT WEATHER WAS OBSERVED.


RELATIVE HUMIDITY (PERCENT)
 HIGHEST    61           800 AM
 LOWEST     37           300 PM
 AVERAGE    49

..........................................................


THE GARDEN CITY REGIONAL ARPT KS CLIMATE NORMALS FOR TOMORROW
                         NORMAL    RECORD    YEAR
 MAXIMUM TEMPERATURE (F)   44        71      1977
 MINIMUM TEMPERATURE (F)   19        -4      1989


SUNRISE AND SUNSET
DECEMBER 14 2017......SUNRISE   751 AM CST   SUNSET   524 PM CST
DECEMBER 15 2017......SUNRISE   752 AM CST   SUNSET   525 PM CST


-  INDICATES NEGATIVE NUMBERS.
R  INDICATES RECORD WAS SET OR TIED.
MM INDICATES DATA IS MISSING.
T  INDICATES TRACE AMOUNT.




$$
