000
CDUS43 KDDC 262327
CLIGCK


CLIMATE REPORT
NATIONAL WEATHER SERVICE DODGE CITY KS
526 PM CST FRI DEC 26 2014


...................................

...THE GARDEN CITY REGIONAL ARPT KS CLIMATE SUMMARY FOR DECEMBER 26 2014...
VALID TODAY AS OF 0500 PM LOCAL TIME.

CLIMATE NORMAL PERIOD 1981 TO 2010
CLIMATE RECORD PERIOD 1948 TO 2014


WEATHER ITEM   OBSERVED TIME   RECORD YEAR NORMAL DEPARTURE LAST
                VALUE   (LST)  VALUE       VALUE  FROM      YEAR
                                                  NORMAL
..................................................................
TEMPERATURE (F)
 TODAY
  MAXIMUM         29    627 AM  69    2003  43    -14       58
  MINIMUM         25    153 PM  -5    1962  18      7       19
  AVERAGE         27                        31     -4       39

PRECIPITATION (IN)
  TODAY            T             0.20 2007   0.01  -0.01     0.00
  MONTH TO DATE    0.05                      0.44  -0.39     0.01
  SINCE DEC 1      0.05                      0.44  -0.39     0.01
  SINCE JAN 1     21.44                     19.39   2.05    14.85

DEGREE DAYS
 HEATING
  TODAY           38                        34      4       26
  MONTH TO DATE  725                       858   -133      923
  SINCE DEC 1    725                       858   -133      923
  SINCE JUL 1   1764                      1947   -183     1967

 COOLING
  TODAY            0                         0      0        0
  MONTH TO DATE    0                         0      0        0
  SINCE DEC 1      0                         0      0        0
  SINCE JAN 1   1342                      1298     44     1591
..................................................................


WIND (MPH)
  HIGHEST WIND SPEED    25   HIGHEST WIND DIRECTION     N (10)
  HIGHEST GUST SPEED    30   HIGHEST GUST DIRECTION     N (10)
  AVERAGE WIND SPEED    16.9



WEATHER CONDITIONS
 THE FOLLOWING WEATHER WAS RECORDED TODAY.
  LT FREEZING RAIN
  SNOW
  LIGHT SNOW
  FOG
  FOG W/VISIBILITY <= 1/4 MILE


RELATIVE HUMIDITY (PERCENT)
 HIGHEST   100          1200 PM
 LOWEST     78           700 AM
 AVERAGE    89

..........................................................


THE GARDEN CITY REGIONAL ARPT KS CLIMATE NORMALS FOR TOMORROW
                         NORMAL    RECORD    YEAR
 MAXIMUM TEMPERATURE (F)   43        73      1980
 MINIMUM TEMPERATURE (F)   18        -8      1987


SUNRISE AND SUNSET
DECEMBER 26 2014......SUNRISE   757 AM CST   SUNSET   530 PM CST
DECEMBER 27 2014......SUNRISE   758 AM CST   SUNSET   531 PM CST


-  INDICATES NEGATIVE NUMBERS.
R  INDICATES RECORD WAS SET OR TIED.
MM INDICATES DATA IS MISSING.
T  INDICATES TRACE AMOUNT.




$$
