000
CDUS43 KDDC 031151
CLIGCK


CLIMATE REPORT
NATIONAL WEATHER SERVICE DODGE CITY KS
650 AM CDT WED JUN 3 2015


...................................

...THE GARDEN CITY REGIONAL ARPT KS CLIMATE SUMMARY FOR JUNE 2 2015...

CLIMATE NORMAL PERIOD 1981 TO 2010
CLIMATE RECORD PERIOD 1948 TO 2015


WEATHER ITEM   OBSERVED TIME   RECORD YEAR NORMAL DEPARTURE LAST
                VALUE   (LST)  VALUE       VALUE  FROM      YEAR
                                                  NORMAL
..................................................................
TEMPERATURE (F)
 YESTERDAY
  MAXIMUM         90    423 PM 105    2002  81      9       85
  MINIMUM         62    624 AM  40    1969  56      6       63
  AVERAGE         76                        69      7       74

PRECIPITATION (IN)
  YESTERDAY        0.00          1.17 1962   0.11  -0.11     0.00
  MONTH TO DATE    0.00                      0.22  -0.22     0.14
  SINCE JUN 1      0.00                      0.22  -0.22     0.14
  SINCE JAN 1      8.82                      7.16   1.66     1.50

DEGREE DAYS
 HEATING
  YESTERDAY        0                         1     -1
  MONTH TO DATE    0                         3     -3
  SINCE JUN 1      0                         3     -3
  SINCE JUL 1   4961                      5194   -233

 COOLING
  YESTERDAY       11                         5      6
  MONTH TO DATE   15                        10      5
  SINCE JUN 1     15                        10      5
  SINCE JAN 1     45                        99    -54
..................................................................


WIND (MPH)
  HIGHEST WIND SPEED    24   HIGHEST WIND DIRECTION     S (180)
  HIGHEST GUST SPEED    31   HIGHEST GUST DIRECTION     S (180)
  AVERAGE WIND SPEED    14.3



WEATHER CONDITIONS
 THE FOLLOWING WEATHER WAS RECORDED YESTERDAY.
  NO SIGNIFICANT WEATHER WAS OBSERVED.


RELATIVE HUMIDITY (PERCENT)
 HIGHEST   100           400 AM
 LOWEST     38           300 PM
 AVERAGE    69

..........................................................


THE GARDEN CITY REGIONAL ARPT KS CLIMATE NORMALS FOR TODAY
                         NORMAL    RECORD    YEAR
 MAXIMUM TEMPERATURE (F)   82        99      2014
                                             1966
 MINIMUM TEMPERATURE (F)   56        40      1954


SUNRISE AND SUNSET
JUNE  3 2015..........SUNRISE   622 AM CDT   SUNSET   901 PM CDT
JUNE  4 2015..........SUNRISE   621 AM CDT   SUNSET   901 PM CDT


-  INDICATES NEGATIVE NUMBERS.
R  INDICATES RECORD WAS SET OR TIED.
MM INDICATES DATA IS MISSING.
T  INDICATES TRACE AMOUNT.




$$
