000
CDUS43 KDDC 051007
CLIGCK


CLIMATE REPORT
NATIONAL WEATHER SERVICE DODGE CITY KS
506 AM CDT SUN JUL 5 2015


...................................

...THE GARDEN CITY REGIONAL ARPT KS CLIMATE SUMMARY FOR JULY 4 2015...

CLIMATE NORMAL PERIOD 1981 TO 2010
CLIMATE RECORD PERIOD 1948 TO 2015


WEATHER ITEM   OBSERVED TIME   RECORD YEAR NORMAL DEPARTURE LAST
                VALUE   (LST)  VALUE       VALUE  FROM      YEAR
                                                  NORMAL
..................................................................
TEMPERATURE (F)
 YESTERDAY
  MAXIMUM         88    536 PM 108    1953  91     -3       91
  MINIMUM         63    502 AM  53    1997  64     -1       63
  AVERAGE         76                        78     -2       77

PRECIPITATION (IN)
  YESTERDAY        0.61          2.24 1979   0.09   0.52     0.00
  MONTH TO DATE    1.14                      0.39   0.75     0.04
  SINCE JUN 1      3.69                      3.87  -0.18    10.92
  SINCE JAN 1     12.51                     10.81   1.70    12.28

DEGREE DAYS
 HEATING
  YESTERDAY        0                         0      0
  MONTH TO DATE    0                         0      0
  SINCE JUN 1      0                        16    -16
  SINCE JUL 1      0                         0      0

 COOLING
  YESTERDAY       11                        13     -2
  MONTH TO DATE   50                        49      1
  SINCE JUN 1    396                       301     95
  SINCE JAN 1    426                       390     36
..................................................................


WIND (MPH)
  HIGHEST WIND SPEED    24   HIGHEST WIND DIRECTION     S (180)
  HIGHEST GUST SPEED    31   HIGHEST GUST DIRECTION     S (180)
  AVERAGE WIND SPEED    13.5



WEATHER CONDITIONS
 THE FOLLOWING WEATHER WAS RECORDED YESTERDAY.
  THUNDERSTORM
  HEAVY RAIN
  LIGHT RAIN
  FOG
  HAZE


RELATIVE HUMIDITY (PERCENT)
 HIGHEST    93           500 AM
 LOWEST     45           100 PM
 AVERAGE    69

..........................................................


THE GARDEN CITY REGIONAL ARPT KS CLIMATE NORMALS FOR TODAY
                         NORMAL    RECORD    YEAR
 MAXIMUM TEMPERATURE (F)   91       108      1966
 MINIMUM TEMPERATURE (F)   64        52      1972


SUNRISE AND SUNSET
JULY  5 2015..........SUNRISE   626 AM CDT   SUNSET   909 PM CDT
JULY  6 2015..........SUNRISE   627 AM CDT   SUNSET   908 PM CDT


-  INDICATES NEGATIVE NUMBERS.
R  INDICATES RECORD WAS SET OR TIED.
MM INDICATES DATA IS MISSING.
T  INDICATES TRACE AMOUNT.




$$
