000
CDUS43 KDDC 190706
CLIGCK


CLIMATE REPORT
NATIONAL WEATHER SERVICE DODGE CITY KS
206 AM CDT SAT AUG 19 2017


...................................

...THE GARDEN CITY REGIONAL ARPT KS CLIMATE SUMMARY FOR AUGUST 18 2017...

CLIMATE NORMAL PERIOD 1981 TO 2010
CLIMATE RECORD PERIOD 1948 TO 2017


WEATHER ITEM   OBSERVED TIME   RECORD YEAR NORMAL DEPARTURE LAST
                VALUE   (LST)  VALUE       VALUE  FROM      YEAR
                                                  NORMAL
..................................................................
TEMPERATURE (F)
 YESTERDAY
  MAXIMUM         92    437 PM 106    2011  90      2       91
  MINIMUM         60    623 AM  52    1960  64     -4       59
  AVERAGE         76                        77     -1       75

PRECIPITATION (IN)
  YESTERDAY        T             3.57 1985   0.07  -0.07     0.00
  MONTH TO DATE    2.44                      1.59   0.85     1.50
  SINCE JUN 1      6.46                      7.85  -1.39    14.15
  SINCE JAN 1     14.77                     14.79  -0.02    19.61

DEGREE DAYS
 HEATING
  YESTERDAY        0                         0      0
  MONTH TO DATE    0                         0      0
  SINCE JUN 1      0                        17    -17
  SINCE JUL 1      0                         1     -1

 COOLING
  YESTERDAY       11                        12     -1
  MONTH TO DATE  149                       227    -78
  SINCE JUN 1    943                       889     54
  SINCE JAN 1   1033                       978     55
..................................................................


WIND (MPH)
  HIGHEST WIND SPEED    23   HIGHEST WIND DIRECTION    SW (220)
  HIGHEST GUST SPEED    27   HIGHEST GUST DIRECTION    NE (30)
  AVERAGE WIND SPEED    10.3



WEATHER CONDITIONS
 THE FOLLOWING WEATHER WAS RECORDED YESTERDAY.
  THUNDERSTORM


RELATIVE HUMIDITY (PERCENT)
 HIGHEST    90           500 AM
 LOWEST     38           400 PM
 AVERAGE    64

..........................................................


THE GARDEN CITY REGIONAL ARPT KS CLIMATE NORMALS FOR TODAY
                         NORMAL    RECORD    YEAR
 MAXIMUM TEMPERATURE (F)   90       103      2011
 MINIMUM TEMPERATURE (F)   64        49      2012


SUNRISE AND SUNSET
AUGUST 19 2017........SUNRISE   702 AM CDT   SUNSET   830 PM CDT
AUGUST 20 2017........SUNRISE   703 AM CDT   SUNSET   829 PM CDT


-  INDICATES NEGATIVE NUMBERS.
R  INDICATES RECORD WAS SET OR TIED.
MM INDICATES DATA IS MISSING.
T  INDICATES TRACE AMOUNT.




$$
