000
CDUS43 KDDC 261444
CLIGCK


CLIMATE REPORT
NATIONAL WEATHER SERVICE DODGE CITY KS
944 AM CDT SAT JUL 26 2014


...................................

...THE GARDEN CITY REGIONAL ARPT KS CLIMATE SUMMARY FOR JULY 26 2014...
VALID AS OF 0800 AM LOCAL TIME.

CLIMATE NORMAL PERIOD 1981 TO 2010
CLIMATE RECORD PERIOD 1948 TO 2014


WEATHER ITEM   OBSERVED TIME   RECORD YEAR NORMAL DEPARTURE LAST
                VALUE   (LST)  VALUE       VALUE  FROM      YEAR
                                                  NORMAL
..................................................................
TEMPERATURE (F)
 TODAY
  MAXIMUM         82   1200 AM 105    1960  92    -10       85
  MINIMUM         68    606 AM  53    2004  65      3       64
  AVERAGE         75                        78     -3       75

PRECIPITATION (IN)
  TODAY            0.00          1.67 1981   0.09  -0.09      T
  MONTH TO DATE    1.18                      2.34  -1.16     0.98
  SINCE JUN 1     12.06                      5.82   6.24     3.12
  SINCE JAN 1     13.42                     12.76   0.66     4.69

..................................................................


WIND (MPH)
  HIGHEST WIND SPEED    21   HIGHEST WIND DIRECTION    NE (30)
  HIGHEST GUST SPEED    27   HIGHEST GUST DIRECTION     N (360)



WEATHER CONDITIONS
 THE FOLLOWING WEATHER WAS RECORDED TODAY.
  NO SIGNIFICANT WEATHER WAS OBSERVED.


RELATIVE HUMIDITY (PERCENT)
 HIGHEST    87

..........................................................


THE GARDEN CITY REGIONAL ARPT KS CLIMATE NORMALS FOR TOMORROW
                         NORMAL    RECORD    YEAR
 MAXIMUM TEMPERATURE (F)   92       108      1960
 MINIMUM TEMPERATURE (F)   65        49      2005


SUNRISE AND SUNSET
JULY 26 2014..........SUNRISE   641 AM CDT   SUNSET   857 PM CDT
JULY 27 2014..........SUNRISE   642 AM CDT   SUNSET   856 PM CDT


-  INDICATES NEGATIVE NUMBERS.
R  INDICATES RECORD WAS SET OR TIED.
MM INDICATES DATA IS MISSING.
T  INDICATES TRACE AMOUNT.




$$
