000
CDUS43 KDDC 282336
CLIGCK


CLIMATE REPORT
NATIONAL WEATHER SERVICE DODGE CITY KS
636 PM CDT TUE JUL 28 2015


...................................

...THE GARDEN CITY REGIONAL ARPT KS CLIMATE SUMMARY FOR JULY 28 2015...
VALID TODAY AS OF 0500 PM LOCAL TIME.

CLIMATE NORMAL PERIOD 1981 TO 2010
CLIMATE RECORD PERIOD 1948 TO 2015


WEATHER ITEM   OBSERVED TIME   RECORD YEAR NORMAL DEPARTURE LAST
                VALUE   (LST)  VALUE       VALUE  FROM      YEAR
                                                  NORMAL
..................................................................
TEMPERATURE (F)
 TODAY
  MAXIMUM         86    219 PM 104    1980  92     -6       85
  MINIMUM         75    652 AM  52    2005  65     10       65
  AVERAGE         81                        78      3       75

PRECIPITATION (IN)
  TODAY            0.00          2.78 1972   0.09  -0.09      T
  MONTH TO DATE    6.39                      2.52   3.87     1.19
  SINCE JUN 1      8.94                      6.00   2.94    12.07
  SINCE JAN 1     17.76                     12.94   4.82    13.43

DEGREE DAYS
 HEATING
  TODAY            0                         0      0        0
  MONTH TO DATE    0                         0      0       10
  SINCE JUN 1      0                        16    -16       21
  SINCE JUL 1      0                         0      0       10

 COOLING
  TODAY           16                        13      3       10
  MONTH TO DATE  384                       372     12      331
  SINCE JUN 1    730                       624    106      605
  SINCE JAN 1    760                       713     47      748
..................................................................


WIND (MPH)
  HIGHEST WIND SPEED    25   HIGHEST WIND DIRECTION     N (10)
  HIGHEST GUST SPEED    34   HIGHEST GUST DIRECTION    NE (30)
  AVERAGE WIND SPEED    17.8



WEATHER CONDITIONS
 THE FOLLOWING WEATHER WAS RECORDED TODAY.
  NO SIGNIFICANT WEATHER WAS OBSERVED.


RELATIVE HUMIDITY (PERCENT)
 HIGHEST    69           400 AM
 LOWEST     40           400 PM
 AVERAGE    55

..........................................................


THE GARDEN CITY REGIONAL ARPT KS CLIMATE NORMALS FOR TOMORROW
                         NORMAL    RECORD    YEAR
 MAXIMUM TEMPERATURE (F)   92       105      1980
 MINIMUM TEMPERATURE (F)   65        54      2005


SUNRISE AND SUNSET
JULY 28 2015..........SUNRISE   642 AM CDT   SUNSET   856 PM CDT
JULY 29 2015..........SUNRISE   643 AM CDT   SUNSET   855 PM CDT


-  INDICATES NEGATIVE NUMBERS.
R  INDICATES RECORD WAS SET OR TIED.
MM INDICATES DATA IS MISSING.
T  INDICATES TRACE AMOUNT.




$$
