000
CDUS43 KDDC 260706
CLIGCK


CLIMATE REPORT
NATIONAL WEATHER SERVICE DODGE CITY KS
206 AM CDT MON SEP 26 2016


...................................

...THE GARDEN CITY REGIONAL ARPT KS CLIMATE SUMMARY FOR SEPTEMBER 25 2016...

CLIMATE NORMAL PERIOD 1981 TO 2010
CLIMATE RECORD PERIOD 1948 TO 2016


WEATHER ITEM   OBSERVED TIME   RECORD YEAR NORMAL DEPARTURE LAST
                VALUE   (LST)  VALUE       VALUE  FROM      YEAR
                                                  NORMAL
..................................................................
TEMPERATURE (F)
 YESTERDAY
  MAXIMUM         76    339 PM  96    1990  78     -2       81
  MINIMUM         43   1159 PM  32    1961  50     -7       55
  AVERAGE         60                        64     -4       68

PRECIPITATION (IN)
  YESTERDAY        0.00          0.62 1955   0.05  -0.05     0.00
  MONTH TO DATE    0.19                      1.26  -1.07     0.11
  SINCE SEP 1      0.19                      1.26  -1.07     0.11
  SINCE JAN 1     20.02                     16.91   3.11    19.90

DEGREE DAYS
 HEATING
  YESTERDAY        5                         4      1
  MONTH TO DATE   13                        44    -31
  SINCE SEP 1     13                        44    -31
  SINCE JUL 1     13                        48    -35

 COOLING
  YESTERDAY        0                         3     -3
  MONTH TO DATE  215                       150     65
  SINCE SEP 1    215                       150     65
  SINCE JAN 1   1371                      1266    105
..................................................................


WIND (MPH)
  HIGHEST WIND SPEED    32   HIGHEST WIND DIRECTION     N (10)
  HIGHEST GUST SPEED    39   HIGHEST GUST DIRECTION     N (10)
  AVERAGE WIND SPEED    16.1



WEATHER CONDITIONS
 THE FOLLOWING WEATHER WAS RECORDED YESTERDAY.
  NO SIGNIFICANT WEATHER WAS OBSERVED.


RELATIVE HUMIDITY (PERCENT)
 HIGHEST    83           200 AM
 LOWEST     19           300 PM
 AVERAGE    51

..........................................................


THE GARDEN CITY REGIONAL ARPT KS CLIMATE NORMALS FOR TODAY
                         NORMAL    RECORD    YEAR
 MAXIMUM TEMPERATURE (F)   78        97      2013
 MINIMUM TEMPERATURE (F)   50        33      1985


SUNRISE AND SUNSET
SEPTEMBER 26 2016.....SUNRISE   735 AM CDT   SUNSET   733 PM CDT
SEPTEMBER 27 2016.....SUNRISE   735 AM CDT   SUNSET   731 PM CDT


-  INDICATES NEGATIVE NUMBERS.
R  INDICATES RECORD WAS SET OR TIED.
MM INDICATES DATA IS MISSING.
T  INDICATES TRACE AMOUNT.




$$
