053
CDUS43 KDDC 300707
CLIGCK


CLIMATE REPORT
NATIONAL WEATHER SERVICE DODGE CITY KS
207 AM CDT SUN APR 30 2017


...................................

...THE GARDEN CITY REGIONAL ARPT KS CLIMATE SUMMARY FOR APRIL 29 2017...

CLIMATE NORMAL PERIOD 1981 TO 2010
CLIMATE RECORD PERIOD 1948 TO 2017


WEATHER ITEM   OBSERVED TIME   RECORD YEAR NORMAL DEPARTURE LAST
                VALUE   (LST)  VALUE       VALUE  FROM      YEAR
                                                  NORMAL
..................................................................
TEMPERATURE (F)
 YESTERDAY
  MAXIMUM         38   1202 AM  91    1967  72    -34       47
  MINIMUM         32    606 AM  28    1994  44    -12       37
  AVERAGE         35                        58    -23       42

PRECIPITATION (IN)
  YESTERDAY        0.75          1.31 1985   0.07   0.68     1.25
  MONTH TO DATE    3.22                      1.65   1.57     4.54
  SINCE MAR 1      5.72                      3.11   2.61     4.54
  SINCE JAN 1      7.01                      3.99   3.02     4.76

DEGREE DAYS
 HEATING
  YESTERDAY       30                         8     22
  MONTH TO DATE  303                       367    -64
  SINCE MAR 1    813                      1031   -218
  SINCE JUL 1   4287                      5055   -768

 COOLING
  YESTERDAY        0                         1     -1
  MONTH TO DATE   29                        10     19
  SINCE MAR 1     37                        10     27
  SINCE JAN 1     37                        10     27
..................................................................


WIND (MPH)
  HIGHEST WIND SPEED    39   HIGHEST WIND DIRECTION     N (20)
  HIGHEST GUST SPEED    48   HIGHEST GUST DIRECTION     N (360)
  AVERAGE WIND SPEED    27.9



WEATHER CONDITIONS
 THE FOLLOWING WEATHER WAS RECORDED YESTERDAY.
  RAIN
  LIGHT RAIN
  SNOW
  LIGHT SNOW
  FOG


RELATIVE HUMIDITY (PERCENT)
 HIGHEST    96           400 AM
 LOWEST     89           300 AM
 AVERAGE    93

..........................................................


THE GARDEN CITY REGIONAL ARPT KS CLIMATE NORMALS FOR TODAY
                         NORMAL    RECORD    YEAR
 MAXIMUM TEMPERATURE (F)   72        93      1992
 MINIMUM TEMPERATURE (F)   44        26      2005


SUNRISE AND SUNSET
APRIL 30 2017.........SUNRISE   648 AM CDT   SUNSET   833 PM CDT
MAY  1 2017...........SUNRISE   647 AM CDT   SUNSET   834 PM CDT


-  INDICATES NEGATIVE NUMBERS.
R  INDICATES RECORD WAS SET OR TIED.
MM INDICATES DATA IS MISSING.
T  INDICATES TRACE AMOUNT.




$$
