000
CDUS41 KPHI 250631
CLIGED


CLIMATE REPORT
NATIONAL WEATHER SERVICE MOUNT HOLLY NJ
231 AM EDT MON MAY 25 2015


...................................

...THE GEORGETOWN DE CLIMATE SUMMARY FOR MAY 24 2015...

CLIMATE NORMAL PERIOD 1981 TO 2010
CLIMATE RECORD PERIOD 1948 TO 2015


WEATHER ITEM   OBSERVED TIME   RECORD YEAR NORMAL DEPARTURE LAST
                VALUE   (LST)  VALUE       VALUE  FROM      YEAR
                                                  NORMAL
..................................................................
TEMPERATURE (F)
 YESTERDAY
  MAXIMUM         80    304 PM  93    1964  76      4       75
  MINIMUM         46    158 AM  37    1963  55     -9       55
  AVERAGE         63                        66     -3       65

PRECIPITATION (IN)
  YESTERDAY        0.00          1.44 1951   0.14  -0.14     0.00
  MONTH TO DATE    1.19                      2.64  -1.45     2.53
  SINCE MAR 1      7.91                     10.32  -2.41     9.40
  SINCE JAN 1     14.74                     16.03  -1.29    16.58

SNOWFALL (IN)
  YESTERDAY       MM            MM      MM  MM     MM       MM
  MONTH TO DATE   MM                        MM     MM       MM
  SINCE MAR 1     MM                        MM     MM       MM
  SINCE JUL 1     MM                        MM     MM       MM
  SNOW DEPTH      MM

DEGREE DAYS
 HEATING
  YESTERDAY        2                         3     -1        0
  MONTH TO DATE   63                       121    -58       55
  SINCE MAR 1   1128                      1101     27     1133
  SINCE JUL 1   4616                      4381    235     4488

 COOLING
  YESTERDAY        0                         3     -3        0
  MONTH TO DATE   91                        47     44       60
  SINCE MAR 1     96                        67     29       72
  SINCE JAN 1     96                        67     29       72
..................................................................


WIND (MPH)
  HIGHEST WIND SPEED    18   HIGHEST WIND DIRECTION    SW (210)
  HIGHEST GUST SPEED    24   HIGHEST GUST DIRECTION    SW (210)
  AVERAGE WIND SPEED     8.1


SKY COVER
  POSSIBLE SUNSHINE  MM
  AVERAGE SKY COVER 0.1


WEATHER CONDITIONS
 THE FOLLOWING WEATHER WAS RECORDED YESTERDAY.
  NO SIGNIFICANT WEATHER WAS OBSERVED.


RELATIVE HUMIDITY (PERCENT)
 HIGHEST    93           100 AM
 LOWEST     39           100 PM
 AVERAGE    66

..........................................................


THE GEORGETOWN DE CLIMATE NORMALS FOR TODAY
                         NORMAL    RECORD    YEAR
 MAXIMUM TEMPERATURE (F)   76        91      1964
 MINIMUM TEMPERATURE (F)   56        35      1956


SUNRISE AND SUNSET
MAY 25 2015...........SUNRISE   542 AM EDT   SUNSET   815 PM EDT
MAY 26 2015...........SUNRISE   542 AM EDT   SUNSET   816 PM EDT


-  INDICATES NEGATIVE NUMBERS.
R  INDICATES RECORD WAS SET OR TIED.
MM INDICATES DATA IS MISSING.
T  INDICATES TRACE AMOUNT.




$$
