000
CDUS41 KPHI 222133
CLIGED


CLIMATE REPORT
NATIONAL WEATHER SERVICE MOUNT HOLLY NJ
430 PM EST MON DEC 22 2014


...................................

...THE GEORGETOWN DE CLIMATE SUMMARY FOR DECEMBER 22 2014...
VALID TODAY AS OF 0400 PM LOCAL TIME.

CLIMATE NORMAL PERIOD 1981 TO 2010
CLIMATE RECORD PERIOD 1948 TO 2014


WEATHER ITEM   OBSERVED TIME   RECORD YEAR NORMAL DEPARTURE LAST
                VALUE   (LST)  VALUE       VALUE  FROM      YEAR
                                                  NORMAL
..................................................................
TEMPERATURE (F)
 TODAY
  MAXIMUM         42    102 PM  76    2013  46     -4       76
  MINIMUM         26   1255 AM   5    1989  29     -3       62
  AVERAGE         34                        38     -4       69

PRECIPITATION (IN)
  TODAY            0.02          1.59 1972   0.10  -0.08     0.38
  MONTH TO DATE    2.22                      2.48  -0.26     3.35
  SINCE DEC 1      2.22                      2.48  -0.26     3.35
  SINCE JAN 1     42.46                     42.96  -0.50    52.91

SNOWFALL (IN)
  TODAY           MM            MM      MM  MM     MM       MM
  MONTH TO DATE   MM                        MM     MM       MM
  SINCE DEC 1     MM                        MM     MM       MM
  SINCE JUL 1     MM                        MM     MM       MM
  SNOW DEPTH      MM

DEGREE DAYS
 HEATING
  TODAY           31                        27      4        0
  MONTH TO DATE  521                       541    -20      479
  SINCE DEC 1    521                       541    -20      479
  SINCE JUL 1   1284                      1325    -41     1282

 COOLING
  TODAY            0                         0      0        4
  MONTH TO DATE    0                         0      0        4
  SINCE DEC 1      0                         0      0        4
  SINCE JAN 1   1151                      1196    -45     1400
..................................................................


WIND (MPH)
  HIGHEST WIND SPEED    13   HIGHEST WIND DIRECTION    NE (40)
  HIGHEST GUST SPEED    15   HIGHEST GUST DIRECTION    NE (50)
  AVERAGE WIND SPEED     4.4


SKY COVER
  POSSIBLE SUNSHINE  MM
  AVERAGE SKY COVER 0.5


WEATHER CONDITIONS
 THE FOLLOWING WEATHER WAS RECORDED TODAY.
  LIGHT RAIN
  FOG
  HAZE


RELATIVE HUMIDITY (PERCENT)
 HIGHEST    85           400 AM
 LOWEST     70          1100 AM
 AVERAGE    78

..........................................................


THE GEORGETOWN DE CLIMATE NORMALS FOR TOMORROW
                         NORMAL    RECORD    YEAR
 MAXIMUM TEMPERATURE (F)   46        68      2013
                                             1949
 MINIMUM TEMPERATURE (F)   29         3      1989


SUNRISE AND SUNSET
DECEMBER 22 2014......SUNRISE   716 AM EST   SUNSET   444 PM EST
DECEMBER 23 2014......SUNRISE   717 AM EST   SUNSET   444 PM EST


-  INDICATES NEGATIVE NUMBERS.
R  INDICATES RECORD WAS SET OR TIED.
MM INDICATES DATA IS MISSING.
T  INDICATES TRACE AMOUNT.




$$
