000
CDUS41 KPHI 272139
CLIGED


CLIMATE REPORT
NATIONAL WEATHER SERVICE MOUNT HOLLY NJ
438 PM EST TUE JAN 27 2015


...................................

...THE GEORGETOWN DE CLIMATE SUMMARY FOR JANUARY 27 2015...
VALID TODAY AS OF 0400 PM LOCAL TIME.

CLIMATE NORMAL PERIOD 1981 TO 2010
CLIMATE RECORD PERIOD 1948 TO 2015


WEATHER ITEM   OBSERVED TIME   RECORD YEAR NORMAL DEPARTURE LAST
                VALUE   (LST)  VALUE       VALUE  FROM      YEAR
                                                  NORMAL
..................................................................
TEMPERATURE (F)
 TODAY
  MAXIMUM         35    359 PM  70    1950  44     -9       51
  MINIMUM         28    726 AM   0    1987  27      1       25
  AVERAGE         32                        35     -3       38

PRECIPITATION (IN)
  TODAY            T             0.92 1987   0.10  -0.10     0.00
  MONTH TO DATE    4.53                      2.56   1.97     2.89
  SINCE DEC 1      8.06                      5.85   2.21     7.78
  SINCE JAN 1      4.53                      2.56   1.97     2.89

SNOWFALL (IN)
  TODAY           MM            MM      MM  MM     MM       MM
  MONTH TO DATE   MM                        MM     MM       MM
  SINCE DEC 1     MM                        MM     MM       MM
  SINCE JUL 1     MM                        MM     MM       MM
  SNOW DEPTH      MM

DEGREE DAYS
 HEATING
  TODAY           33                        30      3       27
  MONTH TO DATE  823                       807     16      863
  SINCE DEC 1   1519                      1605    -86     1556
  SINCE JUL 1   2282                      2389   -107     2359

 COOLING
  TODAY            0                         0      0        0
  MONTH TO DATE    0                         0      0        0
  SINCE DEC 1      0                         0      0        4
  SINCE JAN 1      0                         0      0        0
..................................................................


WIND (MPH)
  HIGHEST WIND SPEED    16   HIGHEST WIND DIRECTION     N (360)
  HIGHEST GUST SPEED    23   HIGHEST GUST DIRECTION    NW (300)
  AVERAGE WIND SPEED    10.2


SKY COVER
  POSSIBLE SUNSHINE  MM
  AVERAGE SKY COVER 1.0


WEATHER CONDITIONS
 THE FOLLOWING WEATHER WAS RECORDED TODAY.
  LIGHT SNOW
  FOG
  HAZE


RELATIVE HUMIDITY (PERCENT)
 HIGHEST    85           100 AM
 LOWEST     52           400 PM
 AVERAGE    69

..........................................................


THE GEORGETOWN DE CLIMATE NORMALS FOR TOMORROW
                         NORMAL    RECORD    YEAR
 MAXIMUM TEMPERATURE (F)   44        71      1974
 MINIMUM TEMPERATURE (F)   27       -13      1987


SUNRISE AND SUNSET
JANUARY 27 2015.......SUNRISE   711 AM EST   SUNSET   517 PM EST
JANUARY 28 2015.......SUNRISE   711 AM EST   SUNSET   518 PM EST


-  INDICATES NEGATIVE NUMBERS.
R  INDICATES RECORD WAS SET OR TIED.
MM INDICATES DATA IS MISSING.
T  INDICATES TRACE AMOUNT.




$$
