065
CDUS41 KPHI 200544
CLIGED


CLIMATE REPORT
NATIONAL WEATHER SERVICE MOUNT HOLLY NJ
143 AM EDT FRI OCT 20 2017


...................................

...THE GEORGETOWN DE CLIMATE SUMMARY FOR OCTOBER 19 2017...

CLIMATE NORMAL PERIOD 1981 TO 2010
CLIMATE RECORD PERIOD 1948 TO 2017


WEATHER ITEM   OBSERVED TIME   RECORD YEAR NORMAL DEPARTURE LAST
                VALUE   (LST)  VALUE       VALUE  FROM      YEAR
                                                  NORMAL
..................................................................
TEMPERATURE (F)
 YESTERDAY
  MAXIMUM         73    242 PM  86    2016  67      6       86
  MINIMUM         44    619 AM  25    1976  46     -2       64
  AVERAGE         59                        57      2       75

PRECIPITATION (IN)
  YESTERDAY        0.00          3.00 1966   0.13  -0.13     0.00
  MONTH TO DATE    0.77                      2.30  -1.53     3.01
  SINCE SEP 1      2.96                      6.43  -3.47    15.30
  SINCE JAN 1     36.97                     35.70   1.27    44.66

DEGREE DAYS
 HEATING
  YESTERDAY        6                         9     -3        0
  MONTH TO DATE   52                       119    -67       64
  SINCE SEP 1     63                       156    -93       71
  SINCE JUL 1     63                       157    -94       71

 COOLING
  YESTERDAY        0                         0      0       10
  MONTH TO DATE   80                        18     62       34
  SINCE SEP 1    271                       160    111      267
  SINCE JAN 1   1504                      1189    315     1481
..................................................................


WIND (MPH)
  HIGHEST WIND SPEED    14   HIGHEST WIND DIRECTION    SW (220)
  HIGHEST GUST SPEED    17   HIGHEST GUST DIRECTION    SW (220)
  AVERAGE WIND SPEED     3.5


SKY COVER
  POSSIBLE SUNSHINE  MM
  AVERAGE SKY COVER 0.0


WEATHER CONDITIONS
 THE FOLLOWING WEATHER WAS RECORDED YESTERDAY.
  FOG


RELATIVE HUMIDITY (PERCENT)
 HIGHEST    93           100 AM
 LOWEST     38           300 PM
 AVERAGE    66

..........................................................


THE GEORGETOWN DE CLIMATE NORMALS FOR TODAY
                         NORMAL    RECORD    YEAR
 MAXIMUM TEMPERATURE (F)   67        84      2016
 MINIMUM TEMPERATURE (F)   46        26      1981


SUNRISE AND SUNSET
OCTOBER 20 2017.......SUNRISE   716 AM EDT   SUNSET   616 PM EDT
OCTOBER 21 2017.......SUNRISE   717 AM EDT   SUNSET   614 PM EDT


-  INDICATES NEGATIVE NUMBERS.
R  INDICATES RECORD WAS SET OR TIED.
MM INDICATES DATA IS MISSING.
T  INDICATES TRACE AMOUNT.




$$
