000
CDUS41 KPHI 260630
CLIGED


CLIMATE REPORT
NATIONAL WEATHER SERVICE MOUNT HOLLY NJ
129 AM EST SUN FEB 26 2017


...................................

...THE GEORGETOWN DE CLIMATE SUMMARY FOR FEBRUARY 25 2017...

CLIMATE NORMAL PERIOD 1981 TO 2010
CLIMATE RECORD PERIOD 1948 TO 2017


WEATHER ITEM   OBSERVED TIME   RECORD YEAR NORMAL DEPARTURE LAST
                VALUE   (LST)  VALUE       VALUE  FROM      YEAR
                                                  NORMAL
..................................................................
TEMPERATURE (F)
 YESTERDAY
  MAXIMUM         77R   145 PM  76    1975  49     28       64
  MINIMUM         49   1159 PM   8    1967  30     19       42
  AVERAGE         63                        39     24       53

PRECIPITATION (IN)
  YESTERDAY        0.19          1.82 1979   0.10   0.09      T
  MONTH TO DATE    0.75                      2.47  -1.72     3.60
  SINCE DEC 1      6.68                      8.68  -2.00    10.63
  SINCE JAN 1      3.88                      5.39  -1.51     6.47

DEGREE DAYS
 HEATING
  YESTERDAY        2                        26    -24       12
  MONTH TO DATE  477                       694   -217      632
  SINCE DEC 1   1997                      2420   -423     1947
  SINCE JUL 1   2631                      3204   -573     2587

 COOLING
  YESTERDAY        0                         0      0        0
  MONTH TO DATE    0                         0      0        0
  SINCE DEC 1      0                         0      0        9
  SINCE JAN 1      0                         0      0        0
..................................................................


WIND (MPH)
  HIGHEST WIND SPEED    24   HIGHEST WIND DIRECTION     W (280)
  HIGHEST GUST SPEED    35   HIGHEST GUST DIRECTION     W (290)
  AVERAGE WIND SPEED     9.3


SKY COVER
  POSSIBLE SUNSHINE  MM
  AVERAGE SKY COVER 0.1


WEATHER CONDITIONS
 THE FOLLOWING WEATHER WAS RECORDED YESTERDAY.
  THUNDERSTORM
  LIGHT RAIN
  FOG


RELATIVE HUMIDITY (PERCENT)
 HIGHEST   100           600 AM
 LOWEST     50           300 PM
 AVERAGE    75

..........................................................


THE GEORGETOWN DE CLIMATE NORMALS FOR TODAY
                         NORMAL    RECORD    YEAR
 MAXIMUM TEMPERATURE (F)   49        70      1996
 MINIMUM TEMPERATURE (F)   30        11      1970


SUNRISE AND SUNSET
FEBRUARY 26 2017......SUNRISE   638 AM EST   SUNSET   551 PM EST
FEBRUARY 27 2017......SUNRISE   636 AM EST   SUNSET   553 PM EST


-  INDICATES NEGATIVE NUMBERS.
R  INDICATES RECORD WAS SET OR TIED.
MM INDICATES DATA IS MISSING.
T  INDICATES TRACE AMOUNT.




$$
