000
CDUS41 KPHI 290628
CLIGED


CLIMATE REPORT
NATIONAL WEATHER SERVICE MOUNT HOLLY NJ
227 AM EDT WED JUL 29 2015


...................................

...THE GEORGETOWN DE CLIMATE SUMMARY FOR JULY 28 2015...

CLIMATE NORMAL PERIOD 1981 TO 2010
CLIMATE RECORD PERIOD 1948 TO 2015


WEATHER ITEM   OBSERVED TIME   RECORD YEAR NORMAL DEPARTURE LAST
                VALUE   (LST)  VALUE       VALUE  FROM      YEAR
                                                  NORMAL
..................................................................
TEMPERATURE (F)
 YESTERDAY
  MAXIMUM         89   1248 PM  99    1949  86      3       86
  MINIMUM         70    545 AM  47    1977  68      2       70
  AVERAGE         80                        77      3       78

PRECIPITATION (IN)
  YESTERDAY        0.00          1.98 1994   0.13  -0.13     0.00
  MONTH TO DATE    3.30                      3.77  -0.47     7.02
  SINCE JUN 1      8.13                      8.38  -0.25     8.79
  SINCE JAN 1     22.87                     25.32  -2.45    25.98

SNOWFALL (IN)
  YESTERDAY       MM            MM      MM  MM     MM       MM
  MONTH TO DATE   MM                        MM     MM       MM
  SINCE JUN 1     MM                        MM     MM       MM
  SINCE JUL 1     MM                        MM     MM       MM
  SNOW DEPTH      MM

DEGREE DAYS
 HEATING
  YESTERDAY        0                         0      0        0
  MONTH TO DATE    0                         0      0        0
  SINCE JUN 1     21                        13      8        5
  SINCE JUL 1      0                         0      0        0

 COOLING
  YESTERDAY       15                        12      3       13
  MONTH TO DATE  334                       331      3      328
  SINCE JUN 1    627                       570     57      582
  SINCE JAN 1    802                       664    138      683
..................................................................


WIND (MPH)
  HIGHEST WIND SPEED    17   HIGHEST WIND DIRECTION     S (180)
  HIGHEST GUST SPEED    21   HIGHEST GUST DIRECTION     S (180)
  AVERAGE WIND SPEED     3.3


SKY COVER
  POSSIBLE SUNSHINE  MM
  AVERAGE SKY COVER 0.2


WEATHER CONDITIONS
 THE FOLLOWING WEATHER WAS RECORDED YESTERDAY.
  THUNDERSTORM
  FOG


RELATIVE HUMIDITY (PERCENT)
 HIGHEST   100           200 AM
 LOWEST     55           100 PM
 AVERAGE    78

..........................................................


THE GEORGETOWN DE CLIMATE NORMALS FOR TODAY
                         NORMAL    RECORD    YEAR
 MAXIMUM TEMPERATURE (F)   86        99      2011
                                             1954
 MINIMUM TEMPERATURE (F)   68        54      1977


SUNRISE AND SUNSET
JULY 29 2015..........SUNRISE   600 AM EDT   SUNSET   815 PM EDT
JULY 30 2015..........SUNRISE   601 AM EDT   SUNSET   814 PM EDT


-  INDICATES NEGATIVE NUMBERS.
R  INDICATES RECORD WAS SET OR TIED.
MM INDICATES DATA IS MISSING.
T  INDICATES TRACE AMOUNT.




$$
