000
CDUS46 KOTX 270824
CLIGEG


CLIMATE REPORT
NATIONAL WEATHER SERVICE SPOKANE, WA
1223 AM PST TUE JAN 27 2015


...................................

...THE SPOKANE WA AIRPORT CLIMATE SUMMARY FOR JANUARY 26 2015...

CLIMATE NORMAL PERIOD 1981 TO 2010
CLIMATE RECORD PERIOD 1881 TO 2015


WEATHER ITEM   OBSERVED TIME   RECORD YEAR NORMAL DEPARTURE LAST
                VALUE   (LST)  VALUE       VALUE  FROM      YEAR
                                                  NORMAL
..................................................................
TEMPERATURE (F)
 YESTERDAY
  MAXIMUM         49    342 PM  56    2003  36     13       30
  MINIMUM         33   1159 PM -16    1957  26      7       24
  AVERAGE         41                        31     10       27

PRECIPITATION (IN)
  YESTERDAY        0.00          0.74 1970   0.05  -0.05      T
  MONTH TO DATE    1.91                      1.55   0.36     0.59
  SINCE OCT 1      6.64                      7.33  -0.69     2.92
  SINCE JAN 1      1.91                      1.55   0.36     0.59

SNOWFALL (IN)
  YESTERDAY        0.0           9.8  1969   0.2   -0.2      0.1
  MONTH TO DATE   10.1                      10.0    0.1      3.0
  SINCE DEC 1     13.8                      24.6  -10.8      6.7
  SINCE JUL 1     14.3                      32.1  -17.8      9.8
  SNOW DEPTH       0

DEGREE DAYS
 HEATING
  YESTERDAY       24                        34    -10       38
  MONTH TO DATE  883                       929    -46      893
  SINCE DEC 1   1874                      2096   -222     2106
  SINCE JUL 1   3243                      3763   -520     3761

 COOLING
  YESTERDAY        0                         0      0        0
  MONTH TO DATE    0                         0      0        0
  SINCE DEC 1      0                         0      0        0
  SINCE JAN 1      0                         0      0        0
..................................................................


WIND (MPH)
  HIGHEST WIND SPEED    10   HIGHEST WIND DIRECTION    NE (60)
  HIGHEST GUST SPEED    13   HIGHEST GUST DIRECTION    NE (60)
  AVERAGE WIND SPEED     4.5


SKY COVER
  POSSIBLE SUNSHINE  MM
  AVERAGE SKY COVER 0.8


WEATHER CONDITIONS
 THE FOLLOWING WEATHER WAS RECORDED YESTERDAY.
  FOG
  FOG W/VISIBILITY <= 1/4 MILE


RELATIVE HUMIDITY (PERCENT)
 HIGHEST   100          1200 AM
 LOWEST     77           300 PM
 AVERAGE    89

..........................................................


THE SPOKANE WA AIRPORT CLIMATE NORMALS FOR TODAY
                         NORMAL    RECORD    YEAR
 MAXIMUM TEMPERATURE (F)   36        54      1899
 MINIMUM TEMPERATURE (F)   26       -18      1957


SUNRISE AND SUNSET
JANUARY 27 2015.......SUNRISE   723 AM PST   SUNSET   443 PM PST
JANUARY 28 2015.......SUNRISE   722 AM PST   SUNSET   445 PM PST


-  INDICATES NEGATIVE NUMBERS.
R  INDICATES RECORD WAS SET OR TIED.
MM INDICATES DATA IS MISSING.
T  INDICATES TRACE AMOUNT.




$$
