000
CDUS46 KOTX 300837
CLIGEG


CLIMATE REPORT
NATIONAL WEATHER SERVICE SPOKANE, WA
137 AM PDT SAT APR 30 2016


...................................

...THE SPOKANE WA AIRPORT CLIMATE SUMMARY FOR APRIL 29 2016...

CLIMATE NORMAL PERIOD 1981 TO 2010
CLIMATE RECORD PERIOD 1881 TO 2016


WEATHER ITEM   OBSERVED TIME   RECORD YEAR NORMAL DEPARTURE LAST
                VALUE   (LST)  VALUE       VALUE  FROM      YEAR
                                                  NORMAL
..................................................................
TEMPERATURE (F)
 YESTERDAY
  MAXIMUM         52    500 PM  90    1926  61     -9       61
  MINIMUM         47   1045 AM  25    1954  39      8       42
  AVERAGE         50                        50      0       52

PRECIPITATION (IN)
  YESTERDAY        0.07          0.58 1948   0.03   0.04     0.01
  MONTH TO DATE    0.32                      1.24  -0.92     0.53
  SINCE OCT 1     13.44                     11.75   1.69    10.64
  SINCE JAN 1      7.08                      5.97   1.11     5.91

SNOWFALL (IN)
  YESTERDAY        0.0           0.4  1969   0.0    0.0      0.0
  MONTH TO DATE    0.0                       1.0   -1.0      1.0
  SINCE MAR 1      0.6                       4.5   -3.9      1.9
  SINCE JUL 1     34.2                      44.8  -10.6     17.6
  SNOW DEPTH       0

DEGREE DAYS
 HEATING
  YESTERDAY       15                        15      0       13
  MONTH TO DATE  298                       526   -228      504
  SINCE MAR 1    981                      1293   -312     1101
  SINCE JUL 1   5270                      6122   -852     5223

 COOLING
  YESTERDAY        0                         0      0        0
  MONTH TO DATE    6                         0      6        0
  SINCE MAR 1      6                         0      6        0
  SINCE JAN 1      6                         0      6        0
..................................................................


WIND (MPH)
  HIGHEST WIND SPEED    10   HIGHEST WIND DIRECTION     E (90)
  HIGHEST GUST SPEED    15   HIGHEST GUST DIRECTION     E (110)
  AVERAGE WIND SPEED     4.0


SKY COVER
  POSSIBLE SUNSHINE  MM
  AVERAGE SKY COVER 0.9


WEATHER CONDITIONS
 THE FOLLOWING WEATHER WAS RECORDED YESTERDAY.
  LIGHT RAIN
  FOG


RELATIVE HUMIDITY (PERCENT)
 HIGHEST    93          1100 PM
 LOWEST     61           600 AM
 AVERAGE    77

..........................................................


THE SPOKANE WA AIRPORT CLIMATE NORMALS FOR TODAY
                         NORMAL    RECORD    YEAR
 MAXIMUM TEMPERATURE (F)   62        82      1981
 MINIMUM TEMPERATURE (F)   39        26      1972
                                             1881


SUNRISE AND SUNSET
APRIL 30 2016.........SUNRISE   534 AM PDT   SUNSET   802 PM PDT
MAY  1 2016...........SUNRISE   532 AM PDT   SUNSET   803 PM PDT


-  INDICATES NEGATIVE NUMBERS.
R  INDICATES RECORD WAS SET OR TIED.
MM INDICATES DATA IS MISSING.
T  INDICATES TRACE AMOUNT.




$$
