000
CDUS46 KOTX 220823
CLIGEG


CLIMATE REPORT
NATIONAL WEATHER SERVICE SPOKANE, WA
123 AM PDT FRI SEP 22 2017


...................................

...THE SPOKANE WA AIRPORT CLIMATE SUMMARY FOR SEPTEMBER 21 2017...

CLIMATE NORMAL PERIOD 1981 TO 2010
CLIMATE RECORD PERIOD 1881 TO 2017


WEATHER ITEM   OBSERVED TIME   RECORD YEAR NORMAL DEPARTURE LAST
                VALUE   (LST)  VALUE       VALUE  FROM      YEAR
                                                  NORMAL
..................................................................
TEMPERATURE (F)
 YESTERDAY
  MAXIMUM         50    524 PM  92    1967  71    -21       67
                                      1938
  MINIMUM         39    323 AM  30    1895  46     -7       40
  AVERAGE         45                        58    -13       54

PRECIPITATION (IN)
  YESTERDAY        0.24          0.53 1959   0.03   0.21     0.00
  MONTH TO DATE    1.21                      0.46   0.75     0.19
  SINCE OCT 1     24.47                     16.35   8.12    15.35
  SINCE JAN 1     15.18                     10.57   4.61     8.99

SNOWFALL (IN)
  YESTERDAY        0.0           0.0  2002   0.0    0.0      0.0
                                      2001
                                      1999
  MONTH TO DATE    0.0                       0.0    0.0      0.0
  SINCE SEP 1      0.0                       0.0    0.0      0.0
  SINCE JUL 1      0.0                       0.0    0.0      0.0
  SNOW DEPTH       0

DEGREE DAYS
 HEATING
  YESTERDAY       20                         8     12       11
  MONTH TO DATE  104                       101      3      130
  SINCE SEP 1    104                       101      3      130
  SINCE JUL 1    107                       166    -59      160

 COOLING
  YESTERDAY        0                         1     -1        0
  MONTH TO DATE   89                        34     55        2
  SINCE SEP 1     89                        34     55        2
  SINCE JAN 1    794                       445    349      489
..................................................................


WIND (MPH)
  HIGHEST WIND SPEED     9   HIGHEST WIND DIRECTION     S (170)
  HIGHEST GUST SPEED    12   HIGHEST GUST DIRECTION     S (170)
  AVERAGE WIND SPEED     4.7


SKY COVER
  POSSIBLE SUNSHINE  MM
  AVERAGE SKY COVER 0.8


WEATHER CONDITIONS
 THE FOLLOWING WEATHER WAS RECORDED YESTERDAY.
  RAIN
  LIGHT RAIN
  FOG


RELATIVE HUMIDITY (PERCENT)
 HIGHEST   100          1200 AM
 LOWEST     71           400 PM
 AVERAGE    86

..........................................................


THE SPOKANE WA AIRPORT CLIMATE NORMALS FOR TODAY
                         NORMAL    RECORD    YEAR
 MAXIMUM TEMPERATURE (F)   70        93      1966
 MINIMUM TEMPERATURE (F)   45        31      1991


SUNRISE AND SUNSET
SEPTEMBER 22 2017.....SUNRISE   637 AM PDT   SUNSET   647 PM PDT
SEPTEMBER 23 2017.....SUNRISE   639 AM PDT   SUNSET   645 PM PDT


-  INDICATES NEGATIVE NUMBERS.
R  INDICATES RECORD WAS SET OR TIED.
MM INDICATES DATA IS MISSING.
T  INDICATES TRACE AMOUNT.




$$
