000
CDUS46 KOTX 010831
CLIGEG


CLIMATE REPORT
NATIONAL WEATHER SERVICE SPOKANE, WA
127 AM PDT MON SEP 1 2014


...................................

...THE SPOKANE WA AIRPORT CLIMATE SUMMARY FOR AUGUST 31 2014...

CLIMATE NORMAL PERIOD 1981 TO 2010
CLIMATE RECORD PERIOD 1881 TO 2014


WEATHER ITEM   OBSERVED TIME   RECORD YEAR NORMAL DEPARTURE LAST
                VALUE   (LST)  VALUE       VALUE  FROM      YEAR
                                                  NORMAL
..................................................................
TEMPERATURE (F)
 YESTERDAY
  MAXIMUM         71    224 PM 100    1967  79     -8       84
  MINIMUM         52    623 AM  35    1964  52      0       52
  AVERAGE         62                        66     -4       68

PRECIPITATION (IN)
  YESTERDAY        0.00        1.16   1912  0.02  -0.02     0.00
  MONTH TO DATE    0.58                     0.59  -0.01     0.68
  SINCE OCT 1     12.33                    15.89  -3.56    14.83
  SINCE JAN 1     10.00                    10.11  -0.11     7.47

SNOWFALL (IN)
  YESTERDAY        0.0                      0.0    0.0      0.0
  MONTH TO DATE    0.0                      0.0    0.0      0.0
  SINCE JUN 1      0.0                      0.0    0.0      0.0
  SINCE JUL 1      0.0                      0.0    0.0      0.0
  SNOW DEPTH       0

DEGREE DAYS
 HEATING
  YESTERDAY        3                         2      1        0
  MONTH TO DATE    5                        33    -28        7
  SINCE JUN 1    118                       201    -83      147
  SINCE JUL 1     12                        65    -53        7

 COOLING
  YESTERDAY        0                         3     -3        3
  MONTH TO DATE  238                       168     70      239
  SINCE JUN 1    600                       397    203      571
  SINCE JAN 1    606                       411    195      601
..................................................................


WIND (MPH)
  HIGHEST WIND SPEED    23   HIGHEST WIND DIRECTION    SW (210)
  HIGHEST GUST SPEED    31   HIGHEST GUST DIRECTION    SW (230)
  AVERAGE WIND SPEED    14.0


SKY COVER
  POSSIBLE SUNSHINE  MM
  AVERAGE SKY COVER 0.6


WEATHER CONDITIONS
 THE FOLLOWING WEATHER WAS RECORDED YESTERDAY.
  NO SIGNIFICANT WEATHER WAS OBSERVED.


RELATIVE HUMIDITY (PERCENT)
 HIGHEST    89           400 AM
 LOWEST     31           400 PM
 AVERAGE    60

..........................................................


THE SPOKANE WA AIRPORT CLIMATE NORMALS FOR TODAY
                         NORMAL    RECORD    YEAR
 MAXIMUM TEMPERATURE (F)   78        98      1888
 MINIMUM TEMPERATURE (F)   52        37      1959


SUNRISE AND SUNSET
SEPTEMBER  1 2014.....SUNRISE   609 AM PDT   SUNSET   730 PM PDT
SEPTEMBER  2 2014.....SUNRISE   610 AM PDT   SUNSET   728 PM PDT


-  INDICATES NEGATIVE NUMBERS.
R  INDICATES RECORD WAS SET OR TIED.
MM INDICATES DATA IS MISSING.
T  INDICATES TRACE AMOUNT.

$$
