000
CDUS46 KOTX 210840
CLIGEG


CLIMATE REPORT
NATIONAL WEATHER SERVICE SPOKANE, WA
1235 AM PST FRI NOV 21 2014


...................................

...THE SPOKANE WA AIRPORT CLIMATE SUMMARY FOR NOVEMBER 20 2014...

CLIMATE NORMAL PERIOD 1981 TO 2010
CLIMATE RECORD PERIOD 1881 TO 2014


WEATHER ITEM   OBSERVED TIME   RECORD YEAR NORMAL DEPARTURE LAST
                VALUE   (LST)  VALUE       VALUE  FROM      YEAR
                                                  NORMAL
..................................................................
TEMPERATURE (F)
 YESTERDAY
  MAXIMUM         34    213 PM  61    1917  39     -5       35
  MINIMUM         26    925 AM   4    1985  29     -3       20
                                      1900
  AVERAGE         30                        34     -4       28

PRECIPITATION (IN)
  YESTERDAY        0.05          0.95 1998   0.08  -0.03     0.00
  MONTH TO DATE    0.65                      1.47  -0.82     1.49
  SINCE OCT 1      2.07                      2.65  -0.58     1.58
  SINCE JAN 1     12.33                     13.43  -1.10    10.61

SNOWFALL (IN)
  YESTERDAY        0.5           8.2  2003   0.3    0.2      0.0
  MONTH TO DATE    0.5                       3.7   -3.2      2.7
  SINCE SEP 1      0.5                       3.8   -3.3      2.7
  SINCE JUL 1      0.5                       3.8   -3.3      2.7
  SNOW DEPTH       T

DEGREE DAYS
 HEATING
  YESTERDAY       35                        31      4       37
  MONTH TO DATE  621                       548     73      530
  SINCE SEP 1   1072                      1271   -199     1280
  SINCE JUL 1   1084                      1336   -252     1287

 COOLING
  YESTERDAY        0                         0      0        0
  MONTH TO DATE    0                         0      0        0
  SINCE SEP 1     48                        39      9      108
  SINCE JAN 1    654                       450    204      709
..................................................................


WIND (MPH)
  HIGHEST WIND SPEED    13   HIGHEST WIND DIRECTION    SW (230)
  HIGHEST GUST SPEED    15   HIGHEST GUST DIRECTION    SW (220)
  AVERAGE WIND SPEED     4.3


SKY COVER
  POSSIBLE SUNSHINE  MM
  AVERAGE SKY COVER 1.0


WEATHER CONDITIONS
 THE FOLLOWING WEATHER WAS RECORDED YESTERDAY.
  LIGHT SNOW
  FOG
  HAZE


RELATIVE HUMIDITY (PERCENT)
 HIGHEST    92           800 AM
 LOWEST     69          1200 AM
 AVERAGE    81

..........................................................


THE SPOKANE WA AIRPORT CLIMATE NORMALS FOR TODAY
                         NORMAL    RECORD    YEAR
 MAXIMUM TEMPERATURE (F)   39        56      2002
 MINIMUM TEMPERATURE (F)   28       -10      1900


SUNRISE AND SUNSET
NOVEMBER 21 2014......SUNRISE   704 AM PST   SUNSET   407 PM PST
NOVEMBER 22 2014......SUNRISE   706 AM PST   SUNSET   407 PM PST


-  INDICATES NEGATIVE NUMBERS.
R  INDICATES RECORD WAS SET OR TIED.
MM INDICATES DATA IS MISSING.
T  INDICATES TRACE AMOUNT.




$$
