000
CDUS46 KOTX 270824
CLIGEG


CLIMATE REPORT
NATIONAL WEATHER SERVICE SPOKANE, WA
123 AM PDT WED JUL 27 2016


...................................

...THE SPOKANE WA AIRPORT CLIMATE SUMMARY FOR JULY 26 2016...

CLIMATE NORMAL PERIOD 1981 TO 2010
CLIMATE RECORD PERIOD 1881 TO 2016


WEATHER ITEM   OBSERVED TIME   RECORD YEAR NORMAL DEPARTURE LAST
                VALUE   (LST)  VALUE       VALUE  FROM      YEAR
                                                  NORMAL
..................................................................
TEMPERATURE (F)
 YESTERDAY
  MAXIMUM         91    351 PM 108    1928  86      5       72
  MINIMUM         66    529 AM  42    1969  58      8       53
  AVERAGE         79                        72      7       63

PRECIPITATION (IN)
  YESTERDAY        T             0.72 1940   0.01  -0.01     0.00
  MONTH TO DATE    0.27                      0.56  -0.29     0.19
  SINCE OCT 1     15.00                     15.22  -0.22    11.75
  SINCE JAN 1      8.64                      9.44  -0.80     7.02

SNOWFALL (IN)
  YESTERDAY        0.0           0.0  2002   0.0    0.0      0.0
                                      2001
                                      2000
  MONTH TO DATE    0.0                       0.0    0.0      0.0
  SINCE JUN 1      0.0                       0.0    0.0      0.0
  SINCE JUL 1      0.0                       0.0    0.0      0.0
  SNOW DEPTH       0

DEGREE DAYS
 HEATING
  YESTERDAY        0                         0      0        2
  MONTH TO DATE   20                        31    -11        2
  SINCE JUN 1    130                       167    -37       27
  SINCE JUL 1     20                        31    -11        2

 COOLING
  YESTERDAY       14                         7      7        0
  MONTH TO DATE   86                       143    -57      262
  SINCE JUN 1    200                       192      8      487
  SINCE JAN 1    212                       206      6      519
..................................................................


WIND (MPH)
  HIGHEST WIND SPEED    29   HIGHEST WIND DIRECTION     N (10)
  HIGHEST GUST SPEED    34   HIGHEST GUST DIRECTION     N (360)
  AVERAGE WIND SPEED     8.1


SKY COVER
  POSSIBLE SUNSHINE  MM
  AVERAGE SKY COVER 0.5


WEATHER CONDITIONS
 THE FOLLOWING WEATHER WAS RECORDED YESTERDAY.
  THUNDERSTORM
  LIGHT RAIN


RELATIVE HUMIDITY (PERCENT)
 HIGHEST    57           900 PM
 LOWEST     21           400 PM
 AVERAGE    39

..........................................................


THE SPOKANE WA AIRPORT CLIMATE NORMALS FOR TODAY
                         NORMAL    RECORD    YEAR
 MAXIMUM TEMPERATURE (F)   86       106      1934
 MINIMUM TEMPERATURE (F)   58        43      1888


SUNRISE AND SUNSET
JULY 27 2016..........SUNRISE   522 AM PDT   SUNSET   830 PM PDT
JULY 28 2016..........SUNRISE   523 AM PDT   SUNSET   829 PM PDT


-  INDICATES NEGATIVE NUMBERS.
R  INDICATES RECORD WAS SET OR TIED.
MM INDICATES DATA IS MISSING.
T  INDICATES TRACE AMOUNT.




$$
