000
CDUS46 KOTX 300831
CLIGEG


CLIMATE REPORT
NATIONAL WEATHER SERVICE SPOKANE, WA
130 AM PDT SAT MAY 30 2015


...................................

...THE SPOKANE WA AIRPORT CLIMATE SUMMARY FOR MAY 29 2015...

CLIMATE NORMAL PERIOD 1981 TO 2010
CLIMATE RECORD PERIOD 1881 TO 2015


WEATHER ITEM   OBSERVED TIME   RECORD YEAR NORMAL DEPARTURE LAST
                VALUE   (LST)  VALUE       VALUE  FROM      YEAR
                                                  NORMAL
..................................................................
TEMPERATURE (F)
 YESTERDAY
  MAXIMUM         82    443 PM  95    1986  70     12       63
                                      1897
  MINIMUM         55    428 AM  34    1979  47      8       43
                                      1951
  AVERAGE         69                        58     11       53

PRECIPITATION (IN)
  YESTERDAY        0.00          0.52 1948   0.07  -0.07     0.00
  MONTH TO DATE    0.85                      1.50  -0.65     0.56
  SINCE OCT 1     11.49                     13.29  -1.80     9.73
  SINCE JAN 1      6.76                      7.51  -0.75     7.40

SNOWFALL (IN)
  YESTERDAY        0.0           0.0  2002   0.0    0.0      0.0
                                      2001
                                      2000
  MONTH TO DATE    0.0                       0.1   -0.1      0.0
  SINCE MAR 1      1.9                       4.6   -2.7      5.8
  SINCE JUL 1     17.6                      44.9  -27.3     37.6
  SNOW DEPTH       0

DEGREE DAYS
 HEATING
  YESTERDAY        0                         7     -7       12
  MONTH TO DATE  157                       306   -149      221
  SINCE MAR 1   1273                      1613   -340     1538
  SINCE JUL 1   5395                      6442  -1047     6581

 COOLING
  YESTERDAY        4                         1      3        0
  MONTH TO DATE   20                         8     12        6
  SINCE MAR 1     20                         8     12        6
  SINCE JAN 1     20                         8     12        6
..................................................................


WIND (MPH)
  HIGHEST WIND SPEED    36   HIGHEST WIND DIRECTION    NW (320)
  HIGHEST GUST SPEED    44   HIGHEST GUST DIRECTION    NW (320)
  AVERAGE WIND SPEED     8.5


SKY COVER
  POSSIBLE SUNSHINE  MM
  AVERAGE SKY COVER 0.7


WEATHER CONDITIONS
 THE FOLLOWING WEATHER WAS RECORDED YESTERDAY.
  THUNDERSTORM
  HAZE


RELATIVE HUMIDITY (PERCENT)
 HIGHEST    86           400 AM
 LOWEST     26           400 PM
 AVERAGE    56

..........................................................


THE SPOKANE WA AIRPORT CLIMATE NORMALS FOR TODAY
                         NORMAL    RECORD    YEAR
 MAXIMUM TEMPERATURE (F)   70        95      1986
                                             1887
 MINIMUM TEMPERATURE (F)   48        34      1978


SUNRISE AND SUNSET
MAY 30 2015...........SUNRISE   458 AM PDT   SUNSET   838 PM PDT
MAY 31 2015...........SUNRISE   457 AM PDT   SUNSET   839 PM PDT


-  INDICATES NEGATIVE NUMBERS.
R  INDICATES RECORD WAS SET OR TIED.
MM INDICATES DATA IS MISSING.
T  INDICATES TRACE AMOUNT.




$$
