000
CDUS46 KOTX 260827
CLIGEG


CLIMATE REPORT
NATIONAL WEATHER SERVICE SPOKANE, WA
126 AM PDT FRI MAY 26 2017


...................................

...THE SPOKANE WA AIRPORT CLIMATE SUMMARY FOR MAY 25 2017...

CLIMATE NORMAL PERIOD 1981 TO 2010
CLIMATE RECORD PERIOD 1881 TO 2017


WEATHER ITEM   OBSERVED TIME   RECORD YEAR NORMAL DEPARTURE LAST
                VALUE   (LST)  VALUE       VALUE  FROM      YEAR
                                                  NORMAL
..................................................................
TEMPERATURE (F)
 YESTERDAY
  MAXIMUM         63    537 PM  97    1928  69     -6       72
  MINIMUM         46    411 AM  31    1964  46      0       47
  AVERAGE         55                        58     -3       60

PRECIPITATION (IN)
  YESTERDAY        T             0.74 1997   0.06  -0.06     0.00
  MONTH TO DATE    1.31                      1.25   0.06     0.78
  SINCE OCT 1     22.55                     13.04   9.51    14.22
  SINCE JAN 1     13.26                      7.26   6.00     7.86

SNOWFALL (IN)
  YESTERDAY        0.0           0.0  2002   0.0    0.0      0.0
                                      2001
                                      2000
  MONTH TO DATE    0.0                       0.1   -0.1      0.0
  SINCE MAR 1      5.9                       4.6    1.3      0.6
  SINCE JUL 1     61.5                      44.9   16.6     34.2
  SNOW DEPTH       0

DEGREE DAYS
 HEATING
  YESTERDAY       10                         8      2        5
  MONTH TO DATE  267                       276     -9      151
  SINCE MAR 1   1564                      1583    -19     1142
  SINCE JUL 1   6557                      6412    145     5431

 COOLING
  YESTERDAY        0                         1     -1        0
  MONTH TO DATE   10                         4      6        6
  SINCE MAR 1     10                         4      6       12
  SINCE JAN 1     10                         4      6       12
..................................................................


WIND (MPH)
  HIGHEST WIND SPEED    14   HIGHEST WIND DIRECTION     W (280)
  HIGHEST GUST SPEED    18   HIGHEST GUST DIRECTION     W (280)
  AVERAGE WIND SPEED     5.3


SKY COVER
  POSSIBLE SUNSHINE  MM
  AVERAGE SKY COVER 0.7


WEATHER CONDITIONS
 THE FOLLOWING WEATHER WAS RECORDED YESTERDAY.
  LIGHT RAIN


RELATIVE HUMIDITY (PERCENT)
 HIGHEST    71           100 AM
 LOWEST     36           600 PM
 AVERAGE    54

..........................................................


THE SPOKANE WA AIRPORT CLIMATE NORMALS FOR TODAY
                         NORMAL    RECORD    YEAR
 MAXIMUM TEMPERATURE (F)   69        93      1936
 MINIMUM TEMPERATURE (F)   47        35      1991
                                             1973
                                             1954


SUNRISE AND SUNSET
MAY 26 2017...........SUNRISE   501 AM PDT   SUNSET   834 PM PDT
MAY 27 2017...........SUNRISE   500 AM PDT   SUNSET   835 PM PDT


-  INDICATES NEGATIVE NUMBERS.
R  INDICATES RECORD WAS SET OR TIED.
MM INDICATES DATA IS MISSING.
T  INDICATES TRACE AMOUNT.




$$
