000
CDUS45 KRIW 020738
CLIGEY


CLIMATE REPORT
NATIONAL WEATHER SERVICE RIVERTON WY
128 AM MDT TUE JUN 2 2015


...................................

...THE GREYBULL WY CLIMATE SUMMARY FOR JUNE 1 2015...

CLIMATE NORMAL PERIOD 1981 TO 2010
CLIMATE RECORD PERIOD 1998 TO 2015


WEATHER ITEM   OBSERVED TIME   RECORD YEAR NORMAL DEPARTURE LAST
                VALUE   (LST)  VALUE       VALUE  FROM      YEAR
                                                  NORMAL
..................................................................
TEMPERATURE (F)
 YESTERDAY
  MAXIMUM         87R   228 PM  85    2001  76     11       71
  MINIMUM         57   1159 PM  40    2000  48      9       51
  AVERAGE         72                        62     10       61

PRECIPITATION (IN)
  YESTERDAY        0.10          0.22 2003   0.08   0.02      T
  MONTH TO DATE    0.10                      0.08   0.02      T
  SINCE JUN 1      0.10                      0.08   0.02      T
  SINCE JAN 1      1.68                      3.25  -1.57     1.70

DEGREE DAYS
 HEATING
  YESTERDAY        0                         5     -5        4
  MONTH TO DATE    0                         5     -5        4
  SINCE JUN 1      0                         5     -5        4
  SINCE JUL 1   7119                      7685   -566     7588

 COOLING
  YESTERDAY        7                         2      5        0
  MONTH TO DATE    7                         2      5        0
  SINCE JUN 1      7                         2      5        0
  SINCE JAN 1     12                        22    -10       42
..................................................................


WIND (MPH)
  HIGHEST WIND SPEED    43   HIGHEST WIND DIRECTION     W (290)
  HIGHEST GUST SPEED    54   HIGHEST GUST DIRECTION    NW (300)
  AVERAGE WIND SPEED     9.6


SKY COVER
  POSSIBLE SUNSHINE  MM
  AVERAGE SKY COVER 0.2


WEATHER CONDITIONS
 THE FOLLOWING WEATHER WAS RECORDED YESTERDAY.
  THUNDERSTORM
  RAIN
  LIGHT RAIN


RELATIVE HUMIDITY (PERCENT)
 HIGHEST    80           500 AM
 LOWEST     25           100 PM
 AVERAGE    53

..........................................................


THE GREYBULL WY CLIMATE NORMALS FOR TODAY
                         NORMAL    RECORD    YEAR
 MAXIMUM TEMPERATURE (F)   76        92      2006
 MINIMUM TEMPERATURE (F)   48        39      2005


SUNRISE AND SUNSET
JUNE  2 2015..........SUNRISE   530 AM MDT   SUNSET   851 PM MDT
JUNE  3 2015..........SUNRISE   530 AM MDT   SUNSET   852 PM MDT


-  INDICATES NEGATIVE NUMBERS.
R  INDICATES RECORD WAS SET OR TIED.
MM INDICATES DATA IS MISSING.
T  INDICATES TRACE AMOUNT.




$$
