000
CDUS45 KRIW 270731
CLIGEY


CLIMATE REPORT
NATIONAL WEATHER SERVICE RIVERTON WY
1229 AM MST MON FEB 27 2017


...................................

...THE GREYBULL WY CLIMATE SUMMARY FOR FEBRUARY 26 2017...

CLIMATE NORMAL PERIOD 1981 TO 2010
CLIMATE RECORD PERIOD 1998 TO 2017


WEATHER ITEM   OBSERVED TIME   RECORD YEAR NORMAL DEPARTURE LAST
                VALUE   (LST)  VALUE       VALUE  FROM      YEAR
                                                  NORMAL
..................................................................
TEMPERATURE (F)
 YESTERDAY
  MAXIMUM         32    448 PM  60    2016  42    -10       60
  MINIMUM         18    720 AM -16    2014  16      2       15
  AVERAGE         25                        29     -4       38

PRECIPITATION (IN)
  YESTERDAY        0.00          T    2012   0.00   0.00     0.00
                                      2012
                                      2015
  MONTH TO DATE    0.10                      0.16  -0.06      T
  SINCE DEC 1      0.24                      0.67  -0.43     0.12
  SINCE JAN 1      0.21                      0.39  -0.18     0.11

DEGREE DAYS
 HEATING
  YESTERDAY       40                        36      4       27
  MONTH TO DATE 1051                      1089    -38      796
  SINCE DEC 1   4594                      4046    548     3566
  SINCE JUL 1   5969                      5903     66     5083

 COOLING
  YESTERDAY        0                         0      0        0
  MONTH TO DATE    0                         0      0        0
  SINCE DEC 1      0                         0      0        0
  SINCE JAN 1      0                         0      0        0
..................................................................


WIND (MPH)
  HIGHEST WIND SPEED    13   HIGHEST WIND DIRECTION    SE (140)
  HIGHEST GUST SPEED    16   HIGHEST GUST DIRECTION    SE (140)
  AVERAGE WIND SPEED     5.9


SKY COVER
  POSSIBLE SUNSHINE  MM
  AVERAGE SKY COVER 0.2


WEATHER CONDITIONS
 THE FOLLOWING WEATHER WAS RECORDED YESTERDAY.
  NO SIGNIFICANT WEATHER WAS OBSERVED.


RELATIVE HUMIDITY (PERCENT)
 HIGHEST    73           500 AM
 LOWEST     39           100 PM
 AVERAGE    56

..........................................................


THE GREYBULL WY CLIMATE NORMALS FOR TODAY
                         NORMAL    RECORD    YEAR
 MAXIMUM TEMPERATURE (F)   42        67      2006
 MINIMUM TEMPERATURE (F)   17       -10      2014


SUNRISE AND SUNSET
FEBRUARY 27 2017......SUNRISE   652 AM MST   SUNSET   558 PM MST
FEBRUARY 28 2017......SUNRISE   651 AM MST   SUNSET   559 PM MST


-  INDICATES NEGATIVE NUMBERS.
R  INDICATES RECORD WAS SET OR TIED.
MM INDICATES DATA IS MISSING.
T  INDICATES TRACE AMOUNT.




$$
