000
CDUS45 KRIW 270034
CLIGEY


CLIMATE REPORT
NATIONAL WEATHER SERVICE RIVERTON WY
633 PM MDT SUN MAR 26 2017


...................................

...THE GREYBULL WY CLIMATE SUMMARY FOR MARCH 26 2017...
VALID TODAY AS OF 0500 PM LOCAL TIME.

CLIMATE NORMAL PERIOD 1981 TO 2010
CLIMATE RECORD PERIOD 1998 TO 2017


WEATHER ITEM   OBSERVED TIME   RECORD YEAR NORMAL DEPARTURE LAST
                VALUE   (LST)  VALUE       VALUE  FROM      YEAR
                                                  NORMAL
..................................................................
TEMPERATURE (F)
 TODAY
  MAXIMUM         57        MM  74    2012  55      2       48
                                      2004
  MINIMUM         30        MM  14    2009  26      4       21
  AVERAGE         44

PRECIPITATION (IN)
  TODAY            0.00          0.37 2003   0.01  -0.01     0.00
  MONTH TO DATE    0.30                      0.30   0.00     0.08
  SINCE MAR 1      0.30                      0.30   0.00     0.08
  SINCE JAN 1      0.51                      0.71  -0.20     0.19

DEGREE DAYS
 HEATING
  TODAY           21                        24     -3       30
  MONTH TO DATE  556                       753   -197      632
  SINCE MAR 1    556                       753   -197      632
  SINCE JUL 1   6597                      6724   -127     5785

 COOLING
  TODAY            0                         0      0        0
  MONTH TO DATE    0                         0      0        0
  SINCE MAR 1      0                         0      0        0
  SINCE JAN 1      0                         0      0        0
..................................................................


WIND (MPH)
  HIGHEST WIND SPEED    10   HIGHEST WIND DIRECTION    SE (150)
  HIGHEST GUST SPEED    21   HIGHEST GUST DIRECTION    SE (150)
  AVERAGE WIND SPEED     4.1


SKY COVER
  POSSIBLE SUNSHINE  MM
  AVERAGE SKY COVER 0.2


WEATHER CONDITIONS
 THE FOLLOWING WEATHER WAS RECORDED TODAY.
  FOG
  FOG W/VISIBILITY <= 1/4 MILE


RELATIVE HUMIDITY (PERCENT)
 HIGHEST   100           800 AM
 LOWEST     30           200 PM
 AVERAGE    65

..........................................................


THE GREYBULL WY CLIMATE NORMALS FOR TOMORROW
                         NORMAL    RECORD    YEAR
 MAXIMUM TEMPERATURE (F)   55        77      2007
 MINIMUM TEMPERATURE (F)   27        11      2009


SUNRISE AND SUNSET
MARCH 26 2017.........SUNRISE   704 AM MDT   SUNSET   733 PM MDT
MARCH 27 2017.........SUNRISE   702 AM MDT   SUNSET   734 PM MDT


-  INDICATES NEGATIVE NUMBERS.
R  INDICATES RECORD WAS SET OR TIED.
MM INDICATES DATA IS MISSING.
T  INDICATES TRACE AMOUNT.




$$
