000
CDUS45 KRIW 290736
CLIGEY


CLIMATE REPORT
NATIONAL WEATHER SERVICE RIVERTON WY
127 AM MDT SAT AUG 29 2015


...................................

...THE GREYBULL WY CLIMATE SUMMARY FOR AUGUST 28 2015...

CLIMATE NORMAL PERIOD 1981 TO 2010
CLIMATE RECORD PERIOD 1998 TO 2015


WEATHER ITEM   OBSERVED TIME   RECORD YEAR NORMAL DEPARTURE LAST
                VALUE   (LST)  VALUE       VALUE  FROM      YEAR
                                                  NORMAL
..................................................................
TEMPERATURE (F)
 YESTERDAY
  MAXIMUM         89    505 PM  98    2012  86      3       87
  MINIMUM         52    638 AM  42    2004  51      1       52
  AVERAGE         71                        68      3       70

PRECIPITATION (IN)
  YESTERDAY        0.00          0.03 2010   0.03  -0.03      T
  MONTH TO DATE    0.09                      0.36  -0.27     0.98
  SINCE JUN 1      0.34                      2.22  -1.88     2.13
  SINCE JAN 1      1.92                      5.39  -3.47     3.83

DEGREE DAYS
 HEATING
  YESTERDAY        0                         1     -1        0
  MONTH TO DATE   25                         6     19       24
  SINCE JUN 1     28                        82    -54       80
  SINCE JUL 1     28                        12     16       24

 COOLING
  YESTERDAY        6                         5      1        5
  MONTH TO DATE  208                       217     -9      210
  SINCE JUN 1    715                       600    115      603
  SINCE JAN 1    720                       620    100      645
..................................................................


WIND (MPH)
  HIGHEST WIND SPEED    14   HIGHEST WIND DIRECTION     E (90)
  HIGHEST GUST SPEED    18   HIGHEST GUST DIRECTION     E (80)
  AVERAGE WIND SPEED     3.8


SKY COVER
  POSSIBLE SUNSHINE  MM
  AVERAGE SKY COVER 0.0


WEATHER CONDITIONS
 THE FOLLOWING WEATHER WAS RECORDED YESTERDAY.
  FOG
  HAZE


RELATIVE HUMIDITY (PERCENT)
 HIGHEST    89           500 AM
 LOWEST     16           500 PM
 AVERAGE    53

..........................................................


THE GREYBULL WY CLIMATE NORMALS FOR TODAY
                         NORMAL    RECORD    YEAR
 MAXIMUM TEMPERATURE (F)   85       100      2012
 MINIMUM TEMPERATURE (F)   51        46      2005


SUNRISE AND SUNSET
AUGUST 29 2015........SUNRISE   631 AM MDT   SUNSET   754 PM MDT
AUGUST 30 2015........SUNRISE   632 AM MDT   SUNSET   753 PM MDT


-  INDICATES NEGATIVE NUMBERS.
R  INDICATES RECORD WAS SET OR TIED.
MM INDICATES DATA IS MISSING.
T  INDICATES TRACE AMOUNT.




$$
