000
CDUS45 KRIW 180732
CLIGEY


CLIMATE REPORT
NATIONAL WEATHER SERVICE RIVERTON WY
1231 AM MST SUN FEB 18 2018


...................................

...THE GREYBULL WY CLIMATE SUMMARY FOR FEBRUARY 17 2018...

CLIMATE NORMAL PERIOD 1981 TO 2010
CLIMATE RECORD PERIOD 1998 TO 2018


WEATHER ITEM   OBSERVED TIME   RECORD YEAR NORMAL DEPARTURE LAST
                VALUE   (LST)  VALUE       VALUE  FROM      YEAR
                                                  NORMAL
..................................................................
TEMPERATURE (F)
 YESTERDAY
  MAXIMUM         40    428 PM  55    2016  37      3       49
  MINIMUM         16    759 AM -14    2006  12      4       30
  AVERAGE         28                        24      4       40

PRECIPITATION (IN)
  YESTERDAY        T   R         T    2012   0.00   0.00     0.00
                                      2012
                                      2015
  MONTH TO DATE    0.23                      0.10   0.13     0.09
  SINCE DEC 1      0.46                      0.61  -0.15     0.23
  SINCE JAN 1      0.24                      0.33  -0.09     0.20

DEGREE DAYS
 HEATING
  YESTERDAY       37                        41     -4       25
  MONTH TO DATE  870                       745    125      786
  SINCE DEC 1   3768                      3702     66     4329
  SINCE JUL 1   5545                      5559    -14     5704

 COOLING
  YESTERDAY        0                         0      0        0
  MONTH TO DATE    0                         0      0        0
  SINCE DEC 1      0                         0      0        0
  SINCE JAN 1      0                         0      0        0
..................................................................


WIND (MPH)
  HIGHEST WIND SPEED    12   HIGHEST WIND DIRECTION    SE (140)
  HIGHEST GUST SPEED    14   HIGHEST GUST DIRECTION    SE (150)
  AVERAGE WIND SPEED     4.1


SKY COVER
  POSSIBLE SUNSHINE  MM
  AVERAGE SKY COVER 0.4


WEATHER CONDITIONS
 THE FOLLOWING WEATHER WAS RECORDED YESTERDAY.
  LIGHT SNOW
  FOG


RELATIVE HUMIDITY (PERCENT)
 HIGHEST    92           400 AM
 LOWEST     48           400 PM
 AVERAGE    70

..........................................................


THE GREYBULL WY CLIMATE NORMALS FOR TODAY
                         NORMAL    RECORD    YEAR
 MAXIMUM TEMPERATURE (F)   37        64      2016
 MINIMUM TEMPERATURE (F)   13       -19      2006


SUNRISE AND SUNSET
FEBRUARY 18 2018......SUNRISE   708 AM MST   SUNSET   545 PM MST
FEBRUARY 19 2018......SUNRISE   706 AM MST   SUNSET   547 PM MST


-  INDICATES NEGATIVE NUMBERS.
R  INDICATES RECORD WAS SET OR TIED.
MM INDICATES DATA IS MISSING.
T  INDICATES TRACE AMOUNT.




$$
