000
CDUS45 KRIW 230744
CLIGEY


CLIMATE REPORT
NATIONAL WEATHER SERVICE RIVERTON WY
1238 AM MST THU NOV 23 2017


...................................

...THE GREYBULL WY CLIMATE SUMMARY FOR NOVEMBER 22 2017...

CLIMATE NORMAL PERIOD 1981 TO 2010
CLIMATE RECORD PERIOD 1998 TO 2017


WEATHER ITEM   OBSERVED TIME   RECORD YEAR NORMAL DEPARTURE LAST
                VALUE   (LST)  VALUE       VALUE  FROM      YEAR
                                                  NORMAL
..................................................................
TEMPERATURE (F)
 YESTERDAY
  MAXIMUM         56    305 PM  64    2006  39     17       48
  MINIMUM         29    411 AM  -7    2013  14     15       32
  AVERAGE         43                        26     17       40

PRECIPITATION (IN)
  YESTERDAY        0.00          0.04 2001   0.01  -0.01      T
  MONTH TO DATE    0.20                      0.21  -0.01     0.22
  SINCE SEP 1      2.20                      1.69   0.51     4.16
  SINCE JAN 1      4.18                      7.14  -2.96     7.04

DEGREE DAYS
 HEATING
  YESTERDAY       22                        39    -17       25
  MONTH TO DATE  703                       705     -2      500
  SINCE SEP 1   1546                      1506     40     1104
  SINCE JUL 1   1546                      1527     19     1123

 COOLING
  YESTERDAY        0                         0      0        0
  MONTH TO DATE    0                         0      0        0
  SINCE SEP 1     62                        36     26       42
  SINCE JAN 1    824                       669    155      887
..................................................................


WIND (MPH)
  HIGHEST WIND SPEED    13   HIGHEST WIND DIRECTION     E (90)
  HIGHEST GUST SPEED    16   HIGHEST GUST DIRECTION     E (90)
  AVERAGE WIND SPEED     4.2


SKY COVER
  POSSIBLE SUNSHINE  MM
  AVERAGE SKY COVER 0.1


WEATHER CONDITIONS
 THE FOLLOWING WEATHER WAS RECORDED YESTERDAY.
  NO SIGNIFICANT WEATHER WAS OBSERVED.


RELATIVE HUMIDITY (PERCENT)
 HIGHEST    92           300 AM
 LOWEST     47           300 PM
 AVERAGE    70

..........................................................


THE GREYBULL WY CLIMATE NORMALS FOR TODAY
                         NORMAL    RECORD    YEAR
 MAXIMUM TEMPERATURE (F)   38        56      1998
 MINIMUM TEMPERATURE (F)   14       -14      2003


SUNRISE AND SUNSET
NOVEMBER 23 2017......SUNRISE   719 AM MST   SUNSET   438 PM MST
NOVEMBER 24 2017......SUNRISE   721 AM MST   SUNSET   437 PM MST


-  INDICATES NEGATIVE NUMBERS.
R  INDICATES RECORD WAS SET OR TIED.
MM INDICATES DATA IS MISSING.
T  INDICATES TRACE AMOUNT.




$$
