000
CDUS45 KRIW 290743
CLIGEY


CLIMATE REPORT
NATIONAL WEATHER SERVICE RIVERTON WY
143 AM MDT WED JUL 29 2015


...................................

...THE GREYBULL WY CLIMATE SUMMARY FOR JULY 28 2015...

CLIMATE NORMAL PERIOD 1981 TO 2010
CLIMATE RECORD PERIOD 1998 TO 2015


WEATHER ITEM   OBSERVED TIME   RECORD YEAR NORMAL DEPARTURE LAST
                VALUE   (LST)  VALUE       VALUE  FROM      YEAR
                                                  NORMAL
..................................................................
TEMPERATURE (F)
 YESTERDAY
  MAXIMUM         76    551 PM 104    1999  92    -16       98
  MINIMUM         47R   530 AM  50    2002  58    -11       56
  AVERAGE         62                        75    -13       77

PRECIPITATION (IN)
  YESTERDAY        0.00          0.05 2004   0.01  -0.01     0.00
  MONTH TO DATE    T                         0.61  -0.61     0.21
  SINCE JUN 1      0.25                      1.81  -1.56     1.15
  SINCE JAN 1      1.83                      4.98  -3.15     2.85

DEGREE DAYS
 HEATING
  YESTERDAY        3                         0      3        0
  MONTH TO DATE    3                         1      2        0
  SINCE JUN 1      3                        71    -68       56
  SINCE JUL 1      3                         1      2        0

 COOLING
  YESTERDAY        0                        10    -10       12
  MONTH TO DATE  246                       248     -2      322
  SINCE JUN 1    491                       354    137      371
  SINCE JAN 1    496                       374    122      413
..................................................................


WIND (MPH)
  HIGHEST WIND SPEED    20   HIGHEST WIND DIRECTION     N (10)
  HIGHEST GUST SPEED    26   HIGHEST GUST DIRECTION    NW (330)
  AVERAGE WIND SPEED     7.2


SKY COVER
  POSSIBLE SUNSHINE  MM
  AVERAGE SKY COVER 0.1


WEATHER CONDITIONS
 THE FOLLOWING WEATHER WAS RECORDED YESTERDAY.
  NO SIGNIFICANT WEATHER WAS OBSERVED.


RELATIVE HUMIDITY (PERCENT)
 HIGHEST    93           400 AM
 LOWEST     19           300 PM
 AVERAGE    56

..........................................................


THE GREYBULL WY CLIMATE NORMALS FOR TODAY
                         NORMAL    RECORD    YEAR
 MAXIMUM TEMPERATURE (F)   92       103      2006
 MINIMUM TEMPERATURE (F)   58        53      2009


SUNRISE AND SUNSET
JULY 29 2015..........SUNRISE   556 AM MDT   SUNSET   841 PM MDT
JULY 30 2015..........SUNRISE   557 AM MDT   SUNSET   840 PM MDT


-  INDICATES NEGATIVE NUMBERS.
R  INDICATES RECORD WAS SET OR TIED.
MM INDICATES DATA IS MISSING.
T  INDICATES TRACE AMOUNT.




$$
