000
CDUS45 KRIW 280734
CLIGEY


CLIMATE REPORT
NATIONAL WEATHER SERVICE RIVERTON WY
1234 AM MST SAT FEB 28 2015


...................................

...THE GREYBULL WY CLIMATE SUMMARY FOR FEBRUARY 27 2015...

CLIMATE NORMAL PERIOD 1981 TO 2010
CLIMATE RECORD PERIOD 1998 TO 2015


WEATHER ITEM   OBSERVED TIME   RECORD YEAR NORMAL DEPARTURE LAST
                VALUE   (LST)  VALUE       VALUE  FROM      YEAR
                                                  NORMAL
..................................................................
TEMPERATURE (F)
 YESTERDAY
  MAXIMUM         30    353 PM  67    2006  42    -12       23
  MINIMUM          8    720 AM -10    2014  17     -9      -10
  AVERAGE         19                        30    -11        7

PRECIPITATION (IN)
  YESTERDAY        T             0.11 2007   0.01  -0.01     0.00
  MONTH TO DATE    0.04                      0.17  -0.13     0.22
  SINCE DEC 1      0.47                      0.68  -0.21     0.29
  SINCE JAN 1      0.26                      0.40  -0.14     0.26

DEGREE DAYS
 HEATING
  YESTERDAY       46                        36     10       58
  MONTH TO DATE  855                      1125   -270     1366
  SINCE DEC 1   3768                      4082   -314     4031
  SINCE JUL 1   5601                      5939   -338     5839

 COOLING
  YESTERDAY        0                         0      0        0
  MONTH TO DATE    0                         0      0        0
  SINCE DEC 1      0                         0      0        0
  SINCE JAN 1      0                         0      0        0
..................................................................


WIND (MPH)
  HIGHEST WIND SPEED    13   HIGHEST WIND DIRECTION    NW (300)
  HIGHEST GUST SPEED    17   HIGHEST GUST DIRECTION    SE (150)
  AVERAGE WIND SPEED     3.6


SKY COVER
  POSSIBLE SUNSHINE  MM
  AVERAGE SKY COVER 0.4


WEATHER CONDITIONS
 THE FOLLOWING WEATHER WAS RECORDED YESTERDAY.
  NO SIGNIFICANT WEATHER WAS OBSERVED.


RELATIVE HUMIDITY (PERCENT)
 HIGHEST    73           600 AM
 LOWEST     36           400 PM
 AVERAGE    55

..........................................................


THE GREYBULL WY CLIMATE NORMALS FOR TODAY
                         NORMAL    RECORD    YEAR
 MAXIMUM TEMPERATURE (F)   43        69      2006
 MINIMUM TEMPERATURE (F)   17        -5      2001


SUNRISE AND SUNSET
FEBRUARY 28 2015......SUNRISE   652 AM MST   SUNSET   559 PM MST
MARCH  1 2015.........SUNRISE   650 AM MST   SUNSET   600 PM MST


-  INDICATES NEGATIVE NUMBERS.
R  INDICATES RECORD WAS SET OR TIED.
MM INDICATES DATA IS MISSING.
T  INDICATES TRACE AMOUNT.




$$
