000
CDUS43 KIND 030543
CLIGEZ


CLIMATE REPORT
NATIONAL WEATHER SERVICE INDIANAPOLIS IN
142 AM EDT WED JUN 3 2015


...................................

...THE SHELBYVILLE IN CLIMATE SUMMARY FOR JUNE 2 2015...

CLIMATE NORMAL PERIOD 1981 TO 2010
CLIMATE RECORD PERIOD 9999 TO 9999


WEATHER ITEM   OBSERVED TIME   NORMAL DEPARTURE LAST
                VALUE   (LST)  VALUE  FROM      YEAR
                                      NORMAL
......................................................
TEMPERATURE (F)
 YESTERDAY
  MAXIMUM         65    548 PM  79    -14       79
  MINIMUM         49    529 AM  58     -9       71
  AVERAGE         57            68    -11       75

PRECIPITATION (IN)
  YESTERDAY        0.00          0.17  -0.17     1.28
  MONTH TO DATE    0.10          0.33  -0.23     1.29
  SINCE JUN 1      0.10          0.33  -0.23     1.29
  SINCE JAN 1     14.14         18.11  -3.97    16.78

DEGREE DAYS
 HEATING
  YESTERDAY        8             1      7        0
  MONTH TO DATE   16             2     14        0
  SINCE JUN 1     16             2     14        0
  SINCE JUL 1   5572          5397    175     5702

 COOLING
  YESTERDAY        0             5     -5       10
  MONTH TO DATE    0             9     -9       21
  SINCE JUN 1      0             9     -9       21
  SINCE JAN 1    188            90     98      184
......................................................


WIND (MPH)
  HIGHEST WIND SPEED    15   HIGHEST WIND DIRECTION     E (80)
  HIGHEST GUST SPEED    20   HIGHEST GUST DIRECTION     E (90)
  AVERAGE WIND SPEED     7.3


SKY COVER
  AVERAGE SKY COVER 0.6


WEATHER CONDITIONS
 THE FOLLOWING WEATHER WAS RECORDED YESTERDAY.
  FOG


RELATIVE HUMIDITY (PERCENT)
 HIGHEST    89           200 AM
 LOWEST     63           500 PM
 AVERAGE    76

..........................................................


THE SHELBYVILLE IN CLIMATE NORMALS FOR TODAY
                         NORMAL
 MAXIMUM TEMPERATURE (F)   79
 MINIMUM TEMPERATURE (F)   58


SUNRISE AND SUNSET
JUNE  3 2015..........SUNRISE   617 AM EDT   SUNSET   906 PM EDT
JUNE  4 2015..........SUNRISE   617 AM EDT   SUNSET   907 PM EDT


-  INDICATES NEGATIVE NUMBERS.
R  INDICATES RECORD WAS SET OR TIED.
MM INDICATES DATA IS MISSING.
T  INDICATES TRACE AMOUNT.




$$
