000
CDUS43 KIND 280532
CLIGEZ


CLIMATE REPORT
NATIONAL WEATHER SERVICE INDIANAPOLIS IN
1231 AM EST SUN DEC 28 2014


...................................

...THE SHELBYVILLE IN CLIMATE SUMMARY FOR DECEMBER 27 2014...

CLIMATE NORMAL PERIOD 1981 TO 2010
CLIMATE RECORD PERIOD 9999 TO 9999


WEATHER ITEM   OBSERVED TIME   NORMAL DEPARTURE LAST
                VALUE   (LST)  VALUE  FROM      YEAR
                                      NORMAL
......................................................
TEMPERATURE (F)
 YESTERDAY
  MAXIMUM         48    605 PM  37     11       46
  MINIMUM         39   1159 PM  22     17       28
  AVERAGE         44            29     15       37

PRECIPITATION (IN)
  YESTERDAY        0.42          0.11   0.31     0.00
  MONTH TO DATE    2.97          2.83   0.14     5.88
  SINCE DEC 1      2.97          2.83   0.14     5.88
  SINCE JAN 1     39.93         43.12  -3.19    35.12

DEGREE DAYS
 HEATING
  YESTERDAY       21            36    -15       28
  MONTH TO DATE  747           887   -140      889
  SINCE DEC 1    747           887   -140      889
  SINCE JUL 1   1931          1962    -31     1955

 COOLING
  YESTERDAY        0             0      0        0
  MONTH TO DATE    0             0      0        0
  SINCE DEC 1      0             0      0        0
  SINCE JAN 1   1080           913    167     1179
......................................................


WIND (MPH)
  HIGHEST WIND SPEED    21   HIGHEST WIND DIRECTION    NW (320)
  HIGHEST GUST SPEED    25   HIGHEST GUST DIRECTION    NW (320)
  AVERAGE WIND SPEED    11.1


SKY COVER
  AVERAGE SKY COVER 1.0


WEATHER CONDITIONS
 THE FOLLOWING WEATHER WAS RECORDED YESTERDAY.
  RAIN
  LIGHT RAIN
  FOG


RELATIVE HUMIDITY (PERCENT)
 HIGHEST    93           100 PM
 LOWEST     65           200 AM
 AVERAGE    79

..........................................................


THE SHELBYVILLE IN CLIMATE NORMALS FOR TODAY
                         NORMAL
 MAXIMUM TEMPERATURE (F)   37
 MINIMUM TEMPERATURE (F)   22


SUNRISE AND SUNSET
DECEMBER 28 2014......SUNRISE   803 AM EST   SUNSET   527 PM EST
DECEMBER 29 2014......SUNRISE   803 AM EST   SUNSET   527 PM EST


-  INDICATES NEGATIVE NUMBERS.
R  INDICATES RECORD WAS SET OR TIED.
MM INDICATES DATA IS MISSING.
T  INDICATES TRACE AMOUNT.




$$
