711
CDUS43 KIND 270540
CLIGEZ


CLIMATE REPORT
NATIONAL WEATHER SERVICE INDIANAPOLIS IN
137 AM EDT SAT MAY 27 2017


...................................

...THE SHELBYVILLE IN CLIMATE SUMMARY FOR MAY 26 2017...

CLIMATE NORMAL PERIOD 1981 TO 2010
CLIMATE RECORD PERIOD 9999 TO 9999


WEATHER ITEM   OBSERVED TIME   NORMAL DEPARTURE LAST
                VALUE   (LST)  VALUE  FROM      YEAR
                                      NORMAL
......................................................
TEMPERATURE (F)
 YESTERDAY
  MAXIMUM         80    357 PM  77      3       78
  MINIMUM         53    604 AM  56     -3       64
  AVERAGE         67            66      1       71

PRECIPITATION (IN)
  YESTERDAY        0.03          0.14  -0.11     0.01
  MONTH TO DATE    5.58          4.59   0.99     2.24
  SINCE MAR 1     12.84         12.34   0.50    11.82
  SINCE JAN 1     18.28         17.09   1.19    16.46

DEGREE DAYS
 HEATING
  YESTERDAY        0             2     -2        0
  MONTH TO DATE  118           126     -8      134
  SINCE MAR 1    922          1223   -301      902
  SINCE JUL 1   4105          5386  -1281     4071

 COOLING
  YESTERDAY        2             4     -2        6
  MONTH TO DATE   73            50     23       39
  SINCE MAR 1    133            63     70       59
  SINCE JAN 1    133            63     70       59
......................................................


WIND (MPH)
  HIGHEST WIND SPEED    20   HIGHEST WIND DIRECTION     S (180)
  HIGHEST GUST SPEED    25   HIGHEST GUST DIRECTION     S (190)
  AVERAGE WIND SPEED     7.9


SKY COVER
  AVERAGE SKY COVER 0.2


WEATHER CONDITIONS
 THE FOLLOWING WEATHER WAS RECORDED YESTERDAY.
  THUNDERSTORM
  LIGHT RAIN
  FOG
  HAZE


RELATIVE HUMIDITY (PERCENT)
 HIGHEST    89           500 AM
 LOWEST     45           400 PM
 AVERAGE    67

..........................................................


THE SHELBYVILLE IN CLIMATE NORMALS FOR TODAY
                         NORMAL
 MAXIMUM TEMPERATURE (F)   77
 MINIMUM TEMPERATURE (F)   56


SUNRISE AND SUNSET
MAY 27 2017...........SUNRISE   620 AM EDT   SUNSET   901 PM EDT
MAY 28 2017...........SUNRISE   619 AM EDT   SUNSET   902 PM EDT


-  INDICATES NEGATIVE NUMBERS.
R  INDICATES RECORD WAS SET OR TIED.
MM INDICATES DATA IS MISSING.
T  INDICATES TRACE AMOUNT.




$$
