000
CDUS43 KIND 030601
CLIGEZ


CLIMATE REPORT
NATIONAL WEATHER SERVICE INDIANAPOLIS IN
101 AM EST SAT DEC 3 2016


...................................

...THE SHELBYVILLE IN CLIMATE SUMMARY FOR DECEMBER 2 2016...

CLIMATE NORMAL PERIOD 1981 TO 2010
CLIMATE RECORD PERIOD 9999 TO 9999


WEATHER ITEM   OBSERVED TIME   NORMAL DEPARTURE LAST
                VALUE   (LST)  VALUE  FROM      YEAR
                                      NORMAL
......................................................
TEMPERATURE (F)
 YESTERDAY
  MAXIMUM         41    413 PM  44     -3       40
  MINIMUM         37   1159 PM  28      9       30
  AVERAGE         39            36      3       35

PRECIPITATION (IN)
  YESTERDAY        T             0.11  -0.11     0.03
  MONTH TO DATE    T             0.21  -0.21     0.23
  SINCE DEC 1      T             0.21  -0.21     0.23
  SINCE JAN 1     41.35         40.50   0.85    39.30

DEGREE DAYS
 HEATING
  YESTERDAY       26            29     -3       30
  MONTH TO DATE   51            57     -6       53
  SINCE DEC 1     51            57     -6       53
  SINCE JUL 1    737          1132   -395      780

 COOLING
  YESTERDAY        0             0      0        0
  MONTH TO DATE    0             0      0        0
  SINCE DEC 1      0             0      0        0
  SINCE JAN 1   1470           913    557     1229
......................................................


WIND (MPH)
  HIGHEST WIND SPEED    17   HIGHEST WIND DIRECTION     W (290)
  HIGHEST GUST SPEED    21   HIGHEST GUST DIRECTION     W (290)
  AVERAGE WIND SPEED     8.3


SKY COVER
  AVERAGE SKY COVER 1.0


WEATHER CONDITIONS
 THE FOLLOWING WEATHER WAS RECORDED YESTERDAY.
  LIGHT RAIN
  FOG


RELATIVE HUMIDITY (PERCENT)
 HIGHEST    85          1000 PM
 LOWEST     65           300 PM
 AVERAGE    75

..........................................................


THE SHELBYVILLE IN CLIMATE NORMALS FOR TODAY
                         NORMAL
 MAXIMUM TEMPERATURE (F)   44
 MINIMUM TEMPERATURE (F)   28


SUNRISE AND SUNSET
DECEMBER  3 2016......SUNRISE   747 AM EST   SUNSET   519 PM EST
DECEMBER  4 2016......SUNRISE   748 AM EST   SUNSET   519 PM EST


-  INDICATES NEGATIVE NUMBERS.
R  INDICATES RECORD WAS SET OR TIED.
MM INDICATES DATA IS MISSING.
T  INDICATES TRACE AMOUNT.




$$
