000
CDUS41 KALY 300630
CLIGFL


CLIMATE REPORT
NATIONAL WEATHER SERVICE ALBANY NY
226 AM EDT FRI SEP 30 2016


...................................

...THE GLENS FALLS NY CLIMATE SUMMARY FOR SEPTEMBER 29 2016...

CLIMATE NORMAL PERIOD 1981 TO 2010
CLIMATE RECORD PERIOD 1949 TO 2016


WEATHER ITEM   OBSERVED TIME   RECORD YEAR NORMAL DEPARTURE LAST
                VALUE   (LST)  VALUE       VALUE  FROM      YEAR
                                                  NORMAL
..................................................................
TEMPERATURE (F)
 YESTERDAY
  MAXIMUM         70    222 PM  79    1959  65      5       76
  MINIMUM         43    241 AM  25    2000  41      2       62
  AVERAGE         57                        53      4       69

PRECIPITATION (IN)
  YESTERDAY        0.00          1.30 2015   0.12  -0.12     1.30
  MONTH TO DATE    1.13                      3.26  -2.13     3.17
  SINCE SEP 1      1.13                      3.26  -2.13     3.17
  SINCE JAN 1     22.29                     29.07  -6.78    20.69

DEGREE DAYS
 HEATING
  YESTERDAY        8                        12     -4        0
  MONTH TO DATE   95                       207   -112       73
  SINCE SEP 1     95                       207   -112       73
  SINCE JUL 1    101                       273   -172       86

 COOLING
  YESTERDAY        0                         0      0        4
  MONTH TO DATE   55                        23     32       97
  SINCE SEP 1     55                        23     32       97
  SINCE JAN 1    640                       350    290      596
..................................................................


WIND (MPH)
  HIGHEST WIND SPEED    16   HIGHEST WIND DIRECTION    NE (40)
  HIGHEST GUST SPEED    20   HIGHEST GUST DIRECTION    NE (40)
  AVERAGE WIND SPEED     6.5


SKY COVER
  AVERAGE SKY COVER 0.0



RELATIVE HUMIDITY (PERCENT)
 HIGHEST    93           500 AM
 LOWEST     42           200 PM
 AVERAGE    68

..........................................................


THE GLENS FALLS NY CLIMATE NORMALS FOR TODAY
                         NORMAL    RECORD    YEAR
 MAXIMUM TEMPERATURE (F)   65        82      1986
 MINIMUM TEMPERATURE (F)   40        25      1991


SUNRISE AND SUNSET
SEPTEMBER 30 2016.....SUNRISE   651 AM EDT   SUNSET   636 PM EDT
OCTOBER  1 2016.......SUNRISE   652 AM EDT   SUNSET   635 PM EDT


-  INDICATES NEGATIVE NUMBERS.
R  INDICATES RECORD WAS SET OR TIED.
MM INDICATES DATA IS MISSING.
T  INDICATES TRACE AMOUNT.




$$
