000
CDUS41 KALY 292109
CLIGFL


CLIMATE REPORT
NATIONAL WEATHER SERVICE ALBANY NY
508 PM EDT MON MAY 29 2017


...................................

...THE GLENS FALLS NY CLIMATE SUMMARY FOR MAY 29 2017...
VALID TODAY AS OF 0400 PM LOCAL TIME.

CLIMATE NORMAL PERIOD 1981 TO 2010
CLIMATE RECORD PERIOD 1949 TO 2017


WEATHER ITEM   OBSERVED TIME   RECORD YEAR NORMAL DEPARTURE LAST
                VALUE   (LST)  VALUE       VALUE  FROM      YEAR
                                                  NORMAL
..................................................................
TEMPERATURE (F)
 TODAY
  MAXIMUM         62    139 AM  90    2016  72    -10       90
  MINIMUM         55   1123 AM  30    1967  47      8       61
  AVERAGE         59                        59      0       76

PRECIPITATION (IN)
  TODAY            0.24          2.27 1984   0.11   0.13     1.04
  MONTH TO DATE    5.30                      3.37   1.93     3.07
  SINCE MAR 1     11.14                      9.31   1.83     6.81
  SINCE JAN 1     15.83                     14.25   1.58    11.60

DEGREE DAYS
 HEATING
  TODAY            6                         6      0        0
  MONTH TO DATE  276                       298    -22      256
  SINCE MAR 1   1788                      1954   -166     1703
  SINCE JUL 1   6310                      7574  -1264     5883

 COOLING
  TODAY            0                         1     -1       11
  MONTH TO DATE   15                         6      9       38
  SINCE MAR 1     21                         7     14       38
  SINCE JAN 1     21                         7     14       38
..................................................................


WIND (MPH)
  HIGHEST WIND SPEED    12   HIGHEST WIND DIRECTION     S (170)
  HIGHEST GUST SPEED    16   HIGHEST GUST DIRECTION     S (160)
  AVERAGE WIND SPEED     5.4


SKY COVER
  AVERAGE SKY COVER 0.8



RELATIVE HUMIDITY (PERCENT)
 HIGHEST    93           100 PM
 LOWEST     64           200 AM
 AVERAGE    79

..........................................................


THE GLENS FALLS NY CLIMATE NORMALS FOR TOMORROW
                         NORMAL    RECORD    YEAR
 MAXIMUM TEMPERATURE (F)   72        91      1987
 MINIMUM TEMPERATURE (F)   47        27      1967


SUNRISE AND SUNSET
MAY 29 2017...........SUNRISE   518 AM EDT   SUNSET   826 PM EDT
MAY 30 2017...........SUNRISE   518 AM EDT   SUNSET   827 PM EDT


-  INDICATES NEGATIVE NUMBERS.
R  INDICATES RECORD WAS SET OR TIED.
MM INDICATES DATA IS MISSING.
T  INDICATES TRACE AMOUNT.




$$
