000
CDUS41 KALY 120621
CLIGFL


CLIMATE REPORT
NATIONAL WEATHER SERVICE ALBANY NY
121 AM EST FRI FEB 12 2016


...................................

...THE GLENS FALLS NY CLIMATE SUMMARY FOR FEBRUARY 11 2016...

CLIMATE NORMAL PERIOD 1981 TO 2010
CLIMATE RECORD PERIOD 1949 TO 2016


WEATHER ITEM   OBSERVED TIME   RECORD YEAR NORMAL DEPARTURE LAST
                VALUE   (LST)  VALUE       VALUE  FROM      YEAR
                                                  NORMAL
..................................................................
TEMPERATURE (F)
 YESTERDAY
  MAXIMUM         28   1232 AM  57    1981  32     -4       24
  MINIMUM          1   1159 PM -21    1979   9     -8       -8
  AVERAGE         15                        20     -5        8

PRECIPITATION (IN)
  YESTERDAY        T             1.15 1955   0.08  -0.08     0.00
  MONTH TO DATE    1.39                      0.84   0.55     0.42
  SINCE DEC 1      6.50                      6.75  -0.25     5.99
  SINCE JAN 1      2.45                      3.70  -1.25     1.91

DEGREE DAYS
 HEATING
  YESTERDAY       50                        45      5       57
  MONTH TO DATE  291                       503   -212      621
  SINCE DEC 1   2179                      3201  -1022     3231
  SINCE JUL 1   3470                      4899  -1429     4692

 COOLING
  YESTERDAY        0                         0      0        0
  MONTH TO DATE    0                         0      0        0
  SINCE DEC 1      0                         0      0        0
  SINCE JAN 1      0                         0      0        0
..................................................................


WIND (MPH)
  HIGHEST WIND SPEED    22   HIGHEST WIND DIRECTION     W (290)
  HIGHEST GUST SPEED    31   HIGHEST GUST DIRECTION    SW (240)
  AVERAGE WIND SPEED     9.4


SKY COVER
  AVERAGE SKY COVER 1.0



RELATIVE HUMIDITY (PERCENT)
 HIGHEST    65           400 AM
 LOWEST     39          1200 PM
 AVERAGE    52

..........................................................


THE GLENS FALLS NY CLIMATE NORMALS FOR TODAY
                         NORMAL    RECORD    YEAR
 MAXIMUM TEMPERATURE (F)   32        53      1999
 MINIMUM TEMPERATURE (F)    9       -25      1979


SUNRISE AND SUNSET
FEBRUARY 12 2016......SUNRISE   657 AM EST   SUNSET   520 PM EST
FEBRUARY 13 2016......SUNRISE   656 AM EST   SUNSET   522 PM EST


-  INDICATES NEGATIVE NUMBERS.
R  INDICATES RECORD WAS SET OR TIED.
MM INDICATES DATA IS MISSING.
T  INDICATES TRACE AMOUNT.




$$
