000
CDUS44 KSHV 062150
CLIGGG


CLIMATE REPORT
NATIONAL WEATHER SERVICE SHREVEPORT, LA
450 PM CDT FRI MAY 6 2016


...................................

...THE LONGVIEW CLIMATE SUMMARY FOR MAY 6 2016...
VALID TODAY AS OF 0400 PM LOCAL TIME.

CLIMATE NORMAL PERIOD 1981 TO 2010
CLIMATE RECORD PERIOD 1902 TO 2016


WEATHER ITEM   OBSERVED TIME   RECORD YEAR NORMAL DEPARTURE LAST
                VALUE   (LST)  VALUE       VALUE  FROM      YEAR
                                                  NORMAL
..................................................................
TEMPERATURE (F)
 TODAY
  MAXIMUM         81    227 PM  94    1938  81      0       83
  MINIMUM         52    604 AM  44    1921  60     -8       66
  AVERAGE         67                        70     -3       75

PRECIPITATION (IN)
  TODAY            0.00          1.54 1995   0.16  -0.16     0.06
  MONTH TO DATE    0.49                      0.99  -0.50     0.06
  SINCE DEC 1     30.84                     20.41  10.43    25.60
  SINCE JAN 1     24.78                     15.92   8.86    23.30

DEGREE DAYS
 HEATING
  TODAY            0                         1     -1        0
  MONTH TO DATE    9                         6      3        0
  SINCE MAR 1    199                       351   -152      309
  SINCE JUL 1   1648                      2255   -607     2282

 COOLING
  TODAY            2                         6     -4       10
  MONTH TO DATE   10                        33    -23       42
  SINCE MAR 1    147                       144      3      205
  SINCE JAN 1    153                       156     -3      205
..................................................................


WIND (MPH)
  HIGHEST WIND SPEED     9   HIGHEST WIND DIRECTION     E (90)
  HIGHEST GUST SPEED    12   HIGHEST GUST DIRECTION     E (70)
  AVERAGE WIND SPEED     2.9


SKY COVER
  POSSIBLE SUNSHINE  MM
  AVERAGE SKY COVER 0.0


WEATHER CONDITIONS
 THE FOLLOWING WEATHER WAS RECORDED TODAY.
  NO SIGNIFICANT WEATHER WAS OBSERVED.


RELATIVE HUMIDITY (PERCENT)
 HIGHEST    96           600 AM
 LOWEST     33           300 PM
 AVERAGE    65

..........................................................


THE LONGVIEW CLIMATE NORMALS FOR TOMORROW
                         NORMAL    RECORD    YEAR
 MAXIMUM TEMPERATURE (F)   82        97      1940
 MINIMUM TEMPERATURE (F)   60        37      1931


SUNRISE AND SUNSET
MAY  6 2016...........SUNRISE   627 AM CDT   SUNSET   804 PM CDT
MAY  7 2016...........SUNRISE   626 AM CDT   SUNSET   805 PM CDT


-  INDICATES NEGATIVE NUMBERS.
R  INDICATES RECORD WAS SET OR TIED.
MM INDICATES DATA IS MISSING.
T  INDICATES TRACE AMOUNT.




$$
