000
CDUS44 KSHV 060850
CLIGGG


CLIMATE REPORT
NATIONAL WEATHER SERVICE SHREVEPORT, LA
250 AM CST SAT FEB 6 2016


...................................

...THE LONGVIEW CLIMATE SUMMARY FOR FEBRUARY 5 2016...

CLIMATE NORMAL PERIOD 1981 TO 2010
CLIMATE RECORD PERIOD 1902 TO 2016


WEATHER ITEM   OBSERVED TIME   RECORD YEAR NORMAL DEPARTURE LAST
                VALUE   (LST)  VALUE       VALUE  FROM      YEAR
                                                  NORMAL
..................................................................
TEMPERATURE (F)
 YESTERDAY
  MAXIMUM         56    332 PM  81    1911  59     -3       50
  MINIMUM         24    658 AM  10    1923  37    -13       40
  AVERAGE         40                        48     -8       45

PRECIPITATION (IN)
  YESTERDAY        0.00          2.13 1908   0.13  -0.13     0.08
  MONTH TO DATE    T                         0.65  -0.65     0.25
  SINCE DEC 1      7.78                      8.46  -0.68     7.97
  SINCE JAN 1      1.72                      3.97  -2.25     5.67

SNOWFALL (IN)
  YESTERDAY        0.0
  MONTH TO DATE    0.0
  SINCE DEC 1      0.0
  SINCE JUL 1      0.0
  SNOW DEPTH       0

DEGREE DAYS
 HEATING
  YESTERDAY       25                        17      8       20
  MONTH TO DATE   77                        87    -10      100
  SINCE DEC 1    996                      1198   -202     1149
  SINCE JUL 1   1196                      1570   -374     1559

 COOLING
  YESTERDAY        0                         0      0        0
  MONTH TO DATE    0                         0      0        0
  SINCE DEC 1     22                        10     12        5
  SINCE JAN 1      0                         4     -4        0
..................................................................


WIND (MPH)
  HIGHEST WIND SPEED    13   HIGHEST WIND DIRECTION    SE (140)
  HIGHEST GUST SPEED    15   HIGHEST GUST DIRECTION    SE (130)
  AVERAGE WIND SPEED     3.7


SKY COVER
  POSSIBLE SUNSHINE  MM
  AVERAGE SKY COVER 0.0


WEATHER CONDITIONS
 THE FOLLOWING WEATHER WAS RECORDED YESTERDAY.
  NO SIGNIFICANT WEATHER WAS OBSERVED.


RELATIVE HUMIDITY (PERCENT)
 HIGHEST    92           600 AM
 LOWEST     22           200 PM
 AVERAGE    57

..........................................................


THE LONGVIEW CLIMATE NORMALS FOR TODAY
                         NORMAL    RECORD    YEAR
 MAXIMUM TEMPERATURE (F)   60        81      1911
 MINIMUM TEMPERATURE (F)   37        19      1912


SUNRISE AND SUNSET
FEBRUARY  6 2016......SUNRISE   710 AM CST   SUNSET   556 PM CST
FEBRUARY  7 2016......SUNRISE   709 AM CST   SUNSET   557 PM CST


-  INDICATES NEGATIVE NUMBERS.
R  INDICATES RECORD WAS SET OR TIED.
MM INDICATES DATA IS MISSING.
T  INDICATES TRACE AMOUNT.




$$
