000
CDUS44 KSHV 312213
CLIGGG


CLIMATE REPORT
NATIONAL WEATHER SERVICE SHREVEPORT, LA
513 PM CDT TUE MAY 31 2016


...................................

...THE LONGVIEW CLIMATE SUMMARY FOR MAY 31 2016...
VALID TODAY AS OF 0500 PM LOCAL TIME.

CLIMATE NORMAL PERIOD 1981 TO 2010
CLIMATE RECORD PERIOD 1902 TO 2016


WEATHER ITEM   OBSERVED TIME   RECORD YEAR NORMAL DEPARTURE LAST
                VALUE   (LST)  VALUE       VALUE  FROM      YEAR
                                                  NORMAL
..................................................................
TEMPERATURE (F)
 TODAY
  MAXIMUM         88    223 PM 103    1911  87      1       80
  MINIMUM         67    540 AM  53    1992  66      1       63
  AVERAGE         78                        76      2       72

PRECIPITATION (IN)
  TODAY            0.00          3.25 1967   0.17  -0.17     0.00
  MONTH TO DATE    4.02                      4.80  -0.78    11.57
  SINCE DEC 1     34.37                     24.22  10.15    37.11
  SINCE JAN 1     28.31                     19.73   8.58    34.81

DEGREE DAYS
 HEATING
  TODAY            0                         0      0        0
  MONTH TO DATE   15                         8      7        0
  SINCE MAR 1    205                       354   -149      309
  SINCE JUL 1   1654                      2258   -604     2282

 COOLING
  TODAY           13                        11      2        7
  MONTH TO DATE  219                       256    -37      295
  SINCE MAR 1    356                       367    -11      458
  SINCE JAN 1    362                       379    -17      458
..................................................................


WIND (MPH)
  HIGHEST WIND SPEED    16   HIGHEST WIND DIRECTION    SE (150)
  HIGHEST GUST SPEED    20   HIGHEST GUST DIRECTION    SE (150)
  AVERAGE WIND SPEED     6.0


SKY COVER
  POSSIBLE SUNSHINE  MM
  AVERAGE SKY COVER 0.2


WEATHER CONDITIONS
 THE FOLLOWING WEATHER WAS RECORDED TODAY.
  NO SIGNIFICANT WEATHER WAS OBSERVED.


RELATIVE HUMIDITY (PERCENT)
 HIGHEST   100           600 AM
 LOWEST     55           100 PM
 AVERAGE    78

..........................................................


THE LONGVIEW CLIMATE NORMALS FOR TOMORROW
                         NORMAL    RECORD    YEAR
 MAXIMUM TEMPERATURE (F)   87       103      1998
 MINIMUM TEMPERATURE (F)   66        53      1903


SUNRISE AND SUNSET
MAY 31 2016...........SUNRISE   613 AM CDT   SUNSET   821 PM CDT
JUNE  1 2016..........SUNRISE   613 AM CDT   SUNSET   821 PM CDT


-  INDICATES NEGATIVE NUMBERS.
R  INDICATES RECORD WAS SET OR TIED.
MM INDICATES DATA IS MISSING.
T  INDICATES TRACE AMOUNT.




$$
