000
CDUS44 KSHV 180735
CLIGGG


CLIMATE REPORT
NATIONAL WEATHER SERVICE SHREVEPORT, LA
233 AM CDT FRI APR 18 2014


...................................

...THE LONGVIEW CLIMATE SUMMARY FOR APRIL 17 2014...

CLIMATE NORMAL PERIOD 1981 TO 2010
CLIMATE RECORD PERIOD 1902 TO 2014


WEATHER ITEM   OBSERVED TIME   RECORD YEAR NORMAL DEPARTURE LAST
                VALUE   (LST)  VALUE       VALUE  FROM      YEAR
                                                  NORMAL
..................................................................
TEMPERATURE (F)
 YESTERDAY
  MAXIMUM         69    452 PM  92    2006  77     -8       87
  MINIMUM         42    536 AM  36    1993  54    -12       73
  AVERAGE         56                        65     -9       80

PRECIPITATION (IN)
  YESTERDAY        0.00          1.55 1969   0.09  -0.09     0.00
  MONTH TO DATE    2.20                      1.79   0.41     1.43
  SINCE DEC 1     13.08                     17.99  -4.91    17.25
  SINCE JAN 1      8.93                     13.50  -4.57    12.90

SNOWFALL (IN)
  YESTERDAY        0.0
  MONTH TO DATE    0.0
  SINCE MAR 1      0.1
  SINCE JUL 1      0.3
  SNOW DEPTH       0

DEGREE DAYS
 HEATING
  YESTERDAY        9                         3      6        0
  MONTH TO DATE  107                        69     38       75
  SINCE MAR 1    455                       324    131      374
  SINCE JUL 1   2579                      2228    351     1964

 COOLING
  YESTERDAY        0                         3     -3       15
  MONTH TO DATE   48                        39      9       64
  SINCE MAR 1     58                        66     -8       82
  SINCE JAN 1     63                        78    -15       90
..................................................................


WIND (MPH)
  HIGHEST WIND SPEED    13   HIGHEST WIND DIRECTION     E (90)
  HIGHEST GUST SPEED    15   HIGHEST GUST DIRECTION    SE (120)
  AVERAGE WIND SPEED     3.8


SKY COVER
  POSSIBLE SUNSHINE  MM
  AVERAGE SKY COVER 0.4


WEATHER CONDITIONS
 THE FOLLOWING WEATHER WAS RECORDED YESTERDAY.
  FOG


RELATIVE HUMIDITY (PERCENT)
 HIGHEST    89           200 AM
 LOWEST     45           400 PM
 AVERAGE    67

..........................................................


THE LONGVIEW CLIMATE NORMALS FOR TODAY
                         NORMAL    RECORD    YEAR
 MAXIMUM TEMPERATURE (F)   77        94      2006
 MINIMUM TEMPERATURE (F)   54        37      2001


SUNRISE AND SUNSET
APRIL 18 2014.........SUNRISE   646 AM CDT   SUNSET   751 PM CDT
APRIL 19 2014.........SUNRISE   645 AM CDT   SUNSET   751 PM CDT


-  INDICATES NEGATIVE NUMBERS.
R  INDICATES RECORD WAS SET OR TIED.
MM INDICATES DATA IS MISSING.
T  INDICATES TRACE AMOUNT.




$$
