000
CDUS44 KSHV 260755
CLIGGG


CLIMATE REPORT
NATIONAL WEATHER SERVICE SHREVEPORT, LA
249 AM CDT TUE MAY 26 2015


...................................

...THE LONGVIEW CLIMATE SUMMARY FOR MAY 25 2015...

CLIMATE NORMAL PERIOD 1981 TO 2010
CLIMATE RECORD PERIOD 1902 TO 2015


WEATHER ITEM   OBSERVED TIME   RECORD YEAR NORMAL DEPARTURE LAST
                VALUE   (LST)  VALUE       VALUE  FROM      YEAR
                                                  NORMAL
..................................................................
TEMPERATURE (F)
 YESTERDAY
  MAXIMUM         86    220 PM  99    1937  86      0       86
  MINIMUM         64   1159 PM  50    1967  65     -1       68
  AVERAGE         75                        75      0       77

PRECIPITATION (IN)
  YESTERDAY        1.59          1.63 1907   0.16   1.43     0.00
  MONTH TO DATE    9.92                      3.82   6.10     5.82
  SINCE DEC 1     35.46                     23.24  12.22    19.01
  SINCE JAN 1     33.16                     18.75  14.41    14.86

SNOWFALL (IN)
  YESTERDAY        0.0
  MONTH TO DATE    0.0
  SINCE MAR 1      0.2
  SINCE JUL 1      3.1
  SNOW DEPTH       0

DEGREE DAYS
 HEATING
  YESTERDAY        0                         0      0        0
  MONTH TO DATE    0                         8     -8       23
  SINCE MAR 1    309                       353    -44      487
  SINCE JUL 1   2282                      2257     25     2611

 COOLING
  YESTERDAY       10                        10      0       12
  MONTH TO DATE  224                       190     34      184
  SINCE MAR 1    387                       301     86      289
  SINCE JAN 1    387                       313     74      294
..................................................................


WIND (MPH)
  HIGHEST WIND SPEED    35   HIGHEST WIND DIRECTION     S (160)
  HIGHEST GUST SPEED    41   HIGHEST GUST DIRECTION     S (170)
  AVERAGE WIND SPEED     8.6


SKY COVER
  POSSIBLE SUNSHINE  MM
  AVERAGE SKY COVER 0.8


WEATHER CONDITIONS
 THE FOLLOWING WEATHER WAS RECORDED YESTERDAY.
  THUNDERSTORM
  HEAVY RAIN
  RAIN
  LIGHT RAIN
  FOG


RELATIVE HUMIDITY (PERCENT)
 HIGHEST    93          1200 AM
 LOWEST     65           100 PM
 AVERAGE    79

..........................................................


THE LONGVIEW CLIMATE NORMALS FOR TODAY
                         NORMAL    RECORD    YEAR
 MAXIMUM TEMPERATURE (F)   86        98      1942
 MINIMUM TEMPERATURE (F)   65        50      1930


SUNRISE AND SUNSET
MAY 26 2015...........SUNRISE   615 AM CDT   SUNSET   817 PM CDT
MAY 27 2015...........SUNRISE   614 AM CDT   SUNSET   818 PM CDT


-  INDICATES NEGATIVE NUMBERS.
R  INDICATES RECORD WAS SET OR TIED.
MM INDICATES DATA IS MISSING.
T  INDICATES TRACE AMOUNT.




$$
