000
CDUS44 KSHV 262138
CLIGGG


CLIMATE REPORT
NATIONAL WEATHER SERVICE SHREVEPORT, LA
437 PM CDT FRI AUG 26 2016


...................................

...THE LONGVIEW CLIMATE SUMMARY FOR AUGUST 26 2016...
VALID TODAY AS OF 0400 PM LOCAL TIME.

CLIMATE NORMAL PERIOD 1981 TO 2010
CLIMATE RECORD PERIOD 1902 TO 2016


WEATHER ITEM   OBSERVED TIME   RECORD YEAR NORMAL DEPARTURE LAST
                VALUE   (LST)  VALUE       VALUE  FROM      YEAR
                                                  NORMAL
..................................................................
TEMPERATURE (F)
 TODAY
  MAXIMUM         87    249 PM 105    1938  93     -6       91
  MINIMUM         73    628 AM  59    1966  70      3       65
  AVERAGE         80                        82     -2       78

PRECIPITATION (IN)
  TODAY            0.01          1.50 1911   0.11  -0.10     0.00
  MONTH TO DATE    4.96                      2.52   2.44     1.79
  SINCE DEC 1     45.85                     34.64  11.21    45.70
  SINCE JAN 1     39.79                     30.15   9.64    43.40

DEGREE DAYS
 HEATING
  TODAY            0                         0      0        0
  MONTH TO DATE    0                         0      0        0
  SINCE JUN 1      0                         0      0        0
  SINCE JUL 1      0                         0      0        0

 COOLING
  TODAY           15                        17     -2       13
  MONTH TO DATE  481                       470     11      532
  SINCE JUN 1   1599                      1481    118     1639
  SINCE JAN 1   1961                      1860    101     2097
..................................................................


WIND (MPH)
  HIGHEST WIND SPEED     9   HIGHEST WIND DIRECTION     N (360)
  HIGHEST GUST SPEED    13   HIGHEST GUST DIRECTION     N (340)
  AVERAGE WIND SPEED     3.5


SKY COVER
  POSSIBLE SUNSHINE  MM
  AVERAGE SKY COVER 0.4


WEATHER CONDITIONS
 THE FOLLOWING WEATHER WAS RECORDED TODAY.
  LIGHT RAIN
  FOG


RELATIVE HUMIDITY (PERCENT)
 HIGHEST   100           200 AM
 LOWEST     65           100 PM
 AVERAGE    83

..........................................................


THE LONGVIEW CLIMATE NORMALS FOR TOMORROW
                         NORMAL    RECORD    YEAR
 MAXIMUM TEMPERATURE (F)   93       106      1943
 MINIMUM TEMPERATURE (F)   70        59      2010


SUNRISE AND SUNSET
AUGUST 26 2016........SUNRISE   650 AM CDT   SUNSET   750 PM CDT
AUGUST 27 2016........SUNRISE   651 AM CDT   SUNSET   749 PM CDT


-  INDICATES NEGATIVE NUMBERS.
R  INDICATES RECORD WAS SET OR TIED.
MM INDICATES DATA IS MISSING.
T  INDICATES TRACE AMOUNT.




$$
