000
CDUS45 KGGW 010017
CLIGGW


CLIMATE REPORT
NATIONAL WEATHER SERVICE GLASGOW MT
617 PM MDT THU JUL 31 2014


...................................

...THE GLASGOW MT CLIMATE SUMMARY FOR JULY 31 2014...
VALID TODAY AS OF 0500 PM LOCAL TIME.

CLIMATE NORMAL PERIOD 1981 TO 2010
CLIMATE RECORD PERIOD 1893 TO 2014


WEATHER ITEM   OBSERVED TIME   RECORD YEAR NORMAL DEPARTURE LAST
                VALUE   (LST)  VALUE       VALUE  FROM      YEAR
                                                  NORMAL
..................................................................
TEMPERATURE (F)
 TODAY
  MAXIMUM         99        MM 113    1900  87     12       83
  MINIMUM         64        MM  41    1894  59      5       50
  AVERAGE         82                        73      9       67

PRECIPITATION (IN)
  TODAY            0.00          0.90 1914   0.05  -0.05     0.00
  MONTH TO DATE    0.58                      1.78  -1.20     0.95
  SINCE OCT 1      7.68                      9.48  -1.80    14.61
  SINCE JAN 1      6.23                      7.93  -1.70    12.41

SNOWFALL (IN)
  TODAY            0.0           0.0  2002   0.0    0.0      0.0
                                      2001
                                      2000
  MONTH TO DATE    0.0                       0.0    0.0      0.0
  SINCE JUN 1      0.0                       0.0    0.0      0.0
  SINCE JUL 1      0.0                       0.0    0.0      0.0
  SNOW DEPTH       0

DEGREE DAYS
 HEATING
  TODAY            0                         0      0        0
  MONTH TO DATE    4                        15    -11       10
  SINCE JUN 1    112                       123    -11       94
  SINCE JUL 1      4                        18    -14       10

 COOLING
  TODAY           17                         8      9        2
  MONTH TO DATE  217                       207     10      172
  SINCE JUN 1    237                       282    -45      221
  SINCE JAN 1    271                       299    -28      230
..................................................................


WIND (MPH)
  HIGHEST WIND SPEED    21   HIGHEST WIND DIRECTION     E (100)
  HIGHEST GUST SPEED    27   HIGHEST GUST DIRECTION     E (70)
  AVERAGE WIND SPEED    12.9


SKY COVER
  POSSIBLE SUNSHINE  MM
  AVERAGE SKY COVER 0.0


WEATHER CONDITIONS
 THE FOLLOWING WEATHER WAS RECORDED TODAY.
  THUNDERSTORM


RELATIVE HUMIDITY (PERCENT)
 HIGHEST    53           200 AM
 LOWEST     12           200 PM
 AVERAGE    33

..........................................................


THE GLASGOW MT CLIMATE NORMALS FOR TOMORROW
                         NORMAL    RECORD    YEAR
 MAXIMUM TEMPERATURE (F)   87       104      1900
 MINIMUM TEMPERATURE (F)   59        39      1923


SUNRISE AND SUNSET
JULY 31 2014..........SUNRISE   541 AM MDT   SUNSET   844 PM MDT
AUGUST  1 2014........SUNRISE   542 AM MDT   SUNSET   843 PM MDT


-  INDICATES NEGATIVE NUMBERS.
R  INDICATES RECORD WAS SET OR TIED.
MM INDICATES DATA IS MISSING.
T  INDICATES TRACE AMOUNT.




$$
