000
CDUS45 KGGW 050740
CLIGGW


CLIMATE REPORT
NATIONAL WEATHER SERVICE GLASGOW MT
140 AM MDT SAT SEP 5 2015


...................................

...THE GLASGOW MT CLIMATE SUMMARY FOR SEPTEMBER 4 2015...

CLIMATE NORMAL PERIOD 1981 TO 2010
CLIMATE RECORD PERIOD 1893 TO 2015


WEATHER ITEM   OBSERVED TIME   RECORD YEAR NORMAL DEPARTURE LAST
                VALUE   (LST)  VALUE       VALUE  FROM      YEAR
                                                  NORMAL
..................................................................
TEMPERATURE (F)
 YESTERDAY
  MAXIMUM         77    202 PM 100    1950  77      0       68
                                      1922
  MINIMUM         52    614 AM  29    1935  50      2       47
  AVERAGE         65                        64      1       58

PRECIPITATION (IN)
  YESTERDAY        0.01          0.43 1901   0.03  -0.02      T
  MONTH TO DATE    0.01                      0.12  -0.11      T
  SINCE OCT 1     10.76                     10.84  -0.08    14.40
  SINCE JAN 1      9.50                      9.29   0.21    12.95

SNOWFALL (IN)
  YESTERDAY        0.0           0.0  2002   0.0    0.0      0.0
                                      2001
                                      2000
  MONTH TO DATE    0.0                       0.0    0.0      0.0
  SINCE SEP 1      0.0                       0.0    0.0      0.0
  SINCE JUL 1      0.0                       0.0    0.0      0.0
  SNOW DEPTH       0

DEGREE DAYS
 HEATING
  YESTERDAY        0                         4     -4        7
  MONTH TO DATE    0                        15    -15       14
  SINCE SEP 1      0                        15    -15       14
  SINCE JUL 1     50                        68    -18       67

 COOLING
  YESTERDAY        0                         3     -3        0
  MONTH TO DATE   23                        12     11        0
  SINCE SEP 1     23                        12     11        0
  SINCE JAN 1    587                       507     80      472
..................................................................


WIND (MPH)
  HIGHEST WIND SPEED    31   HIGHEST WIND DIRECTION    NE (30)
  HIGHEST GUST SPEED    38   HIGHEST GUST DIRECTION    NE (40)
  AVERAGE WIND SPEED    18.6


SKY COVER
  POSSIBLE SUNSHINE  MM
  AVERAGE SKY COVER 0.6


WEATHER CONDITIONS
 THE FOLLOWING WEATHER WAS RECORDED YESTERDAY.
  THUNDERSTORM
  LIGHT RAIN


RELATIVE HUMIDITY (PERCENT)
 HIGHEST    77           600 AM
 LOWEST     36           100 PM
 AVERAGE    57

..........................................................


THE GLASGOW MT CLIMATE NORMALS FOR TODAY
                         NORMAL    RECORD    YEAR
 MAXIMUM TEMPERATURE (F)   77        98      1931
 MINIMUM TEMPERATURE (F)   49        31      1898


SUNRISE AND SUNSET
SEPTEMBER  5 2015.....SUNRISE   630 AM MDT   SUNSET   740 PM MDT
SEPTEMBER  6 2015.....SUNRISE   631 AM MDT   SUNSET   738 PM MDT


-  INDICATES NEGATIVE NUMBERS.
R  INDICATES RECORD WAS SET OR TIED.
MM INDICATES DATA IS MISSING.
T  INDICATES TRACE AMOUNT.

$$
