000
CDUS45 KGGW 210741
CLIGGW


CLIMATE REPORT
NATIONAL WEATHER SERVICE GLASGOW MT
1240 AM MST TUE FEB 21 2017


...................................

...THE GLASGOW MT CLIMATE SUMMARY FOR FEBRUARY 20 2017...

CLIMATE NORMAL PERIOD 1981 TO 2010
CLIMATE RECORD PERIOD 1893 TO 2017


WEATHER ITEM   OBSERVED TIME   RECORD YEAR NORMAL DEPARTURE LAST
                VALUE   (LST)  VALUE       VALUE  FROM      YEAR
                                                  NORMAL
..................................................................
TEMPERATURE (F)
 YESTERDAY
  MAXIMUM         54    326 PM  62    1995  31     23       46
  MINIMUM         26   1246 AM -45    1918  11     15       24
  AVERAGE         40                        21     19       35

PRECIPITATION (IN)
  YESTERDAY        0.01          0.50 1899   0.01   0.00      T
  MONTH TO DATE    0.28                      0.17   0.11     0.24
  SINCE OCT 1      4.28                      2.09   2.19     3.56
  SINCE JAN 1      0.75                      0.54   0.21     0.58

SNOWFALL (IN)
  YESTERDAY        0.0           6.6  2011   0.2   -0.2       T
  MONTH TO DATE    7.0                       3.1    3.9      1.6
  SINCE DEC 1     28.9                      19.1    9.8     20.0
  SINCE JUL 1     29.3                      25.7    3.6     21.0
  SNOW DEPTH       T

DEGREE DAYS
 HEATING
  YESTERDAY       25                        44    -19       30
  MONTH TO DATE  855                       942    -87      691
  SINCE DEC 1   4169                      4038    131     3533
  SINCE JUL 1   5788                      6031   -243     5195

 COOLING
  YESTERDAY        0                         0      0        0
  MONTH TO DATE    0                         0      0        0
  SINCE DEC 1      0                         0      0        0
  SINCE JAN 1      0                         0      0        0
..................................................................


WIND (MPH)
  HIGHEST WIND SPEED    15   HIGHEST WIND DIRECTION     W (270)
  HIGHEST GUST SPEED    19   HIGHEST GUST DIRECTION     W (270)
  AVERAGE WIND SPEED     7.2


SKY COVER
  POSSIBLE SUNSHINE  MM
  AVERAGE SKY COVER 0.2


WEATHER CONDITIONS
 THE FOLLOWING WEATHER WAS RECORDED YESTERDAY.
  LIGHT RAIN
  FOG


RELATIVE HUMIDITY (PERCENT)
 HIGHEST   100           500 AM
 LOWEST     30           300 PM
 AVERAGE    65

..........................................................


THE GLASGOW MT CLIMATE NORMALS FOR TODAY
                         NORMAL    RECORD    YEAR
 MAXIMUM TEMPERATURE (F)   31        63      1995
 MINIMUM TEMPERATURE (F)   11       -43      1918


SUNRISE AND SUNSET
FEBRUARY 21 2017......SUNRISE   702 AM MST   SUNSET   539 PM MST
FEBRUARY 22 2017......SUNRISE   700 AM MST   SUNSET   540 PM MST


-  INDICATES NEGATIVE NUMBERS.
R  INDICATES RECORD WAS SET OR TIED.
MM INDICATES DATA IS MISSING.
T  INDICATES TRACE AMOUNT.




$$
