000
CDUS45 KGGW 180741
CLIGGW


CLIMATE REPORT
NATIONAL WEATHER SERVICE GLASGOW MT
1240 AM MST THU DEC 18 2014


...................................

...THE GLASGOW MT CLIMATE SUMMARY FOR DECEMBER 17 2014...

CLIMATE NORMAL PERIOD 1981 TO 2010
CLIMATE RECORD PERIOD 1893 TO 2014


WEATHER ITEM   OBSERVED TIME   RECORD YEAR NORMAL DEPARTURE LAST
                VALUE   (LST)  VALUE       VALUE  FROM      YEAR
                                                  NORMAL
..................................................................
TEMPERATURE (F)
 YESTERDAY
  MAXIMUM         24   1159 PM  55    1939  25     -1       27
  MINIMUM         17    541 AM -43    1922   6     11        5
  AVERAGE         21                        16      5       16

PRECIPITATION (IN)
  YESTERDAY        0.00          0.81 1939   0.01  -0.01     0.00
  MONTH TO DATE    0.03                      0.19  -0.16     0.40
  SINCE OCT 1      1.18                      1.34  -0.16     0.99
  SINCE JAN 1     14.92                     11.45   3.47    15.41

SNOWFALL (IN)
  YESTERDAY        0.0           3.8  1985   0.3   -0.3      0.0
  MONTH TO DATE    0.1                       3.7   -3.6      8.3
  SINCE DEC 1      0.1                       3.7   -3.6      8.3
  SINCE JUL 1     11.5                      10.3    1.2     12.0
  SNOW DEPTH       T (12Z / 5AM)

DEGREE DAYS
 HEATING
  YESTERDAY       44                        50     -6       49
  MONTH TO DATE  714                       798    -84     1004
  SINCE DEC 1    714                       798    -84     1004
  SINCE JUL 1   2799                      2791      8     2915

 COOLING
  YESTERDAY        0                         0      0        0
  MONTH TO DATE    0                         0      0        0
  SINCE DEC 1      0                         0      0        0
  SINCE JAN 1    495                       533    -38      563
..................................................................


WIND (MPH)
  HIGHEST WIND SPEED    17   HIGHEST WIND DIRECTION    SE (120)
  HIGHEST GUST SPEED    20   HIGHEST GUST DIRECTION     E (110)
  AVERAGE WIND SPEED    12.5


SKY COVER
  POSSIBLE SUNSHINE  MM
  AVERAGE SKY COVER 1.0


WEATHER CONDITIONS
 THE FOLLOWING WEATHER WAS RECORDED YESTERDAY.
  FOG


RELATIVE HUMIDITY (PERCENT)
 HIGHEST    92           600 AM
 LOWEST     74           400 PM
 AVERAGE    83

..........................................................


THE GLASGOW MT CLIMATE NORMALS FOR TODAY
                         NORMAL    RECORD    YEAR
 MAXIMUM TEMPERATURE (F)   25        59      1979
 MINIMUM TEMPERATURE (F)    6       -47      1929


SUNRISE AND SUNSET
DECEMBER 18 2014......SUNRISE   753 AM MST   SUNSET   414 PM MST
DECEMBER 19 2014......SUNRISE   753 AM MST   SUNSET   414 PM MST


-  INDICATES NEGATIVE NUMBERS.
R  INDICATES RECORD WAS SET OR TIED.
MM INDICATES DATA IS MISSING.
T  INDICATES TRACE AMOUNT.

$$
