727
CDUS45 KGGW 060024
CLIGGW

CLIMATE REPORT
NATIONAL WEATHER SERVICE GLASGOW MT
623 PM MDT THU MAY 5 2016


...................................

...THE GLASGOW MT CLIMATE SUMMARY FOR MAY 5 2016...
VALID TODAY AS OF 0500 PM LOCAL TIME.

CLIMATE NORMAL PERIOD 1981 TO 2010
CLIMATE RECORD PERIOD 1893 TO 2016


WEATHER ITEM   OBSERVED TIME   RECORD YEAR NORMAL DEPARTURE LAST
                VALUE   (LST)  VALUE       VALUE  FROM      YEAR
                                                  NORMAL
..................................................................
TEMPERATURE (F)
 TODAY
  MAXIMUM         87        MM  89    1918  65     22       80
                                      1897
  MINIMUM         51    500 AM  20    1913  38     13       44
                                      1906
  AVERAGE         69                        52     17       62

PRECIPITATION (IN)
  TODAY            0.00          0.89 1924   0.04  -0.04     0.00
  MONTH TO DATE    0.00                      0.22  -0.22     0.00
  SINCE OCT 1      6.73                      3.67   3.06     4.26
  SINCE JAN 1      3.75                      2.12   1.63     3.00

SNOWFALL (IN)
  TODAY            0.0           5.0  1956   0.1   -0.1      0.0
  MONTH TO DATE    0.0                       0.3   -0.3      0.0
  SINCE MAR 1      6.1                       6.9   -0.8      8.1
  SINCE JUL 1     27.6                      33.9   -6.3     43.2
  SNOW DEPTH       0

DEGREE DAYS
 HEATING
  TODAY            0                        14    -14        3
  MONTH TO DATE   24                        72    -48       43
  SINCE MAR 1   1347                      1709   -362     1384
  SINCE JUL 1   6812                      8079  -1267     7468

 COOLING
  TODAY            4                         0      4        0
  MONTH TO DATE    6                         0      6        0
  SINCE MAR 1      6                         1      5        0
  SINCE JAN 1      6                         1      5        0
..................................................................


WIND (MPH)
  HIGHEST WIND SPEED    14   HIGHEST WIND DIRECTION     E (110)
  HIGHEST GUST SPEED    MM   HIGHEST GUST DIRECTION    MM
  AVERAGE WIND SPEED     9.0


SKY COVER
  POSSIBLE SUNSHINE  MM
  AVERAGE SKY COVER 0.0


WEATHER CONDITIONS
 THE FOLLOWING WEATHER WAS RECORDED TODAY.
  NO SIGNIFICANT WEATHER WAS OBSERVED.


RELATIVE HUMIDITY (PERCENT)
 HIGHEST    63           500 AM
 LOWEST     16           400 PM
 AVERAGE    40

..........................................................


THE GLASGOW MT CLIMATE NORMALS FOR TOMORROW
                         NORMAL    RECORD    YEAR
 MAXIMUM TEMPERATURE (F)   65        93      1992
 MINIMUM TEMPERATURE (F)   39        15      1929


SUNRISE AND SUNSET
MAY  5 2016...........SUNRISE   541 AM MDT   SUNSET   827 PM MDT
MAY  6 2016...........SUNRISE   539 AM MDT   SUNSET   828 PM MDT


-  INDICATES NEGATIVE NUMBERS.
R  INDICATES RECORD WAS SET OR TIED.
MM INDICATES DATA IS MISSING.
T  INDICATES TRACE AMOUNT.




$$
