000
CDUS45 KGGW 191232
CLIGGW


CLIMATE REPORT
NATIONAL WEATHER SERVICE GLASGOW MT
632 AM MDT FRI SEP 19 2014


...................................

...THE GLASGOW MT CLIMATE SUMMARY FOR SEPTEMBER 19 2014...
VALID AS OF 0600 AM LOCAL TIME.

CLIMATE NORMAL PERIOD 1981 TO 2010
CLIMATE RECORD PERIOD 1893 TO 2014


WEATHER ITEM   OBSERVED TIME   RECORD YEAR NORMAL DEPARTURE LAST
                VALUE   (LST)  VALUE       VALUE  FROM      YEAR
                                                  NORMAL
..................................................................
TEMPERATURE (F)
 TODAY
  MINIMUM         55    500 AM  24    1913  43     12       42

PRECIPITATION (IN)
  TODAY            0.00          0.97 1925   0.03  -0.03     0.11
  MONTH TO DATE    0.40                      0.59  -0.19     1.67
  SINCE OCT 1     14.80                     11.31   3.49    16.46
  SINCE JAN 1     13.35                      9.76   3.59    14.26

SNOWFALL (IN)
  TODAY            0.0           T    1978   0.0    0.0      0.0
  MONTH TO DATE    0.0                       0.0    0.0      0.0
  SINCE SEP 1      0.0                       0.0    0.0      0.0
  SINCE JUL 1      0.0                       0.0    0.0      0.0
  SNOW DEPTH      MM

DEGREE DAYS
 HEATING
  TODAY            6                         9     -3       12
  MONTH TO DATE  175                       115     60       23
  SINCE SEP 1    175                       115     60       23
  SINCE JUL 1    228                       168     60       38

 COOLING
  TODAY            0                         1     -1        0
  MONTH TO DATE    4                        34    -30       86
  SINCE SEP 1      4                        34    -30       86
  SINCE JAN 1    476                       529    -53      563
..................................................................





WEATHER CONDITIONS
 THE FOLLOWING WEATHER WAS RECORDED TODAY.
  NO SIGNIFICANT WEATHER WAS OBSERVED.


RELATIVE HUMIDITY (PERCENT)
 HIGHEST    77           400 AM

..........................................................


THE GLASGOW MT CLIMATE NORMALS FOR TOMORROW
                         NORMAL    RECORD    YEAR
 MAXIMUM TEMPERATURE (F)   70       100      1922
 MINIMUM TEMPERATURE (F)   43        20      1995


SUNRISE AND SUNSET
SEPTEMBER 19 2014.....SUNRISE   649 AM MDT   SUNSET   710 PM MDT
SEPTEMBER 20 2014.....SUNRISE   650 AM MDT   SUNSET   708 PM MDT


-  INDICATES NEGATIVE NUMBERS.
R  INDICATES RECORD WAS SET OR TIED.
MM INDICATES DATA IS MISSING.
T  INDICATES TRACE AMOUNT.




$$
