805
CDUS45 KGGW 060740
CLIGGW


CLIMATE REPORT
NATIONAL WEATHER SERVICE GLASGOW MT
1240 AM MST SAT FEB 6 2016


...................................

...THE GLASGOW MT CLIMATE SUMMARY FOR FEBRUARY 5 2016...

CLIMATE NORMAL PERIOD 1981 TO 2010
CLIMATE RECORD PERIOD 1893 TO 2016


WEATHER ITEM   OBSERVED TIME   RECORD YEAR NORMAL DEPARTURE LAST
                VALUE   (LST)  VALUE       VALUE  FROM      YEAR
                                                  NORMAL
..................................................................
TEMPERATURE (F)
 YESTERDAY
  MAXIMUM         40    351 PM  54    1898  26     14       27
  MINIMUM          8    755 AM -35    1929   7      1        0
                                      1907
                                      1899
  AVERAGE         24                        16      8       14

PRECIPITATION (IN)
  YESTERDAY        0.00          0.50 1902   0.01  -0.01      T
  MONTH TO DATE    T                         0.04  -0.04     0.13
  SINCE OCT 1      3.32                      1.96   1.36     2.19
  SINCE JAN 1      0.34                      0.41  -0.07     0.93

SNOWFALL (IN)
  YESTERDAY        0.0           1.4  1955   0.2   -0.2       T
  MONTH TO DATE    T                         0.8   -0.8      2.6
  SINCE DEC 1     18.4                      16.8    1.6     23.3
  SINCE JUL 1     19.4                      23.4   -4.0     34.7
  SNOW DEPTH       4  (12Z / 5AM MST)

DEGREE DAYS
 HEATING
  YESTERDAY       41                        49     -8       51
  MONTH TO DATE  217                       245    -28      296
  SINCE DEC 1   3059                      3341   -282     3017
  SINCE JUL 1   4721                      5334   -613     5102

 COOLING
  YESTERDAY        0                         0      0        0
  MONTH TO DATE    0                         0      0        0
  SINCE DEC 1      0                         0      0        0
  SINCE JAN 1      0                         0      0        0
..................................................................


WIND (MPH)
  HIGHEST WIND SPEED    13   HIGHEST WIND DIRECTION    SW (230)
  HIGHEST GUST SPEED    17   HIGHEST GUST DIRECTION    SW (220)
  AVERAGE WIND SPEED     5.8


SKY COVER
  POSSIBLE SUNSHINE  MM
  AVERAGE SKY COVER 0.1


WEATHER CONDITIONS
 THE FOLLOWING WEATHER WAS RECORDED YESTERDAY.
  FOG
  FOG W/VISIBILITY <= 1/4 MILE


RELATIVE HUMIDITY (PERCENT)
 HIGHEST    91           700 AM
 LOWEST     59           400 PM
 AVERAGE    75

..........................................................


THE GLASGOW MT CLIMATE NORMALS FOR TODAY
                         NORMAL    RECORD    YEAR
 MAXIMUM TEMPERATURE (F)   26        54      1944
 MINIMUM TEMPERATURE (F)    7       -41      1929


SUNRISE AND SUNSET
FEBRUARY  6 2016......SUNRISE   728 AM MST   SUNSET   514 PM MST
FEBRUARY  7 2016......SUNRISE   727 AM MST   SUNSET   515 PM MST


-  INDICATES NEGATIVE NUMBERS.
R  INDICATES RECORD WAS SET OR TIED.
MM INDICATES DATA IS MISSING.
T  INDICATES TRACE AMOUNT.




$$
