000
CDUS45 KGGW 121238
CLIGGW


CLIMATE REPORT
NATIONAL WEATHER SERVICE GLASGOW MT
638 AM MDT SAT JUL 12 2014


...................................

...THE GLASGOW MT CLIMATE SUMMARY FOR JULY 12 2014...
VALID AS OF 0600 AM LOCAL TIME.

CLIMATE NORMAL PERIOD 1981 TO 2010
CLIMATE RECORD PERIOD 1893 TO 2014


WEATHER ITEM   OBSERVED TIME   RECORD YEAR NORMAL DEPARTURE LAST
                VALUE   (LST)  VALUE       VALUE  FROM      YEAR
                                                  NORMAL
..................................................................
TEMPERATURE (F)
 TODAY
  MINIMUM         58    500 AM  41    1911  57      1       64

PRECIPITATION (IN)
  TODAY            0.00          0.76 2001   0.07  -0.07     0.03
  MONTH TO DATE    0.54                      0.77  -0.23     0.43
  SINCE OCT 1      7.64                      8.47  -0.83    14.09
  SINCE JAN 1      6.19                      6.92  -0.73    11.89

SNOWFALL (IN)
  TODAY            0.0           0.0  2002   0.0    0.0      0.0
                                      2001
                                      2000
  MONTH TO DATE    0.0                       0.0    0.0      0.0
  SINCE JUN 1      0.0                       0.0    0.0      0.0
  SINCE JUL 1      0.0                       0.0    0.0      0.0
  SNOW DEPTH       0

DEGREE DAYS
 HEATING
  TODAY            6                         1      5        0
  MONTH TO DATE    6                        12     -6        0
  SINCE JUN 1    114                       117     -3       84
  SINCE JUL 1      6                        12     -6        0

 COOLING
  TODAY            0                         6     -6       11
  MONTH TO DATE   76                        64     12       96
  SINCE JUN 1     96                       139    -43      145
  SINCE JAN 1    130                       156    -26      154
..................................................................





WEATHER CONDITIONS
 THE FOLLOWING WEATHER WAS RECORDED TODAY.
  NO SIGNIFICANT WEATHER WAS OBSERVED.


RELATIVE HUMIDITY (PERCENT)
 HIGHEST    87           400 AM

..........................................................


THE GLASGOW MT CLIMATE NORMALS FOR TOMORROW
                         NORMAL    RECORD    YEAR
 MAXIMUM TEMPERATURE (F)   85       102      1926
 MINIMUM TEMPERATURE (F)   57        41      1942


SUNRISE AND SUNSET
JULY 12 2014..........SUNRISE   519 AM MDT   SUNSET   905 PM MDT
JULY 13 2014..........SUNRISE   520 AM MDT   SUNSET   904 PM MDT


-  INDICATES NEGATIVE NUMBERS.
R  INDICATES RECORD WAS SET OR TIED.
MM INDICATES DATA IS MISSING.
T  INDICATES TRACE AMOUNT.




$$
