000
CDUS45 KGGW 180741
CLIGGW


CLIMATE REPORT
NATIONAL WEATHER SERVICE GLASGOW MT
141 AM MDT WED OCT 18 2017


...................................

...THE GLASGOW MT CLIMATE SUMMARY FOR OCTOBER 17 2017...

CLIMATE NORMAL PERIOD 1981 TO 2010
CLIMATE RECORD PERIOD 1893 TO 2017


WEATHER ITEM   OBSERVED TIME   RECORD YEAR NORMAL DEPARTURE LAST
                VALUE   (LST)  VALUE       VALUE  FROM      YEAR
                                                  NORMAL
..................................................................
TEMPERATURE (F)
 YESTERDAY
  MAXIMUM         78    256 PM  86    1927  57     21       53
  MINIMUM         48    458 AM  11    1922  32     16       34
  AVERAGE         63                        44     19       44

PRECIPITATION (IN)
  YESTERDAY        0.00          0.79 1938   0.03  -0.03     0.01
  MONTH TO DATE    0.82                      0.49   0.33     2.37
  SINCE OCT 1      0.82                      0.49   0.33     2.37
  SINCE JAN 1      5.66                     10.60  -4.94    19.70

SNOWFALL (IN)
  YESTERDAY        0.0           3.6  1932   0.1   -0.1      0.0
  MONTH TO DATE    0.7                       0.6    0.1      0.4
  SINCE SEP 1      0.7                       0.8   -0.1      0.4
  SINCE JUL 1      0.7                       0.8   -0.1      0.4
  SNOW DEPTH       0

DEGREE DAYS
 HEATING
  YESTERDAY        2                        21    -19       21
  MONTH TO DATE  334                       293     41      333
  SINCE SEP 1    560                       534     26      557
  SINCE JUL 1    567                       587    -20      591

 COOLING
  YESTERDAY        0                         0      0        0
  MONTH TO DATE    0                         0      0        0
  SINCE SEP 1     54                        37     17       29
  SINCE JAN 1    684                       532    152      434
..................................................................


WIND (MPH)
  HIGHEST WIND SPEED    44   HIGHEST WIND DIRECTION    NW (320)
  HIGHEST GUST SPEED    57   HIGHEST GUST DIRECTION    NW (320)
  AVERAGE WIND SPEED    15.2


SKY COVER
  POSSIBLE SUNSHINE  MM
  AVERAGE SKY COVER 0.0


WEATHER CONDITIONS
 THE FOLLOWING WEATHER WAS RECORDED YESTERDAY.
  NO SIGNIFICANT WEATHER WAS OBSERVED.


RELATIVE HUMIDITY (PERCENT)
 HIGHEST    47          1100 PM
 LOWEST     11           300 PM
 AVERAGE    29

..........................................................


THE GLASGOW MT CLIMATE NORMALS FOR TODAY
                         NORMAL    RECORD    YEAR
 MAXIMUM TEMPERATURE (F)   56        84      2003
 MINIMUM TEMPERATURE (F)   32         1      1930


SUNRISE AND SUNSET
OCTOBER 18 2017.......SUNRISE   731 AM MDT   SUNSET   611 PM MDT
OCTOBER 19 2017.......SUNRISE   733 AM MDT   SUNSET   609 PM MDT


-  INDICATES NEGATIVE NUMBERS.
R  INDICATES RECORD WAS SET OR TIED.
MM INDICATES DATA IS MISSING.
T  INDICATES TRACE AMOUNT.




$$
