000
CDUS45 KGGW 300740
CLIGGW


CLIMATE REPORT
NATIONAL WEATHER SERVICE GLASGOW MT
140 AM MDT SAT MAY 30 2015


...................................

...THE GLASGOW MT CLIMATE SUMMARY FOR MAY 29 2015...

CLIMATE NORMAL PERIOD 1981 TO 2010
CLIMATE RECORD PERIOD 1893 TO 2015


WEATHER ITEM   OBSERVED TIME   RECORD YEAR NORMAL DEPARTURE LAST
                VALUE   (LST)  VALUE       VALUE  FROM      YEAR
                                                  NORMAL
..................................................................
TEMPERATURE (F)
 YESTERDAY
  MAXIMUM         62    335 PM 102    1988  71     -9       74
  MINIMUM         35    447 AM  29    1947  47    -12       49
  AVERAGE         49                        59    -10       62

PRECIPITATION (IN)
  YESTERDAY        0.00          2.25 1953   0.08  -0.08     0.00
  MONTH TO DATE    1.24                      1.75  -0.51     1.34
  SINCE OCT 1      5.50                      5.20   0.30     4.78
  SINCE JAN 1      4.24                      3.65   0.59     3.33

SNOWFALL (IN)
  YESTERDAY        0.0           T    1982   0.0    0.0      0.0
  MONTH TO DATE    0.0                       1.2   -1.2       T
  SINCE MAR 1      8.1                       7.8    0.3      6.6
  SINCE JUL 1     43.2                      34.8    8.4     30.4
  SNOW DEPTH       0

DEGREE DAYS
 HEATING
  YESTERDAY       16                         7      9        3
  MONTH TO DATE  333                       311     22      332
  SINCE MAR 1   1674                      1948   -274     2153
  SINCE JUL 1   7758                      8318   -560     8801

 COOLING
  YESTERDAY        0                         1     -1        0
  MONTH TO DATE    0                         9     -9       34
  SINCE MAR 1      0                        10    -10       34
  SINCE JAN 1      0                        10    -10       34
..................................................................


WIND (MPH)
  HIGHEST WIND SPEED    14   HIGHEST WIND DIRECTION     E (100)
  HIGHEST GUST SPEED    17   HIGHEST GUST DIRECTION     E (90)
  AVERAGE WIND SPEED     7.0


SKY COVER
  POSSIBLE SUNSHINE  MM
  AVERAGE SKY COVER 0.0


WEATHER CONDITIONS
 THE FOLLOWING WEATHER WAS RECORDED YESTERDAY.
  NO SIGNIFICANT WEATHER WAS OBSERVED.


RELATIVE HUMIDITY (PERCENT)
 HIGHEST    89           400 AM
 LOWEST     32           500 PM
 AVERAGE    61

..........................................................


THE GLASGOW MT CLIMATE NORMALS FOR TODAY
                         NORMAL    RECORD    YEAR
 MAXIMUM TEMPERATURE (F)   72        96      1984
 MINIMUM TEMPERATURE (F)   47        30      1913


SUNRISE AND SUNSET
MAY 30 2015...........SUNRISE   512 AM MDT   SUNSET   857 PM MDT
MAY 31 2015...........SUNRISE   511 AM MDT   SUNSET   858 PM MDT


-  INDICATES NEGATIVE NUMBERS.
R  INDICATES RECORD WAS SET OR TIED.
MM INDICATES DATA IS MISSING.
T  INDICATES TRACE AMOUNT.




$$
