000
CDUS45 KGGW 030741
CLIGGW


CLIMATE REPORT
NATIONAL WEATHER SERVICE GLASGOW MT
1240 AM MST SAT DEC 3 2016


...................................

...THE GLASGOW MT CLIMATE SUMMARY FOR DECEMBER 2 2016...

CLIMATE NORMAL PERIOD 1981 TO 2010
CLIMATE RECORD PERIOD 1893 TO 2016


WEATHER ITEM   OBSERVED TIME   RECORD YEAR NORMAL DEPARTURE LAST
                VALUE   (LST)  VALUE       VALUE  FROM      YEAR
                                                  NORMAL
..................................................................
TEMPERATURE (F)
 YESTERDAY
  MAXIMUM         39    314 PM  59    1939  31      8       41
  MINIMUM         21   1117 PM -35    1897  11     10       13
  AVERAGE         30                        21      9       27

PRECIPITATION (IN)
  YESTERDAY        0.00          0.31 1982   0.01  -0.01     0.00
  MONTH TO DATE    T                         0.02  -0.02     0.00
  SINCE OCT 1      3.17                      1.17   2.00     2.27
  SINCE JAN 1     20.50                     11.28   9.22    12.33

SNOWFALL (IN)
  YESTERDAY        0.0           5.2  1982   0.2   -0.2      0.0
  MONTH TO DATE    T                         0.4   -0.4      0.0
  SINCE DEC 1      T                         0.4   -0.4      0.0
  SINCE JUL 1      0.4                       7.0   -6.6      1.0
  SNOW DEPTH       0

DEGREE DAYS
 HEATING
  YESTERDAY       35                        44     -9       38
  MONTH TO DATE   76                        88    -12       85
  SINCE DEC 1     76                        88    -12       85
  SINCE JUL 1   1695                      2081   -386     1747

 COOLING
  YESTERDAY        0                         0      0        0
  MONTH TO DATE    0                         0      0        0
  SINCE DEC 1      0                         0      0        0
  SINCE JAN 1    434                       533    -99      619
..................................................................


WIND (MPH)
  HIGHEST WIND SPEED    13   HIGHEST WIND DIRECTION     S (170)
  HIGHEST GUST SPEED    17   HIGHEST GUST DIRECTION     W (270)
  AVERAGE WIND SPEED     7.6


SKY COVER
  POSSIBLE SUNSHINE  MM
  AVERAGE SKY COVER 0.6


WEATHER CONDITIONS
 THE FOLLOWING WEATHER WAS RECORDED YESTERDAY.
  FOG
  HAZE


RELATIVE HUMIDITY (PERCENT)
 HIGHEST    92           200 AM
 LOWEST     59           300 PM
 AVERAGE    76

..........................................................


THE GLASGOW MT CLIMATE NORMALS FOR TODAY
                         NORMAL    RECORD    YEAR
 MAXIMUM TEMPERATURE (F)   30        69      1939
 MINIMUM TEMPERATURE (F)   11       -30      1972


SUNRISE AND SUNSET
DECEMBER  3 2016......SUNRISE   739 AM MST   SUNSET   414 PM MST
DECEMBER  4 2016......SUNRISE   740 AM MST   SUNSET   413 PM MST


-  INDICATES NEGATIVE NUMBERS.
R  INDICATES RECORD WAS SET OR TIED.
MM INDICATES DATA IS MISSING.
T  INDICATES TRACE AMOUNT.




$$
