000
CDUS45 KGGW 220015
CLIGGW


CLIMATE REPORT
NATIONAL WEATHER SERVICE GLASGOW MT
615 PM MDT TUE OCT 21 2014


...................................

...THE GLASGOW MT CLIMATE SUMMARY FOR OCTOBER 21 2014...
VALID TODAY AS OF 0500 PM LOCAL TIME.

CLIMATE NORMAL PERIOD 1981 TO 2010
CLIMATE RECORD PERIOD 1893 TO 2014


WEATHER ITEM   OBSERVED TIME   RECORD YEAR NORMAL DEPARTURE LAST
                VALUE   (LST)  VALUE       VALUE  FROM      YEAR
                                                  NORMAL
..................................................................
TEMPERATURE (F)
 TODAY
  MAXIMUM         76        MM  85    2003  55     21       59
  MINIMUM         45        MM  10    1930  31     14       38
  AVERAGE         61                        43     18       49

PRECIPITATION (IN)
  TODAY            0.00          0.53 1966   0.02  -0.02     0.08
  MONTH TO DATE    0.34                      0.58  -0.24     0.23
  SINCE OCT 1      0.34                      0.58  -0.24     0.23
  SINCE JAN 1     14.08                     10.69   3.39    14.65

SNOWFALL (IN)
  TODAY            0.0           1.6  1966   0.0    0.0      0.0
  MONTH TO DATE    0.0                       0.7   -0.7       T
  SINCE SEP 1      0.0                       0.9   -0.9       T
  SINCE JUL 1      0.0                       0.9   -0.9       T
  SNOW DEPTH       0

DEGREE DAYS
 HEATING
  TODAY            4                        22    -18       16
  MONTH TO DATE  292                       380    -88      399
  SINCE SEP 1    523                       621    -98      522
  SINCE JUL 1    576                       674    -98      537

 COOLING
  TODAY            0                         0      0        0
  MONTH TO DATE    0                         0      0        0
  SINCE SEP 1     23                        37    -14       86
  SINCE JAN 1    495                       532    -37      563
..................................................................


WIND (MPH)
  HIGHEST WIND SPEED    16   HIGHEST WIND DIRECTION     E (100)
  HIGHEST GUST SPEED    MM   HIGHEST GUST DIRECTION    MM
  AVERAGE WIND SPEED    12.7


SKY COVER
  POSSIBLE SUNSHINE  MM
  AVERAGE SKY COVER 0.0


WEATHER CONDITIONS
 THE FOLLOWING WEATHER WAS RECORDED TODAY.
  NO SIGNIFICANT WEATHER WAS OBSERVED.


RELATIVE HUMIDITY (PERCENT)
 HIGHEST    76           600 AM
 LOWEST     33           300 PM
 AVERAGE    55

..........................................................


THE GLASGOW MT CLIMATE NORMALS FOR TOMORROW
                         NORMAL    RECORD    YEAR
 MAXIMUM TEMPERATURE (F)   54        78      1900
 MINIMUM TEMPERATURE (F)   30         2      2002


SUNRISE AND SUNSET
OCTOBER 21 2014.......SUNRISE   735 AM MDT   SUNSET   606 PM MDT
OCTOBER 22 2014.......SUNRISE   737 AM MDT   SUNSET   604 PM MDT


-  INDICATES NEGATIVE NUMBERS.
R  INDICATES RECORD WAS SET OR TIED.
MM INDICATES DATA IS MISSING.
T  INDICATES TRACE AMOUNT.




$$
