000
CDUS45 KGJT 212339
CLIGJT


CLIMATE REPORT
NATIONAL WEATHER SERVICE GRAND JUNCTION CO
530 PM MDT THU SEP 21 2017


...................................

...THE GRAND JUNCTION CO CLIMATE SUMMARY FOR SEPTEMBER 21 2017...
VALID TODAY AS OF 0500 PM LOCAL TIME.

CLIMATE NORMAL PERIOD 1981 TO 2010
CLIMATE RECORD PERIOD 1893 TO 2017


WEATHER ITEM   OBSERVED TIME   RECORD YEAR NORMAL DEPARTURE LAST
                VALUE   (LST)  VALUE       VALUE  FROM      YEAR
                                                  NORMAL
..................................................................
TEMPERATURE (F)
 TODAY
  MAXIMUM         85    317 PM  90    1935  78      7       78
  MINIMUM         64   1228 AM  32    1895  50     14       60
  AVERAGE         75                        64     11       69

PRECIPITATION (IN)
  TODAY            0.00          1.21 2005   0.04  -0.04     0.01
  MONTH TO DATE    0.30                      0.82  -0.52     0.18
  SINCE SEP 1      0.30                      0.82  -0.52     0.18
  SINCE JAN 1      4.31                      6.67  -2.36     6.43

SNOWFALL (IN)
  TODAY            0.0           T    2005   0.0    0.0      0.0
  MONTH TO DATE    0.0                       0.0    0.0      0.0
  SINCE SEP 1      0.0                       0.0    0.0      0.0
  SINCE JUL 1      0.0                       0.0    0.0      0.0
  SNOW DEPTH       0

DEGREE DAYS
 HEATING
  TODAY            0                         3     -3        0
  MONTH TO DATE   12                        30    -18       10
  SINCE SEP 1     12                        30    -18       10
  SINCE JUL 1     12                        33    -21       10

 COOLING
  TODAY           10                         2      8        4
  MONTH TO DATE  180                        92     88      110
  SINCE SEP 1    180                        92     88      110
  SINCE JAN 1   1476                      1111    365     1224
..................................................................


WIND (MPH)
  HIGHEST WIND SPEED    31   HIGHEST WIND DIRECTION     S (180)
  HIGHEST GUST SPEED    43   HIGHEST GUST DIRECTION     S (170)
  AVERAGE WIND SPEED    19.2


SKY COVER
  POSSIBLE SUNSHINE  MM
  AVERAGE SKY COVER 0.0


WEATHER CONDITIONS
 THE FOLLOWING WEATHER WAS RECORDED TODAY.
  NO SIGNIFICANT WEATHER WAS OBSERVED.


RELATIVE HUMIDITY (PERCENT)
 HIGHEST    32           700 AM
 LOWEST      9           300 PM
 AVERAGE    21

..........................................................


THE GRAND JUNCTION CO CLIMATE NORMALS FOR TOMORROW
                         NORMAL    RECORD    YEAR
 MAXIMUM TEMPERATURE (F)   77        90      2016
                                             1966
 MINIMUM TEMPERATURE (F)   49        34      2009
                                             1995


SUNRISE AND SUNSET
SEPTEMBER 21 2017.....SUNRISE   701 AM MDT   SUNSET   712 PM MDT
SEPTEMBER 22 2017.....SUNRISE   702 AM MDT   SUNSET   711 PM MDT


-  INDICATES NEGATIVE NUMBERS.
R  INDICATES RECORD WAS SET OR TIED.
MM INDICATES DATA IS MISSING.
T  INDICATES TRACE AMOUNT.




$$
