000
CDUS45 KGJT 220749
CLIGJT


CLIMATE REPORT
NATIONAL WEATHER SERVICE GRAND JUNCTION CO
1230 AM MST SAT NOV 22 2014


...................................

...THE GRAND JUNCTION CO CLIMATE SUMMARY FOR NOVEMBER 21 2014...

CLIMATE NORMAL PERIOD 1981 TO 2010
CLIMATE RECORD PERIOD 1893 TO 2014


WEATHER ITEM   OBSERVED TIME   RECORD YEAR NORMAL DEPARTURE LAST
                VALUE   (LST)  VALUE       VALUE  FROM      YEAR
                                                  NORMAL
..................................................................
TEMPERATURE (F)
 YESTERDAY
  MAXIMUM         52    235 PM  67    1966  47      5       48
                                      1905
  MINIMUM         18    508 AM   9    1956  25     -7       33
  AVERAGE         35                        36     -1       41

PRECIPITATION (IN)
  YESTERDAY        0.00          0.30 1913   0.02  -0.02     0.28
  MONTH TO DATE    0.28                      0.53  -0.25     0.39
  SINCE SEP 1      2.70                      2.78  -0.08     4.84
  SINCE JAN 1     10.79                      8.63   2.16    10.81

SNOWFALL (IN)
  YESTERDAY        0.0           2.5  1931   0.1   -0.1      0.0
  MONTH TO DATE    T                         1.2   -1.2      0.2
  SINCE SEP 1      T                         1.6   -1.6      0.3
  SINCE JUL 1      T                         1.6   -1.6      0.3
  SNOW DEPTH       0

DEGREE DAYS
 HEATING
  YESTERDAY       30                        29      1       24
  MONTH TO DATE  584                       499     85      499
  SINCE SEP 1    945                       944      1     1069
  SINCE JUL 1    950                       947      3     1069

 COOLING
  YESTERDAY        0                         0      0        0
  MONTH TO DATE    0                         0      0        0
  SINCE SEP 1    120                       106     14      143
  SINCE JAN 1   1046                      1125    -79     1269
..................................................................


WIND (MPH)
  HIGHEST WIND SPEED    10   HIGHEST WIND DIRECTION    SE (130)
  HIGHEST GUST SPEED    24   HIGHEST GUST DIRECTION    SE (150)
  AVERAGE WIND SPEED     4.4


SKY COVER
  POSSIBLE SUNSHINE  MM
  AVERAGE SKY COVER 0.0


WEATHER CONDITIONS
 THE FOLLOWING WEATHER WAS RECORDED YESTERDAY.
  NO SIGNIFICANT WEATHER WAS OBSERVED.


RELATIVE HUMIDITY (PERCENT)
 HIGHEST    84           700 AM
 LOWEST     26           300 PM
 AVERAGE    55

..........................................................


THE GRAND JUNCTION CO CLIMATE NORMALS FOR TODAY
                         NORMAL    RECORD    YEAR
 MAXIMUM TEMPERATURE (F)   47        63      1966
                                             1917
 MINIMUM TEMPERATURE (F)   25        11      1979


SUNRISE AND SUNSET
NOVEMBER 22 2014......SUNRISE   705 AM MST   SUNSET   455 PM MST
NOVEMBER 23 2014......SUNRISE   706 AM MST   SUNSET   455 PM MST


-  INDICATES NEGATIVE NUMBERS.
R  INDICATES RECORD WAS SET OR TIED.
MM INDICATES DATA IS MISSING.
T  INDICATES TRACE AMOUNT.




$$
