000
CDUS45 KGJT 250739
CLIGJT


CLIMATE REPORT
NATIONAL WEATHER SERVICE GRAND JUNCTION CO
1236 AM MST SAT FEB 25 2017


...................................

...THE GRAND JUNCTION CO CLIMATE SUMMARY FOR FEBRUARY 24 2017...

CLIMATE NORMAL PERIOD 1981 TO 2010
CLIMATE RECORD PERIOD 1893 TO 2017


WEATHER ITEM   OBSERVED TIME   RECORD YEAR NORMAL DEPARTURE LAST
                VALUE   (LST)  VALUE       VALUE  FROM      YEAR
                                                  NORMAL
..................................................................
TEMPERATURE (F)
 YESTERDAY
  MAXIMUM         38   1252 PM  70    1904  49    -11       46
  MINIMUM         18   1150 PM   4    1974  27     -9       23
  AVERAGE         28                        38    -10       35

PRECIPITATION (IN)
  YESTERDAY        T             0.37 1993   0.02  -0.02     0.00
  MONTH TO DATE    0.34                      0.45  -0.11     0.45
  SINCE DEC 1      2.08                      1.62   0.46     2.06
  SINCE JAN 1      1.35                      1.03   0.32     1.37

SNOWFALL (IN)
  YESTERDAY        T             3.2  1935   0.1   -0.1      0.0
  MONTH TO DATE    T                         2.8   -2.8      4.7
  SINCE DEC 1     11.2                      12.6   -1.4     24.0
  SINCE JUL 1     11.7                      15.1   -3.4     27.4
  SNOW DEPTH       0

DEGREE DAYS
 HEATING
  YESTERDAY       37                        27     10       30
  MONTH TO DATE  516                       749   -233      834
  SINCE DEC 1   2647                      3047   -400     3322
  SINCE JUL 1   3517                      4275   -758     4371

 COOLING
  YESTERDAY        0                         0      0        0
  MONTH TO DATE    0                         0      0        0
  SINCE DEC 1      0                         0      0        0
  SINCE JAN 1      0                         0      0        0
..................................................................


WIND (MPH)
  HIGHEST WIND SPEED    25   HIGHEST WIND DIRECTION    NW (300)
  HIGHEST GUST SPEED    30   HIGHEST GUST DIRECTION     W (290)
  AVERAGE WIND SPEED     6.3


SKY COVER
  POSSIBLE SUNSHINE  MM
  AVERAGE SKY COVER 0.4


WEATHER CONDITIONS
 THE FOLLOWING WEATHER WAS RECORDED YESTERDAY.
  LIGHT SNOW


RELATIVE HUMIDITY (PERCENT)
 HIGHEST   100           300 AM
 LOWEST     29           100 PM
 AVERAGE    65

..........................................................


THE GRAND JUNCTION CO CLIMATE NORMALS FOR TODAY
                         NORMAL    RECORD    YEAR
 MAXIMUM TEMPERATURE (F)   50        69      1904
 MINIMUM TEMPERATURE (F)   27         4      1974


SUNRISE AND SUNSET
FEBRUARY 25 2017......SUNRISE   652 AM MST   SUNSET   603 PM MST
FEBRUARY 26 2017......SUNRISE   651 AM MST   SUNSET   604 PM MST


-  INDICATES NEGATIVE NUMBERS.
R  INDICATES RECORD WAS SET OR TIED.
MM INDICATES DATA IS MISSING.
T  INDICATES TRACE AMOUNT.




$$
