318
CDUS45 KGJT 212352
CLIGJT


CLIMATE REPORT
NATIONAL WEATHER SERVICE GRAND JUNCTION CO
448 PM MST TUE NOV 21 2017


...................................

...THE GRAND JUNCTION CO CLIMATE SUMMARY FOR NOVEMBER 21 2017...
VALID TODAY AS OF 0400 PM LOCAL TIME.

CLIMATE NORMAL PERIOD 1981 TO 2010
CLIMATE RECORD PERIOD 1893 TO 2017


WEATHER ITEM   OBSERVED TIME   RECORD YEAR NORMAL DEPARTURE LAST
                VALUE   (LST)  VALUE       VALUE  FROM      YEAR
                                                  NORMAL
..................................................................
TEMPERATURE (F)
 TODAY
  MAXIMUM         57    333 PM  67    1966  47     10       57
                                      1905
  MINIMUM         32    117 AM   9    1956  25      7       41
  AVERAGE         45                        36      9       49

PRECIPITATION (IN)
  TODAY            0.00          0.35 2016   0.02  -0.02     0.35
  MONTH TO DATE    0.01                      0.53  -0.52     0.59
  SINCE SEP 1      1.03                      2.78  -1.75     1.63
  SINCE JAN 1      5.04                      8.63  -3.59     7.88

SNOWFALL (IN)
  TODAY            0.0           2.5  1931   0.1   -0.1      0.0
  MONTH TO DATE    T                         1.2   -1.2      0.1
  SINCE SEP 1      T                         1.6   -1.6      0.1
  SINCE JUL 1      T                         1.6   -1.6      0.1
  SNOW DEPTH       0

DEGREE DAYS
 HEATING
  TODAY           20                        29     -9       16
  MONTH TO DATE  409                       499    -90      336
  SINCE SEP 1    940                       944     -4      611
  SINCE JUL 1    940                       947     -7      611

 COOLING
  TODAY            0                         0      0        0
  MONTH TO DATE    0                         0      0        0
  SINCE SEP 1    183                       106     77      131
  SINCE JAN 1   1479                      1125    354     1245
..................................................................


WIND (MPH)
  HIGHEST WIND SPEED     9   HIGHEST WIND DIRECTION     W (250)
  HIGHEST GUST SPEED    10   HIGHEST GUST DIRECTION    SE (150)
  AVERAGE WIND SPEED     2.1


SKY COVER
  POSSIBLE SUNSHINE  MM
  AVERAGE SKY COVER 0.2


WEATHER CONDITIONS
 THE FOLLOWING WEATHER WAS RECORDED TODAY.
  NO SIGNIFICANT WEATHER WAS OBSERVED.


RELATIVE HUMIDITY (PERCENT)
 HIGHEST    56          1200 AM
 LOWEST     26           100 PM
 AVERAGE    41

..........................................................


THE GRAND JUNCTION CO CLIMATE NORMALS FOR TOMORROW
                         NORMAL    RECORD    YEAR
 MAXIMUM TEMPERATURE (F)   47        63      1966
                                             1917
 MINIMUM TEMPERATURE (F)   25        11      1979


SUNRISE AND SUNSET
NOVEMBER 21 2017......SUNRISE   704 AM MST   SUNSET   456 PM MST
NOVEMBER 22 2017......SUNRISE   705 AM MST   SUNSET   455 PM MST


-  INDICATES NEGATIVE NUMBERS.
R  INDICATES RECORD WAS SET OR TIED.
MM INDICATES DATA IS MISSING.
T  INDICATES TRACE AMOUNT.




$$
