000
CDUS45 KGJT 220733
CLIGJT


CLIMATE REPORT
NATIONAL WEATHER SERVICE GRAND JUNCTION CO
131 AM MDT FRI AUG 22 2014


...................................

...THE GRAND JUNCTION CO CLIMATE SUMMARY FOR AUGUST 21 2014...

CLIMATE NORMAL PERIOD 1981 TO 2010
CLIMATE RECORD PERIOD 1893 TO 2014


WEATHER ITEM   OBSERVED TIME   RECORD YEAR NORMAL DEPARTURE LAST
                VALUE   (LST)  VALUE       VALUE  FROM      YEAR
                                                  NORMAL
..................................................................
TEMPERATURE (F)
 YESTERDAY
  MAXIMUM         81    348 PM  97    2009  89     -8       93
                                      2007
                                      1960
  MINIMUM         54    535 AM  47    1924  61     -7       59
  AVERAGE         68                        75     -7       76

PRECIPITATION (IN)
  YESTERDAY        0.00          0.93 1921   0.03  -0.03     0.00
  MONTH TO DATE    2.13                      0.62   1.51     0.22
  SINCE JUN 1      3.28                      1.69   1.59     1.60
  SINCE JAN 1      7.06                      5.52   1.54     5.01

SNOWFALL (IN)
  YESTERDAY        0.0           0.0  2013   0.0    0.0      0.0
  MONTH TO DATE    0.0                       0.0    0.0      0.0
  SINCE JUN 1      0.0                       0.0    0.0      0.0
  SINCE JUL 1      0.0                       0.0    0.0      0.0
  SNOW DEPTH       0

DEGREE DAYS
 HEATING
  YESTERDAY        0                         0      0        0
  MONTH TO DATE    0                         0      0        0
  SINCE JUN 1     19                        23     -4        5
  SINCE JUL 1      0                         1     -1        0

 COOLING
  YESTERDAY        3                        10     -7       11
  MONTH TO DATE  184                       242    -58      204
  SINCE JUN 1    832                       883    -51      971
  SINCE JAN 1    891                       934    -43     1026
..................................................................


WIND (MPH)
  HIGHEST WIND SPEED    13   HIGHEST WIND DIRECTION     S (170)
  HIGHEST GUST SPEED    15   HIGHEST GUST DIRECTION     S (170)
  AVERAGE WIND SPEED     3.9


SKY COVER
  POSSIBLE SUNSHINE  MM
  AVERAGE SKY COVER 0.0


WEATHER CONDITIONS
 THE FOLLOWING WEATHER WAS RECORDED YESTERDAY.
  NO SIGNIFICANT WEATHER WAS OBSERVED.


RELATIVE HUMIDITY (PERCENT)
 HIGHEST    86           200 AM
 LOWEST     26           400 PM
 AVERAGE    56

..........................................................


THE GRAND JUNCTION CO CLIMATE NORMALS FOR TODAY
                         NORMAL    RECORD    YEAR
 MAXIMUM TEMPERATURE (F)   89        98      2009
                                             2007
                                             1905
 MINIMUM TEMPERATURE (F)   60        50      1964


SUNRISE AND SUNSET
AUGUST 22 2014........SUNRISE   634 AM MDT   SUNSET   759 PM MDT
AUGUST 23 2014........SUNRISE   635 AM MDT   SUNSET   758 PM MDT


-  INDICATES NEGATIVE NUMBERS.
R  INDICATES RECORD WAS SET OR TIED.
MM INDICATES DATA IS MISSING.
T  INDICATES TRACE AMOUNT.




$$
