000
CDUS45 KGJT 210741
CLIGJT


CLIMATE REPORT
NATIONAL WEATHER SERVICE GRAND JUNCTION CO
137 AM MDT FRI JUL 21 2017


...................................

...THE GRAND JUNCTION CO CLIMATE SUMMARY FOR JULY 20 2017...

CLIMATE NORMAL PERIOD 1981 TO 2010
CLIMATE RECORD PERIOD 1893 TO 2017


WEATHER ITEM   OBSERVED TIME   RECORD YEAR NORMAL DEPARTURE LAST
                VALUE   (LST)  VALUE       VALUE  FROM      YEAR
                                                  NORMAL
..................................................................
TEMPERATURE (F)
 YESTERDAY
  MAXIMUM         96    324 PM 105    2005  94      2       90
  MINIMUM         66    530 AM  53    1997  64      2       68
                                      1897
  AVERAGE         81                        79      2       79

PRECIPITATION (IN)
  YESTERDAY        T             0.24 1930   0.02  -0.02     0.00
  MONTH TO DATE    0.39                      0.35   0.04     0.26
  SINCE JUN 1      0.42                      0.81  -0.39     0.39
  SINCE JAN 1      3.25                      4.64  -1.39     5.36

SNOWFALL (IN)
  YESTERDAY        0.0           0.0  2001   0.0    0.0      0.0
  MONTH TO DATE    0.0                       0.0    0.0      0.0
  SINCE JUN 1      0.0                       0.0    0.0      0.0
  SINCE JUL 1      0.0                       0.0    0.0      0.0
  SNOW DEPTH       0

DEGREE DAYS
 HEATING
  YESTERDAY        0                         0      0        0
  MONTH TO DATE    0                         0      0        0
  SINCE JUN 1      4                        22    -18        1
  SINCE JUL 1      0                         0      0        0

 COOLING
  YESTERDAY       16                        14      2       14
  MONTH TO DATE  344                       264     80      251
  SINCE JUN 1    717                       495    222      601
  SINCE JAN 1    763                       546    217      614
..................................................................


WIND (MPH)
  HIGHEST WIND SPEED    28   HIGHEST WIND DIRECTION     S (180)
  HIGHEST GUST SPEED    33   HIGHEST GUST DIRECTION     S (180)
  AVERAGE WIND SPEED     8.7


SKY COVER
  POSSIBLE SUNSHINE  MM
  AVERAGE SKY COVER 0.1


WEATHER CONDITIONS
 THE FOLLOWING WEATHER WAS RECORDED YESTERDAY.
  THUNDERSTORM
  LIGHT RAIN


RELATIVE HUMIDITY (PERCENT)
 HIGHEST    81           500 AM
 LOWEST     19           300 PM
 AVERAGE    50

..........................................................


THE GRAND JUNCTION CO CLIMATE NORMALS FOR TODAY
                         NORMAL    RECORD    YEAR
 MAXIMUM TEMPERATURE (F)   93       106      2005
 MINIMUM TEMPERATURE (F)   64        53      1897


SUNRISE AND SUNSET
JULY 21 2017..........SUNRISE   605 AM MDT   SUNSET   835 PM MDT
JULY 22 2017..........SUNRISE   606 AM MDT   SUNSET   834 PM MDT


-  INDICATES NEGATIVE NUMBERS.
R  INDICATES RECORD WAS SET OR TIED.
MM INDICATES DATA IS MISSING.
T  INDICATES TRACE AMOUNT.




$$
