000
CDUS45 KGJT 310805
CLIGJT


CLIMATE REPORT
NATIONAL WEATHER SERVICE GRAND JUNCTION CO
1230 AM MST SAT JAN 31 2015


...................................

...THE GRAND JUNCTION CO CLIMATE SUMMARY FOR JANUARY 30 2015...

CLIMATE NORMAL PERIOD 1981 TO 2010
CLIMATE RECORD PERIOD 1893 TO 2015


WEATHER ITEM   OBSERVED TIME   RECORD YEAR NORMAL DEPARTURE LAST
                VALUE   (LST)  VALUE       VALUE  FROM      YEAR
                                                  NORMAL
..................................................................
TEMPERATURE (F)
 YESTERDAY
  MAXIMUM         48   1157 AM  58    1954  40      8       35
  MINIMUM         36    715 AM -10    1973  19     17       29
  AVERAGE         42                        29     13       32

PRECIPITATION (IN)
  YESTERDAY        0.08          0.46 2014   0.01   0.07     0.46
  MONTH TO DATE    0.52                      0.56  -0.04     0.50
  SINCE DEC 1      1.58                      1.15   0.43     1.46
  SINCE JAN 1      0.52                      0.56  -0.04     0.50

SNOWFALL (IN)
  YESTERDAY        0.0           5.0  2014   0.1   -0.1      5.0
  MONTH TO DATE    1.3                       4.8   -3.5      5.7
  SINCE DEC 1      6.9                       9.7   -2.8     16.4
  SINCE JUL 1      6.9                      12.2   -5.3     21.2
  SNOW DEPTH       0

DEGREE DAYS
 HEATING
  YESTERDAY       23                        36    -13       33
  MONTH TO DATE 1003                      1130   -127     1219
  SINCE DEC 1   2017                      2261   -244     2735
  SINCE JUL 1   3241                      3489   -248     4074

 COOLING
  YESTERDAY        0                         0      0        0
  MONTH TO DATE    0                         0      0        0
  SINCE DEC 1      0                         0      0        0
  SINCE JAN 1      0                         0      0        0
..................................................................


WIND (MPH)
  HIGHEST WIND SPEED    10   HIGHEST WIND DIRECTION    SE (150)
  HIGHEST GUST SPEED    13   HIGHEST GUST DIRECTION    SE (150)
  AVERAGE WIND SPEED     3.1


SKY COVER
  POSSIBLE SUNSHINE  MM
  AVERAGE SKY COVER 1.0


WEATHER CONDITIONS
 THE FOLLOWING WEATHER WAS RECORDED YESTERDAY.
  LIGHT RAIN
  FOG


RELATIVE HUMIDITY (PERCENT)
 HIGHEST   100           900 PM
 LOWEST     58          1200 PM
 AVERAGE    79

..........................................................


THE GRAND JUNCTION CO CLIMATE NORMALS FOR TODAY
                         NORMAL    RECORD    YEAR
 MAXIMUM TEMPERATURE (F)   40        62      1911
 MINIMUM TEMPERATURE (F)   19       -10      1979


SUNRISE AND SUNSET
JANUARY 31 2015.......SUNRISE   722 AM MST   SUNSET   534 PM MST
FEBRUARY  1 2015......SUNRISE   721 AM MST   SUNSET   535 PM MST


-  INDICATES NEGATIVE NUMBERS.
R  INDICATES RECORD WAS SET OR TIED.
MM INDICATES DATA IS MISSING.
T  INDICATES TRACE AMOUNT.




$$
