000
CDUS45 KGJT 260801
CLIGJT


CLIMATE REPORT
NATIONAL WEATHER SERVICE GRAND JUNCTION CO
1230 AM MST FRI DEC 26 2014


...................................

...THE GRAND JUNCTION CO CLIMATE SUMMARY FOR DECEMBER 25 2014...

CLIMATE NORMAL PERIOD 1981 TO 2010
CLIMATE RECORD PERIOD 1893 TO 2014


WEATHER ITEM   OBSERVED TIME   RECORD YEAR NORMAL DEPARTURE LAST
                VALUE   (LST)  VALUE       VALUE  FROM      YEAR
                                                  NORMAL
..................................................................
TEMPERATURE (F)
 YESTERDAY
  MAXIMUM         35    636 AM  60    1971  37     -2       31
  MINIMUM         26   1159 PM -17    1924  17      9        8
  AVERAGE         31                        27      4       20

PRECIPITATION (IN)
  YESTERDAY        0.08          0.45 1983   0.02   0.06     0.00
  MONTH TO DATE    0.84                      0.48   0.36     0.96
  SINCE DEC 1      0.84                      0.48   0.36     0.96
  SINCE JAN 1     11.74                      9.31   2.43    12.43

SNOWFALL (IN)
  YESTERDAY        0.8           3.5  1983   0.2    0.6      0.0
  MONTH TO DATE    1.5                       3.7   -2.2     10.7
  SINCE DEC 1      1.5                       3.7   -2.2     10.7
  SINCE JUL 1      1.5                       6.2   -4.7     15.5
  SNOW DEPTH       0

DEGREE DAYS
 HEATING
  YESTERDAY       34                        38     -4       45
  MONTH TO DATE  725                       902   -177     1249
  SINCE DEC 1    725                       902   -177     1249
  SINCE JUL 1   1949                      2130   -181     2588

 COOLING
  YESTERDAY        0                         0      0        0
  MONTH TO DATE    0                         0      0        0
  SINCE DEC 1      0                         0      0        0
  SINCE JAN 1   1046                      1125    -79     1269
..................................................................


WIND (MPH)
  HIGHEST WIND SPEED    18   HIGHEST WIND DIRECTION    NW (320)
  HIGHEST GUST SPEED    22   HIGHEST GUST DIRECTION    NW (320)
  AVERAGE WIND SPEED     7.0


SKY COVER
  POSSIBLE SUNSHINE  MM
  AVERAGE SKY COVER 1.0


WEATHER CONDITIONS
 THE FOLLOWING WEATHER WAS RECORDED YESTERDAY.
  HEAVY SNOW
  SNOW
  LIGHT SNOW
  FOG
  FOG W/VISIBILITY <= 1/4 MILE


RELATIVE HUMIDITY (PERCENT)
 HIGHEST   100           400 PM
 LOWEST     69          1200 AM
 AVERAGE    85

..........................................................


THE GRAND JUNCTION CO CLIMATE NORMALS FOR TODAY
                         NORMAL    RECORD    YEAR
 MAXIMUM TEMPERATURE (F)   37        60      1971
 MINIMUM TEMPERATURE (F)   17       -21      1924


SUNRISE AND SUNSET
DECEMBER 26 2014......SUNRISE   732 AM MST   SUNSET   458 PM MST
DECEMBER 27 2014......SUNRISE   732 AM MST   SUNSET   458 PM MST


-  INDICATES NEGATIVE NUMBERS.
R  INDICATES RECORD WAS SET OR TIED.
MM INDICATES DATA IS MISSING.
T  INDICATES TRACE AMOUNT.




$$
