000
CDUS45 KGJT 030000
CLIGJT


CLIMATE REPORT
NATIONAL WEATHER SERVICE GRAND JUNCTION CO
456 PM MST MON MAR 2 2015


...................................

...THE GRAND JUNCTION CO CLIMATE SUMMARY FOR MARCH 2 2015...
VALID TODAY AS OF 0400 PM LOCAL TIME.

CLIMATE NORMAL PERIOD 1981 TO 2010
CLIMATE RECORD PERIOD 1893 TO 2015


WEATHER ITEM   OBSERVED TIME   RECORD YEAR NORMAL DEPARTURE LAST
                VALUE   (LST)  VALUE       VALUE  FROM      YEAR
                                                  NORMAL
..................................................................
TEMPERATURE (F)
 TODAY
  MAXIMUM         59    131 PM  70    1901  52      7       55
  MINIMUM         34    728 AM   6    2002  29      5       33
  AVERAGE         47                        40      7       44

PRECIPITATION (IN)
  TODAY            0.06          0.63 1970   0.03   0.03     0.01
  MONTH TO DATE    0.13                      0.05   0.08     0.03
  SINCE MAR 1      0.13                      0.05   0.08     0.03
  SINCE JAN 1      0.99                      1.17  -0.18     1.41

SNOWFALL (IN)
  TODAY            0.0           5.0  1970   0.1   -0.1      0.0
  MONTH TO DATE    0.0                       0.2   -0.2      0.0
  SINCE MAR 1      0.0                       0.2   -0.2      0.0
  SINCE JUL 1      8.6                      15.7   -7.1     25.7
  SNOW DEPTH       0

DEGREE DAYS
 HEATING
  TODAY           18                        25     -7       21
  MONTH TO DATE   48                        50     -2       39
  SINCE MAR 1     48                        50     -2       39
  SINCE JUL 1   4033                      4429   -396     4977

 COOLING
  TODAY            0                         0      0        0
  MONTH TO DATE    0                         0      0        0
  SINCE MAR 1      0                         0      0        0
  SINCE JAN 1      0                         0      0        0
..................................................................


WIND (MPH)
  HIGHEST WIND SPEED    35   HIGHEST WIND DIRECTION     S (180)
  HIGHEST GUST SPEED    41   HIGHEST GUST DIRECTION     S (180)
  AVERAGE WIND SPEED     9.4


SKY COVER
  POSSIBLE SUNSHINE  MM
  AVERAGE SKY COVER 0.8


WEATHER CONDITIONS
 THE FOLLOWING WEATHER WAS RECORDED TODAY.
  RAIN
  LIGHT RAIN
  FOG


RELATIVE HUMIDITY (PERCENT)
 HIGHEST   100           200 AM
 LOWEST     47           100 PM
 AVERAGE    74

..........................................................


THE GRAND JUNCTION CO CLIMATE NORMALS FOR TOMORROW
                         NORMAL    RECORD    YEAR
 MAXIMUM TEMPERATURE (F)   52        71      2009
 MINIMUM TEMPERATURE (F)   29         6      2002


SUNRISE AND SUNSET
MARCH  2 2015.........SUNRISE   646 AM MST   SUNSET   608 PM MST
MARCH  3 2015.........SUNRISE   644 AM MST   SUNSET   609 PM MST


-  INDICATES NEGATIVE NUMBERS.
R  INDICATES RECORD WAS SET OR TIED.
MM INDICATES DATA IS MISSING.
T  INDICATES TRACE AMOUNT.




$$
