000
CDUS45 KGJT 270735
CLIGJT


CLIMATE REPORT
NATIONAL WEATHER SERVICE GRAND JUNCTION CO
133 AM MDT SAT AUG 27 2016


...................................

...THE GRAND JUNCTION CO CLIMATE SUMMARY FOR AUGUST 26 2016...

CLIMATE NORMAL PERIOD 1981 TO 2010
CLIMATE RECORD PERIOD 1893 TO 2016


WEATHER ITEM   OBSERVED TIME   RECORD YEAR NORMAL DEPARTURE LAST
                VALUE   (LST)  VALUE       VALUE  FROM      YEAR
                                                  NORMAL
..................................................................
TEMPERATURE (F)
 YESTERDAY
  MAXIMUM         79    435 PM  99    1969  88     -9       81
  MINIMUM         51    452 AM  49    1992  59     -8       63
                                      1987
  AVERAGE         65                        74     -9       72

PRECIPITATION (IN)
  YESTERDAY        0.03          0.63 1952   0.03   0.00     0.05
  MONTH TO DATE    0.55                      0.78  -0.23     0.12
  SINCE JUN 1      1.28                      1.85  -0.57     2.56
  SINCE JAN 1      6.25                      5.68   0.57     7.66

SNOWFALL (IN)
  YESTERDAY        0.0           0.0  2015   0.0    0.0      0.0
  MONTH TO DATE    0.0                       0.0    0.0       T
  SINCE JUN 1      0.0                       0.0    0.0       T
  SINCE JUL 1      0.0                       0.0    0.0       T
  SNOW DEPTH       0

DEGREE DAYS
 HEATING
  YESTERDAY        0                         0      0        0
  MONTH TO DATE    0                         0      0        0
  SINCE JUN 1      1                        23    -22       12
  SINCE JUL 1      0                         1     -1        0

 COOLING
  YESTERDAY        0                         9     -9        7
  MONTH TO DATE  277                       288    -11      282
  SINCE JUN 1   1071                       929    142      849
  SINCE JAN 1   1084                       980    104      857
..................................................................


WIND (MPH)
  HIGHEST WIND SPEED    31   HIGHEST WIND DIRECTION    NW (300)
  HIGHEST GUST SPEED    40   HIGHEST GUST DIRECTION    NW (330)
  AVERAGE WIND SPEED     8.3


SKY COVER
  POSSIBLE SUNSHINE  MM
  AVERAGE SKY COVER 0.1


WEATHER CONDITIONS
 THE FOLLOWING WEATHER WAS RECORDED YESTERDAY.
  THUNDERSTORM
  RAIN
  LIGHT RAIN


RELATIVE HUMIDITY (PERCENT)
 HIGHEST    83           400 AM
 LOWEST     33           600 PM
 AVERAGE    58

..........................................................


THE GRAND JUNCTION CO CLIMATE NORMALS FOR TODAY
                         NORMAL    RECORD    YEAR
 MAXIMUM TEMPERATURE (F)   88        97      2001
                                             1969
 MINIMUM TEMPERATURE (F)   59        45      1992


SUNRISE AND SUNSET
AUGUST 27 2016........SUNRISE   639 AM MDT   SUNSET   751 PM MDT
AUGUST 28 2016........SUNRISE   640 AM MDT   SUNSET   750 PM MDT


-  INDICATES NEGATIVE NUMBERS.
R  INDICATES RECORD WAS SET OR TIED.
MM INDICATES DATA IS MISSING.
T  INDICATES TRACE AMOUNT.




$$
