000
CDUS45 KGJT 010734
CLIGJT


CLIMATE REPORT
NATIONAL WEATHER SERVICE GRAND JUNCTION CO
130 AM MDT SAT OCT 1 2016


...................................

...THE GRAND JUNCTION CO CLIMATE SUMMARY FOR SEPTEMBER 30 2016...

CLIMATE NORMAL PERIOD 1981 TO 2010
CLIMATE RECORD PERIOD 1893 TO 2016


WEATHER ITEM   OBSERVED TIME   RECORD YEAR NORMAL DEPARTURE LAST
                VALUE   (LST)  VALUE       VALUE  FROM      YEAR
                                                  NORMAL
..................................................................
TEMPERATURE (F)
 YESTERDAY
  MAXIMUM         73    451 PM  88    1957  74     -1       85
  MINIMUM         56   1159 PM  32    1985  46     10       66
  AVERAGE         65                        60      5       76

PRECIPITATION (IN)
  YESTERDAY        0.02          0.83 1893   0.04  -0.02     0.00
  MONTH TO DATE    0.68                      1.19  -0.51     0.79
  SINCE SEP 1      0.68                      1.19  -0.51     0.79
  SINCE JAN 1      6.93                      7.04  -0.11     9.03

SNOWFALL (IN)
  YESTERDAY        0.0           0.0  2015   0.0    0.0      0.0
  MONTH TO DATE    0.0                       0.0    0.0       T
  SINCE SEP 1      0.0                       0.0    0.0       T
  SINCE JUL 1      0.0                       0.0    0.0       T
  SNOW DEPTH       0

DEGREE DAYS
 HEATING
  YESTERDAY        0                         6     -6        0
  MONTH TO DATE   47                        71    -24        7
  SINCE SEP 1     47                        71    -24        7
  SINCE JUL 1     47                        74    -27        7

 COOLING
  YESTERDAY        0                         1     -1       11
  MONTH TO DATE  121                       103     18      132
  SINCE SEP 1    121                       103     18      132
  SINCE JAN 1   1235                      1122    113     1028
..................................................................


WIND (MPH)
  HIGHEST WIND SPEED    12   HIGHEST WIND DIRECTION     E (110)
  HIGHEST GUST SPEED    14   HIGHEST GUST DIRECTION     E (110)
  AVERAGE WIND SPEED     4.3


SKY COVER
  POSSIBLE SUNSHINE  MM
  AVERAGE SKY COVER 0.5


WEATHER CONDITIONS
 THE FOLLOWING WEATHER WAS RECORDED YESTERDAY.
  LIGHT RAIN


RELATIVE HUMIDITY (PERCENT)
 HIGHEST   100           600 AM
 LOWEST     46           400 PM
 AVERAGE    73

..........................................................


THE GRAND JUNCTION CO CLIMATE NORMALS FOR TODAY
                         NORMAL    RECORD    YEAR
 MAXIMUM TEMPERATURE (F)   73        88      2015
                                             2010
                                             2003
 MINIMUM TEMPERATURE (F)   46        27      2009


SUNRISE AND SUNSET
OCTOBER  1 2016.......SUNRISE   711 AM MDT   SUNSET   656 PM MDT
OCTOBER  2 2016.......SUNRISE   712 AM MDT   SUNSET   654 PM MDT


-  INDICATES NEGATIVE NUMBERS.
R  INDICATES RECORD WAS SET OR TIED.
MM INDICATES DATA IS MISSING.
T  INDICATES TRACE AMOUNT.




$$
