599
CDUS45 KGJT 010729
CLIGJT


CLIMATE REPORT
NATIONAL WEATHER SERVICE GRAND JUNCTION CO
127 AM MDT SUN MAY 1 2016


...................................

...THE GRAND JUNCTION CO CLIMATE SUMMARY FOR APRIL 30 2016...

CLIMATE NORMAL PERIOD 1981 TO 2010
CLIMATE RECORD PERIOD 1893 TO 2016


WEATHER ITEM   OBSERVED TIME   RECORD YEAR NORMAL DEPARTURE LAST
                VALUE   (LST)  VALUE       VALUE  FROM      YEAR
                                                  NORMAL
..................................................................
TEMPERATURE (F)
 YESTERDAY
  MAXIMUM         54    423 PM  89    1992  70    -16       80
  MINIMUM         39    531 AM  27    2011  42     -3       48
  AVERAGE         47                        56     -9       64

PRECIPITATION (IN)
  YESTERDAY        0.00          0.84 1899   0.03  -0.03     0.00
  MONTH TO DATE    1.62                      0.91   0.71     2.12
  SINCE MAR 1      2.69                      1.83   0.86     2.39
  SINCE JAN 1      4.06                      2.95   1.11     3.25

SNOWFALL (IN)
  YESTERDAY        0.0           0.4  2011   0.0    0.0      0.0
  MONTH TO DATE    T                         0.9   -0.9      2.0
  SINCE MAR 1      1.1                       3.5   -2.4      3.9
  SINCE JUL 1     28.5                      19.0    9.5     12.5
  SNOW DEPTH       0

DEGREE DAYS
 HEATING
  YESTERDAY       18                         9      9        1
  MONTH TO DATE  430                       402     28      432
  SINCE MAR 1   1044                      1055    -11      955
  SINCE JUL 1   5522                      5434     88     4940

 COOLING
  YESTERDAY        0                         0      0        0
  MONTH TO DATE    0                         3     -3        0
  SINCE MAR 1      0                         3     -3        0
  SINCE JAN 1      0                         3     -3        0
..................................................................


WIND (MPH)
  HIGHEST WIND SPEED    17   HIGHEST WIND DIRECTION    NE (40)
  HIGHEST GUST SPEED    20   HIGHEST GUST DIRECTION    NE (40)
  AVERAGE WIND SPEED     6.6


SKY COVER
  POSSIBLE SUNSHINE  MM
  AVERAGE SKY COVER 0.9


WEATHER CONDITIONS
 THE FOLLOWING WEATHER WAS RECORDED YESTERDAY.
  NO SIGNIFICANT WEATHER WAS OBSERVED.


RELATIVE HUMIDITY (PERCENT)
 HIGHEST   100           400 AM
 LOWEST     41           300 PM
 AVERAGE    71

..........................................................


THE GRAND JUNCTION CO CLIMATE NORMALS FOR TODAY
                         NORMAL    RECORD    YEAR
 MAXIMUM TEMPERATURE (F)   71        88      2001
                                             1943
 MINIMUM TEMPERATURE (F)   43        24      2011


SUNRISE AND SUNSET
MAY  1 2016...........SUNRISE   615 AM MDT   SUNSET   808 PM MDT
MAY  2 2016...........SUNRISE   614 AM MDT   SUNSET   809 PM MDT


-  INDICATES NEGATIVE NUMBERS.
R  INDICATES RECORD WAS SET OR TIED.
MM INDICATES DATA IS MISSING.
T  INDICATES TRACE AMOUNT.




$$
