000
CDUS45 KGJT 262333
CLIGJT


CLIMATE REPORT
NATIONAL WEATHER SERVICE GRAND JUNCTION CO
532 PM MDT FRI MAY 26 2017


...................................

...THE GRAND JUNCTION CO CLIMATE SUMMARY FOR MAY 26 2017...
VALID TODAY AS OF 0500 PM LOCAL TIME.

CLIMATE NORMAL PERIOD 1981 TO 2010
CLIMATE RECORD PERIOD 1893 TO 2017


WEATHER ITEM   OBSERVED TIME   RECORD YEAR NORMAL DEPARTURE LAST
                VALUE   (LST)  VALUE       VALUE  FROM      YEAR
                                                  NORMAL
..................................................................
TEMPERATURE (F)
 TODAY
  MAXIMUM         84    359 PM  93    1969  80      4       73
                                      1958
  MINIMUM         55    503 AM  34    1980  50      5       44
  AVERAGE         70                        65      5       59

PRECIPITATION (IN)
  TODAY            T             0.52 1967   0.02  -0.02      T
  MONTH TO DATE    0.66                      0.76  -0.10     0.85
  SINCE MAR 1      1.28                      2.59  -1.31     3.54
  SINCE JAN 1      2.83                      3.71  -0.88     4.91

SNOWFALL (IN)
  TODAY            0.0           T    2009   0.0    0.0      0.0
  MONTH TO DATE    T                         0.1   -0.1       T
  SINCE MAR 1      T                         3.6   -3.6      1.1
  SINCE JUL 1     13.9                      19.1   -5.2     28.5
  SNOW DEPTH       0

DEGREE DAYS
 HEATING
  TODAY            0                         3     -3        6
  MONTH TO DATE  156                       143     13      180
  SINCE MAR 1    969                      1198   -229     1224
  SINCE JUL 1   4616                      5577   -961     5702

 COOLING
  TODAY            5                         2      3        0
  MONTH TO DATE   31                        32     -1       12
  SINCE MAR 1     32                        35     -3       12
  SINCE JAN 1     32                        35     -3       12
..................................................................


WIND (MPH)
  HIGHEST WIND SPEED    31   HIGHEST WIND DIRECTION    SE (140)
  HIGHEST GUST SPEED    37   HIGHEST GUST DIRECTION    SE (140)
  AVERAGE WIND SPEED    16.6


SKY COVER
  POSSIBLE SUNSHINE  MM
  AVERAGE SKY COVER 0.2


WEATHER CONDITIONS
 THE FOLLOWING WEATHER WAS RECORDED TODAY.
  LIGHT RAIN


RELATIVE HUMIDITY (PERCENT)
 HIGHEST    59           500 AM
 LOWEST      7           400 PM
 AVERAGE    33

..........................................................


THE GRAND JUNCTION CO CLIMATE NORMALS FOR TOMORROW
                         NORMAL    RECORD    YEAR
 MAXIMUM TEMPERATURE (F)   80        93      2003
                                             1969
 MINIMUM TEMPERATURE (F)   50        36      1973


SUNRISE AND SUNSET
MAY 26 2017...........SUNRISE   553 AM MDT   SUNSET   830 PM MDT
MAY 27 2017...........SUNRISE   552 AM MDT   SUNSET   831 PM MDT


-  INDICATES NEGATIVE NUMBERS.
R  INDICATES RECORD WAS SET OR TIED.
MM INDICATES DATA IS MISSING.
T  INDICATES TRACE AMOUNT.




$$
