000
CDUS45 KGJT 100848
CLIGJT


CLIMATE REPORT
NATIONAL WEATHER SERVICE GRAND JUNCTION CO
143 AM MST SAT DEC 10 2016


...................................

...THE GRAND JUNCTION CO CLIMATE SUMMARY FOR DECEMBER 9 2016...

CLIMATE NORMAL PERIOD 1981 TO 2010
CLIMATE RECORD PERIOD 1893 TO 2016


WEATHER ITEM   OBSERVED TIME   RECORD YEAR NORMAL DEPARTURE LAST
                VALUE   (LST)  VALUE       VALUE  FROM      YEAR
                                                  NORMAL
..................................................................
TEMPERATURE (F)
 YESTERDAY
  MAXIMUM         37    419 PM  56    1939  40     -3       43
                                      1929
  MINIMUM         18    249 AM -20    1919  20     -2       25
  AVERAGE         28                        30     -2       34

PRECIPITATION (IN)
  YESTERDAY        0.00          0.25 1899   0.02  -0.02     0.00
  MONTH TO DATE    0.01                      0.18  -0.17     0.00
  SINCE DEC 1      0.01                      0.18  -0.17     0.00
  SINCE JAN 1      8.11                      9.01  -0.90    12.56

SNOWFALL (IN)
  YESTERDAY        0.0           1.4  1931   0.2   -0.2      0.0
  MONTH TO DATE    0.3                       1.1   -0.8      0.0
  SINCE DEC 1      0.3                       1.1   -0.8      0.0
  SINCE JUL 1      0.8                       3.6   -2.8      3.4
  SNOW DEPTH       0

DEGREE DAYS
 HEATING
  YESTERDAY       37                        35      2       31
  MONTH TO DATE  336                       308     28      306
  SINCE DEC 1    336                       308     28      306
  SINCE JUL 1   1206                      1536   -330     1355

 COOLING
  YESTERDAY        0                         0      0        0
  MONTH TO DATE    0                         0      0        0
  SINCE DEC 1      0                         0      0        0
  SINCE JAN 1   1245                      1125    120     1041
..................................................................


WIND (MPH)
  HIGHEST WIND SPEED     7   HIGHEST WIND DIRECTION     E (80)
  HIGHEST GUST SPEED     8   HIGHEST GUST DIRECTION     E (70)
  AVERAGE WIND SPEED     1.1


SKY COVER
  POSSIBLE SUNSHINE  MM
  AVERAGE SKY COVER 0.6


WEATHER CONDITIONS
 THE FOLLOWING WEATHER WAS RECORDED YESTERDAY.
  NO SIGNIFICANT WEATHER WAS OBSERVED.


RELATIVE HUMIDITY (PERCENT)
 HIGHEST    81           400 AM
 LOWEST     40           300 PM
 AVERAGE    61

..........................................................


THE GRAND JUNCTION CO CLIMATE NORMALS FOR TODAY
                         NORMAL    RECORD    YEAR
 MAXIMUM TEMPERATURE (F)   39        58      1939
 MINIMUM TEMPERATURE (F)   19       -18      1919


SUNRISE AND SUNSET
DECEMBER 10 2016......SUNRISE   723 AM MST   SUNSET   452 PM MST
DECEMBER 11 2016......SUNRISE   724 AM MST   SUNSET   452 PM MST


-  INDICATES NEGATIVE NUMBERS.
R  INDICATES RECORD WAS SET OR TIED.
MM INDICATES DATA IS MISSING.
T  INDICATES TRACE AMOUNT.




$$
