000
CDUS45 KGJT 300756
CLIGJT


CLIMATE REPORT
NATIONAL WEATHER SERVICE GRAND JUNCTION CO
130 AM MDT MON MAY 30 2016


...................................

...THE GRAND JUNCTION CO CLIMATE SUMMARY FOR MAY 29 2016...

CLIMATE NORMAL PERIOD 1981 TO 2010
CLIMATE RECORD PERIOD 1893 TO 2016


WEATHER ITEM   OBSERVED TIME   RECORD YEAR NORMAL DEPARTURE LAST
                VALUE   (LST)  VALUE       VALUE  FROM      YEAR
                                                  NORMAL
..................................................................
TEMPERATURE (F)
 YESTERDAY
  MAXIMUM         81    230 PM 101    2000  81      0       74
  MINIMUM         48    444 AM  34    2006  51     -3       42
  AVERAGE         65                        66     -1       58

PRECIPITATION (IN)
  YESTERDAY        0.00          0.51 1943   0.02  -0.02     0.00
  MONTH TO DATE    0.91                      0.83   0.08     1.85
  SINCE MAR 1      3.60                      2.66   0.94     4.24
  SINCE JAN 1      4.97                      3.78   1.19     5.10

SNOWFALL (IN)
  YESTERDAY        0.0           0.0  2015   0.0    0.0      0.0
  MONTH TO DATE    T                         0.1   -0.1      0.1
  SINCE MAR 1      1.1                       3.6   -2.5      4.0
  SINCE JUL 1     28.5                      19.1    9.4     12.6
  SNOW DEPTH       0

DEGREE DAYS
 HEATING
  YESTERDAY        0                         2     -2        7
  MONTH TO DATE  191                       150     41      227
  SINCE MAR 1   1235                      1205     30     1182
  SINCE JUL 1   5713                      5584    129     5167

 COOLING
  YESTERDAY        0                         3     -3        0
  MONTH TO DATE   12                        41    -29        2
  SINCE MAR 1     12                        44    -32        2
  SINCE JAN 1     12                        44    -32        2
..................................................................


WIND (MPH)
  HIGHEST WIND SPEED    29   HIGHEST WIND DIRECTION     S (180)
  HIGHEST GUST SPEED    36   HIGHEST GUST DIRECTION     S (180)
  AVERAGE WIND SPEED     8.5


SKY COVER
  POSSIBLE SUNSHINE  MM
  AVERAGE SKY COVER 0.1


WEATHER CONDITIONS
 THE FOLLOWING WEATHER WAS RECORDED YESTERDAY.
  NO SIGNIFICANT WEATHER WAS OBSERVED.


RELATIVE HUMIDITY (PERCENT)
 HIGHEST    56           400 AM
 LOWEST     15           100 PM
 AVERAGE    36

..........................................................


THE GRAND JUNCTION CO CLIMATE NORMALS FOR TODAY
                         NORMAL    RECORD    YEAR
 MAXIMUM TEMPERATURE (F)   81        99      2000
 MINIMUM TEMPERATURE (F)   51        34      2004


SUNRISE AND SUNSET
MAY 30 2016...........SUNRISE   551 AM MDT   SUNSET   833 PM MDT
MAY 31 2016...........SUNRISE   550 AM MDT   SUNSET   834 PM MDT


-  INDICATES NEGATIVE NUMBERS.
R  INDICATES RECORD WAS SET OR TIED.
MM INDICATES DATA IS MISSING.
T  INDICATES TRACE AMOUNT.




$$
