000
CDUS45 KGJT 020747
CLIGJT


CLIMATE REPORT
NATIONAL WEATHER SERVICE GRAND JUNCTION CO
144 AM MDT TUE JUN 2 2015


...................................

...THE GRAND JUNCTION CO CLIMATE SUMMARY FOR JUNE 1 2015...

CLIMATE NORMAL PERIOD 1981 TO 2010
CLIMATE RECORD PERIOD 1893 TO 2015


WEATHER ITEM   OBSERVED TIME   RECORD YEAR NORMAL DEPARTURE LAST
                VALUE   (LST)  VALUE       VALUE  FROM      YEAR
                                                  NORMAL
..................................................................
TEMPERATURE (F)
 YESTERDAY
  MAXIMUM         92    335 PM  97    1910  82     10       86
  MINIMUM         60   1108 PM  35    1919  52      8       54
  AVERAGE         76                        67      9       70

PRECIPITATION (IN)
  YESTERDAY        T             0.28 1897   0.02  -0.02     0.00
  MONTH TO DATE    T                         0.02  -0.02     0.00
  SINCE JUN 1      T                         0.02  -0.02     0.00
  SINCE JAN 1      5.10                      3.85   1.25     3.78

SNOWFALL (IN)
  YESTERDAY        0.0           0.0  2014   0.0    0.0      0.0
  MONTH TO DATE    0.0                       0.0    0.0      0.0
  SINCE JUN 1      0.0                       0.0    0.0      0.0
  SINCE JUL 1     12.6                      19.1   -6.5     25.7
  SNOW DEPTH       0

DEGREE DAYS
 HEATING
  YESTERDAY        0                         2     -2        0
  MONTH TO DATE    0                         2     -2        0
  SINCE JUN 1      0                         2     -2        0
  SINCE JUL 1   5167                      5591   -424     6250

 COOLING
  YESTERDAY       11                         4      7        5
  MONTH TO DATE   11                         4      7        5
  SINCE JUN 1     11                         4      7        5
  SINCE JAN 1     19                        55    -36       64
..................................................................


WIND (MPH)
  HIGHEST WIND SPEED    24   HIGHEST WIND DIRECTION    SE (120)
  HIGHEST GUST SPEED    31   HIGHEST GUST DIRECTION    SE (120)
  AVERAGE WIND SPEED    11.0


SKY COVER
  POSSIBLE SUNSHINE  MM
  AVERAGE SKY COVER 0.1


WEATHER CONDITIONS
 THE FOLLOWING WEATHER WAS RECORDED YESTERDAY.
  THUNDERSTORM
  LIGHT RAIN


RELATIVE HUMIDITY (PERCENT)
 HIGHEST    55           300 AM
 LOWEST     11           400 PM
 AVERAGE    33

..........................................................


THE GRAND JUNCTION CO CLIMATE NORMALS FOR TODAY
                         NORMAL    RECORD    YEAR
 MAXIMUM TEMPERATURE (F)   83        96      1977
 MINIMUM TEMPERATURE (F)   52        35      1990


SUNRISE AND SUNSET
JUNE  2 2015..........SUNRISE   550 AM MDT   SUNSET   835 PM MDT
JUNE  3 2015..........SUNRISE   549 AM MDT   SUNSET   836 PM MDT


-  INDICATES NEGATIVE NUMBERS.
R  INDICATES RECORD WAS SET OR TIED.
MM INDICATES DATA IS MISSING.
T  INDICATES TRACE AMOUNT.




$$
