000
CDUS45 KGJT 230731
CLIGJT


CLIMATE REPORT
NATIONAL WEATHER SERVICE GRAND JUNCTION CO
129 AM MDT SAT JUL 23 2016


...................................

...THE GRAND JUNCTION CO CLIMATE SUMMARY FOR JULY 22 2016...

CLIMATE NORMAL PERIOD 1981 TO 2010
CLIMATE RECORD PERIOD 1893 TO 2016


WEATHER ITEM   OBSERVED TIME   RECORD YEAR NORMAL DEPARTURE LAST
                VALUE   (LST)  VALUE       VALUE  FROM      YEAR
                                                  NORMAL
..................................................................
TEMPERATURE (F)
 YESTERDAY
  MAXIMUM         96    447 PM 103    2005  93      3       89
                                      1931
  MINIMUM         65    522 AM  56    1961  64      1       57
                                      1948
  AVERAGE         81                        79      2       73

PRECIPITATION (IN)
  YESTERDAY        0.34          0.55 1985   0.02   0.32      T
  MONTH TO DATE    0.60                      0.39   0.21     1.25
  SINCE JUN 1      0.73                      0.85  -0.12     2.44
  SINCE JAN 1      5.70                      4.68   1.02     7.54

SNOWFALL (IN)
  YESTERDAY        0.0           0.0  2015   0.0    0.0       0.0
  MONTH TO DATE    0.0                       0.0    0.0       T
  SINCE JUN 1      0.0                       0.0    0.0       T
  SINCE JUL 1      0.0                       0.0    0.0       T
  SNOW DEPTH       0

DEGREE DAYS
 HEATING
  YESTERDAY        0                         0      0        0
  MONTH TO DATE    0                         0      0        0
  SINCE JUN 1      1                        22    -21       12
  SINCE JUL 1      0                         0      0        0

 COOLING
  YESTERDAY       16                        14      2        8
  MONTH TO DATE  283                       292     -9      189
  SINCE JUN 1    633                       523    110      479
  SINCE JAN 1    646                       574     72      487
..................................................................


WIND (MPH)
  HIGHEST WIND SPEED    23   HIGHEST WIND DIRECTION    SE (130)
  HIGHEST GUST SPEED    31   HIGHEST GUST DIRECTION    NE (40)
  AVERAGE WIND SPEED     9.9


SKY COVER
  POSSIBLE SUNSHINE  MM
  AVERAGE SKY COVER 0.2


WEATHER CONDITIONS
 THE FOLLOWING WEATHER WAS RECORDED YESTERDAY.
  THUNDERSTORM
  HEAVY RAIN
  RAIN
  LIGHT RAIN


RELATIVE HUMIDITY (PERCENT)
 HIGHEST    66           900 PM
 LOWEST     19           400 PM
 AVERAGE    43

..........................................................


THE GRAND JUNCTION CO CLIMATE NORMALS FOR TODAY
                         NORMAL    RECORD    YEAR
 MAXIMUM TEMPERATURE (F)   93       104      1931
 MINIMUM TEMPERATURE (F)   64        56      1973


SUNRISE AND SUNSET
JULY 23 2016..........SUNRISE   607 AM MDT   SUNSET   833 PM MDT
JULY 24 2016..........SUNRISE   608 AM MDT   SUNSET   833 PM MDT


-  INDICATES NEGATIVE NUMBERS.
R  INDICATES RECORD WAS SET OR TIED.
MM INDICATES DATA IS MISSING.
T  INDICATES TRACE AMOUNT.




$$
