000
CDUS43 KGLD 200738
CLIGLD

CLIMATE REPORT
NATIONAL WEATHER SERVICE GOODLAND
136 AM MDT WED SEP 20 2017

...................................

...THE GOODLAND KS CLIMATE SUMMARY FOR SEPTEMBER 19 2017...

CLIMATE NORMAL PERIOD 1981 TO 2010
CLIMATE RECORD PERIOD 1895 TO 2017

WEATHER ITEM   OBSERVED TIME   RECORD YEAR NORMAL DEPARTURE LAST
                VALUE   (LST)  VALUE       VALUE  FROM      YEAR
                                                  NORMAL
..................................................................
TEMPERATURE (F)
 YESTERDAY
  MAXIMUM         92   1240 PM  99    1935  78     14       91
  MINIMUM         49   1159 PM  32    1971  49      0       53
  AVERAGE         71                        63      8       72

PRECIPITATION (IN)
  YESTERDAY        0.00          0.92 1921   0.04  -0.04     0.00
  MONTH TO DATE    0.43                      0.79  -0.36     2.37
  SINCE SEP 1      0.43                      0.79  -0.36     2.37
  SINCE JAN 1     22.39                     16.69   5.70    16.41

SNOWFALL (IN)
  YESTERDAY        0.0                       0.1   -0.1      0.0
  MONTH TO DATE    0.0                       0.2   -0.2       T
  SINCE SEP 1      0.0                       0.2   -0.2       T
  SINCE JUL 1      T                         0.2   -0.2       T
  SNOW DEPTH       0

DEGREE DAYS
 HEATING
  YESTERDAY        0                         4     -4        0
  MONTH TO DATE   26                        43    -17       27
  SINCE SEP 1     26                        43    -17       27
  SINCE JUL 1     26                        55    -29       34

 COOLING
  YESTERDAY        6                         3      3        7
  MONTH TO DATE  118                        84     34       84
  SINCE SEP 1    118                        84     34       84
  SINCE JAN 1    937                       917     20     1033
..................................................................

WIND (MPH)
  HIGHEST WIND SPEED    31   HIGHEST WIND DIRECTION    NW (320)
  HIGHEST GUST SPEED    41   HIGHEST GUST DIRECTION    NW (320)
  AVERAGE WIND SPEED    14.7


SKY COVER
  AVERAGE SKY COVER 0.0


WEATHER CONDITIONS
 THE FOLLOWING WEATHER WAS RECORDED YESTERDAY.
  FOG
  HAZE


RELATIVE HUMIDITY (PERCENT)
 HIGHEST   100
 LOWEST      7
 AVERAGE    54

..........................................................


THE GOODLAND KS CLIMATE NORMALS FOR TODAY
                         NORMAL    RECORD    YEAR
 MAXIMUM TEMPERATURE (F)   77        95      2010
                                             1986
                                             1970
 MINIMUM TEMPERATURE (F)   48        30      1983


SUNRISE AND SUNSET
SEPTEMBER 20 2017.....SUNRISE   633 AM MDT   SUNSET   647 PM MDT
SEPTEMBER 21 2017.....SUNRISE   634 AM MDT   SUNSET   645 PM MDT


-  INDICATES NEGATIVE NUMBERS.
R  INDICATES RECORD WAS SET OR TIED.
MM INDICATES DATA IS MISSING.
T  INDICATES TRACE AMOUNT.

&&

THE AVERAGE SOIL TEMPERATURE AT THE FOUR INCH DEPTH... 70

$$
