000
CDUS43 KGLD 060056
CLIGLD

CLIMATE REPORT
NATIONAL WEATHER SERVICE GOODLAND
546 PM MST THU MAR 5 2015

...................................

...THE GOODLAND KS CLIMATE SUMMARY FOR MARCH 5 2015...
VALID TODAY AS OF 0500 PM LOCAL TIME.

CLIMATE NORMAL PERIOD 1981 TO 2010
CLIMATE RECORD PERIOD 1895 TO 2015

WEATHER ITEM   OBSERVED TIME   RECORD YEAR NORMAL DEPARTURE LAST
                VALUE   (LST)  VALUE       VALUE  FROM      YEAR
                                                  NORMAL
..................................................................
TEMPERATURE (F)
 TODAY
  MAXIMUM         47    238 PM  81    1916  51     -4       51
  MINIMUM         13    600 AM -15    1948  24    -11       30
  AVERAGE         30                        37     -7       41

PRECIPITATION (IN)
  TODAY            0.00          0.41 1992   0.03  -0.03     0.02
  MONTH TO DATE    0.03                      0.13  -0.10     0.03
  SINCE MAR 1      0.03                      0.13  -0.10     0.03
  SINCE JAN 1      1.11                      1.00   0.11     0.97

SNOWFALL (IN)
  TODAY            0.0                       0.2   -0.2       T
  MONTH TO DATE    0.6                       0.9   -0.3      0.3
  SINCE MAR 1      0.6                       0.9   -0.3      0.3
  SINCE JUL 1     22.7                      24.9   -2.2     25.5
  SNOW DEPTH       T

DEGREE DAYS
 HEATING
  TODAY           35                        28      7       24
  MONTH TO DATE  190                       141     49      198
  SINCE MAR 1    190                       141     49      198
  SINCE JUL 1   4405                      4558   -153     4742

 COOLING
  TODAY            0                         0      0        0
  MONTH TO DATE    0                         0      0        0
  SINCE MAR 1      0                         0      0        0
  SINCE JAN 1      0                         0      0        0
..................................................................

WIND (MPH)
  HIGHEST WIND SPEED    20   HIGHEST WIND DIRECTION    SW (230)
  HIGHEST GUST SPEED    23   HIGHEST GUST DIRECTION    SW (240)
  AVERAGE WIND SPEED    11.2


SKY COVER
  AVERAGE SKY COVER 0.0


WEATHER CONDITIONS
 THE FOLLOWING WEATHER WAS RECORDED TODAY.
  NO SIGNIFICANT WEATHER WAS OBSERVED.


RELATIVE HUMIDITY (PERCENT)
 HIGHEST    80           300 AM
 LOWEST     21           100 PM
 AVERAGE    51

..........................................................


THE GOODLAND KS CLIMATE NORMALS FOR TOMORROW
                         NORMAL    RECORD    YEAR
 MAXIMUM TEMPERATURE (F)   51        82      1972
 MINIMUM TEMPERATURE (F)   24       -13      1948


SUNRISE AND SUNSET
MARCH  5 2015.........SUNRISE   614 AM MST   SUNSET   543 PM MST
MARCH  6 2015.........SUNRISE   612 AM MST   SUNSET   544 PM MST


-  INDICATES NEGATIVE NUMBERS.
R  INDICATES RECORD WAS SET OR TIED.
MM INDICATES DATA IS MISSING.
T  INDICATES TRACE AMOUNT.

&&

THE AVERAGE SOIL TEMPERATURE AT THE FOUR INCH DEPTH... 32
THE CURRENT DEPTH OF FROST... 11 INCHES

$$
