000
CDUS43 KGLD 280757
CLIGLD

CLIMATE REPORT
NATIONAL WEATHER SERVICE GOODLAND
155 AM MDT SUN MAY 28 2017

...................................

...THE GOODLAND KS CLIMATE SUMMARY FOR MAY 27 2017...

CLIMATE NORMAL PERIOD 1981 TO 2010
CLIMATE RECORD PERIOD 1895 TO 2017

WEATHER ITEM   OBSERVED TIME   RECORD YEAR NORMAL DEPARTURE LAST
                VALUE   (LST)  VALUE       VALUE  FROM      YEAR
                                                  NORMAL
..................................................................
TEMPERATURE (F)
 YESTERDAY
  MAXIMUM         67    236 PM  99    2006  77    -10       65
  MINIMUM         48   1159 PM  29    1950  50     -2       46
  AVERAGE         58                        63     -5       56

PRECIPITATION (IN)
  YESTERDAY        0.04          3.49 1972   0.12  -0.08     0.07
  MONTH TO DATE    6.60                      2.48   4.12     1.75
  SINCE MAR 1     10.40                      5.14   5.26     6.29
  SINCE JAN 1     11.33                      6.01   5.32     7.15

SNOWFALL (IN)
  YESTERDAY        0.0                       0.0    0.0      0.0
  MONTH TO DATE    T                         0.5   -0.5       T
  SINCE MAR 1      4.8                      11.5   -6.7      6.7
  SINCE JUL 1     14.2                      35.5  -21.3     30.1
  SNOW DEPTH       0

DEGREE DAYS
 HEATING
  YESTERDAY        7                         4      3        9
  MONTH TO DATE  214                       197     17      234
  SINCE MAR 1   1225                      1435   -210     1274
  SINCE JUL 1   5110                      5852   -742     5120

 COOLING
  YESTERDAY        0                         2     -2        0
  MONTH TO DATE   28                        31     -3       20
  SINCE MAR 1     35                        35      0       20
  SINCE JAN 1     35                        35      0       20
..................................................................

WIND (MPH)
  HIGHEST WIND SPEED    30   HIGHEST WIND DIRECTION    NW (330)
  HIGHEST GUST SPEED    36   HIGHEST GUST DIRECTION     N (340)
  AVERAGE WIND SPEED    13.6


SKY COVER
  AVERAGE SKY COVER 0.6


WEATHER CONDITIONS
 THE FOLLOWING WEATHER WAS RECORDED YESTERDAY.
  THUNDERSTORM
  LIGHT RAIN


RELATIVE HUMIDITY (PERCENT)
 HIGHEST   100
 LOWEST     56
 AVERAGE    78

..........................................................


THE GOODLAND KS CLIMATE NORMALS FOR TODAY
                         NORMAL    RECORD    YEAR
 MAXIMUM TEMPERATURE (F)   77        98      1998
                                             1934
 MINIMUM TEMPERATURE (F)   50        33      1947


SUNRISE AND SUNSET
MAY 28 2017...........SUNRISE   524 AM MDT   SUNSET   805 PM MDT
MAY 29 2017...........SUNRISE   523 AM MDT   SUNSET   806 PM MDT


-  INDICATES NEGATIVE NUMBERS.
R  INDICATES RECORD WAS SET OR TIED.
MM INDICATES DATA IS MISSING.
T  INDICATES TRACE AMOUNT.

&&

THE AVERAGE SOIL TEMPERATURE AT THE FOUR INCH DEPTH... 59

$$
