000
CDUS44 KJAN 282111
CLIGLH


CLIMATE REPORT
NATIONAL WEATHER SERVICE JACKSON MS
409 PM CDT SUN MAY 28 2017


...................................

...THE GREENVILLE CLIMATE SUMMARY FOR MAY 28 2017...
VALID TODAY AS OF 0400 PM LOCAL TIME.

CLIMATE NORMAL PERIOD 1981 TO 2010
CLIMATE RECORD PERIOD 1903 TO 2017


WEATHER ITEM   OBSERVED TIME   RECORD YEAR NORMAL DEPARTURE LAST
                VALUE   (LST)  VALUE       VALUE  FROM      YEAR
                                                  NORMAL
..................................................................
TEMPERATURE (F)
 TODAY
  MAXIMUM         MM        MM  98    1911  85     MM       84
  MINIMUM         MM        MM  45    1961  65     MM       68
  AVERAGE         MM                        75     MM       76

PRECIPITATION (IN)
  TODAY           MM             4.80 1998   0.13  MM        0.00
  MONTH TO DATE    1.12                      4.58  -3.46     1.21
  SINCE MAR 1      7.78                     13.94  -6.16    21.50
  SINCE JAN 1     15.81                     23.93  -8.12    28.01

SNOWFALL (IN)
  TODAY            0.0

DEGREE DAYS
 HEATING
  TODAY           MM                         0     MM        0
  MONTH TO DATE   20                        10     10        7
  SINCE MAR 1    297                       462   -165      245
  SINCE JUL 1   1830                      2771   -941     1925

 COOLING
  TODAY           MM                        10     MM       11
  MONTH TO DATE  164                       205    -41      175
  SINCE MAR 1    330                       286     44      297
  SINCE JAN 1    359                       291     68      301
..................................................................


WIND (MPH)
  HIGHEST WIND SPEED    MM   HIGHEST WIND DIRECTION    MM
  HIGHEST GUST SPEED    33   HIGHEST GUST DIRECTION    MM
  AVERAGE WIND SPEED    13.1


SKY COVER
  POSSIBLE SUNSHINE  MM
  AVERAGE SKY COVER 0.7


WEATHER CONDITIONS
 THE FOLLOWING WEATHER WAS RECORDED TODAY.
  THUNDERSTORM
  LIGHT RAIN


RELATIVE HUMIDITY (PERCENT)
 HIGHEST    93           200 AM
 LOWEST     73           300 AM
 AVERAGE    83

..........................................................


THE GREENVILLE CLIMATE NORMALS FOR TOMORROW
                         NORMAL    RECORD    YEAR
 MAXIMUM TEMPERATURE (F)   85        98      1911
 MINIMUM TEMPERATURE (F)   65        52      1971
                                             1907


SUNRISE AND SUNSET
MAY 28 2017...........SUNRISE   556 AM CDT   SUNSET   807 PM CDT
MAY 29 2017...........SUNRISE   556 AM CDT   SUNSET   807 PM CDT


-  INDICATES NEGATIVE NUMBERS.
R  INDICATES RECORD WAS SET OR TIED.
MM INDICATES DATA IS MISSING.
T  INDICATES TRACE AMOUNT.




$$
