000
CDUS44 KJAN 252208
CLIGLH


CLIMATE REPORT
NATIONAL WEATHER SERVICE JACKSON MS
406 PM CST THU DEC 25 2014


...................................

...THE GREENVILLE CLIMATE SUMMARY FOR DECEMBER 25 2014...
VALID TODAY AS OF 0400 PM LOCAL TIME.

CLIMATE NORMAL PERIOD 1981 TO 2010
CLIMATE RECORD PERIOD 1920 TO 2014


WEATHER ITEM   OBSERVED TIME   RECORD YEAR NORMAL DEPARTURE LAST
                VALUE   (LST)  VALUE       VALUE  FROM      YEAR
                                                  NORMAL
..................................................................
TEMPERATURE (F)
 TODAY
  MAXIMUM         56    337 PM  81    1942  52      4       49
  MINIMUM         31    721 AM   9    1963  35     -4       24
  AVERAGE         44                        43      1       37

PRECIPITATION (IN)
  TODAY            0.00          3.33 1926   0.17  -0.17     0.00
  MONTH TO DATE    1.66                      4.74  -3.08     4.50
  SINCE DEC 1      1.66                      4.74  -3.08     4.50
  SINCE JAN 1     50.58                     51.76  -1.18    52.81

SNOWFALL (IN)
  TODAY            0.0

DEGREE DAYS
 HEATING
  TODAY           21                        22     -1       28
  MONTH TO DATE  404                       490    -86      497
  SINCE DEC 1    404                       490    -86      497
  SINCE JUL 1    944                       952     -8     1031

 COOLING
  TODAY            0                         0      0        0
  MONTH TO DATE    0                         0      0        9
  SINCE DEC 1      0                         0      0        9
  SINCE JAN 1   2177                      2186     -9     2256
..................................................................


WIND (MPH)
  HIGHEST WIND SPEED    21   HIGHEST WIND DIRECTION     S (180)
  HIGHEST GUST SPEED    25   HIGHEST GUST DIRECTION     S (180)
  AVERAGE WIND SPEED     9.6


SKY COVER
  POSSIBLE SUNSHINE  MM
  AVERAGE SKY COVER 0.1


WEATHER CONDITIONS
 THE FOLLOWING WEATHER WAS RECORDED TODAY.
  NO SIGNIFICANT WEATHER WAS OBSERVED.


RELATIVE HUMIDITY (PERCENT)
 HIGHEST    96           800 AM
 LOWEST     47           300 PM
 AVERAGE    72

..........................................................


THE GREENVILLE CLIMATE NORMALS FOR TOMORROW
                         NORMAL    RECORD    YEAR
 MAXIMUM TEMPERATURE (F)   52        76      1922
 MINIMUM TEMPERATURE (F)   34        13      1924


SUNRISE AND SUNSET
DECEMBER 25 2014......SUNRISE   706 AM CST   SUNSET   502 PM CST
DECEMBER 26 2014......SUNRISE   706 AM CST   SUNSET   503 PM CST


-  INDICATES NEGATIVE NUMBERS.
R  INDICATES RECORD WAS SET OR TIED.
MM INDICATES DATA IS MISSING.
T  INDICATES TRACE AMOUNT.




$$
