000
CDUS44 KJAN 152213
CLIGLH


CLIMATE REPORT
NATIONAL WEATHER SERVICE JACKSON MS
412 PM CST FRI DEC 15 2017


...................................

...THE GREENVILLE CLIMATE SUMMARY FOR DECEMBER 15 2017...
VALID TODAY AS OF 0400 PM LOCAL TIME.

CLIMATE NORMAL PERIOD 1981 TO 2010
CLIMATE RECORD PERIOD 1903 TO 2017


WEATHER ITEM   OBSERVED TIME   RECORD YEAR NORMAL DEPARTURE LAST
                VALUE   (LST)  VALUE       VALUE  FROM      YEAR
                                                  NORMAL
..................................................................
TEMPERATURE (F)
 TODAY
  MAXIMUM         46    357 PM  79    1933  54     -8       39
  MINIMUM         30    428 AM   8    1958  36     -6       29
  AVERAGE         38                        45     -7       34

PRECIPITATION (IN)
  TODAY            0.00          2.26 1911   0.17  -0.17     0.00
  MONTH TO DATE    0.61                      2.99  -2.38     1.53
  SINCE DEC 1      0.61                      2.99  -2.38     1.53
  SINCE JAN 1     34.18                     50.01 -15.83    48.79

SNOWFALL (IN)
  TODAY            0.0

DEGREE DAYS
 HEATING
  TODAY           27                        20      7       31
  MONTH TO DATE  274                       281     -7      305
  SINCE DEC 1    274                       281     -7      305
  SINCE JUL 1    688                       743    -55      574

 COOLING
  TODAY            0                         0      0        0
  MONTH TO DATE    0                         0      0        0
  SINCE DEC 1      0                         0      0        0
  SINCE JAN 1   2244                      2186     58     2672
..................................................................


WIND (MPH)
  HIGHEST WIND SPEED    10   HIGHEST WIND DIRECTION     N (340)
  HIGHEST GUST SPEED    13   HIGHEST GUST DIRECTION     N (340)
  AVERAGE WIND SPEED     4.0


SKY COVER
  POSSIBLE SUNSHINE  MM
  AVERAGE SKY COVER 0.0


WEATHER CONDITIONS
 THE FOLLOWING WEATHER WAS RECORDED TODAY.
  NO SIGNIFICANT WEATHER WAS OBSERVED.


RELATIVE HUMIDITY (PERCENT)
 HIGHEST    82           800 AM
 LOWEST     38           300 PM
 AVERAGE    60

..........................................................


THE GREENVILLE CLIMATE NORMALS FOR TOMORROW
                         NORMAL    RECORD    YEAR
 MAXIMUM TEMPERATURE (F)   54        85      1924
 MINIMUM TEMPERATURE (F)   36        13      1989
                                             1958


SUNRISE AND SUNSET
DECEMBER 15 2017......SUNRISE   701 AM CST   SUNSET   458 PM CST
DECEMBER 16 2017......SUNRISE   701 AM CST   SUNSET   458 PM CST


-  INDICATES NEGATIVE NUMBERS.
R  INDICATES RECORD WAS SET OR TIED.
MM INDICATES DATA IS MISSING.
T  INDICATES TRACE AMOUNT.




$$
