000
CDUS42 KJAX 270531
CLIGNV


CLIMATE REPORT
NATIONAL WEATHER SERVICE JACKSONVILLE FL
1231 AM EST SAT DEC 27 2014


...................................

...THE GAINESVILLE CLIMATE SUMMARY FOR DECEMBER 26 2014...

CLIMATE NORMAL PERIOD 1981 TO 2010
CLIMATE RECORD PERIOD 1890 TO 2014


WEATHER ITEM   OBSERVED TIME   RECORD YEAR NORMAL DEPARTURE LAST
                VALUE   (LST)  VALUE       VALUE  FROM      YEAR
                                                  NORMAL
..................................................................
TEMPERATURE (F)
 YESTERDAY
  MAXIMUM         71    414 PM  82    2008  66      5       66
                                      1932
  MINIMUM         37    549 AM  16    1983  43     -6       49
  AVERAGE         54                        54      0       58

PRECIPITATION (IN)
  YESTERDAY        0.00          3.34 1945   0.08  -0.08     0.00
  MONTH TO DATE    3.38                      2.00   1.38     2.45
  SINCE DEC 1      3.38                      2.00   1.38     2.45
  SINCE JAN 1     51.74                     46.93   4.81    45.74

SNOWFALL (IN)
  YESTERDAY        0.0           0.0    MM   0.0    0.0      0.0
  MONTH TO DATE    0.0                       0.0    0.0      0.0
  SINCE DEC 1      0.0                       0.0    0.0      0.0
  SINCE JUL 1      0.0                       0.0    0.0      0.0
  SNOW DEPTH       0

DEGREE DAYS
 HEATING
  YESTERDAY       11                        11      0        7
  MONTH TO DATE  200                       240    -40      143
  SINCE DEC 1    200                       240    -40      143
  SINCE JUL 1    465                       401     64      236

 COOLING
  YESTERDAY        0                         0      0        0
  MONTH TO DATE   31                        24      7       55
  SINCE DEC 1     31                        24      7       55
  SINCE JAN 1   2594                      2640    -46     2880
..................................................................


WIND (MPH)
  HIGHEST WIND SPEED    10   HIGHEST WIND DIRECTION    NE (60)
  HIGHEST GUST SPEED    17   HIGHEST GUST DIRECTION     E (90)
  AVERAGE WIND SPEED     3.1


SKY COVER
  POSSIBLE SUNSHINE  MM
  AVERAGE SKY COVER 0.2


WEATHER CONDITIONS
 THE FOLLOWING WEATHER WAS RECORDED YESTERDAY.
  NO SIGNIFICANT WEATHER WAS OBSERVED.


RELATIVE HUMIDITY (PERCENT)
 HIGHEST   100           200 AM
 LOWEST     57           200 PM
 AVERAGE    79

..........................................................


THE GAINESVILLE CLIMATE NORMALS FOR TODAY
                         NORMAL    RECORD    YEAR
 MAXIMUM TEMPERATURE (F)   66        84      1942
 MINIMUM TEMPERATURE (F)   43        23      1970


SUNRISE AND SUNSET
DECEMBER 27 2014......SUNRISE   723 AM EST   SUNSET   538 PM EST
DECEMBER 28 2014......SUNRISE   723 AM EST   SUNSET   538 PM EST


-  INDICATES NEGATIVE NUMBERS.
R  INDICATES RECORD WAS SET OR TIED.
MM INDICATES DATA IS MISSING.
T  INDICATES TRACE AMOUNT.




$$
