000
CDUS42 KJAX 290532
CLIGNV


CLIMATE REPORT
NATIONAL WEATHER SERVICE JACKSONVILLE FL
1232 AM EST THU JAN 29 2015


...................................

...THE GAINESVILLE CLIMATE SUMMARY FOR JANUARY 28 2015...

CLIMATE NORMAL PERIOD 1981 TO 2010
CLIMATE RECORD PERIOD 1890 TO 2015


WEATHER ITEM   OBSERVED TIME   RECORD YEAR NORMAL DEPARTURE LAST
                VALUE   (LST)  VALUE       VALUE  FROM      YEAR
                                                  NORMAL
..................................................................
TEMPERATURE (F)
 YESTERDAY
  MAXIMUM         58    428 PM  86    1975  67     -9       68
  MINIMUM         33   1146 PM  17    1940  43    -10       44
  AVERAGE         46                        55     -9       56

PRECIPITATION (IN)
  YESTERDAY        0.00          1.65 1899   0.12  -0.12     0.12
  MONTH TO DATE    3.24                      2.97   0.27     4.71
  SINCE DEC 1      6.62                      5.45   1.17     8.50
  SINCE JAN 1      3.24                      2.97   0.27     4.71

SNOWFALL (IN)
  YESTERDAY        0.0           0.0    MM   0.0    0.0      0.0
  MONTH TO DATE    0.0                       0.0    0.0      0.0
  SINCE DEC 1      0.0                       0.0    0.0      0.0
  SINCE JUL 1      0.0                       0.0    0.0      0.0
  SNOW DEPTH       0

DEGREE DAYS
 HEATING
  YESTERDAY       19                        10      9        9
  MONTH TO DATE  294                       315    -21      386
  SINCE DEC 1    508                       611   -103      558
  SINCE JUL 1    773                       772      1      651

 COOLING
  YESTERDAY        0                         0      0        0
  MONTH TO DATE   14                         0     14       10
  SINCE DEC 1     50                        22     28       65
  SINCE JAN 1     14                         0     14       10
..................................................................


WIND (MPH)
  HIGHEST WIND SPEED    14   HIGHEST WIND DIRECTION     N (350)
  HIGHEST GUST SPEED    18   HIGHEST GUST DIRECTION     N (10)
  AVERAGE WIND SPEED     4.7


SKY COVER
  POSSIBLE SUNSHINE  MM
  AVERAGE SKY COVER 0.0


WEATHER CONDITIONS
 THE FOLLOWING WEATHER WAS RECORDED YESTERDAY.
  NO SIGNIFICANT WEATHER WAS OBSERVED.


RELATIVE HUMIDITY (PERCENT)
 HIGHEST    92           200 AM
 LOWEST     36           300 PM
 AVERAGE    64

..........................................................


THE GAINESVILLE CLIMATE NORMALS FOR TODAY
                         NORMAL    RECORD    YEAR
 MAXIMUM TEMPERATURE (F)   67        85      1950
 MINIMUM TEMPERATURE (F)   43        21      1940


SUNRISE AND SUNSET
JANUARY 29 2015.......SUNRISE   721 AM EST   SUNSET   604 PM EST
JANUARY 30 2015.......SUNRISE   720 AM EST   SUNSET   605 PM EST


-  INDICATES NEGATIVE NUMBERS.
R  INDICATES RECORD WAS SET OR TIED.
MM INDICATES DATA IS MISSING.
T  INDICATES TRACE AMOUNT.




$$
