000
CDUS42 KJAX 260526
CLIGNV


CLIMATE REPORT
NATIONAL WEATHER SERVICE JACKSONVILLE FL
125 AM EDT FRI MAY 26 2017


...................................

...THE GAINESVILLE CLIMATE SUMMARY FOR MAY 25 2017...

CLIMATE NORMAL PERIOD 1981 TO 2010
CLIMATE RECORD PERIOD 1890 TO 2017


WEATHER ITEM   OBSERVED TIME   RECORD YEAR NORMAL DEPARTURE LAST
                VALUE   (LST)  VALUE       VALUE  FROM      YEAR
                                                  NORMAL
..................................................................
TEMPERATURE (F)
 YESTERDAY
  MAXIMUM         82    325 PM  98    2011  89     -7       89
                                      1956
                                      1953
  MINIMUM         60   1159 PM  52    1931  65     -5       61
  AVERAGE         71                        77     -6       75

PRECIPITATION (IN)
  YESTERDAY        0.00          2.18 1970   0.11  -0.11     0.00
  MONTH TO DATE    4.45                      1.80   2.65     4.03
  SINCE MAR 1      7.86                      8.80  -0.94     8.04
  SINCE JAN 1      9.70                     15.31  -5.61    14.89

SNOWFALL (IN)
  YESTERDAY        0.0           0.0    MM   0.0    0.0      0.0
  MONTH TO DATE    0.0                       0.0    0.0      0.0
  SINCE MAR 1      0.0                       0.0    0.0      0.0
  SINCE JUL 1      0.0                       0.0    0.0      0.0
  SNOW DEPTH       0

DEGREE DAYS
 HEATING
  YESTERDAY        0                         0      0        0
  MONTH TO DATE    0                         0      0        4
  SINCE MAR 1    143                       180    -37       87
  SINCE JUL 1    646                      1214   -568      852

 COOLING
  YESTERDAY        6                        12     -6       10
  MONTH TO DATE  262                       229     33      238
  SINCE MAR 1    517                       404    113      506
  SINCE JAN 1    601                       436    165      531
..................................................................


WIND (MPH)
  HIGHEST WIND SPEED    25   HIGHEST WIND DIRECTION     W (270)
  HIGHEST GUST SPEED    34   HIGHEST GUST DIRECTION     W (270)
  AVERAGE WIND SPEED     9.3


SKY COVER
  POSSIBLE SUNSHINE  MM
  AVERAGE SKY COVER 0.2


WEATHER CONDITIONS
 THE FOLLOWING WEATHER WAS RECORDED YESTERDAY.
  FOG


RELATIVE HUMIDITY (PERCENT)
 HIGHEST   100           600 AM
 LOWEST     33           200 PM
 AVERAGE    67

..........................................................


THE GAINESVILLE CLIMATE NORMALS FOR TODAY
                         NORMAL    RECORD    YEAR
 MAXIMUM TEMPERATURE (F)   89       100      1953
 MINIMUM TEMPERATURE (F)   65        46      1979


SUNRISE AND SUNSET
MAY 26 2017...........SUNRISE   631 AM EDT   SUNSET   822 PM EDT
MAY 27 2017...........SUNRISE   630 AM EDT   SUNSET   822 PM EDT


-  INDICATES NEGATIVE NUMBERS.
R  INDICATES RECORD WAS SET OR TIED.
MM INDICATES DATA IS MISSING.
T  INDICATES TRACE AMOUNT.




$$
