000
CDUS42 KJAX 280537
CLIGNV


CLIMATE REPORT
NATIONAL WEATHER SERVICE JACKSONVILLE FL
136 AM EDT THU MAY 28 2015


...................................

...THE GAINESVILLE CLIMATE SUMMARY FOR MAY 27 2015...

CLIMATE NORMAL PERIOD 1981 TO 2010
CLIMATE RECORD PERIOD 1890 TO 2015


WEATHER ITEM   OBSERVED TIME   RECORD YEAR NORMAL DEPARTURE LAST
                VALUE   (LST)  VALUE       VALUE  FROM      YEAR
                                                  NORMAL
..................................................................
TEMPERATURE (F)
 YESTERDAY
  MAXIMUM         90    307 PM 100    1953  89      1       87
  MINIMUM         69   1154 PM  49    1979  66      3       65
  AVERAGE         80                        77      3       76

PRECIPITATION (IN)
  YESTERDAY        T             1.86 1971   0.11  -0.11     0.00
  MONTH TO DATE    2.54                      2.01   0.53     2.49
  SINCE MAR 1      6.93                      9.01  -2.08    10.62
  SINCE JAN 1     12.19                     15.52  -3.33    20.19

SNOWFALL (IN)
  YESTERDAY        0.0           0.0    MM   0.0    0.0      0.0
  MONTH TO DATE    0.0                       0.0    0.0      0.0
  SINCE MAR 1      0.0                       0.0    0.0      0.0
  SINCE JUL 1      0.0                       0.0    0.0      0.0
  SNOW DEPTH       0

DEGREE DAYS
 HEATING
  YESTERDAY        0                         0      0        0
  MONTH TO DATE    2                         0      2        5
  SINCE MAR 1     62                       180   -118      188
  SINCE JUL 1   1213                      1214     -1     1098

 COOLING
  YESTERDAY       15                        12      3       11
  MONTH TO DATE  287                       253     34      249
  SINCE MAR 1    672                       428    244      415
  SINCE JAN 1    687                       460    227      452
..................................................................


WIND (MPH)
  HIGHEST WIND SPEED    15   HIGHEST WIND DIRECTION     E (70)
  HIGHEST GUST SPEED    20   HIGHEST GUST DIRECTION     E (110)
  AVERAGE WIND SPEED     6.0


SKY COVER
  POSSIBLE SUNSHINE  MM
  AVERAGE SKY COVER 0.2


WEATHER CONDITIONS
 THE FOLLOWING WEATHER WAS RECORDED YESTERDAY.
  LIGHT RAIN


RELATIVE HUMIDITY (PERCENT)
 HIGHEST    93          1200 AM
 LOWEST     41           200 PM
 AVERAGE    67

..........................................................


THE GAINESVILLE CLIMATE NORMALS FOR TODAY
                         NORMAL    RECORD    YEAR
 MAXIMUM TEMPERATURE (F)   89        99      1953
 MINIMUM TEMPERATURE (F)   66        52      1901


SUNRISE AND SUNSET
MAY 28 2015...........SUNRISE   630 AM EDT   SUNSET   823 PM EDT
MAY 29 2015...........SUNRISE   630 AM EDT   SUNSET   823 PM EDT


-  INDICATES NEGATIVE NUMBERS.
R  INDICATES RECORD WAS SET OR TIED.
MM INDICATES DATA IS MISSING.
T  INDICATES TRACE AMOUNT.




$$
