000
CDUS42 KJAX 212206
CLIGNV


CLIMATE REPORT
NATIONAL WEATHER SERVICE JACKSONVILLE FL
605 PM EDT TUE OCT 21 2014


...................................

...THE GAINESVILLE CLIMATE SUMMARY FOR OCTOBER 21 2014...
VALID TODAY AS OF 0500 PM LOCAL TIME.

CLIMATE NORMAL PERIOD 1981 TO 2010
CLIMATE RECORD PERIOD 1890 TO 2014


WEATHER ITEM   OBSERVED TIME   RECORD YEAR NORMAL DEPARTURE LAST
                VALUE   (LST)  VALUE       VALUE  FROM      YEAR
                                                  NORMAL
..................................................................
TEMPERATURE (F)
 TODAY
  MAXIMUM         83    359 PM  89    2005  80      3       87
                                      1936
                                      1922
  MINIMUM         60    621 AM  33    1989  59      1       66
  AVERAGE         72                        69      3       77

PRECIPITATION (IN)
  TODAY            0.00          1.53 1990   0.07  -0.07     0.00
  MONTH TO DATE    0.57                      2.20  -1.63     0.05
  SINCE SEP 1      7.85                      6.62   1.23     3.25
  SINCE JAN 1     44.91                     42.19   2.72    39.95

SNOWFALL (IN)
  TODAY            0.0           0.0    MM   0.0    0.0      0.0
  MONTH TO DATE    0.0                       0.0    0.0      0.0
  SINCE SEP 1      0.0                       0.0    0.0      0.0
  SINCE JUL 1      0.0                       0.0    0.0      0.0
  SNOW DEPTH       0

DEGREE DAYS
 HEATING
  TODAY            0                         1     -1        0
  MONTH TO DATE    5                         9     -4        0
  SINCE SEP 1      5                         9     -4        0
  SINCE JUL 1      5                         9     -4        0

 COOLING
  TODAY            7                         6      1       12
  MONTH TO DATE  157                       166     -9      210
  SINCE SEP 1    564                       562      2      649
  SINCE JAN 1   2510                      2506      4     2711
..................................................................


WIND (MPH)
  HIGHEST WIND SPEED    12   HIGHEST WIND DIRECTION     N (350)
  HIGHEST GUST SPEED    14   HIGHEST GUST DIRECTION     N (340)
  AVERAGE WIND SPEED     3.0


SKY COVER
  POSSIBLE SUNSHINE  MM
  AVERAGE SKY COVER 0.1


WEATHER CONDITIONS
 THE FOLLOWING WEATHER WAS RECORDED TODAY.
  NO SIGNIFICANT WEATHER WAS OBSERVED.


RELATIVE HUMIDITY (PERCENT)
 HIGHEST   100           600 AM
 LOWEST     51           100 PM
 AVERAGE    76

..........................................................


THE GAINESVILLE CLIMATE NORMALS FOR TOMORROW
                         NORMAL    RECORD    YEAR
 MAXIMUM TEMPERATURE (F)   80        90      2006
                                             1979
                                             1934
 MINIMUM TEMPERATURE (F)   58        38      1989
                                             1976
                                             1925


SUNRISE AND SUNSET
OCTOBER 21 2014.......SUNRISE   735 AM EDT   SUNSET   652 PM EDT
OCTOBER 22 2014.......SUNRISE   735 AM EDT   SUNSET   651 PM EDT


-  INDICATES NEGATIVE NUMBERS.
R  INDICATES RECORD WAS SET OR TIED.
MM INDICATES DATA IS MISSING.
T  INDICATES TRACE AMOUNT.




$$
