000
CDUS42 KJAX 210537
CLIGNV


CLIMATE REPORT
NATIONAL WEATHER SERVICE JACKSONVILLE FL
1236 AM EST SAT JAN 21 2017


...................................

...THE GAINESVILLE CLIMATE SUMMARY FOR JANUARY 20 2017...

CLIMATE NORMAL PERIOD 1981 TO 2010
CLIMATE RECORD PERIOD 1890 TO 2017


WEATHER ITEM   OBSERVED TIME   RECORD YEAR NORMAL DEPARTURE LAST
                VALUE   (LST)  VALUE       VALUE  FROM      YEAR
                                                  NORMAL
..................................................................
TEMPERATURE (F)
 YESTERDAY
  MAXIMUM         81    215 PM  85    1937  66     15       63
  MINIMUM         61    326 AM  19    1977  42     19       25
  AVERAGE         71                        54     17       44

PRECIPITATION (IN)
  YESTERDAY        0.00          1.65 1988   0.12  -0.12     0.00
  MONTH TO DATE    1.02                      1.98  -0.96     2.15
  SINCE DEC 1      3.71                      4.46  -0.75     4.12
  SINCE JAN 1      1.02                      1.98  -0.96     2.15

SNOWFALL (IN)
  YESTERDAY        0.0           0.0    MM   0.0    0.0      0.0
  MONTH TO DATE    0.0                       0.0    0.0      0.0
  SINCE DEC 1      0.0                       0.0    0.0      0.0
  SINCE JUL 1      0.0                       0.0    0.0      0.0
  SNOW DEPTH       0

DEGREE DAYS
 HEATING
  YESTERDAY        0                        11    -11       21
  MONTH TO DATE   91                       228   -137      253
  SINCE DEC 1    229                       524   -295      325
  SINCE JUL 1    335                       685   -350      364

 COOLING
  YESTERDAY        6                         0      6        0
  MONTH TO DATE   28                         0     28        2
  SINCE DEC 1    104                        22     82      148
  SINCE JAN 1     28                         0     28        2
..................................................................


WIND (MPH)
  HIGHEST WIND SPEED    20   HIGHEST WIND DIRECTION     W (260)
  HIGHEST GUST SPEED    25   HIGHEST GUST DIRECTION    SW (240)
  AVERAGE WIND SPEED     6.6


SKY COVER
  POSSIBLE SUNSHINE  MM
  AVERAGE SKY COVER 0.3


WEATHER CONDITIONS
 THE FOLLOWING WEATHER WAS RECORDED YESTERDAY.
  FOG
  HAZE


RELATIVE HUMIDITY (PERCENT)
 HIGHEST    MM
 LOWEST     MM
 AVERAGE    MM

..........................................................


THE GAINESVILLE CLIMATE NORMALS FOR TODAY
                         NORMAL    RECORD    YEAR
 MAXIMUM TEMPERATURE (F)   66        84      1959
                                             1937
 MINIMUM TEMPERATURE (F)   42        10      1985


SUNRISE AND SUNSET
JANUARY 21 2017.......SUNRISE   724 AM EST   SUNSET   558 PM EST
JANUARY 22 2017.......SUNRISE   723 AM EST   SUNSET   558 PM EST


-  INDICATES NEGATIVE NUMBERS.
R  INDICATES RECORD WAS SET OR TIED.
MM INDICATES DATA IS MISSING.
T  INDICATES TRACE AMOUNT.




$$
