000
CDUS45 KMSO 052236
CLIGPI


CLIMATE REPORT
NATIONAL WEATHER SERVICE MISSOULA, MT
434 PM MDT THU MAY 5 2016


...................................

...THE KALISPELL MT CLIMATE SUMMARY FOR MAY 5 2016...
VALID TODAY AS OF 0400 PM LOCAL TIME.

CLIMATE NORMAL PERIOD 1981 TO 2010
CLIMATE RECORD PERIOD 1894 TO 2016


WEATHER ITEM   OBSERVED TIME   RECORD YEAR NORMAL DEPARTURE LAST
                VALUE   (LST)  VALUE       VALUE  FROM      YEAR
                                                  NORMAL
..................................................................
TEMPERATURE (F)
 TODAY
  MAXIMUM         77    241 PM  85    1966  62     15       67
  MINIMUM         50    105 AM  26    2006  35     15       32
                                      1965
  AVERAGE         64                        49     15       50

PRECIPITATION (IN)
  TODAY            T             0.71 1979   0.05  -0.05     0.00
  MONTH TO DATE    T                         0.23  -0.23     0.00
  SINCE OCT 1      9.22                      8.86   0.36    11.62
  SINCE JAN 1      5.17                      4.86   0.31     5.54

SNOWFALL (IN)
  TODAY            0.0
  MONTH TO DATE    0.0
  SINCE JAN 1     14.6
  SINCE JUL 1     41.4
  SNOW DEPTH       0

DEGREE DAYS
 HEATING
  TODAY            1                        16    -15       15
  MONTH TO DATE   37                        85    -48       71
  SINCE MAR 1   1330                      1644   -314     1495
  SINCE JUL 1   6632                      7496   -864     6945

 COOLING
  TODAY            0                         0      0        0
  MONTH TO DATE    0                         0      0        0
  SINCE MAR 1      0                         0      0        0
  SINCE JAN 1      0                         0      0        0
..................................................................


WIND (MPH)
  HIGHEST WIND SPEED    20   HIGHEST WIND DIRECTION    SW (230)
  HIGHEST GUST SPEED    25   HIGHEST GUST DIRECTION    SW (230)
  AVERAGE WIND SPEED     3.8


SKY COVER
  POSSIBLE SUNSHINE  MM
  AVERAGE SKY COVER 0.3


WEATHER CONDITIONS
 THE FOLLOWING WEATHER WAS RECORDED TODAY.
  LIGHT RAIN


RELATIVE HUMIDITY (PERCENT)
 HIGHEST    83          1200 AM
 LOWEST     31           200 PM
 AVERAGE    57

..........................................................


THE KALISPELL MT CLIMATE NORMALS FOR TOMORROW
                         NORMAL    RECORD    YEAR
 MAXIMUM TEMPERATURE (F)   63        82      1992
 MINIMUM TEMPERATURE (F)   35        22      2001


SUNRISE AND SUNSET
MAY  5 2016...........SUNRISE   611 AM MDT   SUNSET   858 PM MDT
MAY  6 2016...........SUNRISE   609 AM MDT   SUNSET   859 PM MDT


-  INDICATES NEGATIVE NUMBERS.
R  INDICATES RECORD WAS SET OR TIED.
MM INDICATES DATA IS MISSING.
T  INDICATES TRACE AMOUNT.




$$
