000
CDUS45 KMSO 190738
CLIGPI


CLIMATE REPORT
NATIONAL WEATHER SERVICE MISSOULA, MT
137 AM MDT SAT AUG 19 2017


...................................

...THE KALISPELL MT CLIMATE SUMMARY FOR AUGUST 18 2017...

CLIMATE NORMAL PERIOD 1981 TO 2010
CLIMATE RECORD PERIOD 1894 TO 2017


WEATHER ITEM   OBSERVED TIME   RECORD YEAR NORMAL DEPARTURE LAST
                VALUE   (LST)  VALUE       VALUE  FROM      YEAR
                                                  NORMAL
..................................................................
TEMPERATURE (F)
 YESTERDAY
  MAXIMUM         90    421 PM  99    2008  81      9       76
  MINIMUM         43    556 AM  33    1998  46     -3       49
  AVERAGE         67                        64      3       63

PRECIPITATION (IN)
  YESTERDAY        0.00          0.81 1980   0.03  -0.03     0.02
  MONTH TO DATE    0.08                      0.53  -0.45     1.08
  SINCE OCT 1     18.48                     15.15   3.33    16.27
  SINCE JAN 1     11.25                     11.15   0.10    12.22

SNOWFALL (IN)
  YESTERDAY        0.0
  MONTH TO DATE    0.0
  SINCE JAN 1     54.5
  SINCE JUL 1      0.0
  SNOW DEPTH       0

DEGREE DAYS
 HEATING
  YESTERDAY        0                         3     -3        2
  MONTH TO DATE   18                        41    -23       34
  SINCE JUN 1    182                       334   -152      292
  SINCE JUL 1     24                       118    -94      113

 COOLING
  YESTERDAY        2                         2      0        0
  MONTH TO DATE   59                        47     12       42
  SINCE JUN 1    203                       127     76      143
  SINCE JAN 1    208                       130     78      143
..................................................................


WIND (MPH)
  HIGHEST WIND SPEED    21   HIGHEST WIND DIRECTION     W (270)
  HIGHEST GUST SPEED    28   HIGHEST GUST DIRECTION     W (260)
  AVERAGE WIND SPEED     8.1


SKY COVER
  POSSIBLE SUNSHINE  MM
  AVERAGE SKY COVER 0.0


WEATHER CONDITIONS
 THE FOLLOWING WEATHER WAS RECORDED YESTERDAY.
  NO SIGNIFICANT WEATHER WAS OBSERVED.


RELATIVE HUMIDITY (PERCENT)
 HIGHEST    96           600 AM
 LOWEST     14           400 PM
 AVERAGE    55

..........................................................


THE KALISPELL MT CLIMATE NORMALS FOR TODAY
                         NORMAL    RECORD    YEAR
 MAXIMUM TEMPERATURE (F)   81        97      1967
 MINIMUM TEMPERATURE (F)   46        34      1998


SUNRISE AND SUNSET
AUGUST 19 2017........SUNRISE   637 AM MDT   SUNSET   843 PM MDT
AUGUST 20 2017........SUNRISE   639 AM MDT   SUNSET   841 PM MDT


-  INDICATES NEGATIVE NUMBERS.
R  INDICATES RECORD WAS SET OR TIED.
MM INDICATES DATA IS MISSING.
T  INDICATES TRACE AMOUNT.




$$
