000
CDUS45 KMSO 250737
CLIGPI


CLIMATE REPORT
NATIONAL WEATHER SERVICE MISSOULA, MT
137 AM MDT SUN JUN 25 2017


...................................

...THE KALISPELL MT CLIMATE SUMMARY FOR JUNE 24 2017...

CLIMATE NORMAL PERIOD 1981 TO 2010
CLIMATE RECORD PERIOD 1894 TO 2017


WEATHER ITEM   OBSERVED TIME   RECORD YEAR NORMAL DEPARTURE LAST
                VALUE   (LST)  VALUE       VALUE  FROM      YEAR
                                                  NORMAL
..................................................................
TEMPERATURE (F)
 YESTERDAY
  MAXIMUM         82    546 PM  90    1986  74      8       59
  MINIMUM         42    458 AM  29    1985  45     -3       39
  AVERAGE         62                        60      2       49

PRECIPITATION (IN)
  YESTERDAY        0.00          1.74 1911   0.09  -0.09     0.35
  MONTH TO DATE    1.36                      2.11  -0.75     1.23
  SINCE OCT 1     18.21                     12.72   5.49    13.57
  SINCE JAN 1     10.98                      8.72   2.26     9.52

SNOWFALL (IN)
  YESTERDAY        0.0
  MONTH TO DATE    0.0
  SINCE JAN 1     54.5
  SINCE JUL 1     89.8
  SNOW DEPTH       0

DEGREE DAYS
 HEATING
  YESTERDAY        3                         6     -3       16
  MONTH TO DATE  150                       184    -34      164
  SINCE JUN 1    150                       184    -34      164
  SINCE JUL 1   8273                      8007    266     7114

 COOLING
  YESTERDAY        0                         1     -1        0
  MONTH TO DATE   13                         5      8       21
  SINCE JUN 1     13                         5      8       21
  SINCE JAN 1     18                         8     10       21
..................................................................


WIND (MPH)
  HIGHEST WIND SPEED    14   HIGHEST WIND DIRECTION     N (10)
  HIGHEST GUST SPEED    17   HIGHEST GUST DIRECTION     N (20)
  AVERAGE WIND SPEED     3.0


SKY COVER
  POSSIBLE SUNSHINE  MM
  AVERAGE SKY COVER 0.0


WEATHER CONDITIONS
 THE FOLLOWING WEATHER WAS RECORDED YESTERDAY.
  NO SIGNIFICANT WEATHER WAS OBSERVED.


RELATIVE HUMIDITY (PERCENT)
 HIGHEST   100           400 AM
 LOWEST     25           400 PM
 AVERAGE    63

..........................................................


THE KALISPELL MT CLIMATE NORMALS FOR TODAY
                         NORMAL    RECORD    YEAR
 MAXIMUM TEMPERATURE (F)   75        93      1962
 MINIMUM TEMPERATURE (F)   46        31      1985


SUNRISE AND SUNSET
JUNE 25 2017..........SUNRISE   537 AM MDT   SUNSET   942 PM MDT
JUNE 26 2017..........SUNRISE   538 AM MDT   SUNSET   942 PM MDT


-  INDICATES NEGATIVE NUMBERS.
R  INDICATES RECORD WAS SET OR TIED.
MM INDICATES DATA IS MISSING.
T  INDICATES TRACE AMOUNT.




$$
