000
CDUS45 KMSO 222245
CLIGPI


CLIMATE REPORT
NATIONAL WEATHER SERVICE MISSOULA, MT
445 PM MDT SUN OCT 22 2017


...................................

...THE KALISPELL MT CLIMATE SUMMARY FOR OCTOBER 22 2017...
VALID TODAY AS OF 0400 PM LOCAL TIME.

CLIMATE NORMAL PERIOD 1981 TO 2010
CLIMATE RECORD PERIOD 1894 TO 2017


WEATHER ITEM   OBSERVED TIME   RECORD YEAR NORMAL DEPARTURE LAST
                VALUE   (LST)  VALUE       VALUE  FROM      YEAR
                                                  NORMAL
..................................................................
TEMPERATURE (F)
 TODAY
  MAXIMUM         56    156 PM  70    2003  52      4       52
  MINIMUM         40   1241 AM  12    1981  28     12       31
  AVERAGE         48                        40      8       42

PRECIPITATION (IN)
  TODAY            0.25          0.64 1933   0.04   0.21     0.10
  MONTH TO DATE    1.21                      0.66   0.55     3.30
  SINCE OCT 1      1.21                      0.66   0.55     3.30
  SINCE JAN 1     13.06                     13.65  -0.59    16.39

SNOWFALL (IN)
  TODAY            0.0
  MONTH TO DATE    T
  SINCE JAN 1     54.5
  SINCE JUL 1      T
  SNOW DEPTH       0

DEGREE DAYS
 HEATING
  TODAY           17                        25     -8       23
  MONTH TO DATE  489                       468     21      473
  SINCE SEP 1    772                       798    -26      814
  SINCE JUL 1    821                       968   -147      961

 COOLING
  TODAY            0                         0      0        0
  MONTH TO DATE    0                         0      0        0
  SINCE SEP 1      4                         4      0        1
  SINCE JAN 1    228                       147     81      157
..................................................................


WIND (MPH)
  HIGHEST WIND SPEED    25   HIGHEST WIND DIRECTION     W (250)
  HIGHEST GUST SPEED    37   HIGHEST GUST DIRECTION    SW (240)
  AVERAGE WIND SPEED    10.8


SKY COVER
  POSSIBLE SUNSHINE  MM
  AVERAGE SKY COVER 0.9


WEATHER CONDITIONS
 THE FOLLOWING WEATHER WAS RECORDED TODAY.
  RAIN
  LIGHT RAIN
  FOG


RELATIVE HUMIDITY (PERCENT)
 HIGHEST   100          1200 AM
 LOWEST     47           100 PM
 AVERAGE    74

..........................................................


THE KALISPELL MT CLIMATE NORMALS FOR TOMORROW
                         NORMAL    RECORD    YEAR
 MAXIMUM TEMPERATURE (F)   51        71      1944
 MINIMUM TEMPERATURE (F)   28        12      1919


SUNRISE AND SUNSET
OCTOBER 22 2017.......SUNRISE   808 AM MDT   SUNSET   634 PM MDT
OCTOBER 23 2017.......SUNRISE   809 AM MDT   SUNSET   633 PM MDT


-  INDICATES NEGATIVE NUMBERS.
R  INDICATES RECORD WAS SET OR TIED.
MM INDICATES DATA IS MISSING.
T  INDICATES TRACE AMOUNT.




$$
