000
CDUS45 KMSO 280738
CLIGPI


CLIMATE REPORT
NATIONAL WEATHER SERVICE MISSOULA, MT
138 AM MDT SAT MAY 28 2016


...................................

...THE KALISPELL MT CLIMATE SUMMARY FOR MAY 27 2016...

CLIMATE NORMAL PERIOD 1981 TO 2010
CLIMATE RECORD PERIOD 1894 TO 2016


WEATHER ITEM   OBSERVED TIME   RECORD YEAR NORMAL DEPARTURE LAST
                VALUE   (LST)  VALUE       VALUE  FROM      YEAR
                                                  NORMAL
..................................................................
TEMPERATURE (F)
 YESTERDAY
  MAXIMUM         63    340 PM  95    1936  68     -5       68
  MINIMUM         43   1153 PM  28    1918  42      1       43
  AVERAGE         53                        55     -2       56

PRECIPITATION (IN)
  YESTERDAY        T             0.57 1960   0.08  -0.08      T
  MONTH TO DATE    3.08                      1.64   1.44     0.11
  SINCE OCT 1     12.30                     10.27   2.03    11.73
  SINCE JAN 1      8.25                      6.27   1.98     5.65

SNOWFALL (IN)
  YESTERDAY        0.0
  MONTH TO DATE    0.0
  SINCE JAN 1     14.6
  SINCE JUL 1     41.4
  SNOW DEPTH       0

DEGREE DAYS
 HEATING
  YESTERDAY       12                        10      2        9
  MONTH TO DATE  305                       373    -68      319
  SINCE MAR 1   1598                      1932   -334     1743
  SINCE JUL 1   6900                      7784   -884     7193

 COOLING
  YESTERDAY        0                         0      0        0
  MONTH TO DATE    0                         0      0        0
  SINCE MAR 1      0                         0      0        0
  SINCE JAN 1      0                         0      0        0
..................................................................


WIND (MPH)
  HIGHEST WIND SPEED    18   HIGHEST WIND DIRECTION     S (160)
  HIGHEST GUST SPEED    25   HIGHEST GUST DIRECTION    SW (230)
  AVERAGE WIND SPEED     5.7


SKY COVER
  POSSIBLE SUNSHINE  MM
  AVERAGE SKY COVER 0.7


WEATHER CONDITIONS
 THE FOLLOWING WEATHER WAS RECORDED YESTERDAY.
  LIGHT RAIN
  FOG


RELATIVE HUMIDITY (PERCENT)
 HIGHEST   100          1200 AM
 LOWEST     34           400 PM
 AVERAGE    67

..........................................................


THE KALISPELL MT CLIMATE NORMALS FOR TODAY
                         NORMAL    RECORD    YEAR
 MAXIMUM TEMPERATURE (F)   68        91      1986
 MINIMUM TEMPERATURE (F)   42        31      1914


SUNRISE AND SUNSET
MAY 28 2016...........SUNRISE   543 AM MDT   SUNSET   926 PM MDT
MAY 29 2016...........SUNRISE   542 AM MDT   SUNSET   927 PM MDT


-  INDICATES NEGATIVE NUMBERS.
R  INDICATES RECORD WAS SET OR TIED.
MM INDICATES DATA IS MISSING.
T  INDICATES TRACE AMOUNT.




$$
