000
CDUS43 KGRB 180731
CLIGRB


CLIMATE REPORT
NATIONAL WEATHER SERVICE GREEN BAY
231 AM CDT FRI AUG 18 2017


...................................

...THE GREEN BAY WI CLIMATE SUMMARY FOR AUGUST 17 2017...

CLIMATE NORMAL PERIOD 1981 TO 2010
CLIMATE RECORD PERIOD 1886 TO 2017


WEATHER ITEM   OBSERVED TIME   RECORD YEAR NORMAL DEPARTURE LAST
                VALUE   (LST)  VALUE       VALUE  FROM      YEAR
                                                  NORMAL
..................................................................
TEMPERATURE (F)
 YESTERDAY
  MAXIMUM         79   1211 PM  96    1947  78      1       84
  MINIMUM         65   1159 PM  42    1954  57      8       64
  AVERAGE         72                        68      4       74

PRECIPITATION (IN)
  YESTERDAY        0.22          2.61 1951   0.11   0.11     0.01
  MONTH TO DATE    2.70                      1.93   0.77     0.32
  SINCE JUN 1     11.04                      9.31   1.73     7.98
  SINCE JAN 1     24.04                     18.96   5.08    19.16

SNOWFALL (IN)
  YESTERDAY        0.0           0.0    MM   0.0    0.0      0.0
  MONTH TO DATE    0.0                       0.0    0.0      0.0
  SINCE JUN 1      0.0                       0.0    0.0      0.0
  SINCE JUL 1      0.0                       0.0    0.0      0.0
  SNOW DEPTH       0

DEGREE DAYS
 HEATING
  YESTERDAY        0                         1     -1        0
  MONTH TO DATE    8                        17     -9        0
  SINCE JUN 1     36                       132    -96       31
  SINCE JUL 1      9                        40    -31        6

 COOLING
  YESTERDAY        7                         4      3        9
  MONTH TO DATE   48                        69    -21      129
  SINCE JUN 1    349                       302     47      427
  SINCE JAN 1    357                       320     37      460
..................................................................


WIND (MPH)
  HIGHEST WIND SPEED    22   HIGHEST WIND DIRECTION     W (290)
  HIGHEST GUST SPEED    30   HIGHEST GUST DIRECTION     W (250)
  AVERAGE WIND SPEED    11.5


SKY COVER
  POSSIBLE SUNSHINE  MM
  AVERAGE SKY COVER 0.9


WEATHER CONDITIONS
 THE FOLLOWING WEATHER WAS RECORDED YESTERDAY.
  HEAVY RAIN
  LIGHT RAIN
  FOG


RELATIVE HUMIDITY (PERCENT)
 HIGHEST   100           100 AM
 LOWEST     74          1000 AM
 AVERAGE    87

..........................................................


THE GREEN BAY WI CLIMATE NORMALS FOR TODAY
                         NORMAL    RECORD    YEAR
 MAXIMUM TEMPERATURE (F)   78        97      1955
 MINIMUM TEMPERATURE (F)   57        41      1963


SUNRISE AND SUNSET
AUGUST 18 2017........SUNRISE   559 AM CDT   SUNSET   753 PM CDT
AUGUST 19 2017........SUNRISE   600 AM CDT   SUNSET   751 PM CDT


-  INDICATES NEGATIVE NUMBERS.
R  INDICATES RECORD WAS SET OR TIED.
MM INDICATES DATA IS MISSING.
T  INDICATES TRACE AMOUNT.




$$
