000
CDUS43 KGRB 282224
CLIGRB


CLIMATE REPORT
NATIONAL WEATHER SERVICE GREEN BAY
423 PM CST SAT FEB 28 2015


...................................

...THE GREEN BAY WI CLIMATE SUMMARY FOR FEBRUARY 28 2015...
VALID TODAY AS OF 0400 PM LOCAL TIME.

CLIMATE NORMAL PERIOD 1981 TO 2010
CLIMATE RECORD PERIOD 1886 TO 2015


WEATHER ITEM   OBSERVED TIME   RECORD YEAR NORMAL DEPARTURE LAST
                VALUE   (LST)  VALUE       VALUE  FROM      YEAR
                                                  NORMAL
..................................................................
TEMPERATURE (F)
 TODAY
  MAXIMUM         19    359 PM  54    1895  32    -13       16
  MINIMUM          0    657 AM -21    2014  16    -16      -21
  AVERAGE         10                        24    -14       -2

PRECIPITATION (IN)
  TODAY            0.00          1.30 1902   0.05  -0.05     0.23
  MONTH TO DATE    0.41                      1.11  -0.70     1.46
  SINCE DEC 1      2.65                      3.75  -1.10     4.68
  SINCE JAN 1      0.97                      2.24  -1.27     2.79

SNOWFALL (IN)
  TODAY            0.0          11.1  1890   0.4   -0.4      3.7
  MONTH TO DATE    8.0                       9.9   -1.9     17.7
  SINCE DEC 1     20.3                      36.0  -15.7     61.1
  SINCE JUL 1     28.5                      40.2  -11.7     62.3
  SNOW DEPTH       4

DEGREE DAYS
 HEATING
  TODAY           55                        41     14       67
  MONTH TO DATE 1531                      1252    279     1588
  SINCE DEC 1   4201                      4100    101     4870
  SINCE JUL 1   6038                      5840    198     6481

 COOLING
  TODAY            0                         0      0        0
  MONTH TO DATE    0                         0      0        0
  SINCE DEC 1      0                         0      0        0
  SINCE JAN 1      0                         0      0        0
..................................................................


WIND (MPH)
  HIGHEST WIND SPEED    15   HIGHEST WIND DIRECTION     S (180)
  HIGHEST GUST SPEED    19   HIGHEST GUST DIRECTION     S (190)
  AVERAGE WIND SPEED     7.5


SKY COVER
  POSSIBLE SUNSHINE  MM
  AVERAGE SKY COVER 0.0


WEATHER CONDITIONS
 THE FOLLOWING WEATHER WAS RECORDED TODAY.
  NO SIGNIFICANT WEATHER WAS OBSERVED.


RELATIVE HUMIDITY (PERCENT)
 HIGHEST    79           700 AM
 LOWEST     49           300 PM
 AVERAGE    64

..........................................................


THE GREEN BAY WI CLIMATE NORMALS FOR TOMORROW
                         NORMAL    RECORD    YEAR
 MAXIMUM TEMPERATURE (F)   33        53      1992
 MINIMUM TEMPERATURE (F)   17       -29      1962


SUNRISE AND SUNSET
FEBRUARY 28 2015......SUNRISE   632 AM CST   SUNSET   539 PM CST
MARCH  1 2015.........SUNRISE   630 AM CST   SUNSET   540 PM CST


-  INDICATES NEGATIVE NUMBERS.
R  INDICATES RECORD WAS SET OR TIED.
MM INDICATES DATA IS MISSING.
T  INDICATES TRACE AMOUNT.




$$
