000
CDUS43 KGRB 310657
CLIGRB

CLIMATE REPORT
NATIONAL WEATHER SERVICE GREEN BAY
154 AM CDT FRI OCT 31 2014

...................................

...THE GREEN BAY WI CLIMATE SUMMARY FOR OCTOBER 30 2014...

CLIMATE NORMAL PERIOD 1981 TO 2010
CLIMATE RECORD PERIOD 1886 TO 2014

WEATHER ITEM   OBSERVED TIME   RECORD YEAR NORMAL DEPARTURE LAST
                VALUE   (LST)  VALUE       VALUE  FROM      YEAR
                                                  NORMAL
..................................................................
TEMPERATURE (F)
 YESTERDAY
  MAXIMUM         48    309 PM  75    1901  51     -3       57
  MINIMUM         36    523 AM  12    1925  34      2       37
  AVERAGE         42                        42      0       47

PRECIPITATION (IN)
  YESTERDAY        0.00          1.23 1919   0.08  -0.08     0.03
  MONTH TO DATE    2.51                      2.37   0.14     1.78
  SINCE SEP 1      7.20                      5.41   1.79     4.67
  SINCE JAN 1     27.92                     25.81   2.11    28.66

SNOWFALL (IN)
  YESTERDAY        0.0           T    1996   0.0    0.0      0.0
                                      1993
                                      1955
  MONTH TO DATE    0.0                       0.2   -0.2       T
  SINCE SEP 1      0.0                       0.2   -0.2       T
  SINCE JUL 1      0.0                       0.2   -0.2       T
  SNOW DEPTH       0

DEGREE DAYS
 HEATING
  YESTERDAY       23                        23      0       18
  MONTH TO DATE  492                       534    -42      474
  SINCE SEP 1    689                       741    -52      645
  SINCE JUL 1    718                       804    -86      685

COOLING
  YESTERDAY        0                         0      0        0
  MONTH TO DATE    0                         0      0        2
  SINCE SEP 1     19                        33    -14       57
  SINCE JAN 1    362                       395    -33      535
..................................................................

WIND (MPH)
  HIGHEST WIND SPEED    22   HIGHEST WIND DIRECTION    NW (310)
  HIGHEST GUST SPEED    29   HIGHEST GUST DIRECTION    NW (320)
  AVERAGE WIND SPEED     7.4

SKY COVER
  POSSIBLE SUNSHINE  MM
  AVERAGE SKY COVER 0.8

WEATHER CONDITIONS
 THE FOLLOWING WEATHER WAS RECORDED YESTERDAY.
  NO SIGNIFICANT WEATHER WAS OBSERVED.

RELATIVE HUMIDITY (PERCENT)
 HIGHEST    92           300 AM
 LOWEST     65          1200 PM
 AVERAGE    79
..........................................................

THE GREEN BAY WI CLIMATE NORMALS FOR TODAY
                         NORMAL    RECORD    YEAR
 MAXIMUM TEMPERATURE (F)   50        74      1950
 MINIMUM TEMPERATURE (F)   33        18      1917

SUNRISE AND SUNSET
OCTOBER 31 2014.......SUNRISE   729 AM CDT   SUNSET   543 PM CDT
NOVEMBER  1 2014......SUNRISE   730 AM CDT   SUNSET   542 PM CDT

-  INDICATES NEGATIVE NUMBERS.
R  INDICATES RECORD WAS SET OR TIED.
MM INDICATES DATA IS MISSING.
T  INDICATES TRACE AMOUNT.

$$
