000
CDUS43 KGID 192223
CLIGRI


CLIMATE REPORT
NATIONAL WEATHER SERVICE HASTINGS NE
522 PM CDT TUE AUG 19 2014


...................................

...THE GRAND ISLAND NE CLIMATE SUMMARY FOR AUGUST 19 2014...
VALID TODAY AS OF 0500 PM LOCAL TIME.

CLIMATE NORMAL PERIOD 1981 TO 2010
CLIMATE RECORD PERIOD 1895 TO 2014


WEATHER ITEM   OBSERVED TIME   RECORD YEAR NORMAL DEPARTURE LAST
                VALUE   (LST)  VALUE       VALUE  FROM      YEAR
                                                  NORMAL
..................................................................
TEMPERATURE (F)
 TODAY
  MAXIMUM         88    353 PM 102    1938  85      3       87
  MINIMUM         65    612 AM  44    1950  62      3       64
  AVERAGE         77                        74      3       76

PRECIPITATION (IN)
  TODAY            0.00          2.97 1908   0.10  -0.10     0.00
  MONTH TO DATE    3.19                      2.03   1.16     2.28
  SINCE JUN 1     15.03                      9.73   5.30     5.30
  SINCE JAN 1     19.52                     19.68  -0.16    18.67

SNOWFALL (IN)
  TODAY            0.0                       0.0    0.0      0.0
  MONTH TO DATE    0.0                       0.0    0.0      0.0
  SINCE JUN 1      0.0                       0.0    0.0      0.0
  SINCE JUL 1      0.0                       0.0    0.0      0.0
  SNOW DEPTH       0

DEGREE DAYS
 HEATING
  TODAY            0                         0      0        0
  MONTH TO DATE    0                         0      0        0
  SINCE JUN 1     14                        26    -12       24
  SINCE JUL 1      4                         2      2        3

 COOLING
  TODAY           12                         9      3       11
  MONTH TO DATE  176                       191    -15      147
  SINCE JUN 1    698                       753    -55      767
  SINCE JAN 1    817                       818     -1      862
..................................................................


WIND (MPH)
  HIGHEST WIND SPEED    13   HIGHEST WIND DIRECTION     S (160)
  HIGHEST GUST SPEED    17   HIGHEST GUST DIRECTION     S (160)
  AVERAGE WIND SPEED     5.0


SKY COVER
  POSSIBLE SUNSHINE  MM
  AVERAGE SKY COVER 0.0


WEATHER CONDITIONS
 THE FOLLOWING WEATHER WAS RECORDED TODAY.
  FOG


RELATIVE HUMIDITY (PERCENT)
 HIGHEST    90           300 AM
 LOWEST     50           200 PM
 AVERAGE    70

..........................................................


THE GRAND ISLAND NE CLIMATE NORMALS FOR TOMORROW
                         NORMAL    RECORD    YEAR
 MAXIMUM TEMPERATURE (F)   85       102      1936
                                             1900
                                             1898
 MINIMUM TEMPERATURE (F)   62        40      1950


SUNRISE AND SUNSET
AUGUST 19 2014........SUNRISE   647 AM CDT   SUNSET   826 PM CDT
AUGUST 20 2014........SUNRISE   648 AM CDT   SUNSET   824 PM CDT


-  INDICATES NEGATIVE NUMBERS.
R  INDICATES RECORD WAS SET OR TIED.
MM INDICATES DATA IS MISSING.
T  INDICATES TRACE AMOUNT.




$$
