671
CDUS43 KGID 252229
CLIGRI


CLIMATE REPORT
NATIONAL WEATHER SERVICE HASTINGS NE
528 PM CDT SUN SEP 25 2016


...................................

...THE GRAND ISLAND NE CLIMATE SUMMARY FOR SEPTEMBER 25 2016...
VALID TODAY AS OF 0500 PM LOCAL TIME.

CLIMATE NORMAL PERIOD 1981 TO 2010
CLIMATE RECORD PERIOD 1895 TO 2016


WEATHER ITEM   OBSERVED TIME   RECORD YEAR NORMAL DEPARTURE LAST
                VALUE   (LST)  VALUE       VALUE  FROM      YEAR
                                                  NORMAL
..................................................................
TEMPERATURE (F)
 TODAY
  MAXIMUM         72    324 PM 100    1998  74     -2       72
  MINIMUM         49    646 AM  26    1926  48      1       61
  AVERAGE         61                        61      0       67

PRECIPITATION (IN)
  TODAY            0.00          1.48 1955   0.07  -0.07     0.33
  MONTH TO DATE    2.53                      1.89   0.64     3.23
  SINCE SEP 1      2.53                      1.89   0.64     3.23
  SINCE JAN 1     21.93                     22.66  -0.73    19.88

SNOWFALL (IN)
  TODAY           MM                         0.0   MM        0.0
  MONTH TO DATE    0.0                       0.0    0.0      0.0
  SINCE SEP 1      0.0                       0.0    0.0      0.0
  SINCE JUL 1      0.0                       0.0    0.0      0.0
  SNOW DEPTH       0

DEGREE DAYS
 HEATING
  TODAY            4                         6     -2        0
  MONTH TO DATE   27                        72    -45       16
  SINCE SEP 1     27                        72    -45       16
  SINCE JUL 1     34                        82    -48       29

 COOLING
  TODAY            0                         2     -2        2
  MONTH TO DATE  127                       102     25      187
  SINCE SEP 1    127                       102     25      187
  SINCE JAN 1   1141                      1016    125     1009
..................................................................


WIND (MPH)
  HIGHEST WIND SPEED    29   HIGHEST WIND DIRECTION    NW (320)
  HIGHEST GUST SPEED    35   HIGHEST GUST DIRECTION     N (340)
  AVERAGE WIND SPEED    15.6


SKY COVER
  POSSIBLE SUNSHINE  MM
  AVERAGE SKY COVER 0.0


WEATHER CONDITIONS
 THE FOLLOWING WEATHER WAS RECORDED TODAY.
  NO SIGNIFICANT WEATHER WAS OBSERVED.


RELATIVE HUMIDITY (PERCENT)
 HIGHEST    87          1200 AM
 LOWEST     22           400 PM
 AVERAGE    55

..........................................................


THE GRAND ISLAND NE CLIMATE NORMALS FOR TOMORROW
                         NORMAL    RECORD    YEAR
 MAXIMUM TEMPERATURE (F)   74        94      1990
 MINIMUM TEMPERATURE (F)   48        30      1984


SUNRISE AND SUNSET
SEPTEMBER 25 2016.....SUNRISE   724 AM CDT   SUNSET   724 PM CDT
SEPTEMBER 26 2016.....SUNRISE   725 AM CDT   SUNSET   723 PM CDT


-  INDICATES NEGATIVE NUMBERS.
R  INDICATES RECORD WAS SET OR TIED.
MM INDICATES DATA IS MISSING.
T  INDICATES TRACE AMOUNT.




$$
