000
CDUS43 KGID 270633
CLIGRI


CLIMATE REPORT
NATIONAL WEATHER SERVICE HASTINGS NE
128 AM CDT SAT MAY 27 2017


...................................

...THE GRAND ISLAND NE CLIMATE SUMMARY FOR MAY 26 2017...

CLIMATE NORMAL PERIOD 1981 TO 2010
CLIMATE RECORD PERIOD 1895 TO 2017


WEATHER ITEM   OBSERVED TIME   RECORD YEAR NORMAL DEPARTURE LAST
                VALUE   (LST)  VALUE       VALUE  FROM      YEAR
                                                  NORMAL
..................................................................
TEMPERATURE (F)
 YESTERDAY
  MAXIMUM         78    451 PM 100    2012  76      2       77
  MINIMUM         57   1118 PM  34    1901  53      4       53
  AVERAGE         68                        64      4       65

PRECIPITATION (IN)
  YESTERDAY        T             2.56 1996   0.15  -0.15     0.23
  MONTH TO DATE    5.19                      3.66   1.53     5.49
  SINCE MAR 1      8.64                      7.99   0.65    11.15
  SINCE JAN 1      9.96                      9.20   0.76    13.33

SNOWFALL (IN)
  YESTERDAY        0.0           T    1953   0.0    0.0      0.0
  MONTH TO DATE    0.3                       0.1    0.2      0.0
  SINCE MAR 1      1.5                       7.0   -5.5      2.6
  SINCE JUL 1      9.2                      29.1  -19.9     33.8
  SNOW DEPTH       0

DEGREE DAYS
 HEATING
  YESTERDAY        0                         3     -3        0
  MONTH TO DATE  175                       159     16      175
  SINCE MAR 1   1285                      1400   -115     1132
  SINCE JUL 1   5351                      6161   -810     5130

 COOLING
  YESTERDAY        3                         3      0        0
  MONTH TO DATE   43                        39      4       21
  SINCE MAR 1     48                        50     -2       21
  SINCE JAN 1     48                        50     -2       21
..................................................................


WIND (MPH)
  HIGHEST WIND SPEED    23   HIGHEST WIND DIRECTION     N (350)
  HIGHEST GUST SPEED    31   HIGHEST GUST DIRECTION     N (350)
  AVERAGE WIND SPEED     9.9


SKY COVER
  AVERAGE SKY COVER 0.0


WEATHER CONDITIONS
 THE FOLLOWING WEATHER WAS RECORDED YESTERDAY.
  LIGHT RAIN


RELATIVE HUMIDITY (PERCENT)
 HIGHEST    90          1200 AM
 LOWEST     33           500 PM
 AVERAGE    62

..........................................................


THE GRAND ISLAND NE CLIMATE NORMALS FOR TODAY
                         NORMAL    RECORD    YEAR
 MAXIMUM TEMPERATURE (F)   76        97      1912
 MINIMUM TEMPERATURE (F)   53        37      1918
                                             1906


SUNRISE AND SUNSET
MAY 27 2017...........SUNRISE   606 AM CDT   SUNSET   855 PM CDT
MAY 28 2017...........SUNRISE   605 AM CDT   SUNSET   856 PM CDT


-  INDICATES NEGATIVE NUMBERS.
R  INDICATES RECORD WAS SET OR TIED.
MM INDICATES DATA IS MISSING.
T  INDICATES TRACE AMOUNT.

$$

KELLEY
