000
CDUS43 KGID 260652
CLIGRI


CLIMATE REPORT
NATIONAL WEATHER SERVICE HASTINGS NE
1252 AM CST WED NOV 26 2014


...................................

...THE GRAND ISLAND NE CLIMATE SUMMARY FOR NOVEMBER 25 2014...

CLIMATE NORMAL PERIOD 1981 TO 2010
CLIMATE RECORD PERIOD 1895 TO 2014


WEATHER ITEM   OBSERVED TIME   RECORD YEAR NORMAL DEPARTURE LAST
                VALUE   (LST)  VALUE       VALUE  FROM      YEAR
                                                  NORMAL
..................................................................
TEMPERATURE (F)
 YESTERDAY
  MAXIMUM         47    149 PM  78    1960  44      3       48
  MINIMUM         19    121 AM  -2    1938  22     -3       23
  AVERAGE         33                        33      0       36

PRECIPITATION (IN)
  YESTERDAY        0.00          0.70 1978   0.03  -0.03     0.00
  MONTH TO DATE    0.29                      1.00  -0.71     0.97
  SINCE SEP 1      4.60                      5.09  -0.49     7.40
  SINCE JAN 1     26.80                     25.86   0.94    26.81

SNOWFALL (IN)
  YESTERDAY        0.0           5.0  1975   0.1   -0.1      0.0
  MONTH TO DATE    2.2                       2.4   -0.2      0.2
  SINCE SEP 1      2.2                       3.5   -1.3      0.2
  SINCE JUL 1      2.2                       3.5   -1.3      0.2
  SNOW DEPTH       0

DEGREE DAYS
 HEATING
  YESTERDAY       32                        32      0       29
  MONTH TO DATE  763                       640    123      628
  SINCE SEP 1   1175                      1153     22     1052
  SINCE JUL 1   1179                      1163     16     1055

 COOLING
  YESTERDAY        0                         0      0        0
  MONTH TO DATE    0                         0      0        0
  SINCE SEP 1    101                       120    -19      202
  SINCE JAN 1   1031                      1034     -3     1265
..................................................................


WIND (MPH)
  HIGHEST WIND SPEED    21   HIGHEST WIND DIRECTION    NW (300)
  HIGHEST GUST SPEED    28   HIGHEST GUST DIRECTION    NW (320)
  AVERAGE WIND SPEED    11.2


SKY COVER
  AVERAGE SKY COVER 0.3


WEATHER CONDITIONS
 THE FOLLOWING WEATHER WAS RECORDED YESTERDAY.
  NO SIGNIFICANT WEATHER WAS OBSERVED.


RELATIVE HUMIDITY (PERCENT)
 HIGHEST    84           400 AM
 LOWEST     37           200 PM
 AVERAGE    61

..........................................................


THE GRAND ISLAND NE CLIMATE NORMALS FOR TODAY
                         NORMAL    RECORD    YEAR
 MAXIMUM TEMPERATURE (F)   43        75      1960
 MINIMUM TEMPERATURE (F)   22        -6      1895


SUNRISE AND SUNSET
NOVEMBER 26 2014......SUNRISE   733 AM CST   SUNSET   508 PM CST
NOVEMBER 27 2014......SUNRISE   734 AM CST   SUNSET   507 PM CST


-  INDICATES NEGATIVE NUMBERS.
R  INDICATES RECORD WAS SET OR TIED.
MM INDICATES DATA IS MISSING.
T  INDICATES TRACE AMOUNT.




$$
