000
CDUS43 KGID 240621
CLIGRI


CLIMATE REPORT
NATIONAL WEATHER SERVICE HASTINGS NE
121 AM CDT SUN SEP 24 2017


...................................

...THE GRAND ISLAND NE CLIMATE SUMMARY FOR SEPTEMBER 23 2017...

CLIMATE NORMAL PERIOD 1981 TO 2010
CLIMATE RECORD PERIOD 1895 TO 2017


WEATHER ITEM   OBSERVED TIME   RECORD YEAR NORMAL DEPARTURE LAST
                VALUE   (LST)  VALUE       VALUE  FROM      YEAR
                                                  NORMAL
..................................................................
TEMPERATURE (F)
 YESTERDAY
  MAXIMUM         90    249 PM  95    1904  75     15       88
  MINIMUM         58   1101 PM  29    1989  49      9       62
  AVERAGE         74                        62     12       75

PRECIPITATION (IN)
  YESTERDAY        T             2.04 1997   0.08  -0.08     0.00
  MONTH TO DATE    0.81                      1.75  -0.94     2.32
  SINCE SEP 1      0.81                      1.75  -0.94     2.32
  SINCE JAN 1     22.20                     22.52  -0.32    21.72

SNOWFALL (IN)
  YESTERDAY        0.0                       0.0    0.0      0.0
  MONTH TO DATE    0.0                       0.0    0.0      0.0
  SINCE SEP 1      0.0                       0.0    0.0      0.0
  SINCE JUL 1      0.0                       0.0    0.0      0.0
  SNOW DEPTH       0

DEGREE DAYS
 HEATING
  YESTERDAY        0                         5     -5        0
  MONTH TO DATE   28                        61    -33       23
  SINCE SEP 1     28                        61    -33       23
  SINCE JUL 1     32                        71    -39       30

 COOLING
  YESTERDAY        9                         2      7       10
  MONTH TO DATE  143                        98     45      125
  SINCE SEP 1    143                        98     45      125
  SINCE JAN 1   1054                      1012     42     1139
..................................................................


WIND (MPH)
  HIGHEST WIND SPEED    23   HIGHEST WIND DIRECTION     S (170)
  HIGHEST GUST SPEED    34   HIGHEST GUST DIRECTION     S (170)
  AVERAGE WIND SPEED     9.8


SKY COVER
  AVERAGE SKY COVER 0.2


WEATHER CONDITIONS
 THE FOLLOWING WEATHER WAS RECORDED YESTERDAY.
  NO SIGNIFICANT WEATHER WAS OBSERVED.


RELATIVE HUMIDITY (PERCENT)
 HIGHEST    97           800 AM
 LOWEST     42           500 PM
 AVERAGE    70

..........................................................


THE GRAND ISLAND NE CLIMATE NORMALS FOR TODAY
                         NORMAL    RECORD    YEAR
 MAXIMUM TEMPERATURE (F)   75        95      1921
 MINIMUM TEMPERATURE (F)   48        27      1942


SUNRISE AND SUNSET
SEPTEMBER 24 2017.....SUNRISE   723 AM CDT   SUNSET   727 PM CDT
SEPTEMBER 25 2017.....SUNRISE   724 AM CDT   SUNSET   725 PM CDT


-  INDICATES NEGATIVE NUMBERS.
R  INDICATES RECORD WAS SET OR TIED.
MM INDICATES DATA IS MISSING.
T  INDICATES TRACE AMOUNT.




$$
