743
CDUS43 KGID 012228
CLIGRI


CLIMATE REPORT
NATIONAL WEATHER SERVICE HASTINGS NE
527 PM CDT SUN MAY 1 2016


...................................

...THE GRAND ISLAND NE CLIMATE SUMMARY FOR MAY 1 2016...
VALID TODAY AS OF 0500 PM LOCAL TIME.

CLIMATE NORMAL PERIOD 1981 TO 2010
CLIMATE RECORD PERIOD 1895 TO 2016


WEATHER ITEM   OBSERVED TIME   RECORD YEAR NORMAL DEPARTURE LAST
                VALUE   (LST)  VALUE       VALUE  FROM      YEAR
                                                  NORMAL
..................................................................
TEMPERATURE (F)
 TODAY
  MAXIMUM         49    359 PM  94    1955  68    -19       77
  MINIMUM         40    658 AM  22    1909  44     -4       54
  AVERAGE         45                        56    -11       66

PRECIPITATION (IN)
  TODAY            0.08          2.46 1906   0.11  -0.03     0.09
  MONTH TO DATE    0.08                      0.11  -0.03     0.09
  SINCE MAR 1      5.74                      4.44   1.30     2.39
  SINCE JAN 1      7.92                      5.65   2.27     3.56

SNOWFALL (IN)
  TODAY            0.0           0.7  2013   0.0    0.0      0.0
  MONTH TO DATE    0.0                       0.0    0.0      0.0
  SINCE MAR 1      2.6                       6.9   -4.3      1.4
  SINCE JUL 1     33.8                      29.0    4.8     24.3
  SNOW DEPTH       0

DEGREE DAYS
 HEATING
  TODAY           20                        10     10        0
  MONTH TO DATE   20                        10     10        0
  SINCE MAR 1    977                      1251   -274     1026
  SINCE JUL 1   4975                      6012  -1037     5763

 COOLING
  TODAY            0                         1     -1        1
  MONTH TO DATE    0                         1     -1        1
  SINCE MAR 1      0                        12    -12        5
  SINCE JAN 1      0                        12    -12        5
..................................................................


WIND (MPH)
  HIGHEST WIND SPEED    25   HIGHEST WIND DIRECTION     N (360)
  HIGHEST GUST SPEED    30   HIGHEST GUST DIRECTION     N (360)
  AVERAGE WIND SPEED    17.7


SKY COVER
  POSSIBLE SUNSHINE  MM
  AVERAGE SKY COVER 0.9


WEATHER CONDITIONS
 THE FOLLOWING WEATHER WAS RECORDED TODAY.
  LIGHT RAIN
  FOG


RELATIVE HUMIDITY (PERCENT)
 HIGHEST   100           500 AM
 LOWEST     71           400 PM
 AVERAGE    86

..........................................................


THE GRAND ISLAND NE CLIMATE NORMALS FOR TOMORROW
                         NORMAL    RECORD    YEAR
 MAXIMUM TEMPERATURE (F)   69        95      1902
 MINIMUM TEMPERATURE (F)   45        23      1967


SUNRISE AND SUNSET
MAY  1 2016...........SUNRISE   631 AM CDT   SUNSET   831 PM CDT
MAY  2 2016...........SUNRISE   629 AM CDT   SUNSET   832 PM CDT


-  INDICATES NEGATIVE NUMBERS.
R  INDICATES RECORD WAS SET OR TIED.
MM INDICATES DATA IS MISSING.
T  INDICATES TRACE AMOUNT.




$$
