000
CDUS43 KGID 030630
CLIGRI


CLIMATE REPORT
NATIONAL WEATHER SERVICE HASTINGS NE
1229 AM CST TUE MAR 3 2015


...................................

...THE GRAND ISLAND NE CLIMATE SUMMARY FOR MARCH 2 2015...

CLIMATE NORMAL PERIOD 1981 TO 2010
CLIMATE RECORD PERIOD 1895 TO 2015


WEATHER ITEM   OBSERVED TIME   RECORD YEAR NORMAL DEPARTURE LAST
                VALUE   (LST)  VALUE       VALUE  FROM      YEAR
                                                  NORMAL
..................................................................
TEMPERATURE (F)
 YESTERDAY
  MAXIMUM         43    255 PM  79    1974  45     -2        6
  MINIMUM         24    109 AM  -5    2014  23      1       -5
                                      1960
  AVERAGE         34                        34      0        1

PRECIPITATION (IN)
  YESTERDAY        0.00          0.75 1979   0.04  -0.04     0.00
  MONTH TO DATE    0.00                      0.07  -0.07     0.01
  SINCE MAR 1      0.00                      0.07  -0.07     0.01
  SINCE JAN 1      1.17                      1.28  -0.11     0.66

SNOWFALL (IN)
  YESTERDAY        0.0           5.6  1993   0.2   -0.2      0.0
  MONTH TO DATE    0.0                       0.4   -0.4      0.1
  SINCE MAR 1      0.0                       0.4   -0.4      0.1
  SINCE JUL 1     22.9                      22.5    0.4     13.6
  SNOW DEPTH       0

DEGREE DAYS
 HEATING
  YESTERDAY       31                        31      0       64
  MONTH TO DATE   69                        62      7      120
  SINCE MAR 1     69                        62      7      120
  SINCE JUL 1   4806                      4823    -17     4955

 COOLING
  YESTERDAY        0                         0      0        0
  MONTH TO DATE    0                         0      0        0
  SINCE MAR 1      0                         0      0        0
  SINCE JAN 1      0                         0      0        0
..................................................................


WIND (MPH)
  HIGHEST WIND SPEED    30   HIGHEST WIND DIRECTION     S (170)
  HIGHEST GUST SPEED    37   HIGHEST GUST DIRECTION     S (190)
  AVERAGE WIND SPEED    14.5


SKY COVER
  AVERAGE SKY COVER 0.4


WEATHER CONDITIONS
 THE FOLLOWING WEATHER WAS RECORDED YESTERDAY.
  NO SIGNIFICANT WEATHER WAS OBSERVED.


RELATIVE HUMIDITY (PERCENT)
 HIGHEST    69          1100 PM
 LOWEST     33           300 PM
 AVERAGE    51

..........................................................


THE GRAND ISLAND NE CLIMATE NORMALS FOR TODAY
                         NORMAL    RECORD    YEAR
 MAXIMUM TEMPERATURE (F)   45        75      1905
 MINIMUM TEMPERATURE (F)   24       -16      1960


SUNRISE AND SUNSET
MARCH  3 2015.........SUNRISE   705 AM CST   SUNSET   626 PM CST
MARCH  4 2015.........SUNRISE   703 AM CST   SUNSET   628 PM CST


-  INDICATES NEGATIVE NUMBERS.
R  INDICATES RECORD WAS SET OR TIED.
MM INDICATES DATA IS MISSING.
T  INDICATES TRACE AMOUNT.




$$

BRYANT
