000
CDUS43 KGID 240629
CLIGRI


CLIMATE REPORT
NATIONAL WEATHER SERVICE HASTINGS NE
1226 AM CST FRI NOV 24 2017


...................................

...THE GRAND ISLAND NE CLIMATE SUMMARY FOR NOVEMBER 23 2017...

CLIMATE NORMAL PERIOD 1981 TO 2010
CLIMATE RECORD PERIOD 1895 TO 2017


WEATHER ITEM   OBSERVED TIME   RECORD YEAR NORMAL DEPARTURE LAST
                VALUE   (LST)  VALUE       VALUE  FROM      YEAR
                                                  NORMAL
..................................................................
TEMPERATURE (F)
 YESTERDAY
  MAXIMUM         72R   344 PM  66    2011  45     27       40
                                      2005
  MINIMUM         35    605 AM   1    1898  23     12       35
  AVERAGE         54                        34     20       38

PRECIPITATION (IN)
  YESTERDAY        0.00          0.77 2001   0.04  -0.04     0.00
  MONTH TO DATE    0.51                      0.93  -0.42     1.10
  SINCE SEP 1      8.55                      5.02   3.53     3.75
  SINCE JAN 1     29.94                     25.79   4.15    23.15

SNOWFALL (IN)
  YESTERDAY        0.0           0.5  1950   0.1   -0.1      0.0
  MONTH TO DATE    0.2                       2.1   -1.9      0.4
  SINCE SEP 1      1.1                       3.2   -2.1      0.4
  SINCE JUL 1      1.1                       3.2   -2.1      0.4
  SNOW DEPTH       0

DEGREE DAYS
 HEATING
  YESTERDAY       11                        31    -20       27
  MONTH TO DATE  585                       577      8      398
  SINCE SEP 1   1019                      1090    -71      719
  SINCE JUL 1   1023                      1100    -77      726

 COOLING
  YESTERDAY        0                         0      0        0
  MONTH TO DATE    0                         0      0        0
  SINCE SEP 1    151                       120     31      132
  SINCE JAN 1   1062                      1034     28     1146
..................................................................


WIND (MPH)
  HIGHEST WIND SPEED    18   HIGHEST WIND DIRECTION    SW (230)
  HIGHEST GUST SPEED    22   HIGHEST GUST DIRECTION    SW (230)
  AVERAGE WIND SPEED     9.7


SKY COVER
  AVERAGE SKY COVER 0.0


WEATHER CONDITIONS
 THE FOLLOWING WEATHER WAS RECORDED YESTERDAY.
  NO SIGNIFICANT WEATHER WAS OBSERVED.


RELATIVE HUMIDITY (PERCENT)
 HIGHEST    92           600 AM
 LOWEST     35           200 PM
 AVERAGE    64

..........................................................


THE GRAND ISLAND NE CLIMATE NORMALS FOR TODAY
                         NORMAL    RECORD    YEAR
 MAXIMUM TEMPERATURE (F)   45        72      1990
 MINIMUM TEMPERATURE (F)   23        -2      1938


SUNRISE AND SUNSET
NOVEMBER 24 2017......SUNRISE   731 AM CST   SUNSET   508 PM CST
NOVEMBER 25 2017......SUNRISE   733 AM CST   SUNSET   508 PM CST


-  INDICATES NEGATIVE NUMBERS.
R  INDICATES RECORD WAS SET OR TIED.
MM INDICATES DATA IS MISSING.
T  INDICATES TRACE AMOUNT.




$$

Thies
