000
CDUS43 KGID 100637
CLIGRI


CLIMATE REPORT
NATIONAL WEATHER SERVICE HASTINGS NE
134 AM CDT THU JUL 10 2014


...................................

...THE GRAND ISLAND NE CLIMATE SUMMARY FOR JULY 9 2014...

CLIMATE NORMAL PERIOD 1981 TO 2010
CLIMATE RECORD PERIOD 1895 TO 2014


WEATHER ITEM   OBSERVED TIME   RECORD YEAR NORMAL DEPARTURE LAST
                VALUE   (LST)  VALUE       VALUE  FROM      YEAR
                                                  NORMAL
..................................................................
TEMPERATURE (F)
 YESTERDAY
  MAXIMUM         82   1157 AM 105    1901  88     -6       97
  MINIMUM         56    430 AM  46    1929  65     -9       74
  AVERAGE         69                        76     -7       86

PRECIPITATION (IN)
  YESTERDAY        1.22          2.71 2007   0.11   1.11     0.03
  MONTH TO DATE    1.37                      1.04   0.33     0.10
  SINCE JUN 1     11.02                      5.34   5.68     1.73
  SINCE JAN 1     15.51                     15.29   0.22    15.10

SNOWFALL (IN)
  YESTERDAY        0.0                       0.0    0.0      0.0
  MONTH TO DATE    0.0                       0.0    0.0      0.0
  SINCE JUN 1      0.0                       0.0    0.0      0.0
  SINCE JUL 1      0.0                       0.0    0.0      0.0
  SNOW DEPTH       0

DEGREE DAYS
 HEATING
  YESTERDAY        0                         0      0        0
  MONTH TO DATE    1                         0      1        0
  SINCE JUN 1     11                        24    -13       21
  SINCE JUL 1      1                         0      1        0

 COOLING
  YESTERDAY        4                        11     -7       21
  MONTH TO DATE   74                        99    -25      120
  SINCE JUN 1    324                       312     12      379
  SINCE JAN 1    443                       377     66      474
..................................................................


WIND (MPH)
  HIGHEST WIND SPEED    35   HIGHEST WIND DIRECTION    SE (140)
  HIGHEST GUST SPEED    43   HIGHEST GUST DIRECTION    SE (140)
  AVERAGE WIND SPEED    10.7


SKY COVER
  AVERAGE SKY COVER 0.3


WEATHER CONDITIONS
 THE FOLLOWING WEATHER WAS RECORDED YESTERDAY.
  THUNDERSTORM
  HEAVY RAIN
  RAIN
  LIGHT RAIN
  FOG
  HAZE


RELATIVE HUMIDITY (PERCENT)
 HIGHEST    93           900 PM
 LOWEST     45          1200 PM
 AVERAGE    69

..........................................................


THE GRAND ISLAND NE CLIMATE NORMALS FOR TODAY
                         NORMAL    RECORD    YEAR
 MAXIMUM TEMPERATURE (F)   88       106      1935
 MINIMUM TEMPERATURE (F)   65        48      1902


SUNRISE AND SUNSET
JULY 10 2014..........SUNRISE   610 AM CDT   SUNSET   907 PM CDT
JULY 11 2014..........SUNRISE   611 AM CDT   SUNSET   906 PM CDT


-  INDICATES NEGATIVE NUMBERS.
R  INDICATES RECORD WAS SET OR TIED.
MM INDICATES DATA IS MISSING.
T  INDICATES TRACE AMOUNT.




$$
