000
CDUS42 KRAH 272104
CLIGSO


CLIMATE REPORT
NATIONAL WEATHER SERVICE RALEIGH NC
458 PM EDT SAT AUG 27 2016


...................................

...THE PIEDMONT TRIAD INTL AIRPORT NC CLIMATE SUMMARY FOR AUGUST 27 2016...
VALID TODAY AS OF 0400 PM LOCAL TIME.

CLIMATE NORMAL PERIOD 1981 TO 2010
CLIMATE RECORD PERIOD 1903 TO 2016


WEATHER ITEM   OBSERVED TIME   RECORD YEAR NORMAL DEPARTURE LAST
                VALUE   (LST)  VALUE       VALUE  FROM      YEAR
                                                  NORMAL
..................................................................
TEMPERATURE (F)
 TODAY
  MAXIMUM         94    301 PM  97    1918  85      9       84
  MINIMUM         74    419 AM  50    1945  67      7       63
  AVERAGE         84                        76      8       74

PRECIPITATION (IN)
  TODAY            0.01          4.94 2008   0.13  -0.12     0.00
  MONTH TO DATE    4.58                      3.38   1.20     6.66
  SINCE JUN 1     11.44                     11.59  -0.15    12.06
  SINCE JAN 1     30.41                     28.29   2.12    25.02

DEGREE DAYS
 HEATING
  TODAY            0                         0      0        0
  MONTH TO DATE    0                         0      0        0
  SINCE JUN 1      0                         6     -6        3
  SINCE JUL 1      0                         0      0        0

 COOLING
  TODAY           19                        11      8        9
  MONTH TO DATE  418                       335     83      354
  SINCE JUN 1   1307                      1061    246     1241
  SINCE JAN 1   1507                      1220    287     1475
..................................................................


WIND (MPH)
  HIGHEST WIND SPEED    20   HIGHEST WIND DIRECTION    SE (120)
  HIGHEST GUST SPEED    24   HIGHEST GUST DIRECTION    SE (120)
  AVERAGE WIND SPEED     4.1


SKY COVER
  POSSIBLE SUNSHINE  MM
  AVERAGE SKY COVER 0.2


WEATHER CONDITIONS
 THE FOLLOWING WEATHER WAS RECORDED TODAY.
  FOG


RELATIVE HUMIDITY (PERCENT)
 HIGHEST    94           400 AM
 LOWEST     52           300 PM
 AVERAGE    73

..........................................................


THE PIEDMONT TRIAD INTL AIRPORT NC CLIMATE NORMALS FOR TOMORROW
                         NORMAL    RECORD    YEAR
 MAXIMUM TEMPERATURE (F)   85       100      1924
 MINIMUM TEMPERATURE (F)   67        52      1969


SUNRISE AND SUNSET
AUGUST 27 2016........SUNRISE   648 AM EDT   SUNSET   754 PM EDT
AUGUST 28 2016........SUNRISE   649 AM EDT   SUNSET   752 PM EDT


-  INDICATES NEGATIVE NUMBERS.
R  INDICATES RECORD WAS SET OR TIED.
MM INDICATES DATA IS MISSING.
T  INDICATES TRACE AMOUNT.

$$
