000
CDUS42 KRAH 270706
CLIGSO


CLIMATE REPORT
NATIONAL WEATHER SERVICE RALEIGH NC
305 AM EDT THU AUG 27 2015


...................................

...THE PIEDMONT TRIAD INTL AIRPORT NC CLIMATE SUMMARY FOR AUGUST 26 2015...

CLIMATE NORMAL PERIOD 1981 TO 2010
CLIMATE RECORD PERIOD 1903 TO 2015


WEATHER ITEM   OBSERVED TIME   RECORD YEAR NORMAL DEPARTURE LAST
                VALUE   (LST)  VALUE       VALUE  FROM      YEAR
                                                  NORMAL
..................................................................
TEMPERATURE (F)
 YESTERDAY
  MAXIMUM         80    437 PM  98    1975  85     -5       81
  MINIMUM         65    617 AM  49    1942  67     -2       60
  AVERAGE         73                        76     -3       71

PRECIPITATION (IN)
  YESTERDAY        T             4.35 1908   0.13  -0.13     0.00
  MONTH TO DATE    6.66                      3.25   3.41     2.66
  SINCE JUN 1     12.06                     11.46   0.60     8.39
  SINCE JAN 1     25.02                     28.16  -3.14    25.88

DEGREE DAYS
 HEATING
  YESTERDAY        0                         0      0        0
  MONTH TO DATE    0                         0      0        0
  SINCE JUN 1      3                         6     -3        0
  SINCE JUL 1      0                         0      0        0

 COOLING
  YESTERDAY        8                        11     -3        6
  MONTH TO DATE  345                       324     21      248
  SINCE JUN 1   1232                      1050    182      989
  SINCE JAN 1   1466                      1209    257     1186
..................................................................


WIND (MPH)
  HIGHEST WIND SPEED    17   HIGHEST WIND DIRECTION    NE (50)
  HIGHEST GUST SPEED    22   HIGHEST GUST DIRECTION    NE (50)
  AVERAGE WIND SPEED     7.6


SKY COVER
  POSSIBLE SUNSHINE  MM
  AVERAGE SKY COVER 0.5


WEATHER CONDITIONS
 THE FOLLOWING WEATHER WAS RECORDED YESTERDAY.
  LIGHT RAIN


RELATIVE HUMIDITY (PERCENT)
 HIGHEST    81          1100 PM
 LOWEST     46          1000 AM
 AVERAGE    64

..........................................................


THE PIEDMONT TRIAD INTL AIRPORT NC CLIMATE NORMALS FOR TODAY
                         NORMAL    RECORD    YEAR
 MAXIMUM TEMPERATURE (F)   85        97      1918
 MINIMUM TEMPERATURE (F)   67        50      1945


SUNRISE AND SUNSET
AUGUST 27 2015........SUNRISE   647 AM EDT   SUNSET   755 PM EDT
AUGUST 28 2015........SUNRISE   648 AM EDT   SUNSET   753 PM EDT


-  INDICATES NEGATIVE NUMBERS.
R  INDICATES RECORD WAS SET OR TIED.
MM INDICATES DATA IS MISSING.
T  INDICATES TRACE AMOUNT.




$$
