000
CDUS42 KRAH 030622
CLIGSO


CLIMATE REPORT
NATIONAL WEATHER SERVICE RALEIGH NC
220 AM EDT TUE MAY 3 2016


...................................

...THE PIEDMONT TRIAD INTL AIRPORT NC CLIMATE SUMMARY FOR MAY 2 2016...

CLIMATE NORMAL PERIOD 1981 TO 2010
CLIMATE RECORD PERIOD 1903 TO 2016


WEATHER ITEM   OBSERVED TIME   RECORD YEAR NORMAL DEPARTURE LAST
                VALUE   (LST)  VALUE       VALUE  FROM      YEAR
                                                  NORMAL
..................................................................
TEMPERATURE (F)
 YESTERDAY
  MAXIMUM         84    311 PM  91    1926  74     10       73
                                      1910
  MINIMUM         61   1159 PM  32    1963  52      9       45
  AVERAGE         73                        63     10       59

PRECIPITATION (IN)
  YESTERDAY        1.47R         1.27 1939   0.10   1.37     0.00
  MONTH TO DATE    1.80                      0.20   1.60     1.16
  SINCE MAR 1      5.96                      7.50  -1.54     6.38
  SINCE JAN 1     12.10                     13.52  -1.42    11.06

SNOWFALL (IN)
  YESTERDAY        0.0           0.0  2002   0.0    0.0      0.0
                                      2001
  MONTH TO DATE    0.0                       0.0    0.0      0.0
  SINCE MAR 1      0.0                       0.8   -0.8       T
  SINCE JUL 1      4.5                       7.5   -3.0      9.6
  SNOW DEPTH       0

DEGREE DAYS
 HEATING
  YESTERDAY        0                         4     -4        6
  MONTH TO DATE    0                         8     -8       14
  SINCE MAR 1    453                       699   -246      604
  SINCE JUL 1   2839                      3554   -715     3689

 COOLING
  YESTERDAY        8                         2      6        0
  MONTH TO DATE   11                         4      7        0
  SINCE MAR 1     88                        42     46       37
  SINCE JAN 1     88                        42     46       37
..................................................................


WIND (MPH)
  HIGHEST WIND SPEED    30   HIGHEST WIND DIRECTION     S (200)
  HIGHEST GUST SPEED    41   HIGHEST GUST DIRECTION    SW (220)
  AVERAGE WIND SPEED     7.6


SKY COVER
  POSSIBLE SUNSHINE  MM
  AVERAGE SKY COVER 0.8


WEATHER CONDITIONS
 THE FOLLOWING WEATHER WAS RECORDED YESTERDAY.
  THUNDERSTORM
  HEAVY RAIN
  RAIN
  LIGHT RAIN
  FOG


RELATIVE HUMIDITY (PERCENT)
 HIGHEST   100           300 AM
 LOWEST     47           200 PM
 AVERAGE    74

..........................................................


THE PIEDMONT TRIAD INTL AIRPORT NC CLIMATE NORMALS FOR TODAY
                         NORMAL    RECORD    YEAR
 MAXIMUM TEMPERATURE (F)   75        92      1959
                                             1910
 MINIMUM TEMPERATURE (F)   52        35      1981


SUNRISE AND SUNSET
MAY  3 2016...........SUNRISE   624 AM EDT   SUNSET   809 PM EDT
MAY  4 2016...........SUNRISE   623 AM EDT   SUNSET   810 PM EDT


-  INDICATES NEGATIVE NUMBERS.
R  INDICATES RECORD WAS SET OR TIED.
MM INDICATES DATA IS MISSING.
T  INDICATES TRACE AMOUNT.




$$
