000
CDUS42 KRAH 220655
CLIGSO


CLIMATE REPORT
NATIONAL WEATHER SERVICE RALEIGH NC
253 AM EDT TUE JUL 22 2014


...................................

...THE PIEDMONT TRIAD INTL AIRPORT NC CLIMATE SUMMARY FOR JULY 21 2014...

CLIMATE NORMAL PERIOD 1981 TO 2010
CLIMATE RECORD PERIOD 1903 TO 2014


WEATHER ITEM   OBSERVED TIME   RECORD YEAR NORMAL DEPARTURE LAST
                VALUE   (LST)  VALUE       VALUE  FROM      YEAR
                                                  NORMAL
..................................................................
TEMPERATURE (F)
 YESTERDAY
  MAXIMUM         78    448 PM 102    1926  88    -10       88
  MINIMUM         69    135 AM  56    1929  69      0       72
  AVERAGE         74                        79     -5       80

PRECIPITATION (IN)
  YESTERDAY        0.05          2.28 1988   0.15  -0.10     0.42
  MONTH TO DATE    1.54                      2.96  -1.42     4.66
  SINCE JUN 1      4.54                      6.69  -2.15    13.03
  SINCE JAN 1     22.03                     23.39  -1.36    31.38

DEGREE DAYS
 HEATING
  YESTERDAY        0                         0      0        0
  MONTH TO DATE    0                         0      0        0
  SINCE JUN 1      0                         6     -6        0
  SINCE JUL 1      0                         0      0        0

 COOLING
  YESTERDAY        9                        14     -5       15
  MONTH TO DATE  272                       288    -16      289
  SINCE JUN 1    629                       595     34      588
  SINCE JAN 1    826                       754     72      738
..................................................................


WIND (MPH)
  HIGHEST WIND SPEED    13   HIGHEST WIND DIRECTION     E (70)
  HIGHEST GUST SPEED    15   HIGHEST GUST DIRECTION     E (110)
  AVERAGE WIND SPEED     4.8


SKY COVER
  POSSIBLE SUNSHINE  MM
  AVERAGE SKY COVER 0.9


WEATHER CONDITIONS
 THE FOLLOWING WEATHER WAS RECORDED YESTERDAY.
  LIGHT RAIN
  FOG


RELATIVE HUMIDITY (PERCENT)
 HIGHEST   100           600 AM
 LOWEST     82          1000 AM
 AVERAGE    91

..........................................................


THE PIEDMONT TRIAD INTL AIRPORT NC CLIMATE NORMALS FOR TODAY
                         NORMAL    RECORD    YEAR
 MAXIMUM TEMPERATURE (F)   88       101      1926
 MINIMUM TEMPERATURE (F)   69        54      1974


SUNRISE AND SUNSET
JULY 22 2014..........SUNRISE   619 AM EDT   SUNSET   833 PM EDT
JULY 23 2014..........SUNRISE   620 AM EDT   SUNSET   832 PM EDT


-  INDICATES NEGATIVE NUMBERS.
R  INDICATES RECORD WAS SET OR TIED.
MM INDICATES DATA IS MISSING.
T  INDICATES TRACE AMOUNT.




$$
