000
CDUS42 KRAH 282143
CLIGSO


CLIMATE REPORT
NATIONAL WEATHER SERVICE RALEIGH NC
440 PM EST FRI NOV 28 2014


...................................

...THE PIEDMONT TRIAD INTL AIRPORT NC CLIMATE SUMMARY FOR NOVEMBER 28 2014...
VALID TODAY AS OF 0430 PM LOCAL TIME.

CLIMATE NORMAL PERIOD 1981 TO 2010
CLIMATE RECORD PERIOD 1903 TO 2014


WEATHER ITEM   OBSERVED TIME   RECORD YEAR NORMAL DEPARTURE LAST
                VALUE   (LST)  VALUE       VALUE  FROM      YEAR
                                                  NORMAL
..................................................................
TEMPERATURE (F)
 TODAY
  MAXIMUM         44    243 PM  77    2001  56    -12       43
  MINIMUM         26    729 AM  13    1930  36    -10       20
  AVERAGE         35                        46    -11       32

PRECIPITATION (IN)
  TODAY            0.00          2.04 1948   0.10  -0.10     0.00
  MONTH TO DATE    3.33                      2.90   0.43     3.61
  SINCE SEP 1      8.27                     10.22  -1.95     6.85
  SINCE JAN 1     34.15                     39.01  -4.86    45.24

SNOWFALL (IN)
  TODAY            0.0           T    1966   0.0    0.0      0.0
  MONTH TO DATE    0.0                       0.1   -0.1       T
  SINCE SEP 1      0.0                       0.1   -0.1       T
  SINCE JUL 1      0.0                       0.1   -0.1       T
  SNOW DEPTH       0

DEGREE DAYS
 HEATING
  TODAY           30                        19     11       33
  MONTH TO DATE  542                       408    134      501
  SINCE SEP 1    710                       640     70      675
  SINCE JUL 1    710                       641     69      677

 COOLING
  TODAY            0                         0      0        0
  MONTH TO DATE    0                         0      0        0
  SINCE SEP 1    246                       218     28      222
  SINCE JAN 1   1499                      1480     19     1381
..................................................................


WIND (MPH)
  HIGHEST WIND SPEED    14   HIGHEST WIND DIRECTION    NW (320)
  HIGHEST GUST SPEED    17   HIGHEST GUST DIRECTION    NW (320)
  AVERAGE WIND SPEED     6.9


SKY COVER
  POSSIBLE SUNSHINE  MM
  AVERAGE SKY COVER 0.3


WEATHER CONDITIONS
 THE FOLLOWING WEATHER WAS RECORDED TODAY.
  NO SIGNIFICANT WEATHER WAS OBSERVED.


RELATIVE HUMIDITY (PERCENT)
 HIGHEST    69           300 AM
 LOWEST     36           200 PM
 AVERAGE    53

..........................................................


THE PIEDMONT TRIAD INTL AIRPORT NC CLIMATE NORMALS FOR TOMORROW
                         NORMAL    RECORD    YEAR
 MAXIMUM TEMPERATURE (F)   56        78      1909
 MINIMUM TEMPERATURE (F)   36        16      1955
                                             1930


SUNRISE AND SUNSET
NOVEMBER 28 2014......SUNRISE   709 AM EST   SUNSET   506 PM EST
NOVEMBER 29 2014......SUNRISE   710 AM EST   SUNSET   506 PM EST


-  INDICATES NEGATIVE NUMBERS.
R  INDICATES RECORD WAS SET OR TIED.
MM INDICATES DATA IS MISSING.
T  INDICATES TRACE AMOUNT.




$$
