000
CDUS42 KRAH 180743
CLIGSO


CLIMATE REPORT
NATIONAL WEATHER SERVICE RALEIGH NC
341 AM EDT FRI AUG 18 2017


...................................

...THE PIEDMONT TRIAD INTL AIRPORT NC CLIMATE SUMMARY FOR AUGUST 17 2017...

CLIMATE NORMAL PERIOD 1981 TO 2010
CLIMATE RECORD PERIOD 1903 TO 2017


WEATHER ITEM   OBSERVED TIME   RECORD YEAR NORMAL DEPARTURE LAST
                VALUE   (LST)  VALUE       VALUE  FROM      YEAR
                                                  NORMAL
..................................................................
TEMPERATURE (F)
 YESTERDAY
  MAXIMUM         93    404 PM  99    1988  86      7       94
  MINIMUM         74    606 AM  50    1979  68      6       72
  AVERAGE         84                        77      7       83

PRECIPITATION (IN)
  YESTERDAY        T             2.90 2013   0.12  -0.12     0.25
  MONTH TO DATE    1.96                      2.08  -0.12     4.02
  SINCE JUN 1     12.94                     10.29   2.65    10.88
  SINCE JAN 1     33.97                     26.99   6.98    29.85

DEGREE DAYS
 HEATING
  YESTERDAY        0                         0      0        0
  MONTH TO DATE    0                         0      0        0
  SINCE JUN 1      1                         6     -5        0
  SINCE JUL 1      0                         0      0        0

 COOLING
  YESTERDAY       19                        12      7       18
  MONTH TO DATE  201                       219    -18      268
  SINCE JUN 1    964                       945     19     1157
  SINCE JAN 1   1198                      1104     94     1357
..................................................................


WIND (MPH)
  HIGHEST WIND SPEED    13   HIGHEST WIND DIRECTION     W (260)
  HIGHEST GUST SPEED    16   HIGHEST GUST DIRECTION     W (260)
  AVERAGE WIND SPEED     5.2


SKY COVER
  POSSIBLE SUNSHINE  MM
  AVERAGE SKY COVER 0.6


WEATHER CONDITIONS
 THE FOLLOWING WEATHER WAS RECORDED YESTERDAY.
  NO SIGNIFICANT WEATHER WAS OBSERVED.


RELATIVE HUMIDITY (PERCENT)
 HIGHEST   100           600 AM
 LOWEST     52           500 PM
 AVERAGE    76

..........................................................


THE PIEDMONT TRIAD INTL AIRPORT NC CLIMATE NORMALS FOR TODAY
                         NORMAL    RECORD    YEAR
 MAXIMUM TEMPERATURE (F)   86       103      1988
 MINIMUM TEMPERATURE (F)   68        55      1981


SUNRISE AND SUNSET
AUGUST 18 2017........SUNRISE   641 AM EDT   SUNSET   806 PM EDT
AUGUST 19 2017........SUNRISE   641 AM EDT   SUNSET   805 PM EDT


-  INDICATES NEGATIVE NUMBERS.
R  INDICATES RECORD WAS SET OR TIED.
MM INDICATES DATA IS MISSING.
T  INDICATES TRACE AMOUNT.




$$
