000
CDUS42 KRAH 250653
CLIGSO

CLIMATE REPORT
NATIONAL WEATHER SERVICE RALEIGH NC
151 AM EST SUN JAN 25 2015
...................................

...THE PIEDMONT TRIAD INTL AIRPORT NC CLIMATE SUMMARY FOR JANUARY 24 2015...

CLIMATE NORMAL PERIOD 1981 TO 2010
CLIMATE RECORD PERIOD 1903 TO 2015


WEATHER ITEM   OBSERVED TIME   RECORD YEAR NORMAL DEPARTURE LAST
                VALUE   (LST)  VALUE       VALUE  FROM      YEAR
                                                  NORMAL
..................................................................
TEMPERATURE (F)
 YESTERDAY
  MAXIMUM         48    340 PM  76    1967  49     -1       25
  MINIMUM         33    141 AM   4    1963  30      3        7
  AVERAGE         41                        39      2       16

PRECIPITATION (IN)
  YESTERDAY        0.20          1.42 1958   0.09   0.11     0.00
  MONTH TO DATE    2.04                      2.39  -0.35     3.87
  SINCE DEC 1      4.25                      5.37  -1.12     9.06
  SINCE JAN 1      2.04                      2.39  -0.35     3.87

SNOWFALL (IN)
  YESTERDAY        0.0          10.0  1940   0.2   -0.2      0.0
  MONTH TO DATE    T                         2.7   -2.7      0.4
  SINCE DEC 1      T                         3.5   -3.5      0.4
  SINCE JUL 1      T                         3.6   -3.6      0.4
  SNOW DEPTH       0

DEGREE DAYS
 HEATING
  YESTERDAY       24                        26     -2       49
  MONTH TO DATE  625                       624      1      723
  SINCE DEC 1   1276                      1358    -82     1359
  SINCE JUL 1   2026                      2038    -12     2093

 COOLING
  YESTERDAY        0                         0      0        0
  MONTH TO DATE    0                         0      0        0
  SINCE DEC 1      0                         1     -1        8
  SINCE JAN 1      0                         0      0        0
..................................................................


WIND (MPH)
  HIGHEST WIND SPEED    25   HIGHEST WIND DIRECTION    NW (300)
  HIGHEST GUST SPEED    30   HIGHEST GUST DIRECTION    NW (310)
  AVERAGE WIND SPEED     9.8


SKY COVER
  POSSIBLE SUNSHINE  MM
  AVERAGE SKY COVER 0.6


WEATHER CONDITIONS
 THE FOLLOWING WEATHER WAS RECORDED YESTERDAY.
  LIGHT RAIN
  FOG


RELATIVE HUMIDITY (PERCENT)
 HIGHEST   100           700 AM
 LOWEST     45           400 PM
 AVERAGE    73

..........................................................


THE PIEDMONT TRIAD INTL AIRPORT NC CLIMATE NORMALS FOR TODAY
                         NORMAL    RECORD    YEAR
 MAXIMUM TEMPERATURE (F)   49        75      1950
 MINIMUM TEMPERATURE (F)   30         7      1963
                                             1948


SUNRISE AND SUNSET
JANUARY 25 2015.......SUNRISE   726 AM EST   SUNSET   539 PM EST
JANUARY 26 2015.......SUNRISE   725 AM EST   SUNSET   540 PM EST


-  INDICATES NEGATIVE NUMBERS.
R  INDICATES RECORD WAS SET OR TIED.
MM INDICATES DATA IS MISSING.
T  INDICATES TRACE AMOUNT.


$$
