000
CDUS42 KGSP 290642 RRA
CLIGSP

CLIMATE REPORT
NATIONAL WEATHER SERVICE GREENVILLE-SPARTANBURG SC
127 AM EST THU JAN 29 2015


...................................

...THE GREENVILLE-SPARTANBURG SC CLIMATE SUMMARY FOR JANUARY 28 2015...

CLIMATE NORMAL PERIOD 1981 TO 2010
CLIMATE RECORD PERIOD 1884 TO 2015


WEATHER ITEM   OBSERVED TIME   RECORD YEAR NORMAL DEPARTURE LAST
                VALUE   (LST)  VALUE       VALUE  FROM      YEAR
                                                  NORMAL
..................................................................
TEMPERATURE (F)
 YESTERDAY
  MAXIMUM         52    419 PM  77    1944  54     -2       36
  MINIMUM         27    752 AM   5    1986  32     -5       22
  AVERAGE         40                        43     -3       29

PRECIPITATION (IN)
  YESTERDAY        0.00          2.10 1906   0.12  -0.12     0.07
  MONTH TO DATE    3.86                      3.45   0.41     3.16
  SINCE DEC 1      7.49                      7.56  -0.07     9.83
  SINCE JAN 1      3.86                      3.45   0.41     3.16

SNOWFALL (IN)
  YESTERDAY        0.0           3.5  1904   0.1   -0.1      0.8
  MONTH TO DATE    0.0                       2.1   -2.1      0.8
  SINCE DEC 1      0.0                       2.5   -2.5      0.8
  SINCE JUL 1      T                         2.6   -2.6      0.9
  SNOW DEPTH       0

DEGREE DAYS
 HEATING
  YESTERDAY       25                        22      3       36
  MONTH TO DATE  646                       639      7      785
  SINCE DEC 1   1169                      1289   -120     1344
  SINCE JUL 1   1806                      1842    -36     1948

 COOLING
  YESTERDAY        0                         0      0        0
  MONTH TO DATE    0                         0      0        0
  SINCE DEC 1      0                         1     -1        6
  SINCE JAN 1      0                         0      0        0
..................................................................


WIND (MPH)
  HIGHEST WIND SPEED    12   HIGHEST WIND DIRECTION    NW (320)
  HIGHEST GUST SPEED    19   HIGHEST GUST DIRECTION    NW (320)
  AVERAGE WIND SPEED     3.5


SKY COVER
  POSSIBLE SUNSHINE  MM
  AVERAGE SKY COVER 0.0


WEATHER CONDITIONS
 THE FOLLOWING WEATHER WAS RECORDED YESTERDAY.
  NO SIGNIFICANT WEATHER WAS OBSERVED.


RELATIVE HUMIDITY (PERCENT)
 HIGHEST    56          1200 AM
 LOWEST     21           200 PM
 AVERAGE    39

..........................................................


THE GREENVILLE-SPARTANBURG SC CLIMATE NORMALS FOR TODAY
                         NORMAL    RECORD    YEAR
 MAXIMUM TEMPERATURE (F)   54        78      2002
 MINIMUM TEMPERATURE (F)   33         6      1897


SUNRISE AND SUNSET
JANUARY 29 2015.......SUNRISE   730 AM EST   SUNSET   555 PM EST
JANUARY 30 2015.......SUNRISE   729 AM EST   SUNSET   556 PM EST


-  INDICATES NEGATIVE NUMBERS.
R  INDICATES RECORD WAS SET OR TIED.
MM INDICATES DATA IS MISSING.
T  INDICATES TRACE AMOUNT.

$$
07
