000
CDUS42 KGSP 200732
CLIGSP

CLIMATE REPORT
NATIONAL WEATHER SERVICE GREENVILLE-SPARTANBURG SC
232 AM EST FRI JAN 20 2017


...................................

...THE GREENVILLE-SPARTANBURG SC CLIMATE SUMMARY FOR JANUARY 19 2017...

CLIMATE NORMAL PERIOD 1981 TO 2010
CLIMATE RECORD PERIOD 1884 TO 2017


WEATHER ITEM   OBSERVED TIME   RECORD YEAR NORMAL DEPARTURE LAST
                VALUE   (LST)  VALUE       VALUE  FROM      YEAR
                                                  NORMAL
..................................................................
TEMPERATURE (F)
 YESTERDAY
  MAXIMUM         64    358 PM  72    1974  52     12       39
                                      1907
  MINIMUM         42    738 AM   5    1994  32     10       16
  AVERAGE         53                        42     11       28

PRECIPITATION (IN)
  YESTERDAY        0.00          2.01 1936   0.12  -0.12     0.00
  MONTH TO DATE    2.60                      2.35   0.25     1.99
  SINCE DEC 1      5.29                      6.46  -1.17    12.07
  SINCE JAN 1      2.60                      2.35   0.25     1.99

SNOWFALL (IN)
  YESTERDAY        0.0           0.5  1967   0.1   -0.1      0.0
  MONTH TO DATE    3.1                       1.5    1.6      0.0
  SINCE DEC 1      3.1                       1.9    1.2      0.0
  SINCE JUL 1      3.1                       2.0    1.1      0.0
  SNOW DEPTH       0

DEGREE DAYS
 HEATING
  YESTERDAY       12                        23    -11       37
  MONTH TO DATE  324                       437   -113      467
  SINCE DEC 1    920                      1087   -167      776
  SINCE JUL 1   1246                      1640   -394     1221

 COOLING
  YESTERDAY        0                         0      0        0
  MONTH TO DATE    0                         0      0        0
  SINCE DEC 1      0                         1     -1       11
  SINCE JAN 1      0                         0      0        0
..................................................................


WIND (MPH)
  HIGHEST WIND SPEED    10   HIGHEST WIND DIRECTION     E (70)
  HIGHEST GUST SPEED    14   HIGHEST GUST DIRECTION     E (80)
  AVERAGE WIND SPEED     3.2


SKY COVER
  POSSIBLE SUNSHINE  MM
  AVERAGE SKY COVER 0.3


WEATHER CONDITIONS
 THE FOLLOWING WEATHER WAS RECORDED YESTERDAY.
  NO SIGNIFICANT WEATHER WAS OBSERVED.


RELATIVE HUMIDITY (PERCENT)
 HIGHEST    70           800 AM
 LOWEST     37           400 PM
 AVERAGE    54

..........................................................


THE GREENVILLE-SPARTANBURG SC CLIMATE NORMALS FOR TODAY
                         NORMAL    RECORD    YEAR
 MAXIMUM TEMPERATURE (F)   53        72      1933
 MINIMUM TEMPERATURE (F)   32         1      1985


SUNRISE AND SUNSET
JANUARY 20 2017.......SUNRISE   734 AM EST   SUNSET   546 PM EST
JANUARY 21 2017.......SUNRISE   734 AM EST   SUNSET   547 PM EST


-  INDICATES NEGATIVE NUMBERS.
R  INDICATES RECORD WAS SET OR TIED.
MM INDICATES DATA IS MISSING.
T  INDICATES TRACE AMOUNT.

$$

OUTLAW
