000
CDUS42 KGSP 220631
CLIGSP

CLIMATE REPORT
NATIONAL WEATHER SERVICE GREENVILLE-SPARTANBURG SC
229 AM EDT FRI SEP 22 2017


...................................

...THE GREENVILLE-SPARTANBURG SC CLIMATE SUMMARY FOR SEPTEMBER 21 2017...

CLIMATE NORMAL PERIOD 1981 TO 2010
CLIMATE RECORD PERIOD 1884 TO 2017


WEATHER ITEM   OBSERVED TIME   RECORD YEAR NORMAL DEPARTURE LAST
                VALUE   (LST)  VALUE       VALUE  FROM      YEAR
                                                  NORMAL
..................................................................
TEMPERATURE (F)
 YESTERDAY
  MAXIMUM         89    158 PM  94    1940  81      8       88
  MINIMUM         65    626 AM  43    1901  60      5       65
  AVERAGE         77                        70      7       77

PRECIPITATION (IN)
  YESTERDAY        0.00          2.88 2011   0.11  -0.11      T
  MONTH TO DATE    4.14                      2.42   1.72     0.73
  SINCE SEP 1      4.14                      2.42   1.72     0.73
  SINCE JAN 1     42.11                     34.93   7.18    28.96

SNOWFALL (IN)
  YESTERDAY        0.0           0.0    MM   0.0    0.0      0.0
  MONTH TO DATE    0.0                       0.0    0.0      0.0
  SINCE SEP 1      0.0                       0.0    0.0      0.0
  SINCE JUL 1      0.0                       0.0    0.0      0.0
  SNOW DEPTH       0

DEGREE DAYS
 HEATING
  YESTERDAY        0                         1     -1        0
  MONTH TO DATE   11                         4      7        0
  SINCE SEP 1     11                         4      7        0
  SINCE JUL 1     11                         4      7        0

 COOLING
  YESTERDAY       12                         6      6       12
  MONTH TO DATE  126                       185    -59      278
  SINCE SEP 1    126                       185    -59      278
  SINCE JAN 1   1592                      1620    -28     1997
..................................................................


WIND (MPH)
  HIGHEST WIND SPEED     9   HIGHEST WIND DIRECTION    NE (50)
  HIGHEST GUST SPEED    12   HIGHEST GUST DIRECTION    NE (60)
  AVERAGE WIND SPEED     3.3


SKY COVER
  POSSIBLE SUNSHINE  MM
  AVERAGE SKY COVER 0.0


WEATHER CONDITIONS
 THE FOLLOWING WEATHER WAS RECORDED YESTERDAY.
  NO SIGNIFICANT WEATHER WAS OBSERVED.


RELATIVE HUMIDITY (PERCENT)
 HIGHEST   100          1200 AM
 LOWEST     39           400 PM
 AVERAGE    70

..........................................................


THE GREENVILLE-SPARTANBURG SC CLIMATE NORMALS FOR TODAY
                         NORMAL    RECORD    YEAR
 MAXIMUM TEMPERATURE (F)   80        95      1940
                                             1931
 MINIMUM TEMPERATURE (F)   59        40      1983
                                             1913


SUNRISE AND SUNSET
SEPTEMBER 22 2017.....SUNRISE   717 AM EDT   SUNSET   725 PM EDT
SEPTEMBER 23 2017.....SUNRISE   718 AM EDT   SUNSET   724 PM EDT


-  INDICATES NEGATIVE NUMBERS.
R  INDICATES RECORD WAS SET OR TIED.
MM INDICATES DATA IS MISSING.
T  INDICATES TRACE AMOUNT.




$$
