000
CDUS42 KGSP 042134
CLIGSP

CLIMATE REPORT
NATIONAL WEATHER SERVICE GREENVILLE-SPARTANBURG SC
433 PM EST WED MAR 4 2015


...................................

...THE GREENVILLE-SPARTANBURG SC CLIMATE SUMMARY FOR MARCH 4 2015...
VALID TODAY AS OF 400 PM LOCAL TIME.

CLIMATE NORMAL PERIOD 1981 TO 2010
CLIMATE RECORD PERIOD 1884 TO 2015


WEATHER ITEM   OBSERVED TIME   RECORD YEAR NORMAL DEPARTURE LAST
                VALUE   (LST)  VALUE       VALUE  FROM      YEAR
                                                  NORMAL
..................................................................
TEMPERATURE (F)
 TODAY
  MAXIMUM         70    348 PM  82    1976  61      9       40
  MINIMUM         45    434 AM  14    1943  39      6       25
  AVERAGE         58                        50      8       33

PRECIPITATION (IN)
  TODAY            0.04          2.27 1966   0.14  -0.10      T
  MONTH TO DATE    0.23                      0.58  -0.35     0.11
  SINCE MAR 1      0.23                      0.58  -0.35     0.11
  SINCE JAN 1      7.55                      8.37  -0.82     6.35

SNOWFALL (IN)
  TODAY            0.0           T    2014   0.1   -0.1       T
                                      1986
  MONTH TO DATE    0.0                       0.2   -0.2       T
  SINCE MAR 1      0.0                       0.2   -0.2       T
  SINCE JUL 1      3.7                       4.0   -0.3      7.2
  SNOW DEPTH       0

DEGREE DAYS
 HEATING
  TODAY            7                        15     -8       32
  MONTH TO DATE   60                        63     -3       78
  SINCE MAR 1     60                        63     -3       78
  SINCE JUL 1   2674                      2512    162     2637

 COOLING
  TODAY            0                         0      0        0
  MONTH TO DATE    0                         0      0        0
  SINCE MAR 1      0                         0      0        0
  SINCE JAN 1      0                         0      0        0
..................................................................


WIND (MPH)
  HIGHEST WIND SPEED    23   HIGHEST WIND DIRECTION    SW (220)
  HIGHEST GUST SPEED    32   HIGHEST GUST DIRECTION    SW (220)
  AVERAGE WIND SPEED    11.3


SKY COVER
  POSSIBLE SUNSHINE  MM
  AVERAGE SKY COVER 1.0


WEATHER CONDITIONS
 THE FOLLOWING WEATHER WAS RECORDED TODAY.
  LIGHT RAIN
  FOG


RELATIVE HUMIDITY (PERCENT)
 HIGHEST   100          1200 AM
 LOWEST     73           300 PM
 AVERAGE    87

..........................................................


THE GREENVILLE-SPARTANBURG SC CLIMATE NORMALS FOR TOMORROW
                         NORMAL    RECORD    YEAR
 MAXIMUM TEMPERATURE (F)   61        80      1976
                                             1905
 MINIMUM TEMPERATURE (F)   39        12      1960


SUNRISE AND SUNSET
MARCH  4 2015.........SUNRISE   655 AM EST   SUNSET   627 PM EST
MARCH  5 2015.........SUNRISE   653 AM EST   SUNSET   628 PM EST


-  INDICATES NEGATIVE NUMBERS.
R  INDICATES RECORD WAS SET OR TIED.
MM INDICATES DATA IS MISSING.
T  INDICATES TRACE AMOUNT.




$$
JPT
