000
CDUS42 KGSP 300636
CLIGSP

CLIMATE REPORT
NATIONAL WEATHER SERVICE GREENVILLE-SPARTANBURG SC
236 AM EDT FRI SEP 30 2016


...................................

...THE GREENVILLE-SPARTANBURG SC CLIMATE SUMMARY FOR SEPTEMBER 29 2016...

CLIMATE NORMAL PERIOD 1981 TO 2010
CLIMATE RECORD PERIOD 1884 TO 2016


WEATHER ITEM   OBSERVED TIME   RECORD YEAR NORMAL DEPARTURE LAST
                VALUE   (LST)  VALUE       VALUE  FROM      YEAR
                                                  NORMAL
..................................................................
TEMPERATURE (F)
 YESTERDAY
  MAXIMUM         83    340 PM  96    1911  78      5       81
  MINIMUM         57    631 AM  39    1899  57      0       71
  AVERAGE         70                        67      3       76

PRECIPITATION (IN)
  YESTERDAY        0.00          3.25 1979   0.12  -0.12     0.17
  MONTH TO DATE    0.99                      3.31  -2.32     5.51
  SINCE SEP 1      0.99                      3.31  -2.32     5.51
  SINCE JAN 1     29.22                     35.82  -6.60    31.05

SNOWFALL (IN)
  YESTERDAY        0.0           0.0    MM   0.0    0.0      0.0
  MONTH TO DATE    0.0                       0.0    0.0      0.0
  SINCE SEP 1      0.0                       0.0    0.0      0.0
  SINCE JUL 1      0.0                       0.0    0.0      0.0
  SNOW DEPTH       0

DEGREE DAYS
 HEATING
  YESTERDAY        0                         2     -2        0
  MONTH TO DATE    0                        14    -14        5
  SINCE SEP 1      0                        14    -14        5
  SINCE JUL 1      0                        14    -14        5

 COOLING
  YESTERDAY        5                         4      1       11
  MONTH TO DATE  371                       223    148      235
  SINCE SEP 1    371                       223    148      235
  SINCE JAN 1   2090                      1658    432     1907
..................................................................


WIND (MPH)
  HIGHEST WIND SPEED    16   HIGHEST WIND DIRECTION    SW (220)
  HIGHEST GUST SPEED    21   HIGHEST GUST DIRECTION    SW (210)
  AVERAGE WIND SPEED     5.6


SKY COVER
  POSSIBLE SUNSHINE  MM
  AVERAGE SKY COVER 0.2


WEATHER CONDITIONS
 THE FOLLOWING WEATHER WAS RECORDED YESTERDAY.
  NO SIGNIFICANT WEATHER WAS OBSERVED.


RELATIVE HUMIDITY (PERCENT)
 HIGHEST    80           500 AM
 LOWEST     34           300 PM
 AVERAGE    57

..........................................................


THE GREENVILLE-SPARTANBURG SC CLIMATE NORMALS FOR TODAY
                         NORMAL    RECORD    YEAR
 MAXIMUM TEMPERATURE (F)   78        94      1933
 MINIMUM TEMPERATURE (F)   56        32      1888


SUNRISE AND SUNSET
SEPTEMBER 30 2016.....SUNRISE   723 AM EDT   SUNSET   714 PM EDT
OCTOBER  1 2016.......SUNRISE   724 AM EDT   SUNSET   712 PM EDT


-  INDICATES NEGATIVE NUMBERS.
R  INDICATES RECORD WAS SET OR TIED.
MM INDICATES DATA IS MISSING.
T  INDICATES TRACE AMOUNT.




$$
