000
CDUS42 KGSP 280650
CLIGSP

CLIMATE REPORT
NATIONAL WEATHER SERVICE GREENVILLE-SPARTANBURG SC
150 AM EST TUE FEB 28 2017


...................................

...THE GREENVILLE-SPARTANBURG SC CLIMATE SUMMARY FOR FEBRUARY 27 2017...

CLIMATE NORMAL PERIOD 1981 TO 2010
CLIMATE RECORD PERIOD 1884 TO 2017


WEATHER ITEM   OBSERVED TIME   RECORD YEAR NORMAL DEPARTURE LAST
                VALUE   (LST)  VALUE       VALUE  FROM      YEAR
                                                  NORMAL
..................................................................
TEMPERATURE (F)
 YESTERDAY
  MAXIMUM         64    217 PM  81    1996  60      4       57
  MINIMUM         37    200 AM  12    1963  37      0       26
  AVERAGE         51                        48      3       42

PRECIPITATION (IN)
  YESTERDAY        0.00          1.84 1899   0.15  -0.15     0.00
  MONTH TO DATE    1.20                      3.82  -2.62     4.72
  SINCE DEC 1      8.41                     11.75  -3.34    18.34
  SINCE JAN 1      5.72                      7.64  -1.92     8.26

SNOWFALL (IN)
  YESTERDAY        0.0           1.0  1924   0.1   -0.1      0.0
                                      1967
                                      1966
  MONTH TO DATE    0.0                       1.0   -1.0      0.4
  SINCE DEC 1      3.1                       3.7   -0.6      2.6
  SINCE JUL 1      3.1                       3.8   -0.7      2.6
  SNOW DEPTH       0

DEGREE DAYS
 HEATING
  YESTERDAY       14                        17     -3       23
  MONTH TO DATE  303                       523   -220      564
  SINCE DEC 1   1395                      1880   -485     1632
  SINCE JUL 1   1721                      2433   -712     2077

 COOLING
  YESTERDAY        0                         0      0        0
  MONTH TO DATE    6                         0      6        0
  SINCE DEC 1      6                         1      5       11
  SINCE JAN 1      6                         0      6        0
..................................................................


WIND (MPH)
  HIGHEST WIND SPEED    12   HIGHEST WIND DIRECTION     S (180)
  HIGHEST GUST SPEED    13   HIGHEST GUST DIRECTION     S (180)
  AVERAGE WIND SPEED     3.8


SKY COVER
  POSSIBLE SUNSHINE  MM
  AVERAGE SKY COVER 0.3


WEATHER CONDITIONS
 THE FOLLOWING WEATHER WAS RECORDED YESTERDAY.
  NO SIGNIFICANT WEATHER WAS OBSERVED.


RELATIVE HUMIDITY (PERCENT)
 HIGHEST    54           300 AM
 LOWEST     27           200 PM
 AVERAGE    41

..........................................................


THE GREENVILLE-SPARTANBURG SC CLIMATE NORMALS FOR TODAY
                         NORMAL    RECORD    YEAR
 MAXIMUM TEMPERATURE (F)   60        77      1961
 MINIMUM TEMPERATURE (F)   38        16      2002


SUNRISE AND SUNSET
FEBRUARY 28 2017......SUNRISE   659 AM EST   SUNSET   624 PM EST
MARCH  1 2017.........SUNRISE   658 AM EST   SUNSET   625 PM EST


-  INDICATES NEGATIVE NUMBERS.
R  INDICATES RECORD WAS SET OR TIED.
MM INDICATES DATA IS MISSING.
T  INDICATES TRACE AMOUNT.

$$

OUTLAW
