000
CDUS42 KGSP 240634
CLIGSP

CLIMATE REPORT
NATIONAL WEATHER SERVICE GREENVILLE-SPARTANBURG SC
232 AM EDT MON APR 24 2017


...................................

...THE GREENVILLE-SPARTANBURG SC CLIMATE SUMMARY FOR APRIL 23 2017...

CLIMATE NORMAL PERIOD 1981 TO 2010
CLIMATE RECORD PERIOD 1884 TO 2017


WEATHER ITEM   OBSERVED TIME   RECORD YEAR NORMAL DEPARTURE LAST
                VALUE   (LST)  VALUE       VALUE  FROM      YEAR
                                                  NORMAL
..................................................................
TEMPERATURE (F)
 YESTERDAY
  MAXIMUM         61   1252 AM  91    1980  75    -14       77
                                      1963
                                      1960
  MINIMUM         49   1159 PM  32    1982  50     -1       52
  AVERAGE         55                        62     -7       65

PRECIPITATION (IN)
  YESTERDAY        1.83R         1.76 1912   0.11   1.72     0.00
  MONTH TO DATE    5.41                      2.58   2.83     1.41
  SINCE MAR 1     12.76                      7.10   5.66     3.10
  SINCE JAN 1     18.48                     14.89   3.59    11.36

SNOWFALL (IN)
  YESTERDAY        0.0           0.0    MM   0.0    0.0      0.0
  MONTH TO DATE    0.0                       0.0    0.0      0.0
  SINCE MAR 1      0.5                       0.9   -0.4       T
  SINCE JUL 1      3.6                       4.7   -1.1      2.6
  SNOW DEPTH       0

DEGREE DAYS
 HEATING
  YESTERDAY       10                         4      6        0
  MONTH TO DATE   63                       148    -85      140
  SINCE MAR 1    417                       532   -115      366
  SINCE JUL 1   2143                      2981   -838     2463

 COOLING
  YESTERDAY        0                         2     -2        0
  MONTH TO DATE   55                        27     28       16
  SINCE MAR 1     71                        35     36       42
  SINCE JAN 1     77                        35     42       42
..................................................................


WIND (MPH)
  HIGHEST WIND SPEED    21   HIGHEST WIND DIRECTION     N (20)
  HIGHEST GUST SPEED    28   HIGHEST GUST DIRECTION     N (10)
  AVERAGE WIND SPEED    12.6


SKY COVER
  POSSIBLE SUNSHINE  MM
  AVERAGE SKY COVER 1.0


WEATHER CONDITIONS
 THE FOLLOWING WEATHER WAS RECORDED YESTERDAY.
  HEAVY RAIN
  RAIN
  LIGHT RAIN
  FOG


RELATIVE HUMIDITY (PERCENT)
 HIGHEST    93           300 AM
 LOWEST     84           100 AM
 AVERAGE    89

..........................................................


THE GREENVILLE-SPARTANBURG SC CLIMATE NORMALS FOR TODAY
                         NORMAL    RECORD    YEAR
 MAXIMUM TEMPERATURE (F)   75        92      1925
 MINIMUM TEMPERATURE (F)   51        31      1986
                                             1903


SUNRISE AND SUNSET
APRIL 24 2017.........SUNRISE   646 AM EDT   SUNSET   809 PM EDT
APRIL 25 2017.........SUNRISE   645 AM EDT   SUNSET   810 PM EDT


-  INDICATES NEGATIVE NUMBERS.
R  INDICATES RECORD WAS SET OR TIED.
MM INDICATES DATA IS MISSING.
T  INDICATES TRACE AMOUNT.




$$
