435
CDUS45 KTFX 260822
CLIGTF


CLIMATE REPORT
NATIONAL WEATHER SERVICE GREAT FALLS MT
222 AM MDT WED JUL 26 2017


...................................

...THE GREAT FALLS MT CLIMATE SUMMARY FOR JULY 25 2017...

CLIMATE NORMAL PERIOD 1981 TO 2010
CLIMATE RECORD PERIOD 1886 TO 2017


WEATHER ITEM   OBSERVED TIME   RECORD YEAR NORMAL DEPARTURE LAST
                VALUE   (LST)  VALUE       VALUE  FROM      YEAR
                                                  NORMAL
..................................................................
TEMPERATURE (F)
 YESTERDAY
  MAXIMUM         85    431 PM 107    1933  86     -1       91
  MINIMUM         46    529 AM  37    1918  53     -7       50
  AVERAGE         66                        69     -3       71

PRECIPITATION (IN)
  YESTERDAY        0.00          0.54 1955   0.03  -0.03     0.00
  MONTH TO DATE    0.08                      1.27  -1.19     1.20
  SINCE OCT 1     12.53                     11.53   1.00    13.28
  SINCE JAN 1      9.60                      9.53   0.07     8.18

SNOWFALL (IN)
  YESTERDAY        0.0           0.0  2002   0.0    0.0      0.0
  MONTH TO DATE    0.0                       0.0    0.0       T
  SINCE JUN 1      0.0                       0.3   -0.3       T
  SINCE JUL 1      0.0                       0.0    0.0       T
  SNOW DEPTH       0

DEGREE DAYS
 HEATING
  YESTERDAY        0                         1     -1        0
  MONTH TO DATE    1                        44    -43       44
  SINCE JUN 1    126                       235   -109      152
  SINCE JUL 1      1                        44    -43       44

 COOLING
  YESTERDAY        1                         5     -4        6
  MONTH TO DATE  206                        95    111       82
  SINCE JUN 1    240                       127    113      125
  SINCE JAN 1    247                       134    113      125
..................................................................


WIND (MPH)
  HIGHEST WIND SPEED    20   HIGHEST WIND DIRECTION    NE (60)
  HIGHEST GUST SPEED    24   HIGHEST GUST DIRECTION    NE (60)
  AVERAGE WIND SPEED     8.4


SKY COVER
  AVERAGE SKY COVER 0.0


WEATHER CONDITIONS
 THE FOLLOWING WEATHER WAS RECORDED YESTERDAY.
  NO SIGNIFICANT WEATHER WAS OBSERVED.


RELATIVE HUMIDITY (PERCENT)
 HIGHEST    71           500 AM
 LOWEST     16           500 PM
 AVERAGE    44

..........................................................


THE GREAT FALLS MT CLIMATE NORMALS FOR TODAY
                         NORMAL    RECORD    YEAR
 MAXIMUM TEMPERATURE (F)   86       103      1933
 MINIMUM TEMPERATURE (F)   53        41      2005


SUNRISE AND SUNSET
JULY 26 2017..........SUNRISE   556 AM MDT   SUNSET   907 PM MDT
JULY 27 2017..........SUNRISE   558 AM MDT   SUNSET   906 PM MDT


-  INDICATES NEGATIVE NUMBERS.
R  INDICATES RECORD WAS SET OR TIED.
MM INDICATES DATA IS MISSING.
T  INDICATES TRACE AMOUNT.




$$
