000
CDUS45 KTFX 292232
CLIGTF


CLIMATE REPORT
NATIONAL WEATHER SERVICE GREAT FALLS MT
430 PM MDT FRI JUL 29 2016


...................................

...THE GREAT FALLS MT CLIMATE SUMMARY FOR JULY 29 2016...
VALID TODAY AS OF 0400 PM LOCAL TIME.

CLIMATE NORMAL PERIOD 1981 TO 2010
CLIMATE RECORD PERIOD 1886 TO 2016


WEATHER ITEM   OBSERVED TIME   RECORD YEAR NORMAL DEPARTURE LAST
                VALUE   (LST)  VALUE       VALUE  FROM      YEAR
                                                  NORMAL
..................................................................
TEMPERATURE (F)
 TODAY
  MAXIMUM         87    245 PM 102    1934  86      1       83
  MINIMUM         55    519 AM  45    1971  53      2       50
                                      1924
                                      1896
  AVERAGE         71                        69      2       67

PRECIPITATION (IN)
  TODAY            0.00          0.24 1905   0.04  -0.04     0.00
  MONTH TO DATE    1.20                      1.43  -0.23     1.43
  SINCE OCT 1     13.28                     11.69   1.59    10.62
  SINCE JAN 1      8.18                      9.69  -1.51     7.67

SNOWFALL (IN)
  TODAY            0.0           0.0  2002   0.0    0.0      0.0
  MONTH TO DATE    T                         0.0    0.0      0.0
  SINCE JUN 1      T                         0.3   -0.3      0.0
  SINCE JUL 1      T                         0.0    0.0      0.0

DEGREE DAYS
 HEATING
  TODAY            0                         1     -1        0
  MONTH TO DATE   44                        48     -4       47
  SINCE JUN 1    152                       239    -87      129
  SINCE JUL 1     44                        48     -4       47

 COOLING
  TODAY            6                         5      1        2
  MONTH TO DATE  104                       115    -11      120
  SINCE JUN 1    147                       147      0      214
  SINCE JAN 1    147                       154     -7      214
..................................................................


WIND (MPH)
  HIGHEST WIND SPEED    16   HIGHEST WIND DIRECTION    NE (50)
  HIGHEST GUST SPEED    20   HIGHEST GUST DIRECTION    NE (50)
  AVERAGE WIND SPEED     6.3


SKY COVER
  AVERAGE SKY COVER 0.0


WEATHER CONDITIONS
 THE FOLLOWING WEATHER WAS RECORDED TODAY.
  HAZE


RELATIVE HUMIDITY (PERCENT)
 HIGHEST    86           500 AM
 LOWEST     25           300 PM
 AVERAGE    56

..........................................................


THE GREAT FALLS MT CLIMATE NORMALS FOR TOMORROW
                         NORMAL    RECORD    YEAR
 MAXIMUM TEMPERATURE (F)   86       102      1934
 MINIMUM TEMPERATURE (F)   53        43      1892


SUNRISE AND SUNSET
JULY 29 2016..........SUNRISE   600 AM MDT   SUNSET   903 PM MDT
JULY 30 2016..........SUNRISE   602 AM MDT   SUNSET   901 PM MDT


-  INDICATES NEGATIVE NUMBERS.
R  INDICATES RECORD WAS SET OR TIED.
MM INDICATES DATA IS MISSING.
T  INDICATES TRACE AMOUNT.




$$
