000
CDUS45 KTFX 020949
CLIGTF


CLIMATE REPORT
NATIONAL WEATHER SERVICE GREAT FALLS MT
249 AM MST MON MAR 2 2015


...................................

...THE GREAT FALLS MT CLIMATE SUMMARY FOR MARCH 1 2015...

CLIMATE NORMAL PERIOD 1981 TO 2010
CLIMATE RECORD PERIOD 1886 TO 2015


WEATHER ITEM   OBSERVED TIME   RECORD YEAR NORMAL DEPARTURE LAST
                VALUE   (LST)  VALUE       VALUE  FROM      YEAR
                                                  NORMAL
..................................................................
TEMPERATURE (F)
 YESTERDAY
  MAXIMUM         36    313 PM  65    1968  41     -5       -7
  MINIMUM          9    124 AM -22    1919  18     -9      -17
                                      1896
  AVERAGE         23                        30     -7      -12

PRECIPITATION (IN)
  YESTERDAY        0.00          0.45 1932   0.02  -0.02     0.02
  MONTH TO DATE    0.00                      0.02  -0.02     0.02
  SINCE OCT 1      4.34                      3.00   1.34     4.49
  SINCE JAN 1      1.39                      1.00   0.39     2.44

SNOWFALL (IN)
  YESTERDAY        0.0           5.0  1932   0.3   -0.3      0.9
  MONTH TO DATE    0.0                       0.3   -0.3      0.9
  SINCE MAR 1      0.0                       0.3   -0.3      0.9
  SINCE JUL 1     56.3                      40.3   16.0     58.4
  SNOW DEPTH       0

DEGREE DAYS
 HEATING
  YESTERDAY       42                        35      7       77
  MONTH TO DATE   42                        35      7       77
  SINCE MAR 1     42                        35      7       77
  SINCE JUL 1   5180                      5540   -360     5731

 COOLING
  YESTERDAY        0                         0      0        0
  MONTH TO DATE    0                         0      0        0
  SINCE MAR 1      0                         0      0        0
  SINCE JAN 1      0                         0      0        0
..................................................................


WIND (MPH)
  HIGHEST WIND SPEED    22   HIGHEST WIND DIRECTION     S (200)
  HIGHEST GUST SPEED    26   HIGHEST GUST DIRECTION     S (200)
  AVERAGE WIND SPEED    13.5


SKY COVER
  AVERAGE SKY COVER 0.2


WEATHER CONDITIONS
 THE FOLLOWING WEATHER WAS RECORDED YESTERDAY.
  NO SIGNIFICANT WEATHER WAS OBSERVED.


RELATIVE HUMIDITY (PERCENT)
 HIGHEST    83          1200 AM
 LOWEST     35           300 PM
 AVERAGE    59

..........................................................


THE GREAT FALLS MT CLIMATE NORMALS FOR TODAY
                         NORMAL    RECORD    YEAR
 MAXIMUM TEMPERATURE (F)   42        67      1934
 MINIMUM TEMPERATURE (F)   19       -27      1896


SUNRISE AND SUNSET
MARCH  2 2015.........SUNRISE   704 AM MST   SUNSET   612 PM MST
MARCH  3 2015.........SUNRISE   702 AM MST   SUNSET   613 PM MST


-  INDICATES NEGATIVE NUMBERS.
R  INDICATES RECORD WAS SET OR TIED.
MM INDICATES DATA IS MISSING.
T  INDICATES TRACE AMOUNT.




$$
