000
CDUS45 KTFX 230845
CLIGTF


CLIMATE REPORT
NATIONAL WEATHER SERVICE GREAT FALLS MT
245 AM MDT THU MAR 23 2017


...................................

...THE GREAT FALLS MT CLIMATE SUMMARY FOR MARCH 22 2017...

CLIMATE NORMAL PERIOD 1981 TO 2010
CLIMATE RECORD PERIOD 1886 TO 2017


WEATHER ITEM   OBSERVED TIME   RECORD YEAR NORMAL DEPARTURE LAST
                VALUE   (LST)  VALUE       VALUE  FROM      YEAR
                                                  NORMAL
..................................................................
TEMPERATURE (F)
 YESTERDAY
  MAXIMUM         62   1231 PM  73    1928  48     14       38
                                      1915
  MINIMUM         31   1107 PM  -6    1964  25      6       24
  AVERAGE         47                        36     11       31

PRECIPITATION (IN)
  YESTERDAY        0.00          0.62 1929   0.03  -0.03     0.23
  MONTH TO DATE    0.39                      0.59  -0.20     0.36
  SINCE OCT 1      4.74                      3.57   1.17     6.11
  SINCE JAN 1      1.81                      1.57   0.24     1.01

SNOWFALL (IN)
  YESTERDAY        0.0           5.5  1929   0.4   -0.4      1.6
  MONTH TO DATE    5.6                       8.4   -2.8      1.8
  SINCE MAR 1      5.6                       8.4   -2.8      1.8
  SINCE JUL 1     43.4                      48.4   -5.0     39.7
  SNOW DEPTH       0

DEGREE DAYS
 HEATING
  YESTERDAY       18                        29    -11       34
  MONTH TO DATE  651                       707    -56      538
  SINCE MAR 1    651                       707    -56      538
  SINCE JUL 1   6349                      6212    137     5476

 COOLING
  YESTERDAY        0                         0      0        0
  MONTH TO DATE    0                         0      0        0
  SINCE MAR 1      0                         0      0        0
  SINCE JAN 1      0                         0      0        0
..................................................................


WIND (MPH)
  HIGHEST WIND SPEED    33   HIGHEST WIND DIRECTION    SW (240)
  HIGHEST GUST SPEED    40   HIGHEST GUST DIRECTION     W (250)
  AVERAGE WIND SPEED    15.0


SKY COVER
  AVERAGE SKY COVER 0.1


WEATHER CONDITIONS
 THE FOLLOWING WEATHER WAS RECORDED YESTERDAY.
  NO SIGNIFICANT WEATHER WAS OBSERVED.


RELATIVE HUMIDITY (PERCENT)
 HIGHEST    70           500 AM
 LOWEST     22           200 PM
 AVERAGE    46

..........................................................


THE GREAT FALLS MT CLIMATE NORMALS FOR TODAY
                         NORMAL    RECORD    YEAR
 MAXIMUM TEMPERATURE (F)   48        74      1993
 MINIMUM TEMPERATURE (F)   25       -15      1964


SUNRISE AND SUNSET
MARCH 23 2017.........SUNRISE   722 AM MDT   SUNSET   743 PM MDT
MARCH 24 2017.........SUNRISE   720 AM MDT   SUNSET   744 PM MDT


-  INDICATES NEGATIVE NUMBERS.
R  INDICATES RECORD WAS SET OR TIED.
MM INDICATES DATA IS MISSING.
T  INDICATES TRACE AMOUNT.




$$
