000
CDUS45 KTFX 190758
CLIGTF


CLIMATE REPORT
NATIONAL WEATHER SERVICE GREAT FALLS MT
156 AM MDT FRI SEP 19 2014


...................................

...THE GREAT FALLS MT CLIMATE SUMMARY FOR SEPTEMBER 18 2014...

CLIMATE NORMAL PERIOD 1981 TO 2010
CLIMATE RECORD PERIOD 1886 TO 2014


WEATHER ITEM   OBSERVED TIME   RECORD YEAR NORMAL DEPARTURE LAST
                VALUE   (LST)  VALUE       VALUE  FROM      YEAR
                                                  NORMAL
..................................................................
TEMPERATURE (F)
 YESTERDAY
  MAXIMUM         78    404 PM  93    1981  69      9       59
  MINIMUM         56   1118 PM  23    1965  41     15       41
  AVERAGE         67                        55     12       50

PRECIPITATION (IN)
  YESTERDAY        0.00          0.82 1947   0.04  -0.04     0.06
  MONTH TO DATE    0.30                      0.90  -0.60     0.44
  SINCE OCT 1     18.81                     14.23   4.58    12.67
  SINCE JAN 1     16.76                     12.23   4.53     9.33

SNOWFALL (IN)
  YESTERDAY        0.0           5.7  1983   0.0    0.0      0.0
  MONTH TO DATE    T                         0.5   -0.5      0.0
  SINCE SEP 1      T                         0.5   -0.5      0.0
  SINCE JUL 1      T                         0.8   -0.8      0.0
  SNOW DEPTH       0

DEGREE DAYS
 HEATING
  YESTERDAY        0                        10    -10       15
  MONTH TO DATE  190                       136     54       24
  SINCE SEP 1    190                       136     54       24
  SINCE JUL 1    260                       257      3       48

 COOLING
  YESTERDAY        2                         1      1        0
  MONTH TO DATE    6                        20    -14       74
  SINCE SEP 1      6                        20    -14       74
  SINCE JAN 1    330                       296     34      443
..................................................................


WIND (MPH)
  HIGHEST WIND SPEED    24   HIGHEST WIND DIRECTION     S (200)
  HIGHEST GUST SPEED    31   HIGHEST GUST DIRECTION     S (200)
  AVERAGE WIND SPEED    12.5


SKY COVER
  AVERAGE SKY COVER 0.0


WEATHER CONDITIONS
 THE FOLLOWING WEATHER WAS RECORDED YESTERDAY.
  HAZE


RELATIVE HUMIDITY (PERCENT)
 HIGHEST    62          1000 PM
 LOWEST     30           400 PM
 AVERAGE    46

..........................................................


THE GREAT FALLS MT CLIMATE NORMALS FOR TODAY
                         NORMAL    RECORD    YEAR
 MAXIMUM TEMPERATURE (F)   69        92      2009
 MINIMUM TEMPERATURE (F)   41        26      1957


SUNRISE AND SUNSET
SEPTEMBER 19 2014.....SUNRISE   708 AM MDT   SUNSET   729 PM MDT
SEPTEMBER 20 2014.....SUNRISE   710 AM MDT   SUNSET   727 PM MDT


-  INDICATES NEGATIVE NUMBERS.
R  INDICATES RECORD WAS SET OR TIED.
MM INDICATES DATA IS MISSING.
T  INDICATES TRACE AMOUNT.




$$
