000
CDUS45 KTFX 122330
CLIGTF


CLIMATE REPORT
NATIONAL WEATHER SERVICE GREAT FALLS MT
430 PM MST FRI FEB 12 2016


...................................

...THE GREAT FALLS MT CLIMATE SUMMARY FOR FEBRUARY 12 2016...
VALID TODAY AS OF 0400 PM LOCAL TIME.

CLIMATE NORMAL PERIOD 1981 TO 2010
CLIMATE RECORD PERIOD 1886 TO 2016


WEATHER ITEM   OBSERVED TIME   RECORD YEAR NORMAL DEPARTURE LAST
                VALUE   (LST)  VALUE       VALUE  FROM      YEAR
                                                  NORMAL
..................................................................
TEMPERATURE (F)
 TODAY
  MAXIMUM         59    348 PM  67    1934  38     21       58
  MINIMUM         27    132 AM -21    1936  16     11       30
  AVERAGE         43                        27     16       44

PRECIPITATION (IN)
  TODAY            T             0.93 1897   0.01  -0.01     0.00
  MONTH TO DATE    0.03                      0.18  -0.15     0.12
  SINCE OCT 1      5.75                      2.69   3.06     4.08
  SINCE JAN 1      0.65                      0.69  -0.04     1.13

SNOWFALL (IN)
  TODAY           MM             9.3  1897   0.3   MM        0.0
  MONTH TO DATE    0.1                       3.3   -3.2      0.2
  SINCE DEC 1     22.0                      21.4    0.6     33.3
  SINCE JUL 1     37.9                      35.1    2.8     50.7

DEGREE DAYS
 HEATING
  TODAY           22                        38    -16       21
  MONTH TO DATE  332                       464   -132      352
  SINCE DEC 1   2675                      2946   -271     2655
  SINCE JUL 1   4496                      4915   -419     4544

 COOLING
  TODAY            0                         0      0        0
  MONTH TO DATE    0                         0      0        0
  SINCE DEC 1      0                         0      0        0
  SINCE JAN 1      0                         0      0        0
..................................................................


WIND (MPH)
  HIGHEST WIND SPEED    21   HIGHEST WIND DIRECTION    SW (230)
  HIGHEST GUST SPEED    25   HIGHEST GUST DIRECTION    SW (230)
  AVERAGE WIND SPEED     6.7


SKY COVER
  AVERAGE SKY COVER 0.6


WEATHER CONDITIONS
 THE FOLLOWING WEATHER WAS RECORDED TODAY.
  LIGHT RAIN


RELATIVE HUMIDITY (PERCENT)
 HIGHEST    92           200 AM
 LOWEST     40           400 PM
 AVERAGE    66

..........................................................


THE GREAT FALLS MT CLIMATE NORMALS FOR TOMORROW
                         NORMAL    RECORD    YEAR
 MAXIMUM TEMPERATURE (F)   38        64      2015
                                             1934
 MINIMUM TEMPERATURE (F)   16       -34      1936


SUNRISE AND SUNSET
FEBRUARY 12 2016......SUNRISE   736 AM MST   SUNSET   544 PM MST
FEBRUARY 13 2016......SUNRISE   735 AM MST   SUNSET   545 PM MST


-  INDICATES NEGATIVE NUMBERS.
R  INDICATES RECORD WAS SET OR TIED.
MM INDICATES DATA IS MISSING.
T  INDICATES TRACE AMOUNT.




$$
