000
CDGM40 PGUM 240654
CLIGUM


CLIMATE REPORT
NATIONAL WEATHER SERVICE TIYAN, GUAM
444 PM CHST WED AUG 24 2016


...................................

...THE GUAM INTERNATIONAL AIRPORT GU CLIMATE SUMMARY FOR AUGUST 24 2016...
VALID TODAY AS OF 0400 PM LOCAL TIME.

CLIMATE NORMAL PERIOD 1981 TO 2010
CLIMATE RECORD PERIOD 1945 TO 2016


WEATHER ITEM   OBSERVED TIME   RECORD YEAR NORMAL DEPARTURE LAST
                VALUE   (LST)  VALUE       VALUE  FROM      YEAR
                                                  NORMAL
..................................................................
TEMPERATURE (F)
 TODAY
  MAXIMUM         89    207 PM  92    1984  87      2       86
  MINIMUM         78    540 AM  72    1997  76      2       78
                                      1993
                                      1992
  AVERAGE         84                        81      3       82

PRECIPITATION (IN)
  TODAY            0.24          4.40 1967   0.59  -0.35     0.28
  MONTH TO DATE   20.75                     12.97   7.78    20.32
  SINCE JUN 1     35.25                     32.20   3.05    47.44
  SINCE JAN 1     46.24                     52.34  -6.10    76.83

SNOWFALL (IN)
  TODAY            0.0
  MONTH TO DATE    0.0
  SINCE JUN 1      0.0
  SINCE JUL 1      0.0
  SNOW DEPTH       0

DEGREE DAYS
 HEATING
  TODAY            0
  MONTH TO DATE    0
  SINCE JUN 1      0
  SINCE JUL 1      0

 COOLING
  TODAY           19                        16      3       17
  MONTH TO DATE  417                       384     33      389
  SINCE JUN 1   1639                      1435    204     1460
  SINCE JAN 1   4325                      3863    462     3965
..................................................................


WIND (MPH)
  RESULTANT WIND SPEED   8   RESULTANT WIND DIRECTION  SW (230)
  HIGHEST WIND SPEED    18   HIGHEST WIND DIRECTION     W (280)
  HIGHEST GUST SPEED    25   HIGHEST GUST DIRECTION     W (290)
  AVERAGE WIND SPEED     8.8


SKY COVER
  POSSIBLE SUNSHINE  MM
  AVERAGE SKY COVER 0.4


WEATHER CONDITIONS
 THE FOLLOWING WEATHER WAS RECORDED TODAY.
  LIGHT RAIN
  FOG


RELATIVE HUMIDITY (PERCENT)
 HIGHEST    91           200 AM
 LOWEST     72          1100 AM
 AVERAGE    82

..........................................................


THE GUAM INTERNATIONAL AIRPORT GU CLIMATE NORMALS FOR TOMORROW
                         NORMAL    RECORD    YEAR
 MAXIMUM TEMPERATURE (F)   87        92      1983
                                             1969
 MINIMUM TEMPERATURE (F)   76        72      1986
                                             1954


SUNRISE AND SUNSET
AUGUST 24 2016........SUNRISE   609 AM CHST  SUNSET   637 PM CHST
AUGUST 25 2016........SUNRISE   609 AM CHST  SUNSET   637 PM CHST


-  INDICATES NEGATIVE NUMBERS.
R  INDICATES RECORD WAS SET OR TIED.
MM INDICATES DATA IS MISSING.
T  INDICATES TRACE AMOUNT.




$$
