000
CDGM40 PGUM 220643
CLIGUM


CLIMATE REPORT
NATIONAL WEATHER SERVICE TIYAN, GUAM
433 PM CHST FRI AUG 22 2014


...................................

...THE GUAM INTERNATIONAL AIRPORT GU CLIMATE SUMMARY FOR AUGUST 22 2014...
VALID TODAY AS OF 0400 PM LOCAL TIME.

CLIMATE NORMAL PERIOD 1981 TO 2010
CLIMATE RECORD PERIOD 1945 TO 2014


WEATHER ITEM   OBSERVED TIME   RECORD YEAR NORMAL DEPARTURE LAST
                VALUE   (LST)  VALUE       VALUE  FROM      YEAR
                                                  NORMAL
..................................................................
TEMPERATURE (F)
 TODAY
  MAXIMUM         87    211 PM  92    1966  87      0       88
  MINIMUM         76    258 AM  70    1986  76      0       78
  AVERAGE         82                        81      1       83

PRECIPITATION (IN)
  TODAY            0.66          7.52 2004   0.58   0.08     0.03
  MONTH TO DATE    6.16                     11.79  -5.63     7.95
  SINCE JUN 1     41.63                     31.02  10.61    19.66
  SINCE JAN 1     72.67                     51.16  21.51    36.33

SNOWFALL (IN)
  TODAY            0.0
  MONTH TO DATE    0.0
  SINCE JUN 1      0.0
  SINCE JUL 1      0.0
  SNOW DEPTH       0

DEGREE DAYS
 HEATING
  TODAY            0
  MONTH TO DATE    0
  SINCE JUN 1      0
  SINCE JUL 1      0

 COOLING
  TODAY           17                        16      1       18
  MONTH TO DATE  382                       352     30      399
  SINCE JUN 1   1505                      1403    102     1653
  SINCE JAN 1   4141                      3831    310     4358
..................................................................


WIND (MPH)
  RESULTANT WIND SPEED   2   RESULTANT WIND DIRECTION  NW (320)
  HIGHEST WIND SPEED    14   HIGHEST WIND DIRECTION    SW (220)
  HIGHEST GUST SPEED    17   HIGHEST GUST DIRECTION    SW (220)
  AVERAGE WIND SPEED     3.7


SKY COVER
  POSSIBLE SUNSHINE  MM
  AVERAGE SKY COVER 0.5


WEATHER CONDITIONS
 THE FOLLOWING WEATHER WAS RECORDED TODAY.
  THUNDERSTORM
  HEAVY RAIN
  LIGHT RAIN
  FOG


RELATIVE HUMIDITY (PERCENT)
 HIGHEST    94           200 AM
 LOWEST     70           200 PM
 AVERAGE    82

..........................................................


THE GUAM INTERNATIONAL AIRPORT GU CLIMATE NORMALS FOR TOMORROW
                         NORMAL    RECORD    YEAR
 MAXIMUM TEMPERATURE (F)   87        91      1971
                                             1969
 MINIMUM TEMPERATURE (F)   76        73      2005
                                             1995
                                             1968


SUNRISE AND SUNSET
AUGUST 22 2014........SUNRISE   609 AM CHST  SUNSET   639 PM CHST
AUGUST 23 2014........SUNRISE   609 AM CHST  SUNSET   638 PM CHST


-  INDICATES NEGATIVE NUMBERS.
R  INDICATES RECORD WAS SET OR TIED.
MM INDICATES DATA IS MISSING.
T  INDICATES TRACE AMOUNT.




$$
