000
CDUS44 KJAN 220658
CLIGWO


CLIMATE REPORT
NATIONAL WEATHER SERVICE JACKSON MS
156 AM CDT TUE JUL 22 2014


...................................

...THE GREENWOOD CLIMATE SUMMARY FOR JULY 21 2014...

CLIMATE NORMAL PERIOD 1981 TO 2010
CLIMATE RECORD PERIOD 1948 TO 2014


WEATHER ITEM   OBSERVED TIME   RECORD YEAR NORMAL DEPARTURE LAST
                VALUE   (LST)  VALUE       VALUE  FROM      YEAR
                                                  NORMAL
..................................................................
TEMPERATURE (F)
 YESTERDAY
  MAXIMUM         89    226 PM 101    2008  92     -3       91
                                      1993
  MINIMUM         63    456 AM  62    1971  71     -8       73
  AVERAGE         76                        81     -5       82

PRECIPITATION (IN)
  YESTERDAY        0.00          2.74 1980   0.10  -0.10     0.00
  MONTH TO DATE    5.10                      2.57   2.53     0.83
  SINCE JUN 1     14.13                      6.88   7.25     3.87
  SINCE JAN 1     37.25                     30.21   7.04    34.28

SNOWFALL (IN)
  YESTERDAY        0.0

DEGREE DAYS
 HEATING
  YESTERDAY        0                         0      0        0
  MONTH TO DATE    0                         0      0        0
  SINCE JUN 1      0                         0      0        0
  SINCE JUL 1      0                         0      0        0

 COOLING
  YESTERDAY       11                        16     -5       17
  MONTH TO DATE  249                       336    -87      301
  SINCE JUN 1    673                       749    -76      720
  SINCE JAN 1    967                      1079   -112      996
..................................................................


WIND (MPH)
  HIGHEST WIND SPEED     9   HIGHEST WIND DIRECTION    NE (30)
  HIGHEST GUST SPEED    11   HIGHEST GUST DIRECTION     E (70)
  AVERAGE WIND SPEED     2.8


SKY COVER
  POSSIBLE SUNSHINE  MM
  AVERAGE SKY COVER 0.2


WEATHER CONDITIONS
 THE FOLLOWING WEATHER WAS RECORDED YESTERDAY.
  FOG


RELATIVE HUMIDITY (PERCENT)
 HIGHEST   100           100 AM
 LOWEST     50           200 PM
 AVERAGE    75

..........................................................


THE GREENWOOD CLIMATE NORMALS FOR TODAY
                         NORMAL    RECORD    YEAR
 MAXIMUM TEMPERATURE (F)   92       102      1952
 MINIMUM TEMPERATURE (F)   71        62      2007


SUNRISE AND SUNSET
JULY 22 2014..........SUNRISE   606 AM CDT   SUNSET   807 PM CDT
JULY 23 2014..........SUNRISE   607 AM CDT   SUNSET   807 PM CDT


-  INDICATES NEGATIVE NUMBERS.
R  INDICATES RECORD WAS SET OR TIED.
MM INDICATES DATA IS MISSING.
T  INDICATES TRACE AMOUNT.




$$
