000
CDUS44 KJAN 210811
CLIGWO


CLIMATE REPORT
NATIONAL WEATHER SERVICE JACKSON MS
309 AM CDT THU AUG 21 2014


...................................

...THE GREENWOOD CLIMATE SUMMARY FOR AUGUST 20 2014...

CLIMATE NORMAL PERIOD 1981 TO 2010
CLIMATE RECORD PERIOD 1948 TO 2014


WEATHER ITEM   OBSERVED TIME   RECORD YEAR NORMAL DEPARTURE LAST
                VALUE   (LST)  VALUE       VALUE  FROM      YEAR
                                                  NORMAL
..................................................................
TEMPERATURE (F)
 YESTERDAY
  MAXIMUM         92    359 PM 102    2006  92      0       92
  MINIMUM         73    556 AM  62    1991  70      3       67
  AVERAGE         83                        81      2       80

PRECIPITATION (IN)
  YESTERDAY        0.00          1.18 2008   0.10  -0.10     0.00
                                      2003
  MONTH TO DATE    2.26                      1.78   0.48     0.51
  SINCE JUN 1     16.88                      9.69   7.19     5.82
  SINCE JAN 1     40.00                     33.02   6.98    36.23

SNOWFALL (IN)
  YESTERDAY        0.0

DEGREE DAYS
 HEATING
  YESTERDAY        0                         0      0        0
  MONTH TO DATE    0                         0      0        0
  SINCE JUN 1      0                         0      0        0
  SINCE JUL 1      0                         0      0        0

 COOLING
  YESTERDAY       18                        16      2       15
  MONTH TO DATE  281                       320    -39      319
  SINCE JUN 1   1077                      1238   -161     1177
  SINCE JAN 1   1371                      1568   -197     1453
..................................................................


WIND (MPH)
  HIGHEST WIND SPEED    10   HIGHEST WIND DIRECTION    SW (230)
  HIGHEST GUST SPEED    13   HIGHEST GUST DIRECTION     S (200)
  AVERAGE WIND SPEED     3.7


SKY COVER
  POSSIBLE SUNSHINE  MM
  AVERAGE SKY COVER 0.0


WEATHER CONDITIONS
 THE FOLLOWING WEATHER WAS RECORDED YESTERDAY.
  FOG


RELATIVE HUMIDITY (PERCENT)
 HIGHEST    94          1200 AM
 LOWEST     52           100 PM
 AVERAGE    73

..........................................................


THE GREENWOOD CLIMATE NORMALS FOR TODAY
                         NORMAL    RECORD    YEAR
 MAXIMUM TEMPERATURE (F)   92       102      2005
 MINIMUM TEMPERATURE (F)   70        60      2012
                                             1991


SUNRISE AND SUNSET
AUGUST 21 2014........SUNRISE   627 AM CDT   SUNSET   739 PM CDT
AUGUST 22 2014........SUNRISE   628 AM CDT   SUNSET   738 PM CDT


-  INDICATES NEGATIVE NUMBERS.
R  INDICATES RECORD WAS SET OR TIED.
MM INDICATES DATA IS MISSING.
T  INDICATES TRACE AMOUNT.




$$
