000
CDUS44 KJAN 290717
CLIGWO


CLIMATE REPORT
NATIONAL WEATHER SERVICE JACKSON MS
214 AM CDT WED JUL 29 2015


...................................

...THE GREENWOOD CLIMATE SUMMARY FOR JULY 28 2015...

CLIMATE NORMAL PERIOD 1981 TO 2010
CLIMATE RECORD PERIOD 1948 TO 2015


WEATHER ITEM   OBSERVED TIME   RECORD YEAR NORMAL DEPARTURE LAST
                VALUE   (LST)  VALUE       VALUE  FROM      YEAR
                                                  NORMAL
..................................................................
TEMPERATURE (F)
 YESTERDAY
  MAXIMUM         98    326 PM 104    1952  92      6       89
  MINIMUM         74    521 AM  61    2004  71      3       67
  AVERAGE         86                        81      5       78

PRECIPITATION (IN)
  YESTERDAY        0.00          2.71 2009   0.09  -0.09     0.00
  MONTH TO DATE    2.08                      3.31  -1.23     5.57
  SINCE JUN 1      4.37                      7.62  -3.25    14.60
  SINCE JAN 1     32.30                     30.95   1.35    37.72

SNOWFALL (IN)
  YESTERDAY        0.0

DEGREE DAYS
 HEATING
  YESTERDAY        0                         0      0        0
  MONTH TO DATE    0                         0      0        0
  SINCE JUN 1      0                         0      0        0
  SINCE JUL 1      0                         0      0        0

 COOLING
  YESTERDAY       21                        16      5       13
  MONTH TO DATE  511                       448     63      346
  SINCE JUN 1    949                       861     88      770
  SINCE JAN 1   1313                      1191    122     1064
..................................................................


WIND (MPH)
  HIGHEST WIND SPEED     8   HIGHEST WIND DIRECTION     S (200)
  HIGHEST GUST SPEED     9   HIGHEST GUST DIRECTION     S (200)
  AVERAGE WIND SPEED     1.6


SKY COVER
  POSSIBLE SUNSHINE  MM
  AVERAGE SKY COVER 0.1


WEATHER CONDITIONS
 THE FOLLOWING WEATHER WAS RECORDED YESTERDAY.
  FOG


RELATIVE HUMIDITY (PERCENT)
 HIGHEST    94           200 AM
 LOWEST     46           100 PM
 AVERAGE    70

..........................................................


THE GREENWOOD CLIMATE NORMALS FOR TODAY
                         NORMAL    RECORD    YEAR
 MAXIMUM TEMPERATURE (F)   92       104      1986
 MINIMUM TEMPERATURE (F)   71        61      1994


SUNRISE AND SUNSET
JULY 29 2015..........SUNRISE   611 AM CDT   SUNSET   803 PM CDT
JULY 30 2015..........SUNRISE   611 AM CDT   SUNSET   802 PM CDT


-  INDICATES NEGATIVE NUMBERS.
R  INDICATES RECORD WAS SET OR TIED.
MM INDICATES DATA IS MISSING.
T  INDICATES TRACE AMOUNT.




$$
