000
CDUS44 KJAN 190734
CLIGWO


CLIMATE REPORT
NATIONAL WEATHER SERVICE JACKSON MS
232 AM CDT FRI SEP 19 2014


...................................

...THE GREENWOOD CLIMATE SUMMARY FOR SEPTEMBER 18 2014...

CLIMATE NORMAL PERIOD 1981 TO 2010
CLIMATE RECORD PERIOD 1948 TO 2014


WEATHER ITEM   OBSERVED TIME   RECORD YEAR NORMAL DEPARTURE LAST
                VALUE   (LST)  VALUE       VALUE  FROM      YEAR
                                                  NORMAL
..................................................................
TEMPERATURE (F)
 YESTERDAY
  MAXIMUM         90   1204 PM  99    2010  86      4       92
  MINIMUM         69    532 AM  46    1999  62      7       66
                                      1981
  AVERAGE         80                        74      6       79

PRECIPITATION (IN)
  YESTERDAY        0.01          3.37 2009   0.12  -0.11     0.00
  MONTH TO DATE    0.31                      2.13  -1.82     0.70
  SINCE SEP 1      0.31                      2.13  -1.82     0.70
  SINCE JAN 1     41.07                     36.20   4.87    38.95

SNOWFALL (IN)
  YESTERDAY        0.0

DEGREE DAYS
 HEATING
  YESTERDAY        0                         0      0        0
  MONTH TO DATE    0                         0      0        0
  SINCE SEP 1      0                         0      0        0
  SINCE JUL 1      0                         0      0        0

 COOLING
  YESTERDAY       15                         9      6       14
  MONTH TO DATE  257                       214     43      264
  SINCE SEP 1    257                       214     43      264
  SINCE JAN 1   1813                      1956   -143     1886
..................................................................


WIND (MPH)
  HIGHEST WIND SPEED    14   HIGHEST WIND DIRECTION     E (90)
  HIGHEST GUST SPEED    18   HIGHEST GUST DIRECTION     W (260)
  AVERAGE WIND SPEED     4.2


SKY COVER
  POSSIBLE SUNSHINE  MM
  AVERAGE SKY COVER 0.2


WEATHER CONDITIONS
 THE FOLLOWING WEATHER WAS RECORDED YESTERDAY.
  LIGHT RAIN


RELATIVE HUMIDITY (PERCENT)
 HIGHEST    97          1100 PM
 LOWEST     53          1200 PM
 AVERAGE    75

..........................................................


THE GREENWOOD CLIMATE NORMALS FOR TODAY
                         NORMAL    RECORD    YEAR
 MAXIMUM TEMPERATURE (F)   86       100      2010
 MINIMUM TEMPERATURE (F)   61        42      1973


SUNRISE AND SUNSET
SEPTEMBER 19 2014.....SUNRISE   646 AM CDT   SUNSET   701 PM CDT
SEPTEMBER 20 2014.....SUNRISE   647 AM CDT   SUNSET   700 PM CDT


-  INDICATES NEGATIVE NUMBERS.
R  INDICATES RECORD WAS SET OR TIED.
MM INDICATES DATA IS MISSING.
T  INDICATES TRACE AMOUNT.




$$
