000
CDUS44 KJAN 230729
CLIGWO


CLIMATE REPORT
NATIONAL WEATHER SERVICE JACKSON MS
127 AM CST THU NOV 23 2017


...................................

...THE GREENWOOD CLIMATE SUMMARY FOR NOVEMBER 22 2017...

CLIMATE NORMAL PERIOD 1981 TO 2010
CLIMATE RECORD PERIOD 1948 TO 2017


WEATHER ITEM   OBSERVED TIME   RECORD YEAR NORMAL DEPARTURE LAST
                VALUE   (LST)  VALUE       VALUE  FROM      YEAR
                                                  NORMAL
..................................................................
TEMPERATURE (F)
 YESTERDAY
  MAXIMUM         57    235 PM  81    2010  64     -7       72
  MINIMUM         30   1159 PM  23    1964  41    -11       35
  AVERAGE         44                        52     -8       54

PRECIPITATION (IN)
  YESTERDAY        0.00          1.93 1979   0.17  -0.17     0.00
  MONTH TO DATE    1.83                      3.10  -1.27     0.78
  SINCE SEP 1      4.96                     10.63  -5.67     3.48
  SINCE JAN 1     40.82                     44.70  -3.88    39.98

SNOWFALL (IN)
  YESTERDAY       MM

DEGREE DAYS
 HEATING
  YESTERDAY       21                        13      8       11
  MONTH TO DATE  186                       221    -35      163
  SINCE SEP 1    308                       352    -44      191
  SINCE JUL 1    308                       352    -44      191

 COOLING
  YESTERDAY        0                         0      0        0
  MONTH TO DATE   43                        14     29       24
  SINCE SEP 1    506                       414     92      612
  SINCE JAN 1   2341                      2156    185     2559
..................................................................


WIND (MPH)
  HIGHEST WIND SPEED    17   HIGHEST WIND DIRECTION     N (20)
  HIGHEST GUST SPEED    22   HIGHEST GUST DIRECTION     N (360)
  AVERAGE WIND SPEED     7.1


SKY COVER
  POSSIBLE SUNSHINE  MM
  AVERAGE SKY COVER 0.0


WEATHER CONDITIONS
 THE FOLLOWING WEATHER WAS RECORDED YESTERDAY.
  NO SIGNIFICANT WEATHER WAS OBSERVED.


RELATIVE HUMIDITY (PERCENT)
 HIGHEST   100           200 AM
 LOWEST     32           100 PM
 AVERAGE    66

..........................................................


THE GREENWOOD CLIMATE NORMALS FOR TODAY
                         NORMAL    RECORD    YEAR
 MAXIMUM TEMPERATURE (F)   63        79      2010
                                             1973
 MINIMUM TEMPERATURE (F)   40        22      1976


SUNRISE AND SUNSET
NOVEMBER 23 2017......SUNRISE   639 AM CST   SUNSET   454 PM CST
NOVEMBER 24 2017......SUNRISE   640 AM CST   SUNSET   454 PM CST


-  INDICATES NEGATIVE NUMBERS.
R  INDICATES RECORD WAS SET OR TIED.
MM INDICATES DATA IS MISSING.
T  INDICATES TRACE AMOUNT.




$$
