000
CDUS44 KJAN 180639
CLIGWO


CLIMATE REPORT
NATIONAL WEATHER SERVICE JACKSON MS
1234 AM CST WED JAN 18 2017


...................................

...THE GREENWOOD CLIMATE SUMMARY FOR JANUARY 17 2017...

CLIMATE NORMAL PERIOD 1981 TO 2010
CLIMATE RECORD PERIOD 1948 TO 2017


WEATHER ITEM   OBSERVED TIME   RECORD YEAR NORMAL DEPARTURE LAST
                VALUE   (LST)  VALUE       VALUE  FROM      YEAR
                                                  NORMAL
..................................................................
TEMPERATURE (F)
 YESTERDAY
  MAXIMUM         69    216 AM  75    1973  53     16       47
  MINIMUM         53   1148 PM   5    1977  33     20       27
  AVERAGE         61                        43     18       37

PRECIPITATION (IN)
  YESTERDAY        0.97          1.40 2006   0.14   0.83     0.00
  MONTH TO DATE    1.82                      2.45  -0.63     0.37
  SINCE DEC 1      6.51                      8.10  -1.59     5.47
  SINCE JAN 1      1.82                      2.45  -0.63     0.37

SNOWFALL (IN)
  YESTERDAY        0.0

DEGREE DAYS
 HEATING
  YESTERDAY        4                        22    -18       28
  MONTH TO DATE  226                       374   -148      385
  SINCE DEC 1    759                       972   -213      691
  SINCE JUL 1   1051                      1440   -389      919

 COOLING
  YESTERDAY        0                         0      0        0
  MONTH TO DATE   10                         0     10        0
  SINCE DEC 1     23                         5     18       65
  SINCE JAN 1     10                         0     10        0
..................................................................


WIND (MPH)
  HIGHEST WIND SPEED    17   HIGHEST WIND DIRECTION     S (200)
  HIGHEST GUST SPEED    22   HIGHEST GUST DIRECTION     S (200)
  AVERAGE WIND SPEED     4.3


SKY COVER
  POSSIBLE SUNSHINE  MM
  AVERAGE SKY COVER 0.9


WEATHER CONDITIONS
 THE FOLLOWING WEATHER WAS RECORDED YESTERDAY.
  HEAVY RAIN
  RAIN
  LIGHT RAIN
  FOG


RELATIVE HUMIDITY (PERCENT)
 HIGHEST    93           900 AM
 LOWEST     76          1200 AM
 AVERAGE    85

..........................................................


THE GREENWOOD CLIMATE NORMALS FOR TODAY
                         NORMAL    RECORD    YEAR
 MAXIMUM TEMPERATURE (F)   53        75      1974
 MINIMUM TEMPERATURE (F)   33         9      1948


SUNRISE AND SUNSET
JANUARY 18 2017.......SUNRISE   703 AM CST   SUNSET   519 PM CST
JANUARY 19 2017.......SUNRISE   703 AM CST   SUNSET   519 PM CST


-  INDICATES NEGATIVE NUMBERS.
R  INDICATES RECORD WAS SET OR TIED.
MM INDICATES DATA IS MISSING.
T  INDICATES TRACE AMOUNT.




$$
