100
CDUS44 KJAN 222137
CLIGWO


CLIMATE REPORT
NATIONAL WEATHER SERVICE JACKSON MS
432 PM CDT FRI SEP 22 2017


...................................

...THE GREENWOOD CLIMATE SUMMARY FOR SEPTEMBER 22 2017...
VALID TODAY AS OF 0400 PM LOCAL TIME.

CLIMATE NORMAL PERIOD 1981 TO 2010
CLIMATE RECORD PERIOD 1948 TO 2017


WEATHER ITEM   OBSERVED TIME   RECORD YEAR NORMAL DEPARTURE LAST
                VALUE   (LST)  VALUE       VALUE  FROM      YEAR
                                                  NORMAL
..................................................................
TEMPERATURE (F)
 TODAY
  MAXIMUM         95    153 PM  98    1970  85     10       94
  MINIMUM         68    605 AM  40    1983  60      8       68
  AVERAGE         82                        73      9       81

PRECIPITATION (IN)
  TODAY            0.00          2.58 1989   0.12  -0.12     0.00
  MONTH TO DATE    2.31                      2.60  -0.29     1.88
  SINCE SEP 1      2.31                      2.60  -0.29     1.88
  SINCE JAN 1     38.17                     36.67   1.50    38.38

DEGREE DAYS
 HEATING
  TODAY            0                         1     -1        0
  MONTH TO DATE    2                         3     -1        0
  SINCE SEP 1      2                         3     -1        0
  SINCE JUL 1      2                         3     -1        0

 COOLING
  TODAY           17                         8      9       16
  MONTH TO DATE  209                       249    -40      353
  SINCE SEP 1    209                       249    -40      353
  SINCE JAN 1   2044                      1991     53     2300
..................................................................


WIND (MPH)
  HIGHEST WIND SPEED    10   HIGHEST WIND DIRECTION     N (20)
  HIGHEST GUST SPEED    18   HIGHEST GUST DIRECTION    NE (30)
  AVERAGE WIND SPEED     3.3


SKY COVER
  POSSIBLE SUNSHINE  MM
  AVERAGE SKY COVER 0.1


WEATHER CONDITIONS
 THE FOLLOWING WEATHER WAS RECORDED TODAY.
  FOG


RELATIVE HUMIDITY (PERCENT)
 HIGHEST   100          1200 AM
 LOWEST     42           200 PM
 AVERAGE    71

..........................................................


THE GREENWOOD CLIMATE NORMALS FOR TOMORROW
                         NORMAL    RECORD    YEAR
 MAXIMUM TEMPERATURE (F)   85        96      2016
 MINIMUM TEMPERATURE (F)   60        40      1999


SUNRISE AND SUNSET
SEPTEMBER 22 2017.....SUNRISE   649 AM CDT   SUNSET   657 PM CDT
SEPTEMBER 23 2017.....SUNRISE   649 AM CDT   SUNSET   655 PM CDT


-  INDICATES NEGATIVE NUMBERS.
R  INDICATES RECORD WAS SET OR TIED.
MM INDICATES DATA IS MISSING.
T  INDICATES TRACE AMOUNT.




$$
