000
CDUS44 KJAN 060629
CLIGWO


CLIMATE REPORT
NATIONAL WEATHER SERVICE JACKSON MS
126 AM CDT FRI MAY 6 2016


...................................

...THE GREENWOOD CLIMATE SUMMARY FOR MAY 5 2016...

CLIMATE NORMAL PERIOD 1981 TO 2010
CLIMATE RECORD PERIOD 1948 TO 2016


WEATHER ITEM   OBSERVED TIME   RECORD YEAR NORMAL DEPARTURE LAST
                VALUE   (LST)  VALUE       VALUE  FROM      YEAR
                                                  NORMAL
..................................................................
TEMPERATURE (F)
 YESTERDAY
  MAXIMUM         75    206 PM  94    1952  80     -5       84
  MINIMUM         48    527 AM  43    2011  58    -10       59
  AVERAGE         62                        69     -7       72

PRECIPITATION (IN)
  YESTERDAY        0.00          1.95 1989   0.17  -0.17     0.00
  MONTH TO DATE    T                         0.87  -0.87     0.00
  SINCE MAR 1     16.85                     10.31   6.54    11.54
  SINCE JAN 1     24.30                     19.25   5.05    20.93

SNOWFALL (IN)
  YESTERDAY        0.0

DEGREE DAYS
 HEATING
  YESTERDAY        3                         1      2        0
  MONTH TO DATE    8                         5      3        5
  SINCE MAR 1    260                       445   -185      339
  SINCE JUL 1   1921                      2676   -755     2860

 COOLING
  YESTERDAY        0                         5     -5        7
  MONTH TO DATE    9                        22    -13       15
  SINCE MAR 1    132                       119     13      126
  SINCE JAN 1    140                       124     16      126
..................................................................


WIND (MPH)
  HIGHEST WIND SPEED    20   HIGHEST WIND DIRECTION     N (350)
  HIGHEST GUST SPEED    29   HIGHEST GUST DIRECTION     N (360)
  AVERAGE WIND SPEED     5.8


SKY COVER
  POSSIBLE SUNSHINE  MM
  AVERAGE SKY COVER 0.0


WEATHER CONDITIONS
 THE FOLLOWING WEATHER WAS RECORDED YESTERDAY.
  NO SIGNIFICANT WEATHER WAS OBSERVED.


RELATIVE HUMIDITY (PERCENT)
 HIGHEST    93           600 AM
 LOWEST     25           400 PM
 AVERAGE    59

..........................................................


THE GREENWOOD CLIMATE NORMALS FOR TODAY
                         NORMAL    RECORD    YEAR
 MAXIMUM TEMPERATURE (F)   80        93      2007
 MINIMUM TEMPERATURE (F)   58        45      1957


SUNRISE AND SUNSET
MAY  6 2016...........SUNRISE   607 AM CDT   SUNSET   747 PM CDT
MAY  7 2016...........SUNRISE   606 AM CDT   SUNSET   748 PM CDT


-  INDICATES NEGATIVE NUMBERS.
R  INDICATES RECORD WAS SET OR TIED.
MM INDICATES DATA IS MISSING.
T  INDICATES TRACE AMOUNT.




$$
