000
CDUS44 KJAN 200648
CLIGWO


CLIMATE REPORT
NATIONAL WEATHER SERVICE JACKSON MS
146 AM CDT MON OCT 20 2014


...................................

...THE GREENWOOD CLIMATE SUMMARY FOR OCTOBER 19 2014...

CLIMATE NORMAL PERIOD 1981 TO 2010
CLIMATE RECORD PERIOD 1948 TO 2014


WEATHER ITEM   OBSERVED TIME   RECORD YEAR NORMAL DEPARTURE LAST
                VALUE   (LST)  VALUE       VALUE  FROM      YEAR
                                                  NORMAL
..................................................................
TEMPERATURE (F)
 YESTERDAY
  MAXIMUM         72    316 PM  88    2005  76     -4       65
                                      1956
  MINIMUM         44    413 AM  30    1948  51     -7       40
  AVERAGE         58                        63     -5       53

PRECIPITATION (IN)
  YESTERDAY        0.00          0.97 1970   0.13  -0.13     0.00
  MONTH TO DATE    5.80                      2.37   3.43     1.00
  SINCE SEP 1      6.18                      6.03   0.15     9.09
  SINCE JAN 1     46.94                     40.10   6.84    47.34

SNOWFALL (IN)
  YESTERDAY        0.0

DEGREE DAYS
 HEATING
  YESTERDAY        7                         4      3       12
  MONTH TO DATE   33                        51    -18       33
  SINCE SEP 1     33                        63    -30       33
  SINCE JUL 1     33                        63    -30       33

 COOLING
  YESTERDAY        0                         2     -2        0
  MONTH TO DATE  103                        73     30      101
  SINCE SEP 1    467                       378     89      459
  SINCE JAN 1   2023                      2120    -97     2081
..................................................................


WIND (MPH)
  HIGHEST WIND SPEED    13   HIGHEST WIND DIRECTION     E (90)
  HIGHEST GUST SPEED    15   HIGHEST GUST DIRECTION     E (90)
  AVERAGE WIND SPEED     4.3


SKY COVER
  POSSIBLE SUNSHINE  MM
  AVERAGE SKY COVER 0.0


WEATHER CONDITIONS
 THE FOLLOWING WEATHER WAS RECORDED YESTERDAY.
  FOG


RELATIVE HUMIDITY (PERCENT)
 HIGHEST    96           800 PM
 LOWEST     44           100 PM
 AVERAGE    70

..........................................................


THE GREENWOOD CLIMATE NORMALS FOR TODAY
                         NORMAL    RECORD    YEAR
 MAXIMUM TEMPERATURE (F)   76        88      1983
 MINIMUM TEMPERATURE (F)   50        31      1989


SUNRISE AND SUNSET
OCTOBER 20 2014.......SUNRISE   709 AM CDT   SUNSET   621 PM CDT
OCTOBER 21 2014.......SUNRISE   710 AM CDT   SUNSET   620 PM CDT


-  INDICATES NEGATIVE NUMBERS.
R  INDICATES RECORD WAS SET OR TIED.
MM INDICATES DATA IS MISSING.
T  INDICATES TRACE AMOUNT.




$$
