000
CDUS44 KJAN 240720
CLIGWO


CLIMATE REPORT
NATIONAL WEATHER SERVICE JACKSON MS
216 AM CDT FRI MAR 24 2017


...................................

...THE GREENWOOD CLIMATE SUMMARY FOR MARCH 23 2017...

CLIMATE NORMAL PERIOD 1981 TO 2010
CLIMATE RECORD PERIOD 1948 TO 2017


WEATHER ITEM   OBSERVED TIME   RECORD YEAR NORMAL DEPARTURE LAST
                VALUE   (LST)  VALUE       VALUE  FROM      YEAR
                                                  NORMAL
..................................................................
TEMPERATURE (F)
 YESTERDAY
  MAXIMUM         84    426 PM  88    1995  69     15       77
  MINIMUM         53    639 AM  28    2002  46      7       51
  AVERAGE         69                        57     12       64

PRECIPITATION (IN)
  YESTERDAY        0.00          1.87 2013   0.15  -0.15     0.00
  MONTH TO DATE    2.65                      3.12  -0.47     6.49
  SINCE MAR 1      2.65                      3.12  -0.47     6.49
  SINCE JAN 1     10.93                     12.06  -1.13    13.94

SNOWFALL (IN)
  YESTERDAY        0.0

DEGREE DAYS
 HEATING
  YESTERDAY        0                         8     -8        1
  MONTH TO DATE  226                       256    -30      153
  SINCE MAR 1    226                       256    -30      153
  SINCE JUL 1   1709                      2487   -778     1814

 COOLING
  YESTERDAY        4                         1      3        0
  MONTH TO DATE   22                        17      5       28
  SINCE MAR 1     22                        17      5       28
  SINCE JAN 1     56                        22     34       36
..................................................................


WIND (MPH)
  HIGHEST WIND SPEED    17   HIGHEST WIND DIRECTION     S (180)
  HIGHEST GUST SPEED    20   HIGHEST GUST DIRECTION     S (170)
  AVERAGE WIND SPEED     8.0


SKY COVER
  POSSIBLE SUNSHINE  MM
  AVERAGE SKY COVER 0.0


WEATHER CONDITIONS
 THE FOLLOWING WEATHER WAS RECORDED YESTERDAY.
  NO SIGNIFICANT WEATHER WAS OBSERVED.


RELATIVE HUMIDITY (PERCENT)
 HIGHEST    57          1100 PM
 LOWEST     29           900 AM
 AVERAGE    43

..........................................................


THE GREENWOOD CLIMATE NORMALS FOR TODAY
                         NORMAL    RECORD    YEAR
 MAXIMUM TEMPERATURE (F)   69        86      2007
 MINIMUM TEMPERATURE (F)   46        30      2008
                                             1968


SUNRISE AND SUNSET
MARCH 24 2017.........SUNRISE   658 AM CDT   SUNSET   715 PM CDT
MARCH 25 2017.........SUNRISE   657 AM CDT   SUNSET   716 PM CDT


-  INDICATES NEGATIVE NUMBERS.
R  INDICATES RECORD WAS SET OR TIED.
MM INDICATES DATA IS MISSING.
T  INDICATES TRACE AMOUNT.




$$
