000
CDUS44 KJAN 280650
CLIGWO


CLIMATE REPORT
NATIONAL WEATHER SERVICE JACKSON MS
1248 AM CST FRI NOV 28 2014


...................................

...THE GREENWOOD CLIMATE SUMMARY FOR NOVEMBER 27 2014...

CLIMATE NORMAL PERIOD 1981 TO 2010
CLIMATE RECORD PERIOD 1948 TO 2014


WEATHER ITEM   OBSERVED TIME   RECORD YEAR NORMAL DEPARTURE LAST
                VALUE   (LST)  VALUE       VALUE  FROM      YEAR
                                                  NORMAL
..................................................................
TEMPERATURE (F)
 YESTERDAY
  MAXIMUM         48    246 PM  83    1990  62    -14       39
                                      1988
  MINIMUM         28   1146 PM  22    2013  39    -11       22
  AVERAGE         38                        51    -13       31

PRECIPITATION (IN)
  YESTERDAY        0.00          3.33 1982   0.18  -0.18     0.00
  MONTH TO DATE    3.06                      3.95  -0.89     3.99
  SINCE SEP 1      9.84                     11.48  -1.64    15.45
  SINCE JAN 1     50.60                     45.55   5.05    53.70

SNOWFALL (IN)
  YESTERDAY        0.0

DEGREE DAYS
 HEATING
  YESTERDAY       27                        15     12       34
  MONTH TO DATE  470                       291    179      374
  SINCE SEP 1    564                       422    142      490
  SINCE JUL 1    564                       422    142      490

 COOLING
  YESTERDAY        0                         0      0        0
  MONTH TO DATE    0                        14    -14        6
  SINCE SEP 1    484                       414     70      476
  SINCE JAN 1   2040                      2156   -116     2098
..................................................................


WIND (MPH)
  HIGHEST WIND SPEED    17   HIGHEST WIND DIRECTION     N (350)
  HIGHEST GUST SPEED    23   HIGHEST GUST DIRECTION    NW (330)
  AVERAGE WIND SPEED     4.8


SKY COVER
  POSSIBLE SUNSHINE  MM
  AVERAGE SKY COVER 0.2


WEATHER CONDITIONS
 THE FOLLOWING WEATHER WAS RECORDED YESTERDAY.
  NO SIGNIFICANT WEATHER WAS OBSERVED.


RELATIVE HUMIDITY (PERCENT)
 HIGHEST    92           400 AM
 LOWEST     49          1100 AM
 AVERAGE    71

..........................................................


THE GREENWOOD CLIMATE NORMALS FOR TODAY
                         NORMAL    RECORD    YEAR
 MAXIMUM TEMPERATURE (F)   61        80      1949
 MINIMUM TEMPERATURE (F)   39        19      2013


SUNRISE AND SUNSET
NOVEMBER 28 2014......SUNRISE   644 AM CST   SUNSET   453 PM CST
NOVEMBER 29 2014......SUNRISE   645 AM CST   SUNSET   453 PM CST


-  INDICATES NEGATIVE NUMBERS.
R  INDICATES RECORD WAS SET OR TIED.
MM INDICATES DATA IS MISSING.
T  INDICATES TRACE AMOUNT.




$$
