466
CDUS41 KGYX 170910
CLIGYX


CLIMATE REPORT
NATIONAL WEATHER SERVICE GRAY ME
410 AM EST SAT FEB 17 2018


...................................

...THE GRAY ME CLIMATE SUMMARY FOR FEBRUARY 16 2018...

CLIMATE NORMAL PERIOD 1981 TO 2010
CLIMATE RECORD PERIOD 1995 TO 2018


WEATHER ITEM   OBSERVED TIME   RECORD YEAR NORMAL DEPARTURE LAST
                VALUE   (LST)  VALUE       VALUE  FROM      YEAR
                                                  NORMAL
..................................................................
TEMPERATURE (F)
 YESTERDAY
  MAXIMUM         46        MM  MM      MM  34     12       30
  MINIMUM         25        MM  MM      MM  16      9       21
  AVERAGE         36                        25     11       26

PRECIPITATION (IN)
  YESTERDAY        T            MM      MM   0.13  -0.13     0.27
  MONTH TO DATE    2.40                      1.78   0.62     3.28
  SINCE DEC 1      9.47                      9.37   0.10    11.08
  SINCE JAN 1      6.00                      5.31   0.69     6.26

SNOWFALL (IN)
  YESTERDAY        0.0          MM      MM   0.6   -0.6      3.6
  MONTH TO DATE   11.3                       9.0    2.3     44.6
  SINCE DEC 1     54.0                      48.5    5.5     88.5
  SINCE JUL 1     55.2                      51.6    3.6     89.8
  SNOW DEPTH      10

DEGREE DAYS
 HEATING
  YESTERDAY       29                        40    -11       39
  MONTH TO DATE  639                       671    -32      706
  SINCE DEC 1   3355                      3204    151     3083
  SINCE JUL 1   4548                      4701   -153     4362

 COOLING
  YESTERDAY        0                         0      0        0
  MONTH TO DATE    0                         0      0        0
  SINCE DEC 1      0                         0      0        0
  SINCE JAN 1      0                         0      0        0
..................................................................







THE GRAY ME CLIMATE NORMALS FOR TODAY
                         NORMAL
 MAXIMUM TEMPERATURE (F)   34
 MINIMUM TEMPERATURE (F)   17


SUNRISE AND SUNSET
FEBRUARY 17 2018......SUNRISE   637 AM EST   SUNSET   514 PM EST
FEBRUARY 18 2018......SUNRISE   636 AM EST   SUNSET   515 PM EST


-  INDICATES NEGATIVE NUMBERS.
R  INDICATES RECORD WAS SET OR TIED.
MM INDICATES DATA IS MISSING.
T  INDICATES TRACE AMOUNT.




$$
