615
CDUS41 KGYX 270711
CLIGYX


CLIMATE REPORT
NATIONAL WEATHER SERVICE GRAY ME
311 AM EDT THU APR 27 2017


...................................

...THE GRAY ME CLIMATE SUMMARY FOR APRIL 26 2017...

CLIMATE NORMAL PERIOD 1981 TO 2010
CLIMATE RECORD PERIOD 1995 TO 2017


WEATHER ITEM   OBSERVED TIME   RECORD YEAR NORMAL DEPARTURE LAST
                VALUE   (LST)  VALUE       VALUE  FROM      YEAR
                                                  NORMAL
..................................................................
TEMPERATURE (F)
 YESTERDAY
  MAXIMUM         54        MM  MM      MM  58     -4       42
  MINIMUM         42        MM  MM      MM  39      3       29
  AVERAGE         48                        49     -1       36

PRECIPITATION (IN)
  YESTERDAY        1.17         MM      MM   0.15   1.02     0.60
  MONTH TO DATE    4.97                      3.80   1.17     2.81
  SINCE MAR 1      7.79                      7.97  -0.18     7.35
  SINCE JAN 1     14.47                     14.81  -0.34    15.61

SNOWFALL (IN)
  YESTERDAY        0.0          MM      MM   0.1   -0.1      4.2
  MONTH TO DATE   11.0                       4.7    6.3      5.2
  SINCE MAR 1     34.1                      24.6    9.5     14.5
  SINCE JUL 1    123.9                      83.7   40.2     51.8
  SNOW DEPTH       0

DEGREE DAYS
 HEATING
  YESTERDAY       17                        17      0       29
  MONTH TO DATE  508                       561    -53      579
  SINCE MAR 1   1671                      1554    117     1471
  SINCE JUL 1   6365                      6712   -347     5991

 COOLING
  YESTERDAY        0                         0      0        0
  MONTH TO DATE    2                         0      2        0
  SINCE MAR 1      2                         0      2        0
  SINCE JAN 1      2                         0      2        0
..................................................................







THE GRAY ME CLIMATE NORMALS FOR TODAY
                         NORMAL
 MAXIMUM TEMPERATURE (F)   59
 MINIMUM TEMPERATURE (F)   39


SUNRISE AND SUNSET
APRIL 27 2017.........SUNRISE   538 AM EDT   SUNSET   740 PM EDT
APRIL 28 2017.........SUNRISE   537 AM EDT   SUNSET   741 PM EDT


-  INDICATES NEGATIVE NUMBERS.
R  INDICATES RECORD WAS SET OR TIED.
MM INDICATES DATA IS MISSING.
T  INDICATES TRACE AMOUNT.




$$
