000
CDUS41 KGYX 070831
CLIGYX


CLIMATE REPORT
NATIONAL WEATHER SERVICE GRAY ME
430 AM EDT TUE JUL 7 2015


...................................

...THE GRAY ME CLIMATE SUMMARY FOR JULY 6 2015...

CLIMATE NORMAL PERIOD 1981 TO 2010
CLIMATE RECORD PERIOD 1995 TO 2015


WEATHER ITEM   OBSERVED TIME   RECORD YEAR NORMAL DEPARTURE LAST
                VALUE   (LST)  VALUE       VALUE  FROM      YEAR
                                                  NORMAL
..................................................................
TEMPERATURE (F)
 YESTERDAY
  MAXIMUM         81        MM  MM      MM  78      3       82
  MINIMUM         61        MM  MM      MM  59      2       64
  AVERAGE         71                        69      2       73

PRECIPITATION (IN)
  YESTERDAY        0.00         MM      MM   0.14  -0.14     0.00
  MONTH TO DATE    0.37                      0.87  -0.50     2.78
  SINCE JUN 1      6.44                      5.17   1.27     5.78
  SINCE JAN 1     19.49                     24.46  -4.97    24.13

SNOWFALL (IN)
  YESTERDAY        0.0          MM      MM   0.0    0.0      0.0
  MONTH TO DATE    0.0                       0.0    0.0      0.0
  SINCE JUN 1      0.0                       0.0    0.0      0.0
  SINCE JUL 1      0.0                       0.0    0.0      0.0
  SNOW DEPTH       0

DEGREE DAYS
 HEATING
  YESTERDAY        0                         1     -1        0
  MONTH TO DATE    4                         6     -2        0
  SINCE JUN 1    161                       100     61       74
  SINCE JUL 1      4                         6     -2        0

 COOLING
  YESTERDAY        6                         4      2        8
  MONTH TO DATE   14                        24    -10       43
  SINCE JUN 1     49                        89    -40      108
  SINCE JAN 1     89                       100    -11      109
..................................................................







THE GRAY ME CLIMATE NORMALS FOR TODAY
                         NORMAL
 MAXIMUM TEMPERATURE (F)   79
 MINIMUM TEMPERATURE (F)   59


SUNRISE AND SUNSET
JULY  7 2015..........SUNRISE   506 AM EDT   SUNSET   826 PM EDT
JULY  8 2015..........SUNRISE   507 AM EDT   SUNSET   825 PM EDT


-  INDICATES NEGATIVE NUMBERS.
R  INDICATES RECORD WAS SET OR TIED.
MM INDICATES DATA IS MISSING.
T  INDICATES TRACE AMOUNT.




$$
