000
CDUS41 KGYX 210810
CLIGYX


CLIMATE REPORT
NATIONAL WEATHER SERVICE GRAY ME
409 AM EDT MON AUG 21 2017


...................................

...THE GRAY ME CLIMATE SUMMARY FOR AUGUST 20 2017...

CLIMATE NORMAL PERIOD 1981 TO 2010
CLIMATE RECORD PERIOD 1995 TO 2017


WEATHER ITEM   OBSERVED TIME   RECORD YEAR NORMAL DEPARTURE LAST
                VALUE   (LST)  VALUE       VALUE  FROM      YEAR
                                                  NORMAL
..................................................................
TEMPERATURE (F)
 YESTERDAY
  MAXIMUM         82        MM  MM      MM  78      4       78
  MINIMUM         62        MM  MM      MM  59      3       60
  AVERAGE         72                        68      4       69

PRECIPITATION (IN)
  YESTERDAY        0.00         MM      MM   0.11  -0.11     0.00
  MONTH TO DATE    2.22                      2.29  -0.07     2.12
  SINCE JUN 1      6.98                     10.89  -3.91    10.35
  SINCE JAN 1     27.52                     30.18  -2.66    27.98

SNOWFALL (IN)
  YESTERDAY        0.0          MM      MM   0.0    0.0      0.0
  MONTH TO DATE    0.0                       0.0    0.0      0.0
  SINCE JUN 1      0.0                       0.0    0.0      0.0
  SINCE JUL 1      0.0                       0.0    0.0      0.0
  SNOW DEPTH       0

DEGREE DAYS
 HEATING
  YESTERDAY        0                         1     -1        0
  MONTH TO DATE    3                         8     -5        1
  SINCE JUN 1     93                       116    -23       89
  SINCE JUL 1     16                        22     -6       19

 COOLING
  YESTERDAY        7                         4      3        4
  MONTH TO DATE  111                        96     15      161
  SINCE JUN 1    390                       311     79      440
  SINCE JAN 1    411                       322     89      462
..................................................................







THE GRAY ME CLIMATE NORMALS FOR TODAY
                         NORMAL
 MAXIMUM TEMPERATURE (F)   78
 MINIMUM TEMPERATURE (F)   58


SUNRISE AND SUNSET
AUGUST 21 2017........SUNRISE   552 AM EDT   SUNSET   735 PM EDT
AUGUST 22 2017........SUNRISE   553 AM EDT   SUNSET   734 PM EDT


-  INDICATES NEGATIVE NUMBERS.
R  INDICATES RECORD WAS SET OR TIED.
MM INDICATES DATA IS MISSING.
T  INDICATES TRACE AMOUNT.




$$
