000
CDUS41 KGYX 210752
CLIGYX


CLIMATE REPORT
NATIONAL WEATHER SERVICE GRAY ME
351 AM EDT SAT OCT 21 2017


...................................

...THE GRAY ME CLIMATE SUMMARY FOR OCTOBER 20 2017...

CLIMATE NORMAL PERIOD 1981 TO 2010
CLIMATE RECORD PERIOD 1995 TO 2017


WEATHER ITEM   OBSERVED TIME   RECORD YEAR NORMAL DEPARTURE LAST
                VALUE   (LST)  VALUE       VALUE  FROM      YEAR
                                                  NORMAL
..................................................................
TEMPERATURE (F)
 YESTERDAY
  MAXIMUM         68        MM  MM      MM  57     11       61
  MINIMUM         52        MM  MM      MM  39     13       44
  AVERAGE         60                        48     12       53

PRECIPITATION (IN)
  YESTERDAY        0.00         MM      MM   0.18  -0.18      T
  MONTH TO DATE    0.74                      3.36  -2.62     0.86
  SINCE SEP 1      3.31                      7.55  -4.24     1.92
  SINCE JAN 1     31.24                     39.03  -7.79    31.09

SNOWFALL (IN)
  YESTERDAY        0.0          MM      MM   0.0    0.0      0.0
  MONTH TO DATE    0.0                       0.0    0.0      0.0
  SINCE SEP 1      0.0                       0.0    0.0      0.0
  SINCE JUL 1      0.0                       0.0    0.0      0.0
  SNOW DEPTH       0

DEGREE DAYS
 HEATING
  YESTERDAY        5                        17    -12       12
  MONTH TO DATE  142                       283   -141      204
  SINCE SEP 1    208                       451   -243      299
  SINCE JUL 1    239                       487   -248      318

 COOLING
  YESTERDAY        0                         0      0        0
  MONTH TO DATE   11                         0     11        0
  SINCE SEP 1     93                        28     65       80
  SINCE JAN 1    531                       387    144      607
..................................................................







THE GRAY ME CLIMATE NORMALS FOR TODAY
                         NORMAL
 MAXIMUM TEMPERATURE (F)   56
 MINIMUM TEMPERATURE (F)   39


SUNRISE AND SUNSET
OCTOBER 21 2017.......SUNRISE   703 AM EDT   SUNSET   547 PM EDT
OCTOBER 22 2017.......SUNRISE   705 AM EDT   SUNSET   546 PM EDT


-  INDICATES NEGATIVE NUMBERS.
R  INDICATES RECORD WAS SET OR TIED.
MM INDICATES DATA IS MISSING.
T  INDICATES TRACE AMOUNT.




$$
