000
CDUS41 KGYX 170902
CLIGYX


CLIMATE REPORT
NATIONAL WEATHER SERVICE GRAY ME
402 AM EST WED DEC 17 2014


...................................

...THE GRAY ME CLIMATE SUMMARY FOR DECEMBER 16 2014...

CLIMATE NORMAL PERIOD 1981 TO 2010
CLIMATE RECORD PERIOD 1995 TO 2014


WEATHER ITEM   OBSERVED TIME   RECORD YEAR NORMAL DEPARTURE LAST
                VALUE   (LST)  VALUE       VALUE  FROM      YEAR
                                                  NORMAL
..................................................................
TEMPERATURE (F)
 YESTERDAY
  MAXIMUM         33        MM  MM      MM  35     -2       22
  MINIMUM         27        MM  MM      MM  20      7        3
  AVERAGE         30                        27      3       13

PRECIPITATION (IN)
  YESTERDAY        0.01         MM      MM   0.12  -0.11      T
  MONTH TO DATE    3.70                      2.24   1.46     1.82
  SINCE DEC 1      3.70                      2.24   1.46     1.82
  SINCE JAN 1     50.33                     48.40   1.93    42.40

SNOWFALL (IN)
  YESTERDAY        0.0          MM      MM   0.6   -0.6       T
  MONTH TO DATE    5.7                       8.0   -2.3     14.9
  SINCE DEC 1      5.7                       8.0   -2.3     14.9
  SINCE JUL 1     20.7                      11.1    9.6     16.0
  SNOW DEPTH       2

DEGREE DAYS
 HEATING
  YESTERDAY       35                        38     -3       52
  MONTH TO DATE  579                       566     13      668
  SINCE DEC 1    579                       566     13      668
  SINCE JUL 1   2029                      2063    -34     2139

 COOLING
  YESTERDAY        0                         0      0        0
  MONTH TO DATE    0                         0      0        0
  SINCE DEC 1      0                         0      0        0
  SINCE JAN 1    369                       389    -20      486
..................................................................







THE GRAY ME CLIMATE NORMALS FOR TODAY
                         NORMAL
 MAXIMUM TEMPERATURE (F)   34
 MINIMUM TEMPERATURE (F)   19


SUNRISE AND SUNSET
DECEMBER 17 2014......SUNRISE   710 AM EST   SUNSET   405 PM EST
DECEMBER 18 2014......SUNRISE   710 AM EST   SUNSET   405 PM EST


-  INDICATES NEGATIVE NUMBERS.
R  INDICATES RECORD WAS SET OR TIED.
MM INDICATES DATA IS MISSING.
T  INDICATES TRACE AMOUNT.




$$
