000
CDUS41 KGYX 240808
CLIGYX


CLIMATE REPORT
NATIONAL WEATHER SERVICE GRAY ME
408 AM EDT FRI MAR 24 2017


...................................

...THE GRAY ME CLIMATE SUMMARY FOR MARCH 23 2017...

CLIMATE NORMAL PERIOD 1981 TO 2010
CLIMATE RECORD PERIOD 1995 TO 2017


WEATHER ITEM   OBSERVED TIME   RECORD YEAR NORMAL DEPARTURE LAST
                VALUE   (LST)  VALUE       VALUE  FROM      YEAR
                                                  NORMAL
..................................................................
TEMPERATURE (F)
 YESTERDAY
  MAXIMUM         32        MM  MM      MM  44    -12       44
  MINIMUM         11        MM  MM      MM  26    -15       34
  AVERAGE         22                        35    -13       39

PRECIPITATION (IN)
  YESTERDAY        0.00         MM      MM   0.15  -0.15     0.00
  MONTH TO DATE    1.67                      3.09  -1.42     3.19
  SINCE MAR 1      1.67                      3.09  -1.42     3.19
  SINCE JAN 1      8.35                      9.93  -1.58    11.45

SNOWFALL (IN)
  YESTERDAY        0.0          MM      MM   0.5   -0.5      0.0
  MONTH TO DATE   17.0                      16.2    0.8      9.3
  SINCE MAR 1     17.0                      16.2    0.8      9.3
  SINCE JUL 1    106.8                      75.3   31.5     46.6
  SNOW DEPTH      15

DEGREE DAYS
 HEATING
  YESTERDAY       43                        30     13       26
  MONTH TO DATE  913                       765    148      677
  SINCE MAR 1    913                       765    148      677
  SINCE JUL 1   5607                      5923   -316     5197

 COOLING
  YESTERDAY        0                         0      0        0
  MONTH TO DATE    0                         0      0        0
  SINCE MAR 1      0                         0      0        0
  SINCE JAN 1      0                         0      0        0
..................................................................







THE GRAY ME CLIMATE NORMALS FOR TODAY
                         NORMAL
 MAXIMUM TEMPERATURE (F)   44
 MINIMUM TEMPERATURE (F)   26


SUNRISE AND SUNSET
MARCH 24 2017.........SUNRISE   637 AM EDT   SUNSET   659 PM EDT
MARCH 25 2017.........SUNRISE   635 AM EDT   SUNSET   700 PM EDT


-  INDICATES NEGATIVE NUMBERS.
R  INDICATES RECORD WAS SET OR TIED.
MM INDICATES DATA IS MISSING.
T  INDICATES TRACE AMOUNT.




$$
