000
CDUS44 KJAN 140814
CLIHBG


CLIMATE REPORT
NATIONAL WEATHER SERVICE JACKSON MS
311 AM CDT MON JUL 14 2014


...................................

...THE HATTIESBURG CLIMATE SUMMARY FOR JULY 13 2014...

CLIMATE NORMAL PERIOD 1981 TO 2010
CLIMATE RECORD PERIOD 1948 TO 2014


WEATHER ITEM   OBSERVED TIME   RECORD YEAR NORMAL DEPARTURE LAST
                VALUE   (LST)  VALUE       VALUE  FROM      YEAR
                                                  NORMAL
..................................................................
TEMPERATURE (F)
 YESTERDAY
  MAXIMUM         92   1153 AM 100    2008  92      0       91
  MINIMUM         73    509 AM  65    1972  72      1       70
  AVERAGE         83                        82      1       81

PRECIPITATION (IN)
  YESTERDAY        T             1.35 2007   0.19  -0.19     0.05
  MONTH TO DATE    1.07                      2.54  -1.47     3.11
  SINCE JUN 1      6.01                      8.04  -2.03     8.19
  SINCE JAN 1     34.49                     34.58  -0.09    45.40

SNOWFALL (IN)
  YESTERDAY        0.0

DEGREE DAYS
 HEATING
  YESTERDAY        0                         0      0        0
  MONTH TO DATE    0                         0      0        0
  SINCE JUN 1      0                         0      0        0
  SINCE JUL 1      0                         0      0        0

 COOLING
  YESTERDAY       18                        17      1       16
  MONTH TO DATE  206                       216    -10      181
  SINCE JUN 1    673                       639     34      651
  SINCE JAN 1   1049                      1054     -5      993
..................................................................


WIND (MPH)
  HIGHEST WIND SPEED    15   HIGHEST WIND DIRECTION     S (180)
  HIGHEST GUST SPEED    17   HIGHEST GUST DIRECTION     S (180)
  AVERAGE WIND SPEED     2.1


SKY COVER
  POSSIBLE SUNSHINE  MM
  AVERAGE SKY COVER 0.2


WEATHER CONDITIONS
 THE FOLLOWING WEATHER WAS RECORDED YESTERDAY.
  THUNDERSTORM
  LIGHT RAIN
  FOG
  HAZE


RELATIVE HUMIDITY (PERCENT)
 HIGHEST   100           700 AM
 LOWEST     52          1200 PM
 AVERAGE    76

..........................................................


THE HATTIESBURG CLIMATE NORMALS FOR TODAY
                         NORMAL    RECORD    YEAR
 MAXIMUM TEMPERATURE (F)   92       101      1980
 MINIMUM TEMPERATURE (F)   72        63      1951


SUNRISE AND SUNSET
JULY 14 2014..........SUNRISE   603 AM CDT   SUNSET   803 PM CDT
JULY 15 2014..........SUNRISE   603 AM CDT   SUNSET   802 PM CDT


-  INDICATES NEGATIVE NUMBERS.
R  INDICATES RECORD WAS SET OR TIED.
MM INDICATES DATA IS MISSING.
T  INDICATES TRACE AMOUNT.




$$
