000
CDUS44 KJAN 210713
CLIHBG


CLIMATE REPORT
NATIONAL WEATHER SERVICE JACKSON MS
111 AM CST SUN JAN 21 2018


...................................

...THE HATTIESBURG CLIMATE SUMMARY FOR JANUARY 20 2018...

CLIMATE NORMAL PERIOD 1981 TO 2010
CLIMATE RECORD PERIOD 1948 TO 2018


WEATHER ITEM   OBSERVED TIME   RECORD YEAR NORMAL DEPARTURE LAST
                VALUE   (LST)  VALUE       VALUE  FROM      YEAR
                                                  NORMAL
..................................................................
TEMPERATURE (F)
 YESTERDAY
  MAXIMUM         69    234 PM  80    1982  60      9       78
  MINIMUM         38    247 AM  13    1977  37      1       61
  AVERAGE         54                        48      6       70

PRECIPITATION (IN)
  YESTERDAY        0.00          3.90 1979   0.18  -0.18     0.00
  MONTH TO DATE    1.75                      3.57  -1.82     6.48
  SINCE DEC 1      6.47                      8.48  -2.01    13.54
  SINCE JAN 1      1.75                      3.57  -1.82     6.48

SNOWFALL (IN)
  YESTERDAY        0.0

DEGREE DAYS
 HEATING
  YESTERDAY       11                        17     -6        0
  MONTH TO DATE  488                       333    155      166
  SINCE DEC 1    974                       790    184      504
  SINCE JUL 1   1279                      1118    161      700

 COOLING
  YESTERDAY        0                         0      0        5
  MONTH TO DATE    0                         0      0       29
  SINCE DEC 1      5                        13     -8       68
  SINCE JAN 1      0                         0      0       29
..................................................................


WIND (MPH)
  HIGHEST WIND SPEED    15   HIGHEST WIND DIRECTION     S (170)
  HIGHEST GUST SPEED    22   HIGHEST GUST DIRECTION     S (180)
  AVERAGE WIND SPEED     4.8


SKY COVER
  POSSIBLE SUNSHINE  MM
  AVERAGE SKY COVER 0.4


WEATHER CONDITIONS
 THE FOLLOWING WEATHER WAS RECORDED YESTERDAY.
  NO SIGNIFICANT WEATHER WAS OBSERVED.


RELATIVE HUMIDITY (PERCENT)
 HIGHEST    93          1100 PM
 LOWEST     42          1200 AM
 AVERAGE    68

..........................................................


THE HATTIESBURG CLIMATE NORMALS FOR TODAY
                         NORMAL    RECORD    YEAR
 MAXIMUM TEMPERATURE (F)   60        81      2012
 MINIMUM TEMPERATURE (F)   37         4      1985


SUNRISE AND SUNSET
JANUARY 21 2018.......SUNRISE   655 AM CST   SUNSET   522 PM CST
JANUARY 22 2018.......SUNRISE   654 AM CST   SUNSET   523 PM CST


-  INDICATES NEGATIVE NUMBERS.
R  INDICATES RECORD WAS SET OR TIED.
MM INDICATES DATA IS MISSING.
T  INDICATES TRACE AMOUNT.




$$
