000
CDUS44 KJAN 230735
CLIHBG


CLIMATE REPORT
NATIONAL WEATHER SERVICE JACKSON MS
133 AM CST THU FEB 23 2017


...................................

...THE HATTIESBURG CLIMATE SUMMARY FOR FEBRUARY 22 2017...

CLIMATE NORMAL PERIOD 1981 TO 2010
CLIMATE RECORD PERIOD 1948 TO 2017


WEATHER ITEM   OBSERVED TIME   RECORD YEAR NORMAL DEPARTURE LAST
                VALUE   (LST)  VALUE       VALUE  FROM      YEAR
                                                  NORMAL
..................................................................
TEMPERATURE (F)
 YESTERDAY
  MAXIMUM         71    427 PM  82    2006  65      6       72
                                      1949
  MINIMUM         52   1159 PM  19    1978  42     10       62
  AVERAGE         62                        54      8       67

PRECIPITATION (IN)
  YESTERDAY        0.00          3.05 1991   0.19  -0.19     1.03
  MONTH TO DATE    1.99                      4.21  -2.22     2.74
  SINCE DEC 1     18.12                     14.86   3.26    17.27
  SINCE JAN 1     11.06                      9.95   1.11     7.26

SNOWFALL (IN)
  YESTERDAY        0.0

DEGREE DAYS
 HEATING
  YESTERDAY        3                        12     -9        0
  MONTH TO DATE  130                       314   -184      245
  SINCE DEC 1    743                      1285   -542      983
  SINCE JUL 1    939                      1613   -674     1161

 COOLING
  YESTERDAY        0                         0      0        2
  MONTH TO DATE   25                         0     25       23
  SINCE DEC 1     96                        19     77       94
  SINCE JAN 1     57                         6     51       23
..................................................................


WIND (MPH)
  HIGHEST WIND SPEED    14   HIGHEST WIND DIRECTION     N (360)
  HIGHEST GUST SPEED    17   HIGHEST GUST DIRECTION     N (360)
  AVERAGE WIND SPEED     3.5


SKY COVER
  POSSIBLE SUNSHINE  MM
  AVERAGE SKY COVER 0.7


WEATHER CONDITIONS
 THE FOLLOWING WEATHER WAS RECORDED YESTERDAY.
  FOG
  FOG W/VISIBILITY <= 1/4 MILE


RELATIVE HUMIDITY (PERCENT)
 HIGHEST   100          1200 AM
 LOWEST     57           400 PM
 AVERAGE    79

..........................................................


THE HATTIESBURG CLIMATE NORMALS FOR TODAY
                         NORMAL    RECORD    YEAR
 MAXIMUM TEMPERATURE (F)   66        83      2011
                                             1962
 MINIMUM TEMPERATURE (F)   42        19      1963


SUNRISE AND SUNSET
FEBRUARY 23 2017......SUNRISE   630 AM CST   SUNSET   551 PM CST
FEBRUARY 24 2017......SUNRISE   629 AM CST   SUNSET   552 PM CST


-  INDICATES NEGATIVE NUMBERS.
R  INDICATES RECORD WAS SET OR TIED.
MM INDICATES DATA IS MISSING.
T  INDICATES TRACE AMOUNT.




$$
