000
CDUS44 KJAN 230700
CLIHBG


CLIMATE REPORT
NATIONAL WEATHER SERVICE JACKSON MS
157 AM CDT THU MAR 23 2017


...................................

...THE HATTIESBURG CLIMATE SUMMARY FOR MARCH 22 2017...

CLIMATE NORMAL PERIOD 1981 TO 2010
CLIMATE RECORD PERIOD 1948 TO 2017


WEATHER ITEM   OBSERVED TIME   RECORD YEAR NORMAL DEPARTURE LAST
                VALUE   (LST)  VALUE       VALUE  FROM      YEAR
                                                  NORMAL
..................................................................
TEMPERATURE (F)
 YESTERDAY
  MAXIMUM         85    429 PM  87    1982  73     12       70
  MINIMUM         56    604 AM  28    1965  48      8       35
  AVERAGE         71                        60     11       53

PRECIPITATION (IN)
  YESTERDAY        0.00          3.43 1949   0.16  -0.16     0.00
  MONTH TO DATE    1.63                      3.91  -2.28    10.22
  SINCE MAR 1      1.63                      3.91  -2.28    10.22
  SINCE JAN 1     13.23                     15.04  -1.81    19.59

SNOWFALL (IN)
  YESTERDAY        0.0

DEGREE DAYS
 HEATING
  YESTERDAY        0                         6     -6       12
  MONTH TO DATE  142                       170    -28      101
  SINCE MAR 1    142                       170    -28      101
  SINCE JUL 1   1109                      1848   -739     1339

 COOLING
  YESTERDAY        6                         1      5        0
  MONTH TO DATE   36                        22     14       51
  SINCE MAR 1     36                        22     14       51
  SINCE JAN 1    105                        37     68       76
..................................................................


WIND (MPH)
  HIGHEST WIND SPEED    13   HIGHEST WIND DIRECTION     N (360)
  HIGHEST GUST SPEED    15   HIGHEST GUST DIRECTION     N (10)
  AVERAGE WIND SPEED     3.9


SKY COVER
  POSSIBLE SUNSHINE  MM
  AVERAGE SKY COVER 0.2


WEATHER CONDITIONS
 THE FOLLOWING WEATHER WAS RECORDED YESTERDAY.
  FOG


RELATIVE HUMIDITY (PERCENT)
 HIGHEST   100           500 AM
 LOWEST     34           300 PM
 AVERAGE    67

..........................................................


THE HATTIESBURG CLIMATE NORMALS FOR TODAY
                         NORMAL    RECORD    YEAR
 MAXIMUM TEMPERATURE (F)   73        85      1995
                                             1991
 MINIMUM TEMPERATURE (F)   48        29      1986
                                             1955


SUNRISE AND SUNSET
MARCH 23 2017.........SUNRISE   657 AM CDT   SUNSET   711 PM CDT
MARCH 24 2017.........SUNRISE   655 AM CDT   SUNSET   711 PM CDT


-  INDICATES NEGATIVE NUMBERS.
R  INDICATES RECORD WAS SET OR TIED.
MM INDICATES DATA IS MISSING.
T  INDICATES TRACE AMOUNT.




$$
