000
CDUS44 KJAN 240644
CLIHBG


CLIMATE REPORT
NATIONAL WEATHER SERVICE JACKSON MS
1243 AM CST TUE JAN 24 2017


...................................

...THE HATTIESBURG CLIMATE SUMMARY FOR JANUARY 23 2017...

CLIMATE NORMAL PERIOD 1981 TO 2010
CLIMATE RECORD PERIOD 1948 TO 2017


WEATHER ITEM   OBSERVED TIME   RECORD YEAR NORMAL DEPARTURE LAST
                VALUE   (LST)  VALUE       VALUE  FROM      YEAR
                                                  NORMAL
..................................................................
TEMPERATURE (F)
 YESTERDAY
  MAXIMUM         67    348 PM  80    1949  60      7       44
  MINIMUM         47   1159 PM  17    1985  37     10       29
  AVERAGE         57                        48      9       37

PRECIPITATION (IN)
  YESTERDAY        T             3.81 1965   0.20  -0.20     0.00
  MONTH TO DATE    8.85                      4.14   4.71     2.47
  SINCE DEC 1     15.91                      9.05   6.86    12.48
  SINCE JAN 1      8.85                      4.14   4.71     2.47

SNOWFALL (IN)
  YESTERDAY        0.0

DEGREE DAYS
 HEATING
  YESTERDAY        8                        17     -9       28
  MONTH TO DATE  178                       384   -206      405
  SINCE DEC 1    516                       841   -325      635
  SINCE JUL 1    712                      1169   -457      813

 COOLING
  YESTERDAY        0                         0      0        0
  MONTH TO DATE   32                         0     32        0
  SINCE DEC 1     71                        13     58       71
  SINCE JAN 1     32                         0     32        0
..................................................................


WIND (MPH)
  HIGHEST WIND SPEED    25   HIGHEST WIND DIRECTION    NW (310)
  HIGHEST GUST SPEED    36   HIGHEST GUST DIRECTION    NW (310)
  AVERAGE WIND SPEED    12.0


SKY COVER
  POSSIBLE SUNSHINE  MM
  AVERAGE SKY COVER 0.3


WEATHER CONDITIONS
 THE FOLLOWING WEATHER WAS RECORDED YESTERDAY.
  LIGHT RAIN


RELATIVE HUMIDITY (PERCENT)
 HIGHEST    83           300 AM
 LOWEST     48           200 PM
 AVERAGE    66

..........................................................


THE HATTIESBURG CLIMATE NORMALS FOR TODAY
                         NORMAL    RECORD    YEAR
 MAXIMUM TEMPERATURE (F)   60        80      1950
 MINIMUM TEMPERATURE (F)   37         7      1963


SUNRISE AND SUNSET
JANUARY 24 2017.......SUNRISE   653 AM CST   SUNSET   525 PM CST
JANUARY 25 2017.......SUNRISE   653 AM CST   SUNSET   526 PM CST


-  INDICATES NEGATIVE NUMBERS.
R  INDICATES RECORD WAS SET OR TIED.
MM INDICATES DATA IS MISSING.
T  INDICATES TRACE AMOUNT.




$$
