000
CDUS44 KJAN 282241
CLIHBG


CLIMATE REPORT
NATIONAL WEATHER SERVICE JACKSON MS
541 PM CDT THU MAY 28 2015


...................................

...THE HATTIESBURG CLIMATE SUMMARY FOR MAY 28 2015...
VALID TODAY AS OF 0500 PM LOCAL TIME.

CLIMATE NORMAL PERIOD 1981 TO 2010
CLIMATE RECORD PERIOD 1948 TO 2015


WEATHER ITEM   OBSERVED TIME   RECORD YEAR NORMAL DEPARTURE LAST
                VALUE   (LST)  VALUE       VALUE  FROM      YEAR
                                                  NORMAL
..................................................................
TEMPERATURE (F)
 TODAY
  MAXIMUM         88    129 PM  98    2012  88      0       74
  MINIMUM         68   1215 AM  45    1961  65      3       69
  AVERAGE         78                        76      2       72

PRECIPITATION (IN)
  TODAY            T             3.75 1976   0.16  -0.16     2.01
  MONTH TO DATE    5.90                      4.48   1.42     4.69
  SINCE MAR 1     14.98                     14.91   0.07    17.30
  SINCE JAN 1     22.81                     26.04  -3.23    27.20

SNOWFALL (IN)
  TODAY            0.0

DEGREE DAYS
 HEATING
  TODAY            0                         0      0        0
  MONTH TO DATE    1                         5     -4       11
  SINCE MAR 1    131                       305   -174      353
  SINCE JUL 1   1912                      1983    -71     2276

 COOLING
  TODAY           13                        11      2        7
  MONTH TO DATE  262                       239     23      218
  SINCE MAR 1    535                       364    171      326
  SINCE JAN 1    541                       379    162      343
..................................................................


WIND (MPH)
  HIGHEST WIND SPEED    16   HIGHEST WIND DIRECTION     S (170)
  HIGHEST GUST SPEED    20   HIGHEST GUST DIRECTION     E (100)
  AVERAGE WIND SPEED     3.0


SKY COVER
  POSSIBLE SUNSHINE  MM
  AVERAGE SKY COVER 0.8


WEATHER CONDITIONS
 THE FOLLOWING WEATHER WAS RECORDED TODAY.
  THUNDERSTORM
  FOG
  FOG W/VISIBILITY <= 1/4 MILE


RELATIVE HUMIDITY (PERCENT)
 HIGHEST   100           200 AM
 LOWEST     55           100 PM
 AVERAGE    78

..........................................................


THE HATTIESBURG CLIMATE NORMALS FOR TOMORROW
                         NORMAL    RECORD    YEAR
 MAXIMUM TEMPERATURE (F)   88        98      1951
 MINIMUM TEMPERATURE (F)   65        53      1961


SUNRISE AND SUNSET
MAY 28 2015...........SUNRISE   555 AM CDT   SUNSET   754 PM CDT
MAY 29 2015...........SUNRISE   554 AM CDT   SUNSET   755 PM CDT


-  INDICATES NEGATIVE NUMBERS.
R  INDICATES RECORD WAS SET OR TIED.
MM INDICATES DATA IS MISSING.
T  INDICATES TRACE AMOUNT.




$$
