000
CDUS44 KJAN 240704
CLIHBG


CLIMATE REPORT
NATIONAL WEATHER SERVICE JACKSON MS
155 AM CDT WED MAY 24 2017


...................................

...THE HATTIESBURG CLIMATE SUMMARY FOR MAY 23 2017...

CLIMATE NORMAL PERIOD 1981 TO 2010
CLIMATE RECORD PERIOD 1948 TO 2017


WEATHER ITEM   OBSERVED TIME   RECORD YEAR NORMAL DEPARTURE LAST
                VALUE   (LST)  VALUE       VALUE  FROM      YEAR
                                                  NORMAL
..................................................................
TEMPERATURE (F)
 YESTERDAY
  MAXIMUM         80    511 PM  97    1956  87     -7       86
  MINIMUM         67   1055 PM  47    2002  64      3       55
  AVERAGE         74                        75     -1       71

PRECIPITATION (IN)
  YESTERDAY        2.18R         1.98 1959   0.16   2.02     0.00
  MONTH TO DATE    5.80                      3.66   2.14     2.46
  SINCE MAR 1     17.82                     14.09   3.73    21.78
  SINCE JAN 1     29.42                     25.22   4.20    31.15

SNOWFALL (IN)
  YESTERDAY        0.0

DEGREE DAYS
 HEATING
  YESTERDAY        0                         0      0        0
  MONTH TO DATE   14                         5      9        4
  SINCE MAR 1    190                       305   -115      145
  SINCE JUL 1   1157                      1983   -826     1383

 COOLING
  YESTERDAY        9                        10     -1        6
  MONTH TO DATE  154                       184    -30      153
  SINCE MAR 1    380                       309     71      333
  SINCE JAN 1    449                       324    125      358
..................................................................


WIND (MPH)
  HIGHEST WIND SPEED    16   HIGHEST WIND DIRECTION    NW (300)
  HIGHEST GUST SPEED    21   HIGHEST GUST DIRECTION     W (290)
  AVERAGE WIND SPEED     4.9


SKY COVER
  POSSIBLE SUNSHINE  MM
  AVERAGE SKY COVER 0.7


WEATHER CONDITIONS
 THE FOLLOWING WEATHER WAS RECORDED YESTERDAY.
  THUNDERSTORM
  HEAVY RAIN
  RAIN
  LIGHT RAIN
  FOG


RELATIVE HUMIDITY (PERCENT)
 HIGHEST   100           300 AM
 LOWEST     62           300 PM
 AVERAGE    81

..........................................................


THE HATTIESBURG CLIMATE NORMALS FOR TODAY
                         NORMAL    RECORD    YEAR
 MAXIMUM TEMPERATURE (F)   87        96      2005
                                             1956
 MINIMUM TEMPERATURE (F)   64        45      1951


SUNRISE AND SUNSET
MAY 24 2017...........SUNRISE   556 AM CDT   SUNSET   752 PM CDT
MAY 25 2017...........SUNRISE   556 AM CDT   SUNSET   753 PM CDT


-  INDICATES NEGATIVE NUMBERS.
R  INDICATES RECORD WAS SET OR TIED.
MM INDICATES DATA IS MISSING.
T  INDICATES TRACE AMOUNT.




$$
