000
CDUS44 KJAN 280821
CLIHBG


CLIMATE REPORT
NATIONAL WEATHER SERVICE JACKSON MS
319 AM CDT SAT MAR 28 2015


...................................

...THE HATTIESBURG CLIMATE SUMMARY FOR MARCH 27 2015...

CLIMATE NORMAL PERIOD 1981 TO 2010
CLIMATE RECORD PERIOD 1948 TO 2015


WEATHER ITEM   OBSERVED TIME   RECORD YEAR NORMAL DEPARTURE LAST
                VALUE   (LST)  VALUE       VALUE  FROM      YEAR
                                                  NORMAL
..................................................................
TEMPERATURE (F)
 YESTERDAY
  MAXIMUM         67    224 PM  86    2012  74     -7       72
  MINIMUM         47   1159 PM  25    1955  49     -2       45
  AVERAGE         57                        61     -4       59

PRECIPITATION (IN)
  YESTERDAY        T             4.43 1974   0.17  -0.17     0.15
  MONTH TO DATE    5.71                      4.77   0.94     3.43
  SINCE MAR 1      5.71                      4.77   0.94     3.43
  SINCE JAN 1     13.54                     15.90  -2.36    13.33

SNOWFALL (IN)
  YESTERDAY        0.0

DEGREE DAYS
 HEATING
  YESTERDAY        8                         5      3        6
  MONTH TO DATE   94                       197   -103      252
  SINCE MAR 1     94                       197   -103      252
  SINCE JUL 1   1875                      1875      0     2175

 COOLING
  YESTERDAY        0                         1     -1        0
  MONTH TO DATE   80                        27     53        9
  SINCE MAR 1     80                        27     53        9
  SINCE JAN 1     86                        42     44       26
..................................................................


WIND (MPH)
  HIGHEST WIND SPEED    23   HIGHEST WIND DIRECTION    NW (330)
  HIGHEST GUST SPEED    30   HIGHEST GUST DIRECTION    NW (320)
  AVERAGE WIND SPEED    10.6


SKY COVER
  POSSIBLE SUNSHINE  MM
  AVERAGE SKY COVER 0.4


WEATHER CONDITIONS
 THE FOLLOWING WEATHER WAS RECORDED YESTERDAY.
  LIGHT RAIN


RELATIVE HUMIDITY (PERCENT)
 HIGHEST    86          1200 AM
 LOWEST     31           200 PM
 AVERAGE    59

..........................................................


THE HATTIESBURG CLIMATE NORMALS FOR TODAY
                         NORMAL    RECORD    YEAR
 MAXIMUM TEMPERATURE (F)   74        86      2007
 MINIMUM TEMPERATURE (F)   49        32      2013


SUNRISE AND SUNSET
MARCH 28 2015.........SUNRISE   651 AM CDT   SUNSET   714 PM CDT
MARCH 29 2015.........SUNRISE   650 AM CDT   SUNSET   714 PM CDT


-  INDICATES NEGATIVE NUMBERS.
R  INDICATES RECORD WAS SET OR TIED.
MM INDICATES DATA IS MISSING.
T  INDICATES TRACE AMOUNT.




$$
