000
CDUS41 KLWX 292123
CLIHGR


CLIMATE REPORT
NATIONAL WEATHER SERVICE BALTIMORE MD/WASHINGTON DC
522 PM EDT MON MAY 29 2017


...................................

...THE HAGERSTOWN MD CLIMATE SUMMARY FOR MAY 29 2017...
VALID TODAY AS OF 0500 PM LOCAL TIME.

CLIMATE NORMAL PERIOD 1981 TO 2010
CLIMATE RECORD PERIOD 9999 TO 9999


WEATHER ITEM   OBSERVED TIME   RECORD YEAR NORMAL DEPARTURE LAST
                VALUE   (LST)  VALUE       VALUE  FROM      YEAR
                                                  NORMAL
..................................................................
TEMPERATURE (F)
 TODAY
  MAXIMUM         82    355 PM  MM      MM  76      6       85
  MINIMUM         64    501 AM  MM      MM  56      8       66
  AVERAGE         73                        66      7       76

PRECIPITATION (IN)
  TODAY            0.00         MM      MM   0.15  -0.15     0.05
  MONTH TO DATE    5.25                      3.75   1.50     4.10
  SINCE MAR 1     10.45                     10.69  -0.24     7.64
  SINCE JAN 1     14.55                     15.92  -1.37    13.01

DEGREE DAYS
 HEATING
  TODAY            0                         3     -3        0
  MONTH TO DATE  129                       150    -21      154
  SINCE MAR 1   1006                      1261   -255      962
  SINCE JUL 1   4013                      5164  -1151     4199

 COOLING
  TODAY            8                         4      4       11
  MONTH TO DATE   65                        52     13       68
  SINCE MAR 1    123                        67     56       84
  SINCE JAN 1    124                        67     57       84
..................................................................


WIND (MPH)
  HIGHEST WIND SPEED    17   HIGHEST WIND DIRECTION     W (290)
  HIGHEST GUST SPEED    23   HIGHEST GUST DIRECTION     W (290)
  AVERAGE WIND SPEED     6.5


SKY COVER
  POSSIBLE SUNSHINE  MM
  AVERAGE SKY COVER 0.8


WEATHER CONDITIONS
 THE FOLLOWING WEATHER WAS RECORDED TODAY.
  FOG


RELATIVE HUMIDITY (PERCENT)
 HIGHEST   100           400 AM
 LOWEST     39           200 PM
 AVERAGE    70

..........................................................


THE HAGERSTOWN MD CLIMATE NORMALS FOR TOMORROW
                         NORMAL    RECORD    YEAR
 MAXIMUM TEMPERATURE (F)   76        MM        MM
 MINIMUM TEMPERATURE (F)   56        MM        MM


SUNRISE AND SUNSET
MAY 29 2017...........SUNRISE   546 AM EDT   SUNSET   831 PM EDT
MAY 30 2017...........SUNRISE   546 AM EDT   SUNSET   831 PM EDT


-  INDICATES NEGATIVE NUMBERS.
R  INDICATES RECORD WAS SET OR TIED.
MM INDICATES DATA IS MISSING.
T  INDICATES TRACE AMOUNT.




$$
