000
CDUS41 KLWX 222127
CLIHGR


CLIMATE REPORT
NATIONAL WEATHER SERVICE BALTIMORE MD/WASHINGTON DC
527 PM EDT TUE JUL 22 2014


...................................

...THE HAGERSTOWN MD CLIMATE SUMMARY FOR JULY 22 2014...
VALID TODAY AS OF 0500 PM LOCAL TIME.

CLIMATE NORMAL PERIOD 1981 TO 2010
CLIMATE RECORD PERIOD 9999 TO 9999


WEATHER ITEM   OBSERVED TIME   RECORD YEAR NORMAL DEPARTURE LAST
                VALUE   (LST)  VALUE       VALUE  FROM      YEAR
                                                  NORMAL
..................................................................
TEMPERATURE (F)
 TODAY
  MAXIMUM         86    302 PM  MM      MM  85      1       86
  MINIMUM         70    529 AM  MM      MM  66      4       69
  AVERAGE         78                        75      3       78

PRECIPITATION (IN)
  TODAY            0.00         MM      MM   0.13  -0.13     0.31
  MONTH TO DATE    5.25                      2.36   2.89     3.61
  SINCE JUN 1     10.11                      6.24   3.87     7.54
  SINCE JAN 1     22.59                     22.44   0.15    17.40

DEGREE DAYS
 HEATING
  TODAY            0                         0      0        0
  MONTH TO DATE    0                         0      0        0
  SINCE JUN 1      0                        18    -18        3
  SINCE JUL 1      0                         0      0        0

 COOLING
  TODAY           13                        10      3       13
  MONTH TO DATE  224                       232     -8      328
  SINCE JUN 1    469                       441     28      568
  SINCE JAN 1    551                       517     34      685
..................................................................


WIND (MPH)
  HIGHEST WIND SPEED    14   HIGHEST WIND DIRECTION     S (160)
  HIGHEST GUST SPEED    18   HIGHEST GUST DIRECTION    SE (130)
  AVERAGE WIND SPEED     6.6


SKY COVER
  POSSIBLE SUNSHINE  MM
  AVERAGE SKY COVER 0.7


WEATHER CONDITIONS
 THE FOLLOWING WEATHER WAS RECORDED TODAY.
  FOG


RELATIVE HUMIDITY (PERCENT)
 HIGHEST    97           500 AM
 LOWEST     55           400 PM
 AVERAGE    76

..........................................................


THE HAGERSTOWN MD CLIMATE NORMALS FOR TOMORROW
                         NORMAL    RECORD    YEAR
 MAXIMUM TEMPERATURE (F)   85        MM        MM
 MINIMUM TEMPERATURE (F)   66        MM        MM


SUNRISE AND SUNSET
JULY 22 2014..........SUNRISE   601 AM EDT   SUNSET   833 PM EDT
JULY 23 2014..........SUNRISE   602 AM EDT   SUNSET   832 PM EDT


-  INDICATES NEGATIVE NUMBERS.
R  INDICATES RECORD WAS SET OR TIED.
MM INDICATES DATA IS MISSING.
T  INDICATES TRACE AMOUNT.




$$
