000
CDUS41 KLWX 240522
CLIHGR


CLIMATE REPORT
NATIONAL WEATHER SERVICE BALTIMORE MD/WASHINGTON DC
122 AM EDT SUN MAY 24 2015


...................................

...THE HAGERSTOWN MD CLIMATE SUMMARY FOR MAY 23 2015...

CLIMATE NORMAL PERIOD 1981 TO 2010
CLIMATE RECORD PERIOD 9999 TO 9999


WEATHER ITEM   OBSERVED TIME   RECORD YEAR NORMAL DEPARTURE LAST
                VALUE   (LST)  VALUE       VALUE  FROM      YEAR
                                                  NORMAL
..................................................................
TEMPERATURE (F)
 YESTERDAY
  MAXIMUM         74    343 PM  MM      MM  74      0       73
  MINIMUM         44    533 AM  MM      MM  54    -10       54
  AVERAGE         59                        64     -5       64

PRECIPITATION (IN)
  YESTERDAY        0.00         MM      MM   0.15  -0.15     0.00
  MONTH TO DATE    0.71                      2.86  -2.15     4.36
  SINCE MAR 1      6.24                      9.80  -3.56     8.58
  SINCE JAN 1      8.52                     15.03  -6.51    12.36

DEGREE DAYS
 HEATING
  YESTERDAY        6                         4      2        1
  MONTH TO DATE   50                       132    -82       95
  SINCE MAR 1   1123                      1243   -120     1345
  SINCE JUL 1   5129                      5146    -17     5360

 COOLING
  YESTERDAY        0                         3     -3        0
  MONTH TO DATE  116                        33     83       46
  SINCE MAR 1    118                        48     70       56
  SINCE JAN 1    118                        48     70       56
..................................................................


WIND (MPH)
  HIGHEST WIND SPEED    17   HIGHEST WIND DIRECTION    NW (330)
  HIGHEST GUST SPEED    22   HIGHEST GUST DIRECTION    NW (320)
  AVERAGE WIND SPEED     4.6


SKY COVER
  POSSIBLE SUNSHINE  MM
  AVERAGE SKY COVER 0.0


WEATHER CONDITIONS
 THE FOLLOWING WEATHER WAS RECORDED YESTERDAY.
  NO SIGNIFICANT WEATHER WAS OBSERVED.


RELATIVE HUMIDITY (PERCENT)
 HIGHEST    53           600 AM
 LOWEST     20           400 PM
 AVERAGE    37

..........................................................


THE HAGERSTOWN MD CLIMATE NORMALS FOR TODAY
                         NORMAL    RECORD    YEAR
 MAXIMUM TEMPERATURE (F)   74        MM        MM
 MINIMUM TEMPERATURE (F)   54        MM        MM


SUNRISE AND SUNSET
MAY 24 2015...........SUNRISE   549 AM EDT   SUNSET   826 PM EDT
MAY 25 2015...........SUNRISE   549 AM EDT   SUNSET   827 PM EDT


-  INDICATES NEGATIVE NUMBERS.
R  INDICATES RECORD WAS SET OR TIED.
MM INDICATES DATA IS MISSING.
T  INDICATES TRACE AMOUNT.




$$
