000
CDUS41 KLWX 242126
CLIHGR


CLIMATE REPORT
NATIONAL WEATHER SERVICE BALTIMORE MD/WASHINGTON DC
524 PM EDT SUN SEP 24 2017


...................................

...THE HAGERSTOWN MD CLIMATE SUMMARY FOR SEPTEMBER 24 2017...
VALID TODAY AS OF 0500 PM LOCAL TIME.

CLIMATE NORMAL PERIOD 1981 TO 2010
CLIMATE RECORD PERIOD 1998 TO 2017


WEATHER ITEM   OBSERVED TIME   RECORD YEAR NORMAL DEPARTURE LAST
                VALUE   (LST)  VALUE       VALUE  FROM      YEAR
                                                  NORMAL
..................................................................
TEMPERATURE (F)
 TODAY
  MAXIMUM         91    318 PM  MM      MM  72     19       78
  MINIMUM         61    630 AM  MM      MM  53      8       58
  AVERAGE         76                        62     14       68

PRECIPITATION (IN)
  TODAY            0.00         MM      MM   0.14  -0.14     0.00
  MONTH TO DATE    1.45                      2.83  -1.38     1.06
  SINCE SEP 1      1.45                      2.83  -1.38     1.06
  SINCE JAN 1     27.06                     29.46  -2.40    22.16

DEGREE DAYS
 HEATING
  TODAY            0                         4     -4        0
  MONTH TO DATE   28                        38    -10        0
  SINCE SEP 1     28                        38    -10        0
  SINCE JUL 1     29                        43    -14        0

 COOLING
  TODAY           11                         1     10        3
  MONTH TO DATE  112                        85     27      252
  SINCE SEP 1    112                        85     27      252
  SINCE JAN 1   1212                       953    259     1511
..................................................................


WIND (MPH)
  HIGHEST WIND SPEED    13   HIGHEST WIND DIRECTION     E (70)
  HIGHEST GUST SPEED    17   HIGHEST GUST DIRECTION    NE (50)
  AVERAGE WIND SPEED     2.7


SKY COVER
  POSSIBLE SUNSHINE  MM
  AVERAGE SKY COVER 0.1


WEATHER CONDITIONS
 THE FOLLOWING WEATHER WAS RECORDED TODAY.
  NO SIGNIFICANT WEATHER WAS OBSERVED.


RELATIVE HUMIDITY (PERCENT)
 HIGHEST    90           700 AM
 LOWEST     44           200 PM
 AVERAGE    67

..........................................................


THE HAGERSTOWN MD CLIMATE NORMALS FOR TOMORROW
                         NORMAL    RECORD    YEAR
 MAXIMUM TEMPERATURE (F)   72        MM        MM
 MINIMUM TEMPERATURE (F)   52        MM        MM


SUNRISE AND SUNSET
SEPTEMBER 24 2017.....SUNRISE   701 AM EDT   SUNSET   704 PM EDT
SEPTEMBER 25 2017.....SUNRISE   702 AM EDT   SUNSET   703 PM EDT


-  INDICATES NEGATIVE NUMBERS.
R  INDICATES RECORD WAS SET OR TIED.
MM INDICATES DATA IS MISSING.
T  INDICATES TRACE AMOUNT.




$$
