000
CDUS41 KLWX 222123
CLIHGR


CLIMATE REPORT
NATIONAL WEATHER SERVICE BALTIMORE MD/WASHINGTON DC
523 PM EDT MON SEP 22 2014


...................................

...THE HAGERSTOWN MD CLIMATE SUMMARY FOR SEPTEMBER 22 2014...
VALID TODAY AS OF 0500 PM LOCAL TIME.

CLIMATE NORMAL PERIOD 1981 TO 2010
CLIMATE RECORD PERIOD 9999 TO 9999


WEATHER ITEM   OBSERVED TIME   RECORD YEAR NORMAL DEPARTURE LAST
                VALUE   (LST)  VALUE       VALUE  FROM      YEAR
                                                  NORMAL
..................................................................
TEMPERATURE (F)
 TODAY
  MAXIMUM         67    204 PM  MM      MM  73     -6       71
  MINIMUM         57    632 AM  MM      MM  54      3       54
  AVERAGE         62                        63     -1       63

PRECIPITATION (IN)
  TODAY            0.00         MM      MM   0.14  -0.14     0.00
  MONTH TO DATE    1.29                      2.55  -1.26     3.21
  SINCE SEP 1      1.29                      2.55  -1.26     3.21
  SINCE JAN 1     28.20                     29.18  -0.98    22.36

DEGREE DAYS
 HEATING
  TODAY            3                         3      0        2
  MONTH TO DATE   32                        30      2       39
  SINCE SEP 1     32                        30      2       39
  SINCE JUL 1     34                        35     -1       42

 COOLING
  TODAY            0                         2     -2        0
  MONTH TO DATE  112                        82     30      104
  SINCE SEP 1    112                        82     30      104
  SINCE JAN 1    925                       950    -25     1089
..................................................................


WIND (MPH)
  HIGHEST WIND SPEED    25   HIGHEST WIND DIRECTION    NW (320)
  HIGHEST GUST SPEED    31   HIGHEST GUST DIRECTION    NW (320)
  AVERAGE WIND SPEED    15.2


SKY COVER
  POSSIBLE SUNSHINE  MM
  AVERAGE SKY COVER 0.4


WEATHER CONDITIONS
 THE FOLLOWING WEATHER WAS RECORDED TODAY.
  NO SIGNIFICANT WEATHER WAS OBSERVED.


RELATIVE HUMIDITY (PERCENT)
 HIGHEST    72           400 AM
 LOWEST     44           300 PM
 AVERAGE    58

..........................................................


THE HAGERSTOWN MD CLIMATE NORMALS FOR TOMORROW
                         NORMAL    RECORD    YEAR
 MAXIMUM TEMPERATURE (F)   73        MM        MM
 MINIMUM TEMPERATURE (F)   53        MM        MM


SUNRISE AND SUNSET
SEPTEMBER 22 2014.....SUNRISE   658 AM EDT   SUNSET   708 PM EDT
SEPTEMBER 23 2014.....SUNRISE   659 AM EDT   SUNSET   706 PM EDT


-  INDICATES NEGATIVE NUMBERS.
R  INDICATES RECORD WAS SET OR TIED.
MM INDICATES DATA IS MISSING.
T  INDICATES TRACE AMOUNT.




$$
