000
CDUS41 KLWX 050532
CLIHGR


CLIMATE REPORT
NATIONAL WEATHER SERVICE BALTIMORE MD/WASHINGTON DC
130 AM EDT SAT SEP 5 2015


...................................

...THE HAGERSTOWN MD CLIMATE SUMMARY FOR SEPTEMBER 4 2015...

CLIMATE NORMAL PERIOD 1981 TO 2010
CLIMATE RECORD PERIOD 9999 TO 9999


WEATHER ITEM   OBSERVED TIME   RECORD YEAR NORMAL DEPARTURE LAST
                VALUE   (LST)  VALUE       VALUE  FROM      YEAR
                                                  NORMAL
..................................................................
TEMPERATURE (F)
 YESTERDAY
  MAXIMUM         91    330 PM  MM      MM  79     12       86
  MINIMUM         70    625 AM  MM      MM  60     10       66
  AVERAGE         81                        70     11       76

PRECIPITATION (IN)
  YESTERDAY        T            MM      MM   0.10  -0.10     0.00
  MONTH TO DATE    0.91                      0.38   0.53     0.19
  SINCE SEP 1      0.91                      0.38   0.53     0.19
  SINCE JAN 1     19.55                     27.01  -7.46    27.10

DEGREE DAYS
 HEATING
  YESTERDAY        0                         0      0        0
  MONTH TO DATE    0                         0      0        0
  SINCE SEP 1      0                         0      0        0
  SINCE JUL 1      0                         5     -5        2

 COOLING
  YESTERDAY       16                         5     11       11
  MONTH TO DATE   64                        23     41       54
  SINCE SEP 1     64                        23     41       54
  SINCE JAN 1   1207                       891    316      867
..................................................................


WIND (MPH)
  HIGHEST WIND SPEED    14   HIGHEST WIND DIRECTION    SE (120)
  HIGHEST GUST SPEED    18   HIGHEST GUST DIRECTION    SE (120)
  AVERAGE WIND SPEED     5.0


SKY COVER
  POSSIBLE SUNSHINE  MM
  AVERAGE SKY COVER 0.1


WEATHER CONDITIONS
 THE FOLLOWING WEATHER WAS RECORDED YESTERDAY.
  THUNDERSTORM
  LIGHT RAIN
  FOG
  HAZE


RELATIVE HUMIDITY (PERCENT)
 HIGHEST    90           500 AM
 LOWEST     38           300 PM
 AVERAGE    64

..........................................................


THE HAGERSTOWN MD CLIMATE NORMALS FOR TODAY
                         NORMAL    RECORD    YEAR
 MAXIMUM TEMPERATURE (F)   79        MM        MM
 MINIMUM TEMPERATURE (F)   60        MM        MM


SUNRISE AND SUNSET
SEPTEMBER  5 2015.....SUNRISE   642 AM EDT   SUNSET   736 PM EDT
SEPTEMBER  6 2015.....SUNRISE   643 AM EDT   SUNSET   734 PM EDT


-  INDICATES NEGATIVE NUMBERS.
R  INDICATES RECORD WAS SET OR TIED.
MM INDICATES DATA IS MISSING.
T  INDICATES TRACE AMOUNT.




$$
