000
CDUS46 KPQR 271142
CLIHIO


CLIMATE REPORT
NATIONAL WEATHER SERVICE PORTLAND OREGON
441 AM PDT THU AUG 27 2015


...................................

...THE HILLSBORO OR CLIMATE SUMMARY FOR AUGUST 26 2015...

CLIMATE NORMAL PERIOD 1981 TO 2010
CLIMATE RECORD PERIOD 1929 TO 2015


WEATHER ITEM   OBSERVED TIME   RECORD YEAR NORMAL DEPARTURE LAST
                VALUE   (LST)  VALUE       VALUE  FROM      YEAR
                                                  NORMAL
..................................................................
TEMPERATURE (F)
 YESTERDAY
  MAXIMUM         88    510 PM 100    1986  80      8       93
  MINIMUM         49    528 AM  39    1955  49      0       56
  AVERAGE         69                        65      4       75

PRECIPITATION (IN)
  YESTERDAY        0.00          0.29 1941   0.02  -0.02
  MONTH TO DATE    T                         0.51  -0.51
  SINCE OCT 1     29.80                     38.34  -8.54
  SINCE JAN 1     14.97                     21.95  -6.98

SNOWFALL (IN)
  YESTERDAY        0.0
  MONTH TO DATE    0.0
  SINCE JUN 1      0.0
  SINCE JUL 1      0.0
  SNOW DEPTH       0

DEGREE DAYS
 HEATING
  YESTERDAY        0                         2     -2
  MONTH TO DATE    1                        40    -39
  SINCE JUL 1     13                        96    -83

 COOLING
  YESTERDAY        4                         2      2
  MONTH TO DATE  125                        70     55
  SINCE JAN 1    466                       171    295
..................................................................


WIND (MPH)
  HIGHEST WIND SPEED    18   HIGHEST WIND DIRECTION     W (290)
  HIGHEST GUST SPEED    24   HIGHEST GUST DIRECTION     W (290)
  AVERAGE WIND SPEED     2.9


SKY COVER
  POSSIBLE SUNSHINE  MM
  AVERAGE SKY COVER 0.0


WEATHER CONDITIONS
 THE FOLLOWING WEATHER WAS RECORDED YESTERDAY.
  NO SIGNIFICANT WEATHER WAS OBSERVED.


RELATIVE HUMIDITY (PERCENT)
 HIGHEST    83           300 AM
 LOWEST     19           200 PM
 AVERAGE    51

..........................................................


THE HILLSBORO OR CLIMATE NORMALS FOR TODAY
                         NORMAL    RECORD    YEAR
 MAXIMUM TEMPERATURE (F)   80       100      1972
 MINIMUM TEMPERATURE (F)   49        41      1942


SUNRISE AND SUNSET
AUGUST 27 2015........SUNRISE   627 AM PDT   SUNSET   759 PM PDT
AUGUST 28 2015........SUNRISE   628 AM PDT   SUNSET   757 PM PDT


-  INDICATES NEGATIVE NUMBERS.
R  INDICATES RECORD WAS SET OR TIED.
MM INDICATES DATA IS MISSING.
T  INDICATES TRACE AMOUNT.




$$
