000
CDUS46 KPQR 271211
CLIHIO


CLIMATE REPORT
NATIONAL WEATHER SERVICE PORTLAND OREGON
511 AM PDT SAT AUG 27 2016


...................................

...THE HILLSBORO OR CLIMATE SUMMARY FOR AUGUST 26 2016...

CLIMATE NORMAL PERIOD 1981 TO 2010
CLIMATE RECORD PERIOD 1929 TO 2016


WEATHER ITEM   OBSERVED TIME   RECORD YEAR NORMAL DEPARTURE LAST
                VALUE   (LST)  VALUE       VALUE  FROM      YEAR
                                                  NORMAL
..................................................................
TEMPERATURE (F)
 YESTERDAY
  MAXIMUM         96    505 PM 100    1986  80     16       88
  MINIMUM         56    539 AM  39    1955  49      7       49
  AVERAGE         76                        65     11       69

PRECIPITATION (IN)
  YESTERDAY        0.00          0.29 1941   0.02  -0.02
  MONTH TO DATE    0.04                      0.51  -0.47
  SINCE OCT 1     43.20                     38.34   4.86
  SINCE JAN 1     21.18                     21.95  -0.77

SNOWFALL (IN)
  YESTERDAY        0.0
  MONTH TO DATE    0.0
  SINCE JUN 1      0.0
  SINCE JUL 1      0.0
  SNOW DEPTH       0

DEGREE DAYS
 HEATING
  YESTERDAY        0                         2     -2
  MONTH TO DATE   17                        40    -23
  SINCE JUL 1     38                        96    -58

 COOLING
  YESTERDAY       11                         2      9
  MONTH TO DATE  147                        70     77
  SINCE JAN 1    317                       171    146
..................................................................


WIND (MPH)
  HIGHEST WIND SPEED    14   HIGHEST WIND DIRECTION    NW (310)
  HIGHEST GUST SPEED    17   HIGHEST GUST DIRECTION    NW (310)
  AVERAGE WIND SPEED     3.3


SKY COVER
  POSSIBLE SUNSHINE  MM
  AVERAGE SKY COVER 0.0


WEATHER CONDITIONS
 THE FOLLOWING WEATHER WAS RECORDED YESTERDAY.
  NO SIGNIFICANT WEATHER WAS OBSERVED.


RELATIVE HUMIDITY (PERCENT)
 HIGHEST    72           500 AM
 LOWEST     13           300 PM
 AVERAGE    43

..........................................................


THE HILLSBORO OR CLIMATE NORMALS FOR TODAY
                         NORMAL    RECORD    YEAR
 MAXIMUM TEMPERATURE (F)   80       100      1972
 MINIMUM TEMPERATURE (F)   49        41      1942


SUNRISE AND SUNSET
AUGUST 27 2016........SUNRISE   628 AM PDT   SUNSET   758 PM PDT
AUGUST 28 2016........SUNRISE   629 AM PDT   SUNSET   756 PM PDT


-  INDICATES NEGATIVE NUMBERS.
R  INDICATES RECORD WAS SET OR TIED.
MM INDICATES DATA IS MISSING.
T  INDICATES TRACE AMOUNT.




$$
