000
CDUS46 KPQR 291143
CLIHIO


CLIMATE REPORT
NATIONAL WEATHER SERVICE PORTLAND OREGON
442 AM PDT SAT JUL 29 2017


...................................

...THE HILLSBORO OR CLIMATE SUMMARY FOR JULY 28 2017...

CLIMATE NORMAL PERIOD 1981 TO 2010
CLIMATE RECORD PERIOD 1929 TO 2017


WEATHER ITEM   OBSERVED TIME   RECORD YEAR NORMAL DEPARTURE LAST
                VALUE   (LST)  VALUE       VALUE  FROM      YEAR
                                                  NORMAL
..................................................................
TEMPERATURE (F)
 YESTERDAY
  MAXIMUM         83    458 PM 105    2009  82      1       95
  MINIMUM         49    509 AM  42    1933  52     -3       56
  AVERAGE         66                        67     -1       76

PRECIPITATION (IN)
  YESTERDAY        0.00          0.32 1975   0.01  -0.01
  MONTH TO DATE    T                         0.50  -0.50
  SINCE OCT 1     47.24                     37.78   9.46
  SINCE JAN 1     27.56                     21.39   6.17

SNOWFALL (IN)
  YESTERDAY        0.0
  MONTH TO DATE    0.0
  SINCE JUN 1      0.0
  SINCE JUL 1      0.0
  SNOW DEPTH       0

DEGREE DAYS
 HEATING
  YESTERDAY        0                         1     -1
  MONTH TO DATE   12                        51    -39
  SINCE JUL 1     12                        51    -39

 COOLING
  YESTERDAY        1                         3     -2
  MONTH TO DATE   80                        66     14
  SINCE JAN 1    168                        92     76
..................................................................


WIND (MPH)
  HIGHEST WIND SPEED    17   HIGHEST WIND DIRECTION    NW (320)
  HIGHEST GUST SPEED    23   HIGHEST GUST DIRECTION    SE (130)
  AVERAGE WIND SPEED     6.1


SKY COVER
  POSSIBLE SUNSHINE  MM
  AVERAGE SKY COVER 0.0


WEATHER CONDITIONS
 THE FOLLOWING WEATHER WAS RECORDED YESTERDAY.
  NO SIGNIFICANT WEATHER WAS OBSERVED.


RELATIVE HUMIDITY (PERCENT)
 HIGHEST    89           600 AM
 LOWEST     34           500 PM
 AVERAGE    62

..........................................................


THE HILLSBORO OR CLIMATE NORMALS FOR TODAY
                         NORMAL    RECORD    YEAR
 MAXIMUM TEMPERATURE (F)   82       106      2009
 MINIMUM TEMPERATURE (F)   52        40      1933


SUNRISE AND SUNSET
JULY 29 2017..........SUNRISE   553 AM PDT   SUNSET   843 PM PDT
JULY 30 2017..........SUNRISE   554 AM PDT   SUNSET   842 PM PDT


-  INDICATES NEGATIVE NUMBERS.
R  INDICATES RECORD WAS SET OR TIED.
MM INDICATES DATA IS MISSING.
T  INDICATES TRACE AMOUNT.




$$
