000
CDUS46 KPQR 011146
CLIHIO


CLIMATE REPORT
NATIONAL WEATHER SERVICE PORTLAND OREGON
445 AM PDT SAT OCT 1 2016


...................................

...THE HILLSBORO OR CLIMATE SUMMARY FOR SEPTEMBER 30 2016...

CLIMATE NORMAL PERIOD 1981 TO 2010
CLIMATE RECORD PERIOD 1929 TO 2016


WEATHER ITEM   OBSERVED TIME   RECORD YEAR NORMAL DEPARTURE LAST
                VALUE   (LST)  VALUE       VALUE  FROM      YEAR
                                                  NORMAL
..................................................................
TEMPERATURE (F)
 YESTERDAY
  MAXIMUM         69    320 PM  89    1987  69      0       71
  MINIMUM         36    624 AM  33    1950  43     -7       44
  AVERAGE         53                        56     -3       58

PRECIPITATION (IN)
  YESTERDAY        0.00          1.28 2005   0.09  -0.09
  MONTH TO DATE    0.93                      1.44  -0.51
  SINCE OCT 1     44.34                     39.90   4.44
  SINCE JAN 1     22.32                     23.51  -1.19

SNOWFALL (IN)
  YESTERDAY        0.0
  MONTH TO DATE    0.0
  SINCE SEP 1      0.0
  SINCE JUL 1      0.0
  SNOW DEPTH       0

DEGREE DAYS
 HEATING
  YESTERDAY       12                         9      3
  MONTH TO DATE  146                       154     -8
  SINCE JUL 1    190                       262    -72

 COOLING
  YESTERDAY        0                         0      0
  MONTH TO DATE   10                        19     -9
  SINCE JAN 1    336                       197    139
..................................................................


WIND (MPH)
  HIGHEST WIND SPEED    16   HIGHEST WIND DIRECTION     S (190)
  HIGHEST GUST SPEED    21   HIGHEST GUST DIRECTION     S (180)
  AVERAGE WIND SPEED     3.8


SKY COVER
  POSSIBLE SUNSHINE  MM
  AVERAGE SKY COVER 0.4


WEATHER CONDITIONS
 THE FOLLOWING WEATHER WAS RECORDED YESTERDAY.
  FOG
  FOG W/VISIBILITY <= 1/4 MILE


RELATIVE HUMIDITY (PERCENT)
 HIGHEST   100           800 AM
 LOWEST     40           300 PM
 AVERAGE    70

..........................................................


THE HILLSBORO OR CLIMATE NORMALS FOR TODAY
                         NORMAL    RECORD    YEAR
 MAXIMUM TEMPERATURE (F)   69        92      1987
 MINIMUM TEMPERATURE (F)   43        30      1950


SUNRISE AND SUNSET
OCTOBER  1 2016.......SUNRISE   711 AM PDT   SUNSET   651 PM PDT
OCTOBER  2 2016.......SUNRISE   712 AM PDT   SUNSET   649 PM PDT


-  INDICATES NEGATIVE NUMBERS.
R  INDICATES RECORD WAS SET OR TIED.
MM INDICATES DATA IS MISSING.
T  INDICATES TRACE AMOUNT.




$$
