000
CDUS46 KPQR 250223
CLIHIO


CLIMATE REPORT
NATIONAL WEATHER SERVICE PORTLAND OREGON
622 PM PST SAT FEB 24 2018


...................................

...THE HILLSBORO OR CLIMATE SUMMARY FOR FEBRUARY 24 2018...
VALID TODAY AS OF 0600 PM LOCAL TIME.

CLIMATE NORMAL PERIOD 1981 TO 2010
CLIMATE RECORD PERIOD 1929 TO 2018


WEATHER ITEM   OBSERVED TIME   RECORD YEAR NORMAL DEPARTURE LAST
                VALUE   (LST)  VALUE       VALUE  FROM      YEAR
                                                  NORMAL
..................................................................
TEMPERATURE (F)
 TODAY
  MAXIMUM         49    259 PM  66    1986  52     -3       41
  MINIMUM         33    425 AM  24    2006  34     -1       32
                                      1962
  AVERAGE         41                        43     -2       37

PRECIPITATION (IN)
  TODAY            0.32                      0.13   0.19     0.01
  MONTH TO DATE    1.58                      3.81  -2.23     9.81
  SINCE OCT 1     19.05                     26.26  -7.21    33.60
  SINCE JAN 1      6.75                      9.87  -3.12    13.92

DEGREE DAYS
 HEATING
  TODAY           24                                        28
  MONTH TO DATE  577                                       553
  SINCE DEC 1   2045                                      2458
  SINCE JUL 1   3124                                      3429

 COOLING
  TODAY            0                                         0
  MONTH TO DATE    0                                         0
  SINCE DEC 1      0                                         0
  SINCE JAN 1      0                                         0
..................................................................


WIND (MPH)
  HIGHEST WIND SPEED    23   HIGHEST WIND DIRECTION    NW (310)
  HIGHEST GUST SPEED    28   HIGHEST GUST DIRECTION    NW (310)
  AVERAGE WIND SPEED    10.2


SKY COVER
  POSSIBLE SUNSHINE  MM
  AVERAGE SKY COVER 0.8


WEATHER CONDITIONS
 THE FOLLOWING WEATHER WAS RECORDED TODAY.
  RAIN
  LIGHT RAIN
  FOG


RELATIVE HUMIDITY (PERCENT)
 HIGHEST    96           700 AM
 LOWEST     60           500 PM
 AVERAGE    78

..........................................................


THE HILLSBORO OR CLIMATE NORMALS FOR TOMORROW
                         NORMAL    RECORD    YEAR
 MAXIMUM TEMPERATURE (F)   53        67      1992
 MINIMUM TEMPERATURE (F)   34        23      2011
                                             1993


SUNRISE AND SUNSET
FEBRUARY 24 2018......SUNRISE   659 AM PST   SUNSET   552 PM PST
FEBRUARY 25 2018......SUNRISE   657 AM PST   SUNSET   553 PM PST


-  INDICATES NEGATIVE NUMBERS.
R  INDICATES RECORD WAS SET OR TIED.
MM INDICATES DATA IS MISSING.
T  INDICATES TRACE AMOUNT.




$$
